Aug 05 23:32:34.620195 np0000006593 nova-scheduler[96592]: DEBUG cotyledon.oslo_config_glue [-] workarounds.libvirt_disable_apic = False {{(pid=96592) log_opt_values /opt/stack/data/venv/lib/python3.12/site-packages/oslo_config/cfg.py:3545}}
Aug 05 23:32:34.620195 np0000006593 nova-scheduler[96592]: DEBUG cotyledon.oslo_config_glue [-] workarounds.never_download_image_if_on_rbd = False {{(pid=96592) log_opt_values /opt/stack/data/venv/lib/python3.12/site-packages/oslo_config/cfg.py:3545}}
Aug 05 23:32:34.620364 np0000006593 nova-scheduler[96592]: DEBUG cotyledon.oslo_config_glue [-] workarounds.qemu_monitor_announce_self_count = 3 {{(pid=96592) log_opt_values /opt/stack/data/venv/lib/python3.12/site-packages/oslo_config/cfg.py:3545}}
Aug 05 23:32:34.620364 np0000006593 nova-scheduler[96592]: DEBUG cotyledon.oslo_config_glue [-] workarounds.qemu_monitor_announce_self_interval = 1 {{(pid=96592) log_opt_values /opt/stack/data/venv/lib/python3.12/site-packages/oslo_config/cfg.py:3545}}
Aug 05 23:32:34.620364 np0000006593 nova-scheduler[96592]: DEBUG cotyledon.oslo_config_glue [-] workarounds.reserve_disk_resource_for_image_cache = False {{(pid=96592) log_opt_values /opt/stack/data/venv/lib/python3.12/site-packages/oslo_config/cfg.py:3545}}
Aug 05 23:32:34.620364 np0000006593 nova-scheduler[96592]: DEBUG cotyledon.oslo_config_glue [-] workarounds.skip_cpu_compare_at_startup = False {{(pid=96592) log_opt_values /opt/stack/data/venv/lib/python3.12/site-packages/oslo_config/cfg.py:3545}}
Aug 05 23:32:34.620364 np0000006593 nova-scheduler[96592]: DEBUG cotyledon.oslo_config_glue [-] workarounds.skip_cpu_compare_on_dest = False {{(pid=96592) log_opt_values /opt/stack/data/venv/lib/python3.12/site-packages/oslo_config/cfg.py:3545}}
Aug 05 23:32:34.620364 np0000006593 nova-scheduler[96592]: DEBUG cotyledon.oslo_config_glue [-] workarounds.skip_hypervisor_version_check_on_lm = False {{(pid=96592) log_opt_values /opt/stack/data/venv/lib/python3.12/site-packages/oslo_config/cfg.py:3545}}
Aug 05 23:32:34.620364 np0000006593 nova-scheduler[96592]: DEBUG cotyledon.oslo_config_glue [-] workarounds.skip_reserve_in_use_ironic_nodes = False {{(pid=96592) log_opt_values /opt/stack/data/venv/lib/python3.12/site-packages/oslo_config/cfg.py:3545}}
Aug 05 23:32:34.620364 np0000006593 nova-scheduler[96592]: DEBUG cotyledon.oslo_config_glue [-] workarounds.unified_limits_count_pcpu_as_vcpu = False {{(pid=96592) log_opt_values /opt/stack/data/venv/lib/python3.12/site-packages/oslo_config/cfg.py:3545}}
Aug 05 23:32:34.620932 np0000006593 nova-scheduler[96592]: DEBUG cotyledon.oslo_config_glue [-] workarounds.wait_for_vif_plugged_event_during_hard_reboot = [] {{(pid=96592) log_opt_values /opt/stack/data/venv/lib/python3.12/site-packages/oslo_config/cfg.py:3545}}
Aug 05 23:32:34.620932 np0000006593 nova-scheduler[96592]: DEBUG cotyledon.oslo_config_glue [-] wsgi.api_paste_config = /etc/nova/api-paste.ini {{(pid=96592) log_opt_values /opt/stack/data/venv/lib/python3.12/site-packages/oslo_config/cfg.py:3545}}
Aug 05 23:32:34.620932 np0000006593 nova-scheduler[96592]: DEBUG cotyledon.oslo_config_glue [-] wsgi.secure_proxy_ssl_header = None {{(pid=96592) log_opt_values /opt/stack/data/venv/lib/python3.12/site-packages/oslo_config/cfg.py:3545}}
Aug 05 23:32:34.620932 np0000006593 nova-scheduler[96592]: DEBUG cotyledon.oslo_config_glue [-] zvm.ca_file = None {{(pid=96592) log_opt_values /opt/stack/data/venv/lib/python3.12/site-packages/oslo_config/cfg.py:3545}}
Aug 05 23:32:34.620932 np0000006593 nova-scheduler[96592]: DEBUG cotyledon.oslo_config_glue [-] zvm.cloud_connector_url = None {{(pid=96592) log_opt_values /opt/stack/data/venv/lib/python3.12/site-packages/oslo_config/cfg.py:3545}}
Aug 05 23:32:34.620932 np0000006593 nova-scheduler[96592]: DEBUG cotyledon.oslo_config_glue [-] zvm.image_tmp_path = /opt/stack/data/nova/images {{(pid=96592) log_opt_values /opt/stack/data/venv/lib/python3.12/site-packages/oslo_config/cfg.py:3545}}
Aug 05 23:32:34.621073 np0000006593 nova-scheduler[96588]: INFO dbcounter [None req-70b0bd6b-3557-4f5f-9502-c91c7dec72cd None None] Registered counter for database nova_cell0
Aug 05 23:32:34.621118 np0000006593 nova-scheduler[96592]: DEBUG cotyledon.oslo_config_glue [-] zvm.reachable_timeout = 300 {{(pid=96592) log_opt_values /opt/stack/data/venv/lib/python3.12/site-packages/oslo_config/cfg.py:3545}}
Aug 05 23:32:34.621118 np0000006593 nova-scheduler[96592]: DEBUG cotyledon.oslo_config_glue [-] oslo_versionedobjects.fatal_exception_format_errors = False {{(pid=96592) log_opt_values /opt/stack/data/venv/lib/python3.12/site-packages/oslo_config/cfg.py:3545}}
Aug 05 23:32:34.621118 np0000006593 nova-scheduler[96592]: DEBUG cotyledon.oslo_config_glue [-] oslo_middleware.http_basic_auth_user_file = /etc/htpasswd {{(pid=96592) log_opt_values /opt/stack/data/venv/lib/python3.12/site-packages/oslo_config/cfg.py:3545}}
Aug 05 23:32:34.621118 np0000006593 nova-scheduler[96592]: DEBUG cotyledon.oslo_config_glue [-] oslo_messaging_metrics.metrics_buffer_size = 1000 {{(pid=96592) log_opt_values /opt/stack/data/venv/lib/python3.12/site-packages/oslo_config/cfg.py:3545}}
Aug 05 23:32:34.621118 np0000006593 nova-scheduler[96592]: DEBUG cotyledon.oslo_config_glue [-] oslo_messaging_metrics.metrics_enabled = False {{(pid=96592) log_opt_values /opt/stack/data/venv/lib/python3.12/site-packages/oslo_config/cfg.py:3545}}
Aug 05 23:32:34.621118 np0000006593 nova-scheduler[96592]: DEBUG cotyledon.oslo_config_glue [-] oslo_messaging_metrics.metrics_process_name = {{(pid=96592) log_opt_values /opt/stack/data/venv/lib/python3.12/site-packages/oslo_config/cfg.py:3545}}
Aug 05 23:32:34.621118 np0000006593 nova-scheduler[96592]: DEBUG cotyledon.oslo_config_glue [-] oslo_messaging_metrics.metrics_socket_file = /var/tmp/metrics_collector.sock {{(pid=96592) log_opt_values /opt/stack/data/venv/lib/python3.12/site-packages/oslo_config/cfg.py:3545}}
Aug 05 23:32:34.621118 np0000006593 nova-scheduler[96592]: DEBUG cotyledon.oslo_config_glue [-] oslo_messaging_metrics.metrics_thread_stop_timeout = 10 {{(pid=96592) log_opt_values /opt/stack/data/venv/lib/python3.12/site-packages/oslo_config/cfg.py:3545}}
Aug 05 23:32:34.621272 np0000006593 nova-scheduler[96592]: DEBUG cotyledon.oslo_config_glue [-] profiler.connection_string = messaging:// {{(pid=96592) log_opt_values /opt/stack/data/venv/lib/python3.12/site-packages/oslo_config/cfg.py:3545}}
Aug 05 23:32:34.621272 np0000006593 nova-scheduler[96592]: DEBUG cotyledon.oslo_config_glue [-] profiler.enabled = False {{(pid=96592) log_opt_values /opt/stack/data/venv/lib/python3.12/site-packages/oslo_config/cfg.py:3545}}
Aug 05 23:32:34.621272 np0000006593 nova-scheduler[96592]: DEBUG cotyledon.oslo_config_glue [-] profiler.es_doc_type = notification {{(pid=96592) log_opt_values /opt/stack/data/venv/lib/python3.12/site-packages/oslo_config/cfg.py:3545}}
Aug 05 23:32:34.621272 np0000006593 nova-scheduler[96592]: DEBUG cotyledon.oslo_config_glue [-] profiler.es_scroll_size = 10000 {{(pid=96592) log_opt_values /opt/stack/data/venv/lib/python3.12/site-packages/oslo_config/cfg.py:3545}}
Aug 05 23:32:34.621272 np0000006593 nova-scheduler[96592]: DEBUG cotyledon.oslo_config_glue [-] profiler.es_scroll_time = 2m {{(pid=96592) log_opt_values /opt/stack/data/venv/lib/python3.12/site-packages/oslo_config/cfg.py:3545}}
Aug 05 23:32:34.621272 np0000006593 nova-scheduler[96592]: DEBUG cotyledon.oslo_config_glue [-] profiler.filter_error_trace = False {{(pid=96592) log_opt_values /opt/stack/data/venv/lib/python3.12/site-packages/oslo_config/cfg.py:3545}}
Aug 05 23:32:34.621272 np0000006593 nova-scheduler[96592]: DEBUG cotyledon.oslo_config_glue [-] profiler.hmac_keys = **** {{(pid=96592) log_opt_values /opt/stack/data/venv/lib/python3.12/site-packages/oslo_config/cfg.py:3545}}
Aug 05 23:32:34.621272 np0000006593 nova-scheduler[96592]: DEBUG cotyledon.oslo_config_glue [-] profiler.sentinel_service_name = mymaster {{(pid=96592) log_opt_values /opt/stack/data/venv/lib/python3.12/site-packages/oslo_config/cfg.py:3545}}
Aug 05 23:32:34.621272 np0000006593 nova-scheduler[96592]: DEBUG cotyledon.oslo_config_glue [-] profiler.socket_timeout = 0.1 {{(pid=96592) log_opt_values /opt/stack/data/venv/lib/python3.12/site-packages/oslo_config/cfg.py:3545}}
Aug 05 23:32:34.621448 np0000006593 nova-scheduler[96592]: DEBUG cotyledon.oslo_config_glue [-] profiler.trace_requests = False {{(pid=96592) log_opt_values /opt/stack/data/venv/lib/python3.12/site-packages/oslo_config/cfg.py:3545}}
Aug 05 23:32:34.621448 np0000006593 nova-scheduler[96592]: DEBUG cotyledon.oslo_config_glue [-] profiler.trace_sqlalchemy = False {{(pid=96592) log_opt_values /opt/stack/data/venv/lib/python3.12/site-packages/oslo_config/cfg.py:3545}}
Aug 05 23:32:34.621448 np0000006593 nova-scheduler[96592]: DEBUG cotyledon.oslo_config_glue [-] profiler_jaeger.process_tags = {} {{(pid=96592) log_opt_values /opt/stack/data/venv/lib/python3.12/site-packages/oslo_config/cfg.py:3545}}
Aug 05 23:32:34.621448 np0000006593 nova-scheduler[96592]: DEBUG cotyledon.oslo_config_glue [-] profiler_jaeger.service_name_prefix = None {{(pid=96592) log_opt_values /opt/stack/data/venv/lib/python3.12/site-packages/oslo_config/cfg.py:3545}}
Aug 05 23:32:34.621448 np0000006593 nova-scheduler[96592]: DEBUG cotyledon.oslo_config_glue [-] profiler_otlp.service_name_prefix = None {{(pid=96592) log_opt_values /opt/stack/data/venv/lib/python3.12/site-packages/oslo_config/cfg.py:3545}}
Aug 05 23:32:34.621448 np0000006593 nova-scheduler[96592]: DEBUG cotyledon.oslo_config_glue [-] oslo_messaging_rabbit.amqp_auto_delete = False {{(pid=96592) log_opt_values /opt/stack/data/venv/lib/python3.12/site-packages/oslo_config/cfg.py:3545}}
Aug 05 23:32:34.621448 np0000006593 nova-scheduler[96592]: DEBUG cotyledon.oslo_config_glue [-] oslo_messaging_rabbit.amqp_durable_queues = False {{(pid=96592) log_opt_values /opt/stack/data/venv/lib/python3.12/site-packages/oslo_config/cfg.py:3545}}
Aug 05 23:32:34.621448 np0000006593 nova-scheduler[96592]: DEBUG cotyledon.oslo_config_glue [-] oslo_messaging_rabbit.conn_pool_min_size = 2 {{(pid=96592) log_opt_values /opt/stack/data/venv/lib/python3.12/site-packages/oslo_config/cfg.py:3545}}
Aug 05 23:32:34.621448 np0000006593 nova-scheduler[96592]: DEBUG cotyledon.oslo_config_glue [-] oslo_messaging_rabbit.conn_pool_ttl = 1200 {{(pid=96592) log_opt_values /opt/stack/data/venv/lib/python3.12/site-packages/oslo_config/cfg.py:3545}}
Aug 05 23:32:34.621661 np0000006593 nova-scheduler[96592]: DEBUG cotyledon.oslo_config_glue [-] oslo_messaging_rabbit.direct_mandatory_flag = True {{(pid=96592) log_opt_values /opt/stack/data/venv/lib/python3.12/site-packages/oslo_config/cfg.py:3545}}
Aug 05 23:32:34.621661 np0000006593 nova-scheduler[96592]: DEBUG cotyledon.oslo_config_glue [-] oslo_messaging_rabbit.enable_cancel_on_failover = False {{(pid=96592) log_opt_values /opt/stack/data/venv/lib/python3.12/site-packages/oslo_config/cfg.py:3545}}
Aug 05 23:32:34.621661 np0000006593 nova-scheduler[96592]: DEBUG cotyledon.oslo_config_glue [-] oslo_messaging_rabbit.heartbeat_rate = 3 {{(pid=96592) log_opt_values /opt/stack/data/venv/lib/python3.12/site-packages/oslo_config/cfg.py:3545}}
Aug 05 23:32:34.621661 np0000006593 nova-scheduler[96592]: DEBUG cotyledon.oslo_config_glue [-] oslo_messaging_rabbit.heartbeat_timeout_threshold = 60 {{(pid=96592) log_opt_values /opt/stack/data/venv/lib/python3.12/site-packages/oslo_config/cfg.py:3545}}
Aug 05 23:32:34.621661 np0000006593 nova-scheduler[96592]: DEBUG cotyledon.oslo_config_glue [-] oslo_messaging_rabbit.hostname = np0000006593 {{(pid=96592) log_opt_values /opt/stack/data/venv/lib/python3.12/site-packages/oslo_config/cfg.py:3545}}
Aug 05 23:32:34.621661 np0000006593 nova-scheduler[96592]: DEBUG cotyledon.oslo_config_glue [-] oslo_messaging_rabbit.kombu_compression = None {{(pid=96592) log_opt_values /opt/stack/data/venv/lib/python3.12/site-packages/oslo_config/cfg.py:3545}}
Aug 05 23:32:34.621661 np0000006593 nova-scheduler[96592]: DEBUG cotyledon.oslo_config_glue [-] oslo_messaging_rabbit.kombu_failover_strategy = round-robin {{(pid=96592) log_opt_values /opt/stack/data/venv/lib/python3.12/site-packages/oslo_config/cfg.py:3545}}
Aug 05 23:32:34.621661 np0000006593 nova-scheduler[96592]: DEBUG cotyledon.oslo_config_glue [-] oslo_messaging_rabbit.kombu_missing_consumer_retry_timeout = 60 {{(pid=96592) log_opt_values /opt/stack/data/venv/lib/python3.12/site-packages/oslo_config/cfg.py:3545}}
Aug 05 23:32:34.621661 np0000006593 nova-scheduler[96592]: DEBUG cotyledon.oslo_config_glue [-] oslo_messaging_rabbit.kombu_reconnect_delay = 1.0 {{(pid=96592) log_opt_values /opt/stack/data/venv/lib/python3.12/site-packages/oslo_config/cfg.py:3545}}
Aug 05 23:32:34.621908 np0000006593 nova-scheduler[96592]: DEBUG cotyledon.oslo_config_glue [-] oslo_messaging_rabbit.kombu_reconnect_splay = 0.0 {{(pid=96592) log_opt_values /opt/stack/data/venv/lib/python3.12/site-packages/oslo_config/cfg.py:3545}}
Aug 05 23:32:34.621908 np0000006593 nova-scheduler[96592]: DEBUG cotyledon.oslo_config_glue [-] oslo_messaging_rabbit.processname = nova-scheduler {{(pid=96592) log_opt_values /opt/stack/data/venv/lib/python3.12/site-packages/oslo_config/cfg.py:3545}}
Aug 05 23:32:34.621908 np0000006593 nova-scheduler[96592]: DEBUG cotyledon.oslo_config_glue [-] oslo_messaging_rabbit.rabbit_ha_queues = False {{(pid=96592) log_opt_values /opt/stack/data/venv/lib/python3.12/site-packages/oslo_config/cfg.py:3545}}
Aug 05 23:32:34.621908 np0000006593 nova-scheduler[96592]: DEBUG cotyledon.oslo_config_glue [-] oslo_messaging_rabbit.rabbit_interval_max = 30 {{(pid=96592) log_opt_values /opt/stack/data/venv/lib/python3.12/site-packages/oslo_config/cfg.py:3545}}
Aug 05 23:32:34.621908 np0000006593 nova-scheduler[96592]: DEBUG cotyledon.oslo_config_glue [-] oslo_messaging_rabbit.rabbit_login_method = AMQPLAIN {{(pid=96592) log_opt_values /opt/stack/data/venv/lib/python3.12/site-packages/oslo_config/cfg.py:3545}}
Aug 05 23:32:34.621908 np0000006593 nova-scheduler[96592]: DEBUG cotyledon.oslo_config_glue [-] oslo_messaging_rabbit.rabbit_qos_prefetch_count = 0 {{(pid=96592) log_opt_values /opt/stack/data/venv/lib/python3.12/site-packages/oslo_config/cfg.py:3545}}
Aug 05 23:32:34.621908 np0000006593 nova-scheduler[96592]: DEBUG cotyledon.oslo_config_glue [-] oslo_messaging_rabbit.rabbit_quorum_delivery_limit = 0 {{(pid=96592) log_opt_values /opt/stack/data/venv/lib/python3.12/site-packages/oslo_config/cfg.py:3545}}
Aug 05 23:32:34.621908 np0000006593 nova-scheduler[96592]: DEBUG cotyledon.oslo_config_glue [-] oslo_messaging_rabbit.rabbit_quorum_max_memory_bytes = 0 {{(pid=96592) log_opt_values /opt/stack/data/venv/lib/python3.12/site-packages/oslo_config/cfg.py:3545}}
Aug 05 23:32:34.621908 np0000006593 nova-scheduler[96592]: DEBUG cotyledon.oslo_config_glue [-] oslo_messaging_rabbit.rabbit_quorum_max_memory_length = 0 {{(pid=96592) log_opt_values /opt/stack/data/venv/lib/python3.12/site-packages/oslo_config/cfg.py:3545}}
Aug 05 23:32:34.622112 np0000006593 nova-scheduler[96592]: DEBUG cotyledon.oslo_config_glue [-] oslo_messaging_rabbit.rabbit_quorum_queue = False {{(pid=96592) log_opt_values /opt/stack/data/venv/lib/python3.12/site-packages/oslo_config/cfg.py:3545}}
Aug 05 23:32:34.622112 np0000006593 nova-scheduler[96592]: DEBUG cotyledon.oslo_config_glue [-] oslo_messaging_rabbit.rabbit_retry_backoff = 2 {{(pid=96592) log_opt_values /opt/stack/data/venv/lib/python3.12/site-packages/oslo_config/cfg.py:3545}}
Aug 05 23:32:34.622112 np0000006593 nova-scheduler[96592]: DEBUG cotyledon.oslo_config_glue [-] oslo_messaging_rabbit.rabbit_retry_interval = 1 {{(pid=96592) log_opt_values /opt/stack/data/venv/lib/python3.12/site-packages/oslo_config/cfg.py:3545}}
Aug 05 23:32:34.622112 np0000006593 nova-scheduler[96592]: DEBUG cotyledon.oslo_config_glue [-] oslo_messaging_rabbit.rabbit_stream_fanout = False {{(pid=96592) log_opt_values /opt/stack/data/venv/lib/python3.12/site-packages/oslo_config/cfg.py:3545}}
Aug 05 23:32:34.622112 np0000006593 nova-scheduler[96592]: DEBUG cotyledon.oslo_config_glue [-] oslo_messaging_rabbit.rabbit_transient_queues_ttl = 1800 {{(pid=96592) log_opt_values /opt/stack/data/venv/lib/python3.12/site-packages/oslo_config/cfg.py:3545}}
Aug 05 23:32:34.622112 np0000006593 nova-scheduler[96592]: DEBUG cotyledon.oslo_config_glue [-] oslo_messaging_rabbit.rabbit_transient_quorum_queue = False {{(pid=96592) log_opt_values /opt/stack/data/venv/lib/python3.12/site-packages/oslo_config/cfg.py:3545}}
Aug 05 23:32:34.622112 np0000006593 nova-scheduler[96592]: DEBUG cotyledon.oslo_config_glue [-] oslo_messaging_rabbit.rpc_conn_pool_size = 30 {{(pid=96592) log_opt_values /opt/stack/data/venv/lib/python3.12/site-packages/oslo_config/cfg.py:3545}}
Aug 05 23:32:34.622112 np0000006593 nova-scheduler[96592]: DEBUG cotyledon.oslo_config_glue [-] oslo_messaging_rabbit.ssl = False {{(pid=96592) log_opt_values /opt/stack/data/venv/lib/python3.12/site-packages/oslo_config/cfg.py:3545}}
Aug 05 23:32:34.622112 np0000006593 nova-scheduler[96592]: DEBUG cotyledon.oslo_config_glue [-] oslo_messaging_rabbit.ssl_ca_file = {{(pid=96592) log_opt_values /opt/stack/data/venv/lib/python3.12/site-packages/oslo_config/cfg.py:3545}}
Aug 05 23:32:34.622339 np0000006593 nova-scheduler[96592]: DEBUG cotyledon.oslo_config_glue [-] oslo_messaging_rabbit.ssl_cert_file = {{(pid=96592) log_opt_values /opt/stack/data/venv/lib/python3.12/site-packages/oslo_config/cfg.py:3545}}
Aug 05 23:32:34.622339 np0000006593 nova-scheduler[96592]: DEBUG cotyledon.oslo_config_glue [-] oslo_messaging_rabbit.ssl_enforce_fips_mode = False {{(pid=96592) log_opt_values /opt/stack/data/venv/lib/python3.12/site-packages/oslo_config/cfg.py:3545}}
Aug 05 23:32:34.622339 np0000006593 nova-scheduler[96592]: DEBUG cotyledon.oslo_config_glue [-] oslo_messaging_rabbit.ssl_enforce_hostname_verification = True {{(pid=96592) log_opt_values /opt/stack/data/venv/lib/python3.12/site-packages/oslo_config/cfg.py:3545}}
Aug 05 23:32:34.622339 np0000006593 nova-scheduler[96592]: DEBUG cotyledon.oslo_config_glue [-] oslo_messaging_rabbit.ssl_key_file = {{(pid=96592) log_opt_values /opt/stack/data/venv/lib/python3.12/site-packages/oslo_config/cfg.py:3545}}
Aug 05 23:32:34.622339 np0000006593 nova-scheduler[96592]: DEBUG cotyledon.oslo_config_glue [-] oslo_messaging_rabbit.ssl_version = {{(pid=96592) log_opt_values /opt/stack/data/venv/lib/python3.12/site-packages/oslo_config/cfg.py:3545}}
Aug 05 23:32:34.622339 np0000006593 nova-scheduler[96592]: DEBUG cotyledon.oslo_config_glue [-] oslo_messaging_rabbit.use_queue_manager = False {{(pid=96592) log_opt_values /opt/stack/data/venv/lib/python3.12/site-packages/oslo_config/cfg.py:3545}}
Aug 05 23:32:34.622339 np0000006593 nova-scheduler[96592]: DEBUG cotyledon.oslo_config_glue [-] oslo_messaging_notifications.driver = ['messagingv2'] {{(pid=96592) log_opt_values /opt/stack/data/venv/lib/python3.12/site-packages/oslo_config/cfg.py:3545}}
Aug 05 23:32:34.622339 np0000006593 nova-scheduler[96592]: DEBUG cotyledon.oslo_config_glue [-] oslo_messaging_notifications.retry = -1 {{(pid=96592) log_opt_values /opt/stack/data/venv/lib/python3.12/site-packages/oslo_config/cfg.py:3545}}
Aug 05 23:32:34.622339 np0000006593 nova-scheduler[96592]: DEBUG cotyledon.oslo_config_glue [-] oslo_messaging_notifications.topics = ['notifications'] {{(pid=96592) log_opt_values /opt/stack/data/venv/lib/python3.12/site-packages/oslo_config/cfg.py:3545}}
Aug 05 23:32:34.622573 np0000006593 nova-scheduler[96592]: DEBUG cotyledon.oslo_config_glue [-] oslo_messaging_notifications.transport_url = **** {{(pid=96592) log_opt_values /opt/stack/data/venv/lib/python3.12/site-packages/oslo_config/cfg.py:3545}}
Aug 05 23:32:34.622573 np0000006593 nova-scheduler[96592]: DEBUG cotyledon.oslo_config_glue [-] oslo_limit.auth_section = None {{(pid=96592) log_opt_values /opt/stack/data/venv/lib/python3.12/site-packages/oslo_config/cfg.py:3545}}
Aug 05 23:32:34.622573 np0000006593 nova-scheduler[96592]: DEBUG cotyledon.oslo_config_glue [-] oslo_limit.auth_type = None {{(pid=96592) log_opt_values /opt/stack/data/venv/lib/python3.12/site-packages/oslo_config/cfg.py:3545}}
Aug 05 23:32:34.622573 np0000006593 nova-scheduler[96592]: DEBUG cotyledon.oslo_config_glue [-] oslo_limit.cafile = None {{(pid=96592) log_opt_values /opt/stack/data/venv/lib/python3.12/site-packages/oslo_config/cfg.py:3545}}
Aug 05 23:32:34.622573 np0000006593 nova-scheduler[96592]: DEBUG cotyledon.oslo_config_glue [-] oslo_limit.certfile = None {{(pid=96592) log_opt_values /opt/stack/data/venv/lib/python3.12/site-packages/oslo_config/cfg.py:3545}}
Aug 05 23:32:34.622573 np0000006593 nova-scheduler[96592]: DEBUG cotyledon.oslo_config_glue [-] oslo_limit.collect_timing = False {{(pid=96592) log_opt_values /opt/stack/data/venv/lib/python3.12/site-packages/oslo_config/cfg.py:3545}}
Aug 05 23:32:34.622573 np0000006593 nova-scheduler[96592]: DEBUG cotyledon.oslo_config_glue [-] oslo_limit.connect_retries = None {{(pid=96592) log_opt_values /opt/stack/data/venv/lib/python3.12/site-packages/oslo_config/cfg.py:3545}}
Aug 05 23:32:34.622573 np0000006593 nova-scheduler[96592]: DEBUG cotyledon.oslo_config_glue [-] oslo_limit.connect_retry_delay = None {{(pid=96592) log_opt_values /opt/stack/data/venv/lib/python3.12/site-packages/oslo_config/cfg.py:3545}}
Aug 05 23:32:34.622573 np0000006593 nova-scheduler[96592]: DEBUG cotyledon.oslo_config_glue [-] oslo_limit.endpoint_id = None {{(pid=96592) log_opt_values /opt/stack/data/venv/lib/python3.12/site-packages/oslo_config/cfg.py:3545}}
Aug 05 23:32:34.622887 np0000006593 nova-scheduler[96592]: DEBUG cotyledon.oslo_config_glue [-] oslo_limit.endpoint_interface = public {{(pid=96592) log_opt_values /opt/stack/data/venv/lib/python3.12/site-packages/oslo_config/cfg.py:3545}}
Aug 05 23:32:34.622887 np0000006593 nova-scheduler[96592]: DEBUG cotyledon.oslo_config_glue [-] oslo_limit.endpoint_override = None {{(pid=96592) log_opt_values /opt/stack/data/venv/lib/python3.12/site-packages/oslo_config/cfg.py:3545}}
Aug 05 23:32:34.622887 np0000006593 nova-scheduler[96592]: DEBUG cotyledon.oslo_config_glue [-] oslo_limit.endpoint_region_name = None {{(pid=96592) log_opt_values /opt/stack/data/venv/lib/python3.12/site-packages/oslo_config/cfg.py:3545}}
Aug 05 23:32:34.622887 np0000006593 nova-scheduler[96592]: DEBUG cotyledon.oslo_config_glue [-] oslo_limit.endpoint_service_name = None {{(pid=96592) log_opt_values /opt/stack/data/venv/lib/python3.12/site-packages/oslo_config/cfg.py:3545}}
Aug 05 23:32:34.622887 np0000006593 nova-scheduler[96592]: DEBUG cotyledon.oslo_config_glue [-] oslo_limit.endpoint_service_type = None {{(pid=96592) log_opt_values /opt/stack/data/venv/lib/python3.12/site-packages/oslo_config/cfg.py:3545}}
Aug 05 23:32:34.622887 np0000006593 nova-scheduler[96592]: DEBUG cotyledon.oslo_config_glue [-] oslo_limit.insecure = False {{(pid=96592) log_opt_values /opt/stack/data/venv/lib/python3.12/site-packages/oslo_config/cfg.py:3545}}
Aug 05 23:32:34.622887 np0000006593 nova-scheduler[96592]: DEBUG cotyledon.oslo_config_glue [-] oslo_limit.keyfile = None {{(pid=96592) log_opt_values /opt/stack/data/venv/lib/python3.12/site-packages/oslo_config/cfg.py:3545}}
Aug 05 23:32:34.622887 np0000006593 nova-scheduler[96592]: DEBUG cotyledon.oslo_config_glue [-] oslo_limit.max_version = None {{(pid=96592) log_opt_values /opt/stack/data/venv/lib/python3.12/site-packages/oslo_config/cfg.py:3545}}
Aug 05 23:32:34.622887 np0000006593 nova-scheduler[96592]: DEBUG cotyledon.oslo_config_glue [-] oslo_limit.min_version = None {{(pid=96592) log_opt_values /opt/stack/data/venv/lib/python3.12/site-packages/oslo_config/cfg.py:3545}}
Aug 05 23:32:34.623182 np0000006593 nova-scheduler[96592]: DEBUG cotyledon.oslo_config_glue [-] oslo_limit.region_name = None {{(pid=96592) log_opt_values /opt/stack/data/venv/lib/python3.12/site-packages/oslo_config/cfg.py:3545}}
Aug 05 23:32:34.623182 np0000006593 nova-scheduler[96592]: DEBUG cotyledon.oslo_config_glue [-] oslo_limit.retriable_status_codes = None {{(pid=96592) log_opt_values /opt/stack/data/venv/lib/python3.12/site-packages/oslo_config/cfg.py:3545}}
Aug 05 23:32:34.623182 np0000006593 nova-scheduler[96592]: DEBUG cotyledon.oslo_config_glue [-] oslo_limit.service_name = None {{(pid=96592) log_opt_values /opt/stack/data/venv/lib/python3.12/site-packages/oslo_config/cfg.py:3545}}
Aug 05 23:32:34.623182 np0000006593 nova-scheduler[96592]: DEBUG cotyledon.oslo_config_glue [-] oslo_limit.service_type = None {{(pid=96592) log_opt_values /opt/stack/data/venv/lib/python3.12/site-packages/oslo_config/cfg.py:3545}}
Aug 05 23:32:34.623182 np0000006593 nova-scheduler[96592]: DEBUG cotyledon.oslo_config_glue [-] oslo_limit.split_loggers = False {{(pid=96592) log_opt_values /opt/stack/data/venv/lib/python3.12/site-packages/oslo_config/cfg.py:3545}}
Aug 05 23:32:34.623182 np0000006593 nova-scheduler[96592]: DEBUG cotyledon.oslo_config_glue [-] oslo_limit.status_code_retries = None {{(pid=96592) log_opt_values /opt/stack/data/venv/lib/python3.12/site-packages/oslo_config/cfg.py:3545}}
Aug 05 23:32:34.623182 np0000006593 nova-scheduler[96592]: DEBUG cotyledon.oslo_config_glue [-] oslo_limit.status_code_retry_delay = None {{(pid=96592) log_opt_values /opt/stack/data/venv/lib/python3.12/site-packages/oslo_config/cfg.py:3545}}
Aug 05 23:32:34.623182 np0000006593 nova-scheduler[96592]: DEBUG cotyledon.oslo_config_glue [-] oslo_limit.timeout = None {{(pid=96592) log_opt_values /opt/stack/data/venv/lib/python3.12/site-packages/oslo_config/cfg.py:3545}}
Aug 05 23:32:34.623182 np0000006593 nova-scheduler[96592]: DEBUG cotyledon.oslo_config_glue [-] oslo_limit.valid_interfaces = None {{(pid=96592) log_opt_values /opt/stack/data/venv/lib/python3.12/site-packages/oslo_config/cfg.py:3545}}
Aug 05 23:32:34.623467 np0000006593 nova-scheduler[96592]: DEBUG cotyledon.oslo_config_glue [-] oslo_limit.version = None {{(pid=96592) log_opt_values /opt/stack/data/venv/lib/python3.12/site-packages/oslo_config/cfg.py:3545}}
Aug 05 23:32:34.623467 np0000006593 nova-scheduler[96592]: DEBUG cotyledon.oslo_config_glue [-] oslo_reports.file_event_handler = None {{(pid=96592) log_opt_values /opt/stack/data/venv/lib/python3.12/site-packages/oslo_config/cfg.py:3545}}
Aug 05 23:32:34.623467 np0000006593 nova-scheduler[96592]: DEBUG cotyledon.oslo_config_glue [-] oslo_reports.file_event_handler_interval = 1 {{(pid=96592) log_opt_values /opt/stack/data/venv/lib/python3.12/site-packages/oslo_config/cfg.py:3545}}
Aug 05 23:32:34.623467 np0000006593 nova-scheduler[96592]: DEBUG cotyledon.oslo_config_glue [-] oslo_reports.log_dir = None {{(pid=96592) log_opt_values /opt/stack/data/venv/lib/python3.12/site-packages/oslo_config/cfg.py:3545}}
Aug 05 23:32:34.623467 np0000006593 nova-scheduler[96592]: DEBUG cotyledon.oslo_config_glue [-] ******************************************************************************** {{(pid=96592) log_opt_values /opt/stack/data/venv/lib/python3.12/site-packages/oslo_config/cfg.py:3552}}
Aug 05 23:32:34.623467 np0000006593 nova-scheduler[96592]: DEBUG cotyledon._service_worker [-] Run service ServiceWrapper(3) [96592] {{(pid=96592) wait_forever /opt/stack/data/venv/lib/python3.12/site-packages/cotyledon/_service_worker.py:218}}
Aug 05 23:32:34.623467 np0000006593 nova-scheduler[96592]: INFO nova.service [-] Starting scheduler node (version 33.1.0)
Aug 05 23:32:34.623467 np0000006593 nova-scheduler[96592]: INFO dbcounter [None req-e3d9f3ea-b743-4573-b27a-e91f691dcaff None None] Registered counter for database nova_cell0
Aug 05 23:32:34.623749 np0000006593 nova-scheduler[96586]: DEBUG oslo_db.sqlalchemy.engines [None req-c6710691-080e-4961-8f82-ae5f3a5558e7 None None] MySQL server mode set to STRICT_TRANS_TABLES,STRICT_ALL_TABLES,NO_ZERO_IN_DATE,NO_ZERO_DATE,ERROR_FOR_DIVISION_BY_ZERO,TRADITIONAL,NO_ENGINE_SUBSTITUTION {{(pid=96586) _check_effective_sql_mode /opt/stack/data/venv/lib/python3.12/site-packages/oslo_db/sqlalchemy/engines.py:325}}
Aug 05 23:32:34.623749 np0000006593 nova-scheduler[96586]: DEBUG dbcounter [-] [96586] Writer thread running {{(pid=96586) stat_writer /opt/stack/data/venv/lib/python3.12/site-packages/dbcounter.py:102}}
Aug 05 23:32:34.642493 np0000006593 nova-scheduler[96586]: DEBUG nova.service [None req-c6710691-080e-4961-8f82-ae5f3a5558e7 None None] Creating RPC server for service: nova-scheduler on topic: scheduler {{(pid=96586) start /opt/stack/nova/nova/service.py:196}}
Aug 05 23:32:34.644943 np0000006593 nova-scheduler[96590]: DEBUG oslo_db.sqlalchemy.engines [None req-5aefc284-1811-4ddc-8b9e-00aaa84ef6bc None None] MySQL server mode set to STRICT_TRANS_TABLES,STRICT_ALL_TABLES,NO_ZERO_IN_DATE,NO_ZERO_DATE,ERROR_FOR_DIVISION_BY_ZERO,TRADITIONAL,NO_ENGINE_SUBSTITUTION {{(pid=96590) _check_effective_sql_mode /opt/stack/data/venv/lib/python3.12/site-packages/oslo_db/sqlalchemy/engines.py:325}}
Aug 05 23:32:34.652458 np0000006593 nova-scheduler[96588]: DEBUG oslo_db.sqlalchemy.engines [None req-70b0bd6b-3557-4f5f-9502-c91c7dec72cd None None] MySQL server mode set to STRICT_TRANS_TABLES,STRICT_ALL_TABLES,NO_ZERO_IN_DATE,NO_ZERO_DATE,ERROR_FOR_DIVISION_BY_ZERO,TRADITIONAL,NO_ENGINE_SUBSTITUTION {{(pid=96588) _check_effective_sql_mode /opt/stack/data/venv/lib/python3.12/site-packages/oslo_db/sqlalchemy/engines.py:325}}
Aug 05 23:32:34.656158 np0000006593 nova-scheduler[96590]: DEBUG dbcounter [-] [96590] Writer thread running {{(pid=96590) stat_writer /opt/stack/data/venv/lib/python3.12/site-packages/dbcounter.py:102}}
Aug 05 23:32:34.660188 np0000006593 nova-scheduler[96590]: DEBUG nova.service [None req-5aefc284-1811-4ddc-8b9e-00aaa84ef6bc None None] Creating RPC server for service: nova-scheduler on topic: scheduler {{(pid=96590) start /opt/stack/nova/nova/service.py:196}}
Aug 05 23:32:34.663022 np0000006593 nova-scheduler[96588]: DEBUG dbcounter [-] [96588] Writer thread running {{(pid=96588) stat_writer /opt/stack/data/venv/lib/python3.12/site-packages/dbcounter.py:102}}
Aug 05 23:32:34.666512 np0000006593 nova-scheduler[96592]: DEBUG oslo_db.sqlalchemy.engines [None req-e3d9f3ea-b743-4573-b27a-e91f691dcaff None None] MySQL server mode set to STRICT_TRANS_TABLES,STRICT_ALL_TABLES,NO_ZERO_IN_DATE,NO_ZERO_DATE,ERROR_FOR_DIVISION_BY_ZERO,TRADITIONAL,NO_ENGINE_SUBSTITUTION {{(pid=96592) _check_effective_sql_mode /opt/stack/data/venv/lib/python3.12/site-packages/oslo_db/sqlalchemy/engines.py:325}}
Aug 05 23:32:34.667129 np0000006593 nova-scheduler[96588]: DEBUG nova.service [None req-70b0bd6b-3557-4f5f-9502-c91c7dec72cd None None] Creating RPC server for service: nova-scheduler on topic: scheduler {{(pid=96588) start /opt/stack/nova/nova/service.py:196}}
Aug 05 23:32:34.677561 np0000006593 nova-scheduler[96586]: DEBUG nova.service [None req-c6710691-080e-4961-8f82-ae5f3a5558e7 None None] Join ServiceGroup membership for this service scheduler {{(pid=96586) start /opt/stack/nova/nova/service.py:222}}
Aug 05 23:32:34.677789 np0000006593 nova-scheduler[96592]: DEBUG dbcounter [-] [96592] Writer thread running {{(pid=96592) stat_writer /opt/stack/data/venv/lib/python3.12/site-packages/dbcounter.py:102}}
Aug 05 23:32:34.678751 np0000006593 nova-scheduler[96586]: DEBUG nova.servicegroup.drivers.db [None req-c6710691-080e-4961-8f82-ae5f3a5558e7 None None] DB_Driver: join new ServiceGroup member np0000006593 to the scheduler group, service = {{(pid=96586) join /opt/stack/nova/nova/servicegroup/drivers/db.py:44}}
Aug 05 23:32:34.681948 np0000006593 nova-scheduler[96592]: DEBUG nova.service [None req-e3d9f3ea-b743-4573-b27a-e91f691dcaff None None] Creating RPC server for service: nova-scheduler on topic: scheduler {{(pid=96592) start /opt/stack/nova/nova/service.py:196}}
Aug 05 23:32:34.686804 np0000006593 nova-scheduler[96590]: DEBUG nova.service [None req-5aefc284-1811-4ddc-8b9e-00aaa84ef6bc None None] Join ServiceGroup membership for this service scheduler {{(pid=96590) start /opt/stack/nova/nova/service.py:222}}
Aug 05 23:32:34.687144 np0000006593 nova-scheduler[96590]: DEBUG nova.servicegroup.drivers.db [None req-5aefc284-1811-4ddc-8b9e-00aaa84ef6bc None None] DB_Driver: join new ServiceGroup member np0000006593 to the scheduler group, service = {{(pid=96590) join /opt/stack/nova/nova/servicegroup/drivers/db.py:44}}
Aug 05 23:32:34.693163 np0000006593 nova-scheduler[96588]: DEBUG nova.service [None req-70b0bd6b-3557-4f5f-9502-c91c7dec72cd None None] Join ServiceGroup membership for this service scheduler {{(pid=96588) start /opt/stack/nova/nova/service.py:222}}
Aug 05 23:32:34.693426 np0000006593 nova-scheduler[96588]: DEBUG nova.servicegroup.drivers.db [None req-70b0bd6b-3557-4f5f-9502-c91c7dec72cd None None] DB_Driver: join new ServiceGroup member np0000006593 to the scheduler group, service = {{(pid=96588) join /opt/stack/nova/nova/servicegroup/drivers/db.py:44}}
Aug 05 23:32:34.704885 np0000006593 nova-scheduler[96592]: DEBUG nova.service [None req-e3d9f3ea-b743-4573-b27a-e91f691dcaff None None] Join ServiceGroup membership for this service scheduler {{(pid=96592) start /opt/stack/nova/nova/service.py:222}}
Aug 05 23:32:34.705460 np0000006593 nova-scheduler[96592]: DEBUG nova.servicegroup.drivers.db [None req-e3d9f3ea-b743-4573-b27a-e91f691dcaff None None] DB_Driver: join new ServiceGroup member np0000006593 to the scheduler group, service = {{(pid=96592) join /opt/stack/nova/nova/servicegroup/drivers/db.py:44}}
Aug 05 23:32:39.699894 np0000006593 nova-scheduler[96586]: DEBUG oslo.service.backend._threading.loopingcall [-] Fixed interval looping call 'nova.servicegroup.drivers.db.DbDriver._report_state' sleeping for 119.98 seconds {{(pid=96586) _run_loop /opt/stack/data/venv/lib/python3.12/site-packages/oslo_service/backend/_threading/loopingcall.py:125}}
Aug 05 23:32:39.701477 np0000006593 nova-scheduler[96590]: DEBUG oslo.service.backend._threading.loopingcall [-] Fixed interval looping call 'nova.servicegroup.drivers.db.DbDriver._report_state' sleeping for 119.99 seconds {{(pid=96590) _run_loop /opt/stack/data/venv/lib/python3.12/site-packages/oslo_service/backend/_threading/loopingcall.py:125}}
Aug 05 23:32:39.707184 np0000006593 nova-scheduler[96588]: DEBUG oslo.service.backend._threading.loopingcall [-] Fixed interval looping call 'nova.servicegroup.drivers.db.DbDriver._report_state' sleeping for 119.99 seconds {{(pid=96588) _run_loop /opt/stack/data/venv/lib/python3.12/site-packages/oslo_service/backend/_threading/loopingcall.py:125}}
Aug 05 23:32:39.719307 np0000006593 nova-scheduler[96592]: DEBUG oslo.service.backend._threading.loopingcall [-] Fixed interval looping call 'nova.servicegroup.drivers.db.DbDriver._report_state' sleeping for 119.99 seconds {{(pid=96592) _run_loop /opt/stack/data/venv/lib/python3.12/site-packages/oslo_service/backend/_threading/loopingcall.py:125}}
Aug 05 23:32:41.689642 np0000006593 nova-scheduler[96590]: DEBUG oslo.service.backend._threading.loopingcall [None req-de51ead9-fbb1-4e31-a2fb-bf62b7ad00db None None] Dynamic interval looping call 'nova.service.Service.periodic_tasks' sleeping for 60.00 seconds {{(pid=96590) _run_loop /opt/stack/data/venv/lib/python3.12/site-packages/oslo_service/backend/_threading/loopingcall.py:125}}
Aug 05 23:32:43.215449 np0000006593 nova-scheduler[95392]: DEBUG dbcounter [-] [95392] Writing DB stats nova_api:SELECT=3 {{(pid=95392) stat_writer /opt/stack/data/venv/lib/python3.12/site-packages/dbcounter.py:115}}
Aug 05 23:32:43.346807 np0000006593 nova-scheduler[95392]: DEBUG dbcounter [-] [95392] Writing DB stats nova_cell0:SELECT=1 {{(pid=95392) stat_writer /opt/stack/data/venv/lib/python3.12/site-packages/dbcounter.py:115}}
Aug 05 23:32:43.351882 np0000006593 nova-scheduler[95392]: DEBUG dbcounter [-] [95392] Writing DB stats nova_cell1:SELECT=1 {{(pid=95392) stat_writer /opt/stack/data/venv/lib/python3.12/site-packages/dbcounter.py:115}}
Aug 05 23:32:43.708268 np0000006593 nova-scheduler[96592]: DEBUG oslo.service.backend._threading.loopingcall [None req-63dd6c19-4f1f-4455-a686-889a12086b30 None None] Dynamic interval looping call 'nova.service.Service.periodic_tasks' sleeping for 60.00 seconds {{(pid=96592) _run_loop /opt/stack/data/venv/lib/python3.12/site-packages/oslo_service/backend/_threading/loopingcall.py:125}}
Aug 05 23:32:49.693048 np0000006593 nova-scheduler[96586]: DEBUG dbcounter [-] [96586] Writing DB stats nova_cell0:SELECT=4,nova_cell0:INSERT=1,nova_cell0:UPDATE=1 {{(pid=96586) stat_writer /opt/stack/data/venv/lib/python3.12/site-packages/dbcounter.py:115}}
Aug 05 23:32:49.698506 np0000006593 nova-scheduler[96590]: DEBUG dbcounter [-] [96590] Writing DB stats nova_cell0:SELECT=3 {{(pid=96590) stat_writer /opt/stack/data/venv/lib/python3.12/site-packages/dbcounter.py:115}}
Aug 05 23:32:49.703316 np0000006593 nova-scheduler[96588]: DEBUG dbcounter [-] [96588] Writing DB stats nova_cell0:SELECT=3 {{(pid=96588) stat_writer /opt/stack/data/venv/lib/python3.12/site-packages/dbcounter.py:115}}
Aug 05 23:32:49.716313 np0000006593 nova-scheduler[96592]: DEBUG dbcounter [-] [96592] Writing DB stats nova_cell0:SELECT=3 {{(pid=96592) stat_writer /opt/stack/data/venv/lib/python3.12/site-packages/dbcounter.py:115}}
Aug 05 23:32:57.682160 np0000006593 nova-scheduler[96586]: DEBUG oslo.service.backend._threading.loopingcall [None req-56272fc2-2f1e-4be5-8a63-8cd4356c6c77 None None] Dynamic interval looping call 'nova.service.Service.periodic_tasks' sleeping for 60.00 seconds {{(pid=96586) _run_loop /opt/stack/data/venv/lib/python3.12/site-packages/oslo_service/backend/_threading/loopingcall.py:125}}
Aug 05 23:33:18.695200 np0000006593 nova-scheduler[96588]: DEBUG oslo.service.backend._threading.loopingcall [None req-ffd73898-e1ac-416e-8e52-8ddefa4ef9cf None None] Dynamic interval looping call 'nova.service.Service.periodic_tasks' sleeping for 60.00 seconds {{(pid=96588) _run_loop /opt/stack/data/venv/lib/python3.12/site-packages/oslo_service/backend/_threading/loopingcall.py:125}}
Aug 05 23:33:41.690243 np0000006593 nova-scheduler[96590]: DEBUG oslo.service.backend._threading.loopingcall [None req-de51ead9-fbb1-4e31-a2fb-bf62b7ad00db None None] Dynamic interval looping call 'nova.service.Service.periodic_tasks' sleeping for 60.00 seconds {{(pid=96590) _run_loop /opt/stack/data/venv/lib/python3.12/site-packages/oslo_service/backend/_threading/loopingcall.py:125}}
Aug 05 23:33:43.708784 np0000006593 nova-scheduler[96592]: DEBUG oslo.service.backend._threading.loopingcall [None req-63dd6c19-4f1f-4455-a686-889a12086b30 None None] Dynamic interval looping call 'nova.service.Service.periodic_tasks' sleeping for 60.00 seconds {{(pid=96592) _run_loop /opt/stack/data/venv/lib/python3.12/site-packages/oslo_service/backend/_threading/loopingcall.py:125}}
Aug 05 23:33:57.682774 np0000006593 nova-scheduler[96586]: DEBUG oslo.service.backend._threading.loopingcall [None req-56272fc2-2f1e-4be5-8a63-8cd4356c6c77 None None] Dynamic interval looping call 'nova.service.Service.periodic_tasks' sleeping for 60.00 seconds {{(pid=96586) _run_loop /opt/stack/data/venv/lib/python3.12/site-packages/oslo_service/backend/_threading/loopingcall.py:125}}
Aug 05 23:34:18.695710 np0000006593 nova-scheduler[96588]: DEBUG oslo.service.backend._threading.loopingcall [None req-ffd73898-e1ac-416e-8e52-8ddefa4ef9cf None None] Dynamic interval looping call 'nova.service.Service.periodic_tasks' sleeping for 60.00 seconds {{(pid=96588) _run_loop /opt/stack/data/venv/lib/python3.12/site-packages/oslo_service/backend/_threading/loopingcall.py:125}}
Aug 05 23:34:39.684186 np0000006593 nova-scheduler[96586]: DEBUG oslo.service.backend._threading.loopingcall [-] Fixed interval looping call 'nova.servicegroup.drivers.db.DbDriver._report_state' sleeping for 119.99 seconds {{(pid=96586) _run_loop /opt/stack/data/venv/lib/python3.12/site-packages/oslo_service/backend/_threading/loopingcall.py:125}}
Aug 05 23:34:39.695696 np0000006593 nova-scheduler[96590]: DEBUG oslo.service.backend._threading.loopingcall [-] Fixed interval looping call 'nova.servicegroup.drivers.db.DbDriver._report_state' sleeping for 120.00 seconds {{(pid=96590) _run_loop /opt/stack/data/venv/lib/python3.12/site-packages/oslo_service/backend/_threading/loopingcall.py:125}}
Aug 05 23:34:39.700728 np0000006593 nova-scheduler[96588]: DEBUG oslo.service.backend._threading.loopingcall [-] Fixed interval looping call 'nova.servicegroup.drivers.db.DbDriver._report_state' sleeping for 120.00 seconds {{(pid=96588) _run_loop /opt/stack/data/venv/lib/python3.12/site-packages/oslo_service/backend/_threading/loopingcall.py:125}}
Aug 05 23:34:39.713016 np0000006593 nova-scheduler[96592]: DEBUG oslo.service.backend._threading.loopingcall [-] Fixed interval looping call 'nova.servicegroup.drivers.db.DbDriver._report_state' sleeping for 120.00 seconds {{(pid=96592) _run_loop /opt/stack/data/venv/lib/python3.12/site-packages/oslo_service/backend/_threading/loopingcall.py:125}}
Aug 05 23:34:41.690838 np0000006593 nova-scheduler[96590]: DEBUG oslo.service.backend._threading.loopingcall [None req-de51ead9-fbb1-4e31-a2fb-bf62b7ad00db None None] Dynamic interval looping call 'nova.service.Service.periodic_tasks' sleeping for 60.00 seconds {{(pid=96590) _run_loop /opt/stack/data/venv/lib/python3.12/site-packages/oslo_service/backend/_threading/loopingcall.py:125}}
Aug 05 23:34:43.709295 np0000006593 nova-scheduler[96592]: DEBUG oslo.service.backend._threading.loopingcall [None req-63dd6c19-4f1f-4455-a686-889a12086b30 None None] Dynamic interval looping call 'nova.service.Service.periodic_tasks' sleeping for 60.00 seconds {{(pid=96592) _run_loop /opt/stack/data/venv/lib/python3.12/site-packages/oslo_service/backend/_threading/loopingcall.py:125}}
Aug 05 23:34:49.681630 np0000006593 nova-scheduler[96586]: DEBUG dbcounter [-] [96586] Writing DB stats nova_cell0:SELECT=1,nova_cell0:UPDATE=1 {{(pid=96586) stat_writer /opt/stack/data/venv/lib/python3.12/site-packages/dbcounter.py:115}}
Aug 05 23:34:49.694360 np0000006593 nova-scheduler[96590]: DEBUG dbcounter [-] [96590] Writing DB stats nova_cell0:SELECT=1 {{(pid=96590) stat_writer /opt/stack/data/venv/lib/python3.12/site-packages/dbcounter.py:115}}
Aug 05 23:34:49.699229 np0000006593 nova-scheduler[96588]: DEBUG dbcounter [-] [96588] Writing DB stats nova_cell0:SELECT=1 {{(pid=96588) stat_writer /opt/stack/data/venv/lib/python3.12/site-packages/dbcounter.py:115}}
Aug 05 23:34:49.711501 np0000006593 nova-scheduler[96592]: DEBUG dbcounter [-] [96592] Writing DB stats nova_cell0:SELECT=1 {{(pid=96592) stat_writer /opt/stack/data/venv/lib/python3.12/site-packages/dbcounter.py:115}}
Aug 05 23:34:57.683346 np0000006593 nova-scheduler[96586]: DEBUG oslo.service.backend._threading.loopingcall [None req-56272fc2-2f1e-4be5-8a63-8cd4356c6c77 None None] Dynamic interval looping call 'nova.service.Service.periodic_tasks' sleeping for 60.00 seconds {{(pid=96586) _run_loop /opt/stack/data/venv/lib/python3.12/site-packages/oslo_service/backend/_threading/loopingcall.py:125}}
Aug 05 23:35:12.363880 np0000006593 nova-scheduler[96586]: DEBUG nova.scheduler.manager [None req-e51e30b8-4e54-4521-b244-a32f2e7e8a46 tempest-ServerBootFromVolumeStableRescueTest-1438237083 tempest-ServerBootFromVolumeStableRescueTest-1438237083-project-member] Starting to schedule for instances: ['1254dae6-22d0-4964-915c-5219b920e274'] {{(pid=96586) select_destinations /opt/stack/nova/nova/scheduler/manager.py:209}}
Aug 05 23:35:12.364405 np0000006593 nova-scheduler[96586]: DEBUG nova.scheduler.request_filter [None req-e51e30b8-4e54-4521-b244-a32f2e7e8a46 tempest-ServerBootFromVolumeStableRescueTest-1438237083 tempest-ServerBootFromVolumeStableRescueTest-1438237083-project-member] compute_status_filter request filter added forbidden trait COMPUTE_STATUS_DISABLED {{(pid=96586) compute_status_filter /opt/stack/nova/nova/scheduler/request_filter.py:253}}
Aug 05 23:35:12.364578 np0000006593 nova-scheduler[96586]: DEBUG nova.scheduler.request_filter [None req-e51e30b8-4e54-4521-b244-a32f2e7e8a46 tempest-ServerBootFromVolumeStableRescueTest-1438237083 tempest-ServerBootFromVolumeStableRescueTest-1438237083-project-member] Request filter 'compute_status_filter' took 0.0 seconds {{(pid=96586) wrapper /opt/stack/nova/nova/scheduler/request_filter.py:46}}
Aug 05 23:35:12.364905 np0000006593 nova-scheduler[96586]: DEBUG nova.scheduler.request_filter [None req-e51e30b8-4e54-4521-b244-a32f2e7e8a46 tempest-ServerBootFromVolumeStableRescueTest-1438237083 tempest-ServerBootFromVolumeStableRescueTest-1438237083-project-member] Request filter 'accelerators_filter' took 0.0 seconds {{(pid=96586) wrapper /opt/stack/nova/nova/scheduler/request_filter.py:46}}
Aug 05 23:35:12.365234 np0000006593 nova-scheduler[96586]: DEBUG nova.scheduler.request_filter [None req-e51e30b8-4e54-4521-b244-a32f2e7e8a46 tempest-ServerBootFromVolumeStableRescueTest-1438237083 tempest-ServerBootFromVolumeStableRescueTest-1438237083-project-member] Request filter 'packed_virtqueue_filter' took 0.0 seconds {{(pid=96586) wrapper /opt/stack/nova/nova/scheduler/request_filter.py:46}}
Aug 05 23:35:12.366366 np0000006593 nova-scheduler[96586]: DEBUG nova.scheduler.request_filter [None req-e51e30b8-4e54-4521-b244-a32f2e7e8a46 tempest-ServerBootFromVolumeStableRescueTest-1438237083 tempest-ServerBootFromVolumeStableRescueTest-1438237083-project-member] Request filter 'remote_managed_ports_filter' took 0.0 seconds {{(pid=96586) wrapper /opt/stack/nova/nova/scheduler/request_filter.py:46}}
Aug 05 23:35:12.366366 np0000006593 nova-scheduler[96586]: DEBUG nova.scheduler.request_filter [None req-e51e30b8-4e54-4521-b244-a32f2e7e8a46 tempest-ServerBootFromVolumeStableRescueTest-1438237083 tempest-ServerBootFromVolumeStableRescueTest-1438237083-project-member] ephemeral_encryption_filter skipped {{(pid=96586) ephemeral_encryption_filter /opt/stack/nova/nova/scheduler/request_filter.py:426}}
Aug 05 23:35:12.366366 np0000006593 nova-scheduler[96586]: DEBUG nova.scheduler.request_filter [None req-e51e30b8-4e54-4521-b244-a32f2e7e8a46 tempest-ServerBootFromVolumeStableRescueTest-1438237083 tempest-ServerBootFromVolumeStableRescueTest-1438237083-project-member] virtio_sound_filter skipped {{(pid=96586) virtio_sound_filter /opt/stack/nova/nova/scheduler/request_filter.py:460}}
Aug 05 23:35:12.366366 np0000006593 nova-scheduler[96586]: DEBUG nova.scheduler.request_filter [None req-e51e30b8-4e54-4521-b244-a32f2e7e8a46 tempest-ServerBootFromVolumeStableRescueTest-1438237083 tempest-ServerBootFromVolumeStableRescueTest-1438237083-project-member] tpm_secret_security_filter skipped {{(pid=96586) tpm_secret_security_filter /opt/stack/nova/nova/scheduler/request_filter.py:477}}
Aug 05 23:35:13.068855 np0000006593 nova-scheduler[96586]: INFO nova.utils [None req-e51e30b8-4e54-4521-b244-a32f2e7e8a46 tempest-ServerBootFromVolumeStableRescueTest-1438237083 tempest-ServerBootFromVolumeStableRescueTest-1438237083-project-member] The cell worker thread pool ForkProcess-1.cell_worker is initialized
Aug 05 23:35:13.069290 np0000006593 nova-scheduler[96586]: DEBUG oslo_concurrency.lockutils [None req-e51e30b8-4e54-4521-b244-a32f2e7e8a46 tempest-ServerBootFromVolumeStableRescueTest-1438237083 tempest-ServerBootFromVolumeStableRescueTest-1438237083-project-member] Acquiring lock "a73f2d36-4428-400e-99e4-0695447aa61f" by "nova.context.set_target_cell..get_or_set_cached_cell_and_set_connections" {{(pid=96586) inner /opt/stack/data/venv/lib/python3.12/site-packages/oslo_concurrency/lockutils.py:512}}
Aug 05 23:35:13.069482 np0000006593 nova-scheduler[96586]: DEBUG oslo_concurrency.lockutils [None req-e51e30b8-4e54-4521-b244-a32f2e7e8a46 tempest-ServerBootFromVolumeStableRescueTest-1438237083 tempest-ServerBootFromVolumeStableRescueTest-1438237083-project-member] Lock "a73f2d36-4428-400e-99e4-0695447aa61f" acquired by "nova.context.set_target_cell..get_or_set_cached_cell_and_set_connections" :: waited 0.000s {{(pid=96586) inner /opt/stack/data/venv/lib/python3.12/site-packages/oslo_concurrency/lockutils.py:525}}
Aug 05 23:35:13.071229 np0000006593 nova-scheduler[96586]: DEBUG oslo_concurrency.lockutils [None req-e51e30b8-4e54-4521-b244-a32f2e7e8a46 tempest-ServerBootFromVolumeStableRescueTest-1438237083 tempest-ServerBootFromVolumeStableRescueTest-1438237083-project-member] Lock "a73f2d36-4428-400e-99e4-0695447aa61f" "released" by "nova.context.set_target_cell..get_or_set_cached_cell_and_set_connections" :: held 0.001s {{(pid=96586) inner /opt/stack/data/venv/lib/python3.12/site-packages/oslo_concurrency/lockutils.py:544}}
Aug 05 23:35:13.073401 np0000006593 nova-scheduler[96586]: INFO dbcounter [None req-e51e30b8-4e54-4521-b244-a32f2e7e8a46 tempest-ServerBootFromVolumeStableRescueTest-1438237083 tempest-ServerBootFromVolumeStableRescueTest-1438237083-project-member] Registered counter for database nova_cell1
Aug 05 23:35:13.108307 np0000006593 nova-scheduler[96590]: DEBUG nova.scheduler.manager [None req-5df7dd2d-b201-4432-8bc6-65de041edd56 tempest-DeleteServersTestJSON-103328445 tempest-DeleteServersTestJSON-103328445-project-member] Starting to schedule for instances: ['74e235e8-f466-46da-8a84-3de407de7af9'] {{(pid=96590) select_destinations /opt/stack/nova/nova/scheduler/manager.py:209}}
Aug 05 23:35:13.108790 np0000006593 nova-scheduler[96590]: DEBUG nova.scheduler.request_filter [None req-5df7dd2d-b201-4432-8bc6-65de041edd56 tempest-DeleteServersTestJSON-103328445 tempest-DeleteServersTestJSON-103328445-project-member] compute_status_filter request filter added forbidden trait COMPUTE_STATUS_DISABLED {{(pid=96590) compute_status_filter /opt/stack/nova/nova/scheduler/request_filter.py:253}}
Aug 05 23:35:13.108890 np0000006593 nova-scheduler[96590]: DEBUG nova.scheduler.request_filter [None req-5df7dd2d-b201-4432-8bc6-65de041edd56 tempest-DeleteServersTestJSON-103328445 tempest-DeleteServersTestJSON-103328445-project-member] Request filter 'compute_status_filter' took 0.0 seconds {{(pid=96590) wrapper /opt/stack/nova/nova/scheduler/request_filter.py:46}}
