Aug 06 09:41:26.015086 np0000006644 devstack@g-api.service[99818]: DEBUG oslo_utils.imageutils.format_inspector [None req-3a8133c6-1c36-4504-b210-04ee606fd1f5 tempest-ImageDependencyTests-642490257 tempest-ImageDependencyTests-642490257-project-member] Format inspector for vmdk does not match, excluding from consideration (Signature KDMV not found: b'\t-?\xb4') {{(pid=99818) _process_chunk /opt/stack/data/venv/lib/python3.12/site-packages/oslo_utils/imageutils/format_inspector.py:1758}}
Aug 06 09:41:26.043266 np0000006644 devstack@g-api.service[99818]: DEBUG swiftclient [None req-3a8133c6-1c36-4504-b210-04ee606fd1f5 tempest-ImageDependencyTests-642490257 tempest-ImageDependencyTests-642490257-project-member] REQ: curl -i https://10.4.3.233:8080/v1/AUTH_9987058a6a3f4b8790d6ebe7a345e50e/glance/1ff5b6d2-761a-4624-834d-d2be69191eaf -X PUT -H "X-Auth-Token: gAAAAABqdFbFbzk3..." -H "Content-Length: 1024" {{(pid=99818) http_log /opt/stack/data/venv/lib/python3.12/site-packages/swiftclient/client.py:160}}
Aug 06 09:41:26.043408 np0000006644 devstack@g-api.service[99818]: DEBUG swiftclient [None req-3a8133c6-1c36-4504-b210-04ee606fd1f5 tempest-ImageDependencyTests-642490257 tempest-ImageDependencyTests-642490257-project-member] RESP STATUS: 201 Created {{(pid=99818) http_log /opt/stack/data/venv/lib/python3.12/site-packages/swiftclient/client.py:161}}
Aug 06 09:41:26.043609 np0000006644 devstack@g-api.service[99818]: DEBUG swiftclient [None req-3a8133c6-1c36-4504-b210-04ee606fd1f5 tempest-ImageDependencyTests-642490257 tempest-ImageDependencyTests-642490257-project-member] RESP HEADERS: {'Date': 'Thu, 06 Aug 2026 09:41:26 GMT', 'Server': 'Apache/2.4.58 (Ubuntu)', 'Content-Type': 'text/html; charset=UTF-8', 'Content-Length': '0', 'Etag': '972566f1e35eac2d4d0668d3ec7b4c8d', 'Last-Modified': 'Thu, 06 Aug 2026 09:41:27 GMT', 'X-Trans-Id': 'tx9ab184c6c8314ea9bbb9c-006a7456c6', 'X-Openstack-Request-Id': 'tx9ab184c6c8314ea9bbb9c-006a7456c6', 'Connection': 'close'} {{(pid=99818) http_log /opt/stack/data/venv/lib/python3.12/site-packages/swiftclient/client.py:162}}
Aug 06 09:41:26.044215 np0000006644 devstack@g-api.service[99818]: INFO glance.location [None req-3a8133c6-1c36-4504-b210-04ee606fd1f5 tempest-ImageDependencyTests-642490257 tempest-ImageDependencyTests-642490257-project-member] Image format matched and virtual size computed: 1024
Aug 06 09:41:26.100703 np0000006644 devstack@g-api.service[99818]: DEBUG glance_store.backend [None req-3a8133c6-1c36-4504-b210-04ee606fd1f5 tempest-ImageDependencyTests-642490257 tempest-ImageDependencyTests-642490257-project-member] Attempting to import store swift {{(pid=99818) _load_store /opt/stack/data/venv/lib/python3.12/site-packages/glance_store/backend.py:215}}
Aug 06 09:41:26.103274 np0000006644 devstack@g-api.service[99818]: DEBUG glance_store.capabilities [None req-3a8133c6-1c36-4504-b210-04ee606fd1f5 tempest-ImageDependencyTests-642490257 tempest-ImageDependencyTests-642490257-project-member] Store glance_store._drivers.swift.store.SingleTenantStore doesn't support updating dynamic storage capabilities. Please overwrite 'update_capabilities' method of the store to implement updating logics if needed. {{(pid=99818) update_capabilities /opt/stack/data/venv/lib/python3.12/site-packages/glance_store/capabilities.py:91}}
Aug 06 09:41:26.103433 np0000006644 devstack@g-api.service[99818]: DEBUG glance_store.driver [None req-3a8133c6-1c36-4504-b210-04ee606fd1f5 tempest-ImageDependencyTests-642490257 tempest-ImageDependencyTests-642490257-project-member] Late loading location class glance_store._drivers.swift.store.StoreLocation {{(pid=99818) get_store_location_class /opt/stack/data/venv/lib/python3.12/site-packages/glance_store/driver.py:134}}
Aug 06 09:41:26.103555 np0000006644 devstack@g-api.service[99818]: DEBUG glance_store.location [None req-3a8133c6-1c36-4504-b210-04ee606fd1f5 tempest-ImageDependencyTests-642490257 tempest-ImageDependencyTests-642490257-project-member] Registering scheme swift+https with {'store': , 'location_class': , 'store_entry': 'swift'} {{(pid=99818) register_scheme_map /opt/stack/data/venv/lib/python3.12/site-packages/glance_store/location.py:146}}
Aug 06 09:41:26.103667 np0000006644 devstack@g-api.service[99818]: DEBUG glance_store.location [None req-3a8133c6-1c36-4504-b210-04ee606fd1f5 tempest-ImageDependencyTests-642490257 tempest-ImageDependencyTests-642490257-project-member] Registering scheme swift+https with {'store': , 'location_class': , 'store_entry': 'swift'} {{(pid=99818) register_scheme_map /opt/stack/data/venv/lib/python3.12/site-packages/glance_store/location.py:146}}
Aug 06 09:41:26.103753 np0000006644 devstack@g-api.service[99818]: DEBUG glance_store.location [None req-3a8133c6-1c36-4504-b210-04ee606fd1f5 tempest-ImageDependencyTests-642490257 tempest-ImageDependencyTests-642490257-project-member] Registering scheme swift with {'store': , 'location_class': , 'store_entry': 'swift'} {{(pid=99818) register_scheme_map /opt/stack/data/venv/lib/python3.12/site-packages/glance_store/location.py:146}}
Aug 06 09:41:26.103836 np0000006644 devstack@g-api.service[99818]: DEBUG glance_store.location [None req-3a8133c6-1c36-4504-b210-04ee606fd1f5 tempest-ImageDependencyTests-642490257 tempest-ImageDependencyTests-642490257-project-member] Registering scheme swift+https with {'store': , 'location_class': , 'store_entry': 'swift'} {{(pid=99818) register_scheme_map /opt/stack/data/venv/lib/python3.12/site-packages/glance_store/location.py:146}}
Aug 06 09:41:26.103919 np0000006644 devstack@g-api.service[99818]: DEBUG glance_store.location [None req-3a8133c6-1c36-4504-b210-04ee606fd1f5 tempest-ImageDependencyTests-642490257 tempest-ImageDependencyTests-642490257-project-member] Registering scheme swift with {'store': , 'location_class': , 'store_entry': 'swift'} {{(pid=99818) register_scheme_map /opt/stack/data/venv/lib/python3.12/site-packages/glance_store/location.py:146}}
Aug 06 09:41:26.104058 np0000006644 devstack@g-api.service[99818]: DEBUG glance_store.location [None req-3a8133c6-1c36-4504-b210-04ee606fd1f5 tempest-ImageDependencyTests-642490257 tempest-ImageDependencyTests-642490257-project-member] Registering scheme swift+http with {'store': , 'location_class': , 'store_entry': 'swift'} {{(pid=99818) register_scheme_map /opt/stack/data/venv/lib/python3.12/site-packages/glance_store/location.py:146}}
Aug 06 09:41:26.104161 np0000006644 devstack@g-api.service[99818]: DEBUG glance_store.location [None req-3a8133c6-1c36-4504-b210-04ee606fd1f5 tempest-ImageDependencyTests-642490257 tempest-ImageDependencyTests-642490257-project-member] Registering scheme swift+https with {'store': , 'location_class': , 'store_entry': 'swift'} {{(pid=99818) register_scheme_map /opt/stack/data/venv/lib/python3.12/site-packages/glance_store/location.py:146}}
Aug 06 09:41:26.104259 np0000006644 devstack@g-api.service[99818]: DEBUG glance_store.location [None req-3a8133c6-1c36-4504-b210-04ee606fd1f5 tempest-ImageDependencyTests-642490257 tempest-ImageDependencyTests-642490257-project-member] Registering scheme swift with {'store': , 'location_class': , 'store_entry': 'swift'} {{(pid=99818) register_scheme_map /opt/stack/data/venv/lib/python3.12/site-packages/glance_store/location.py:146}}
Aug 06 09:41:26.104359 np0000006644 devstack@g-api.service[99818]: DEBUG glance_store.location [None req-3a8133c6-1c36-4504-b210-04ee606fd1f5 tempest-ImageDependencyTests-642490257 tempest-ImageDependencyTests-642490257-project-member] Registering scheme swift+http with {'store': , 'location_class': , 'store_entry': 'swift'} {{(pid=99818) register_scheme_map /opt/stack/data/venv/lib/python3.12/site-packages/glance_store/location.py:146}}
Aug 06 09:41:26.104708 np0000006644 devstack@g-api.service[99818]: DEBUG glance_store.location [None req-3a8133c6-1c36-4504-b210-04ee606fd1f5 tempest-ImageDependencyTests-642490257 tempest-ImageDependencyTests-642490257-project-member] Registering scheme swift+config with {'store': , 'location_class': , 'store_entry': 'swift'} {{(pid=99818) register_scheme_map /opt/stack/data/venv/lib/python3.12/site-packages/glance_store/location.py:146}}
Aug 06 09:41:26.104708 np0000006644 devstack@g-api.service[99818]: DEBUG glance_store.backend [None req-3a8133c6-1c36-4504-b210-04ee606fd1f5 tempest-ImageDependencyTests-642490257 tempest-ImageDependencyTests-642490257-project-member] Skipping store.set_acls... not implemented. {{(pid=99818) set_acls /opt/stack/data/venv/lib/python3.12/site-packages/glance_store/backend.py:507}}
Aug 06 09:41:26.107298 np0000006644 devstack@g-api.service[99818]: [pid: 99818|app: 0|req: 40/119] 127.0.0.1 () {40 vars in 847 bytes} [Thu Aug 6 09:41:23 2026] PUT /v2/images/1ff5b6d2-761a-4624-834d-d2be69191eaf/file => generated 0 bytes in 2817 msecs (HTTP/1.1 204) 4 headers in 171 bytes (1 switches on core 0)
Aug 06 09:41:26.120740 np0000006644 devstack@g-api.service[99819]: DEBUG glance.api.middleware.version_negotiation [None req-2f9399d1-e694-47da-8042-381edff6ff29 tempest-ServerStableDeviceRescueTest-1581552645 tempest-ServerStableDeviceRescueTest-1581552645-project-member] Determining version of request: GET /v2/images/1ff5b6d2-761a-4624-834d-d2be69191eaf Accept: application/json {{(pid=99819) process_request /opt/stack/glance/glance/api/middleware/version_negotiation.py:44}}
Aug 06 09:41:26.121225 np0000006644 devstack@g-api.service[99819]: DEBUG glance.api.middleware.version_negotiation [None req-2f9399d1-e694-47da-8042-381edff6ff29 tempest-ServerStableDeviceRescueTest-1581552645 tempest-ServerStableDeviceRescueTest-1581552645-project-member] Using url versioning {{(pid=99819) process_request /opt/stack/glance/glance/api/middleware/version_negotiation.py:57}}
Aug 06 09:41:26.121225 np0000006644 devstack@g-api.service[99819]: DEBUG glance.api.middleware.version_negotiation [None req-2f9399d1-e694-47da-8042-381edff6ff29 tempest-ServerStableDeviceRescueTest-1581552645 tempest-ServerStableDeviceRescueTest-1581552645-project-member] Matched version: v2 {{(pid=99819) process_request /opt/stack/glance/glance/api/middleware/version_negotiation.py:69}}
Aug 06 09:41:26.121313 np0000006644 devstack@g-api.service[99819]: DEBUG glance.api.middleware.version_negotiation [None req-2f9399d1-e694-47da-8042-381edff6ff29 tempest-ServerStableDeviceRescueTest-1581552645 tempest-ServerStableDeviceRescueTest-1581552645-project-member] new path /v2/images/1ff5b6d2-761a-4624-834d-d2be69191eaf {{(pid=99819) process_request /opt/stack/glance/glance/api/middleware/version_negotiation.py:70}}
Aug 06 09:41:26.137377 np0000006644 devstack@g-api.service[99819]: [pid: 99819|app: 0|req: 41/120] 127.0.0.1 () {40 vars in 838 bytes} [Thu Aug 6 09:41:26 2026] GET /v2/images/1ff5b6d2-761a-4624-834d-d2be69191eaf => generated 807 bytes in 17 msecs (HTTP/1.1 200) 4 headers in 157 bytes (1 switches on core 0)
Aug 06 09:41:26.362508 np0000006644 devstack@g-api.service[99820]: DEBUG glance.api.middleware.version_negotiation [None req-f1a2c37c-ad17-4b36-a507-b1471f162067 tempest-ServerStableDeviceRescueTest-1581552645 tempest-ServerStableDeviceRescueTest-1581552645-project-member] Determining version of request: GET /v2/images/1ff5b6d2-761a-4624-834d-d2be69191eaf Accept: */* {{(pid=99820) process_request /opt/stack/glance/glance/api/middleware/version_negotiation.py:44}}
Aug 06 09:41:26.362508 np0000006644 devstack@g-api.service[99820]: DEBUG glance.api.middleware.version_negotiation [None req-f1a2c37c-ad17-4b36-a507-b1471f162067 tempest-ServerStableDeviceRescueTest-1581552645 tempest-ServerStableDeviceRescueTest-1581552645-project-member] Using url versioning {{(pid=99820) process_request /opt/stack/glance/glance/api/middleware/version_negotiation.py:57}}
Aug 06 09:41:26.363356 np0000006644 devstack@g-api.service[99820]: DEBUG glance.api.middleware.version_negotiation [None req-f1a2c37c-ad17-4b36-a507-b1471f162067 tempest-ServerStableDeviceRescueTest-1581552645 tempest-ServerStableDeviceRescueTest-1581552645-project-member] Matched version: v2 {{(pid=99820) process_request /opt/stack/glance/glance/api/middleware/version_negotiation.py:69}}
Aug 06 09:41:26.363452 np0000006644 devstack@g-api.service[99820]: DEBUG glance.api.middleware.version_negotiation [None req-f1a2c37c-ad17-4b36-a507-b1471f162067 tempest-ServerStableDeviceRescueTest-1581552645 tempest-ServerStableDeviceRescueTest-1581552645-project-member] new path /v2/images/1ff5b6d2-761a-4624-834d-d2be69191eaf {{(pid=99820) process_request /opt/stack/glance/glance/api/middleware/version_negotiation.py:70}}
Aug 06 09:41:26.380830 np0000006644 devstack@g-api.service[99820]: [pid: 99820|app: 0|req: 40/121] 127.0.0.1 () {44 vars in 1115 bytes} [Thu Aug 6 09:41:26 2026] GET /v2/images/1ff5b6d2-761a-4624-834d-d2be69191eaf => generated 807 bytes in 19 msecs (HTTP/1.1 200) 4 headers in 157 bytes (1 switches on core 0)
Aug 06 09:41:26.394352 np0000006644 devstack@g-api.service[99818]: DEBUG glance.api.middleware.version_negotiation [None req-3a8133c6-1c36-4504-b210-04ee606fd1f5 tempest-ImageDependencyTests-642490257 tempest-ImageDependencyTests-642490257-project-member] Determining version of request: GET /v2/schemas/image Accept: */* {{(pid=99818) process_request /opt/stack/glance/glance/api/middleware/version_negotiation.py:44}}
Aug 06 09:41:26.394352 np0000006644 devstack@g-api.service[99818]: DEBUG glance.api.middleware.version_negotiation [None req-3a8133c6-1c36-4504-b210-04ee606fd1f5 tempest-ImageDependencyTests-642490257 tempest-ImageDependencyTests-642490257-project-member] Using url versioning {{(pid=99818) process_request /opt/stack/glance/glance/api/middleware/version_negotiation.py:57}}
Aug 06 09:41:26.394352 np0000006644 devstack@g-api.service[99818]: DEBUG glance.api.middleware.version_negotiation [None req-3a8133c6-1c36-4504-b210-04ee606fd1f5 tempest-ImageDependencyTests-642490257 tempest-ImageDependencyTests-642490257-project-member] Matched version: v2 {{(pid=99818) process_request /opt/stack/glance/glance/api/middleware/version_negotiation.py:69}}
Aug 06 09:41:26.394352 np0000006644 devstack@g-api.service[99818]: DEBUG glance.api.middleware.version_negotiation [None req-3a8133c6-1c36-4504-b210-04ee606fd1f5 tempest-ImageDependencyTests-642490257 tempest-ImageDependencyTests-642490257-project-member] new path /v2/schemas/image {{(pid=99818) process_request /opt/stack/glance/glance/api/middleware/version_negotiation.py:70}}
Aug 06 09:41:26.398449 np0000006644 devstack@g-api.service[99818]: [pid: 99818|app: 0|req: 41/122] 127.0.0.1 () {44 vars in 1055 bytes} [Thu Aug 6 09:41:26 2026] GET /v2/schemas/image => generated 6083 bytes in 5 msecs (HTTP/1.1 200) 4 headers in 158 bytes (1 switches on core 0)
Aug 06 09:41:26.409484 np0000006644 devstack@g-api.service[99819]: DEBUG glance.api.middleware.version_negotiation [None req-35189d9d-ad5f-4bc2-8c70-36057b56cf35 tempest-ImageDependencyTests-642490257 tempest-ImageDependencyTests-642490257-project-member] Determining version of request: GET /v2/schemas/image Accept: */* {{(pid=99819) process_request /opt/stack/glance/glance/api/middleware/version_negotiation.py:44}}
Aug 06 09:41:26.410489 np0000006644 devstack@g-api.service[99819]: DEBUG glance.api.middleware.version_negotiation [None req-35189d9d-ad5f-4bc2-8c70-36057b56cf35 tempest-ImageDependencyTests-642490257 tempest-ImageDependencyTests-642490257-project-member] Using url versioning {{(pid=99819) process_request /opt/stack/glance/glance/api/middleware/version_negotiation.py:57}}
Aug 06 09:41:26.410489 np0000006644 devstack@g-api.service[99819]: DEBUG glance.api.middleware.version_negotiation [None req-35189d9d-ad5f-4bc2-8c70-36057b56cf35 tempest-ImageDependencyTests-642490257 tempest-ImageDependencyTests-642490257-project-member] Matched version: v2 {{(pid=99819) process_request /opt/stack/glance/glance/api/middleware/version_negotiation.py:69}}
Aug 06 09:41:26.410489 np0000006644 devstack@g-api.service[99819]: DEBUG glance.api.middleware.version_negotiation [None req-35189d9d-ad5f-4bc2-8c70-36057b56cf35 tempest-ImageDependencyTests-642490257 tempest-ImageDependencyTests-642490257-project-member] new path /v2/schemas/image {{(pid=99819) process_request /opt/stack/glance/glance/api/middleware/version_negotiation.py:70}}
Aug 06 09:41:26.413910 np0000006644 devstack@g-api.service[99819]: [pid: 99819|app: 0|req: 42/123] 127.0.0.1 () {44 vars in 1055 bytes} [Thu Aug 6 09:41:26 2026] GET /v2/schemas/image => generated 6083 bytes in 4 msecs (HTTP/1.1 200) 4 headers in 158 bytes (1 switches on core 0)
Aug 06 09:41:26.428687 np0000006644 devstack@g-api.service[99820]: DEBUG glance.api.middleware.version_negotiation [None req-e3ab1328-7e0f-4a2e-9587-422272b1bee2 tempest-ImageDependencyTests-642490257 tempest-ImageDependencyTests-642490257-project-member] Determining version of request: GET /v2/images/1ff5b6d2-761a-4624-834d-d2be69191eaf Accept: */* {{(pid=99820) process_request /opt/stack/glance/glance/api/middleware/version_negotiation.py:44}}
Aug 06 09:41:26.429898 np0000006644 devstack@g-api.service[99820]: DEBUG glance.api.middleware.version_negotiation [None req-e3ab1328-7e0f-4a2e-9587-422272b1bee2 tempest-ImageDependencyTests-642490257 tempest-ImageDependencyTests-642490257-project-member] Using url versioning {{(pid=99820) process_request /opt/stack/glance/glance/api/middleware/version_negotiation.py:57}}
Aug 06 09:41:26.429898 np0000006644 devstack@g-api.service[99820]: DEBUG glance.api.middleware.version_negotiation [None req-e3ab1328-7e0f-4a2e-9587-422272b1bee2 tempest-ImageDependencyTests-642490257 tempest-ImageDependencyTests-642490257-project-member] Matched version: v2 {{(pid=99820) process_request /opt/stack/glance/glance/api/middleware/version_negotiation.py:69}}
Aug 06 09:41:26.429898 np0000006644 devstack@g-api.service[99820]: DEBUG glance.api.middleware.version_negotiation [None req-e3ab1328-7e0f-4a2e-9587-422272b1bee2 tempest-ImageDependencyTests-642490257 tempest-ImageDependencyTests-642490257-project-member] new path /v2/images/1ff5b6d2-761a-4624-834d-d2be69191eaf {{(pid=99820) process_request /opt/stack/glance/glance/api/middleware/version_negotiation.py:70}}
Aug 06 09:41:26.449957 np0000006644 devstack@g-api.service[99820]: [pid: 99820|app: 0|req: 41/124] 127.0.0.1 () {44 vars in 1115 bytes} [Thu Aug 6 09:41:26 2026] GET /v2/images/1ff5b6d2-761a-4624-834d-d2be69191eaf => generated 807 bytes in 22 msecs (HTTP/1.1 200) 4 headers in 157 bytes (1 switches on core 0)
Aug 06 09:41:26.462479 np0000006644 devstack@g-api.service[99818]: DEBUG glance.api.middleware.version_negotiation [None req-e3ab1328-7e0f-4a2e-9587-422272b1bee2 tempest-ImageDependencyTests-642490257 tempest-ImageDependencyTests-642490257-project-member] Determining version of request: GET /v2/schemas/image Accept: */* {{(pid=99818) process_request /opt/stack/glance/glance/api/middleware/version_negotiation.py:44}}
Aug 06 09:41:26.462479 np0000006644 devstack@g-api.service[99818]: DEBUG glance.api.middleware.version_negotiation [None req-e3ab1328-7e0f-4a2e-9587-422272b1bee2 tempest-ImageDependencyTests-642490257 tempest-ImageDependencyTests-642490257-project-member] Using url versioning {{(pid=99818) process_request /opt/stack/glance/glance/api/middleware/version_negotiation.py:57}}
Aug 06 09:41:26.462479 np0000006644 devstack@g-api.service[99818]: DEBUG glance.api.middleware.version_negotiation [None req-e3ab1328-7e0f-4a2e-9587-422272b1bee2 tempest-ImageDependencyTests-642490257 tempest-ImageDependencyTests-642490257-project-member] Matched version: v2 {{(pid=99818) process_request /opt/stack/glance/glance/api/middleware/version_negotiation.py:69}}
Aug 06 09:41:26.462479 np0000006644 devstack@g-api.service[99818]: DEBUG glance.api.middleware.version_negotiation [None req-e3ab1328-7e0f-4a2e-9587-422272b1bee2 tempest-ImageDependencyTests-642490257 tempest-ImageDependencyTests-642490257-project-member] new path /v2/schemas/image {{(pid=99818) process_request /opt/stack/glance/glance/api/middleware/version_negotiation.py:70}}
Aug 06 09:41:26.467811 np0000006644 devstack@g-api.service[99818]: [pid: 99818|app: 0|req: 42/125] 127.0.0.1 () {44 vars in 1055 bytes} [Thu Aug 6 09:41:26 2026] GET /v2/schemas/image => generated 6083 bytes in 6 msecs (HTTP/1.1 200) 4 headers in 158 bytes (1 switches on core 0)
Aug 06 09:41:26.484189 np0000006644 devstack@g-api.service[99819]: DEBUG glance.api.middleware.version_negotiation [None req-e3ab1328-7e0f-4a2e-9587-422272b1bee2 tempest-ImageDependencyTests-642490257 tempest-ImageDependencyTests-642490257-project-member] Determining version of request: GET /v2/schemas/image Accept: */* {{(pid=99819) process_request /opt/stack/glance/glance/api/middleware/version_negotiation.py:44}}
Aug 06 09:41:26.484189 np0000006644 devstack@g-api.service[99819]: DEBUG glance.api.middleware.version_negotiation [None req-e3ab1328-7e0f-4a2e-9587-422272b1bee2 tempest-ImageDependencyTests-642490257 tempest-ImageDependencyTests-642490257-project-member] Using url versioning {{(pid=99819) process_request /opt/stack/glance/glance/api/middleware/version_negotiation.py:57}}
Aug 06 09:41:26.484189 np0000006644 devstack@g-api.service[99819]: DEBUG glance.api.middleware.version_negotiation [None req-e3ab1328-7e0f-4a2e-9587-422272b1bee2 tempest-ImageDependencyTests-642490257 tempest-ImageDependencyTests-642490257-project-member] Matched version: v2 {{(pid=99819) process_request /opt/stack/glance/glance/api/middleware/version_negotiation.py:69}}
Aug 06 09:41:26.484189 np0000006644 devstack@g-api.service[99819]: DEBUG glance.api.middleware.version_negotiation [None req-e3ab1328-7e0f-4a2e-9587-422272b1bee2 tempest-ImageDependencyTests-642490257 tempest-ImageDependencyTests-642490257-project-member] new path /v2/schemas/image {{(pid=99819) process_request /opt/stack/glance/glance/api/middleware/version_negotiation.py:70}}
Aug 06 09:41:26.487879 np0000006644 devstack@g-api.service[99819]: [pid: 99819|app: 0|req: 43/126] 127.0.0.1 () {44 vars in 1055 bytes} [Thu Aug 6 09:41:26 2026] GET /v2/schemas/image => generated 6083 bytes in 4 msecs (HTTP/1.1 200) 4 headers in 158 bytes (1 switches on core 0)
Aug 06 09:41:26.518809 np0000006644 devstack@g-api.service[99820]: DEBUG glance.api.middleware.version_negotiation [None req-e3ab1328-7e0f-4a2e-9587-422272b1bee2 tempest-ImageDependencyTests-642490257 tempest-ImageDependencyTests-642490257-project-member] Determining version of request: GET /v2/images/1ff5b6d2-761a-4624-834d-d2be69191eaf Accept: */* {{(pid=99820) process_request /opt/stack/glance/glance/api/middleware/version_negotiation.py:44}}
Aug 06 09:41:26.518999 np0000006644 devstack@g-api.service[99820]: DEBUG glance.api.middleware.version_negotiation [None req-e3ab1328-7e0f-4a2e-9587-422272b1bee2 tempest-ImageDependencyTests-642490257 tempest-ImageDependencyTests-642490257-project-member] Using url versioning {{(pid=99820) process_request /opt/stack/glance/glance/api/middleware/version_negotiation.py:57}}
Aug 06 09:41:26.519473 np0000006644 devstack@g-api.service[99820]: DEBUG glance.api.middleware.version_negotiation [None req-e3ab1328-7e0f-4a2e-9587-422272b1bee2 tempest-ImageDependencyTests-642490257 tempest-ImageDependencyTests-642490257-project-member] Matched version: v2 {{(pid=99820) process_request /opt/stack/glance/glance/api/middleware/version_negotiation.py:69}}
Aug 06 09:41:26.519473 np0000006644 devstack@g-api.service[99820]: DEBUG glance.api.middleware.version_negotiation [None req-e3ab1328-7e0f-4a2e-9587-422272b1bee2 tempest-ImageDependencyTests-642490257 tempest-ImageDependencyTests-642490257-project-member] new path /v2/images/1ff5b6d2-761a-4624-834d-d2be69191eaf {{(pid=99820) process_request /opt/stack/glance/glance/api/middleware/version_negotiation.py:70}}
Aug 06 09:41:26.538283 np0000006644 devstack@g-api.service[99820]: [pid: 99820|app: 0|req: 42/127] 127.0.0.1 () {44 vars in 1115 bytes} [Thu Aug 6 09:41:26 2026] GET /v2/images/1ff5b6d2-761a-4624-834d-d2be69191eaf => generated 807 bytes in 20 msecs (HTTP/1.1 200) 4 headers in 157 bytes (1 switches on core 0)
Aug 06 09:41:26.549489 np0000006644 devstack@g-api.service[99818]: DEBUG glance.api.middleware.version_negotiation [None req-e3ab1328-7e0f-4a2e-9587-422272b1bee2 tempest-ImageDependencyTests-642490257 tempest-ImageDependencyTests-642490257-project-member] Determining version of request: GET /v2/schemas/image Accept: */* {{(pid=99818) process_request /opt/stack/glance/glance/api/middleware/version_negotiation.py:44}}
Aug 06 09:41:26.549489 np0000006644 devstack@g-api.service[99818]: DEBUG glance.api.middleware.version_negotiation [None req-e3ab1328-7e0f-4a2e-9587-422272b1bee2 tempest-ImageDependencyTests-642490257 tempest-ImageDependencyTests-642490257-project-member] Using url versioning {{(pid=99818) process_request /opt/stack/glance/glance/api/middleware/version_negotiation.py:57}}
Aug 06 09:41:26.549489 np0000006644 devstack@g-api.service[99818]: DEBUG glance.api.middleware.version_negotiation [None req-e3ab1328-7e0f-4a2e-9587-422272b1bee2 tempest-ImageDependencyTests-642490257 tempest-ImageDependencyTests-642490257-project-member] Matched version: v2 {{(pid=99818) process_request /opt/stack/glance/glance/api/middleware/version_negotiation.py:69}}
Aug 06 09:41:26.549489 np0000006644 devstack@g-api.service[99818]: DEBUG glance.api.middleware.version_negotiation [None req-e3ab1328-7e0f-4a2e-9587-422272b1bee2 tempest-ImageDependencyTests-642490257 tempest-ImageDependencyTests-642490257-project-member] new path /v2/schemas/image {{(pid=99818) process_request /opt/stack/glance/glance/api/middleware/version_negotiation.py:70}}
Aug 06 09:41:26.554498 np0000006644 devstack@g-api.service[99818]: [pid: 99818|app: 0|req: 43/128] 127.0.0.1 () {44 vars in 1055 bytes} [Thu Aug 6 09:41:26 2026] GET /v2/schemas/image => generated 6083 bytes in 6 msecs (HTTP/1.1 200) 4 headers in 158 bytes (1 switches on core 0)
Aug 06 09:41:27.271101 np0000006644 devstack@g-api.service[99819]: DEBUG glance.api.middleware.version_negotiation [None req-e3ab1328-7e0f-4a2e-9587-422272b1bee2 tempest-ImageDependencyTests-642490257 tempest-ImageDependencyTests-642490257-project-member] Determining version of request: GET /versions Accept: */* {{(pid=99819) process_request /opt/stack/glance/glance/api/middleware/version_negotiation.py:44}}
Aug 06 09:41:27.273038 np0000006644 devstack@g-api.service[99819]: [pid: 99819|app: 0|req: 44/129] 127.0.0.1 () {44 vars in 1039 bytes} [Thu Aug 6 09:41:27 2026] GET /versions => generated 1515 bytes in 2 msecs (HTTP/1.1 200) 3 headers in 92 bytes (1 switches on core 0)
Aug 06 09:41:27.280352 np0000006644 devstack@g-api.service[99820]: DEBUG glance.api.middleware.version_negotiation [None req-e3ab1328-7e0f-4a2e-9587-422272b1bee2 tempest-ImageDependencyTests-642490257 tempest-ImageDependencyTests-642490257-project-member] Determining version of request: GET /v2/images/1ff5b6d2-761a-4624-834d-d2be69191eaf/locations Accept: */* {{(pid=99820) process_request /opt/stack/glance/glance/api/middleware/version_negotiation.py:44}}
Aug 06 09:41:27.280548 np0000006644 devstack@g-api.service[99820]: DEBUG glance.api.middleware.version_negotiation [None req-e3ab1328-7e0f-4a2e-9587-422272b1bee2 tempest-ImageDependencyTests-642490257 tempest-ImageDependencyTests-642490257-project-member] Using url versioning {{(pid=99820) process_request /opt/stack/glance/glance/api/middleware/version_negotiation.py:57}}
Aug 06 09:41:27.281264 np0000006644 devstack@g-api.service[99820]: DEBUG glance.api.middleware.version_negotiation [None req-e3ab1328-7e0f-4a2e-9587-422272b1bee2 tempest-ImageDependencyTests-642490257 tempest-ImageDependencyTests-642490257-project-member] Matched version: v2 {{(pid=99820) process_request /opt/stack/glance/glance/api/middleware/version_negotiation.py:69}}
Aug 06 09:41:27.281264 np0000006644 devstack@g-api.service[99820]: DEBUG glance.api.middleware.version_negotiation [None req-e3ab1328-7e0f-4a2e-9587-422272b1bee2 tempest-ImageDependencyTests-642490257 tempest-ImageDependencyTests-642490257-project-member] new path /v2/images/1ff5b6d2-761a-4624-834d-d2be69191eaf/locations {{(pid=99820) process_request /opt/stack/glance/glance/api/middleware/version_negotiation.py:70}}
Aug 06 09:41:27.371832 np0000006644 devstack@g-api.service[99818]: DEBUG glance.api.middleware.version_negotiation [None req-e3ab1328-7e0f-4a2e-9587-422272b1bee2 tempest-ImageDependencyTests-642490257 tempest-ImageDependencyTests-642490257-project-member] Determining version of request: DELETE /v2/images/a6e36ec0-c162-4aa1-b7c3-51b7557af24f Accept: application/json {{(pid=99818) process_request /opt/stack/glance/glance/api/middleware/version_negotiation.py:44}}
Aug 06 09:41:27.372152 np0000006644 devstack@g-api.service[99818]: DEBUG glance.api.middleware.version_negotiation [None req-e3ab1328-7e0f-4a2e-9587-422272b1bee2 tempest-ImageDependencyTests-642490257 tempest-ImageDependencyTests-642490257-project-member] Using url versioning {{(pid=99818) process_request /opt/stack/glance/glance/api/middleware/version_negotiation.py:57}}
Aug 06 09:41:27.372361 np0000006644 devstack@g-api.service[99818]: DEBUG glance.api.middleware.version_negotiation [None req-e3ab1328-7e0f-4a2e-9587-422272b1bee2 tempest-ImageDependencyTests-642490257 tempest-ImageDependencyTests-642490257-project-member] Matched version: v2 {{(pid=99818) process_request /opt/stack/glance/glance/api/middleware/version_negotiation.py:69}}
Aug 06 09:41:27.372517 np0000006644 devstack@g-api.service[99818]: DEBUG glance.api.middleware.version_negotiation [None req-e3ab1328-7e0f-4a2e-9587-422272b1bee2 tempest-ImageDependencyTests-642490257 tempest-ImageDependencyTests-642490257-project-member] new path /v2/images/a6e36ec0-c162-4aa1-b7c3-51b7557af24f {{(pid=99818) process_request /opt/stack/glance/glance/api/middleware/version_negotiation.py:70}}
Aug 06 09:41:27.385923 np0000006644 devstack@g-api.service[99818]: WARNING glance.api.v2.images [None req-14cd8769-1ae1-4a54-b2e7-c733e0644417 tempest-AttachSCSIVolumeTestJSON-2023334256 tempest-AttachSCSIVolumeTestJSON-2023334256-project-admin] After upload to backend, deletion of staged image data has failed because it cannot be found at /tmp/staging//a6e36ec0-c162-4aa1-b7c3-51b7557af24f
Aug 06 09:41:27.387165 np0000006644 devstack@g-api.service[99818]: DEBUG glance_store.backend [None req-14cd8769-1ae1-4a54-b2e7-c733e0644417 tempest-AttachSCSIVolumeTestJSON-2023334256 tempest-AttachSCSIVolumeTestJSON-2023334256-project-admin] Attempting to import store swift {{(pid=99818) _load_store /opt/stack/data/venv/lib/python3.12/site-packages/glance_store/backend.py:215}}
Aug 06 09:41:27.391678 np0000006644 devstack@g-api.service[99818]: DEBUG glance_store.capabilities [None req-14cd8769-1ae1-4a54-b2e7-c733e0644417 tempest-AttachSCSIVolumeTestJSON-2023334256 tempest-AttachSCSIVolumeTestJSON-2023334256-project-admin] Store glance_store._drivers.swift.store.SingleTenantStore doesn't support updating dynamic storage capabilities. Please overwrite 'update_capabilities' method of the store to implement updating logics if needed. {{(pid=99818) update_capabilities /opt/stack/data/venv/lib/python3.12/site-packages/glance_store/capabilities.py:91}}
Aug 06 09:41:27.391678 np0000006644 devstack@g-api.service[99818]: DEBUG glance_store.driver [None req-14cd8769-1ae1-4a54-b2e7-c733e0644417 tempest-AttachSCSIVolumeTestJSON-2023334256 tempest-AttachSCSIVolumeTestJSON-2023334256-project-admin] Late loading location class glance_store._drivers.swift.store.StoreLocation {{(pid=99818) get_store_location_class /opt/stack/data/venv/lib/python3.12/site-packages/glance_store/driver.py:134}}
Aug 06 09:41:27.391678 np0000006644 devstack@g-api.service[99818]: DEBUG glance_store.location [None req-14cd8769-1ae1-4a54-b2e7-c733e0644417 tempest-AttachSCSIVolumeTestJSON-2023334256 tempest-AttachSCSIVolumeTestJSON-2023334256-project-admin] Registering scheme swift+https with {'store': , 'location_class': , 'store_entry': 'swift'} {{(pid=99818) register_scheme_map /opt/stack/data/venv/lib/python3.12/site-packages/glance_store/location.py:146}}
Aug 06 09:41:27.391881 np0000006644 devstack@g-api.service[99818]: DEBUG glance_store.location [None req-14cd8769-1ae1-4a54-b2e7-c733e0644417 tempest-AttachSCSIVolumeTestJSON-2023334256 tempest-AttachSCSIVolumeTestJSON-2023334256-project-admin] Registering scheme swift+https with {'store': , 'location_class': , 'store_entry': 'swift'} {{(pid=99818) register_scheme_map /opt/stack/data/venv/lib/python3.12/site-packages/glance_store/location.py:146}}
Aug 06 09:41:27.391881 np0000006644 devstack@g-api.service[99818]: DEBUG glance_store.location [None req-14cd8769-1ae1-4a54-b2e7-c733e0644417 tempest-AttachSCSIVolumeTestJSON-2023334256 tempest-AttachSCSIVolumeTestJSON-2023334256-project-admin] Registering scheme swift with {'store': , 'location_class': , 'store_entry': 'swift'} {{(pid=99818) register_scheme_map /opt/stack/data/venv/lib/python3.12/site-packages/glance_store/location.py:146}}
Aug 06 09:41:27.392016 np0000006644 devstack@g-api.service[99818]: DEBUG glance_store.location [None req-14cd8769-1ae1-4a54-b2e7-c733e0644417 tempest-AttachSCSIVolumeTestJSON-2023334256 tempest-AttachSCSIVolumeTestJSON-2023334256-project-admin] Registering scheme swift+https with {'store': , 'location_class': , 'store_entry': 'swift'} {{(pid=99818) register_scheme_map /opt/stack/data/venv/lib/python3.12/site-packages/glance_store/location.py:146}}
Aug 06 09:41:27.392128 np0000006644 devstack@g-api.service[99818]: DEBUG glance_store.location [None req-14cd8769-1ae1-4a54-b2e7-c733e0644417 tempest-AttachSCSIVolumeTestJSON-2023334256 tempest-AttachSCSIVolumeTestJSON-2023334256-project-admin] Registering scheme swift with {'store': , 'location_class': , 'store_entry': 'swift'} {{(pid=99818) register_scheme_map /opt/stack/data/venv/lib/python3.12/site-packages/glance_store/location.py:146}}
Aug 06 09:41:27.392234 np0000006644 devstack@g-api.service[99818]: DEBUG glance_store.location [None req-14cd8769-1ae1-4a54-b2e7-c733e0644417 tempest-AttachSCSIVolumeTestJSON-2023334256 tempest-AttachSCSIVolumeTestJSON-2023334256-project-admin] Registering scheme swift+http with {'store': , 'location_class': , 'store_entry': 'swift'} {{(pid=99818) register_scheme_map /opt/stack/data/venv/lib/python3.12/site-packages/glance_store/location.py:146}}
Aug 06 09:41:27.393012 np0000006644 devstack@g-api.service[99818]: DEBUG glance_store.location [None req-14cd8769-1ae1-4a54-b2e7-c733e0644417 tempest-AttachSCSIVolumeTestJSON-2023334256 tempest-AttachSCSIVolumeTestJSON-2023334256-project-admin] Registering scheme swift+https with {'store': , 'location_class': , 'store_entry': 'swift'} {{(pid=99818) register_scheme_map /opt/stack/data/venv/lib/python3.12/site-packages/glance_store/location.py:146}}
Aug 06 09:41:27.393071 np0000006644 devstack@g-api.service[99818]: DEBUG glance_store.location [None req-14cd8769-1ae1-4a54-b2e7-c733e0644417 tempest-AttachSCSIVolumeTestJSON-2023334256 tempest-AttachSCSIVolumeTestJSON-2023334256-project-admin] Registering scheme swift with {'store': , 'location_class': , 'store_entry': 'swift'} {{(pid=99818) register_scheme_map /opt/stack/data/venv/lib/python3.12/site-packages/glance_store/location.py:146}}
Aug 06 09:41:27.393178 np0000006644 devstack@g-api.service[99818]: DEBUG glance_store.location [None req-14cd8769-1ae1-4a54-b2e7-c733e0644417 tempest-AttachSCSIVolumeTestJSON-2023334256 tempest-AttachSCSIVolumeTestJSON-2023334256-project-admin] Registering scheme swift+http with {'store': , 'location_class': , 'store_entry': 'swift'} {{(pid=99818) register_scheme_map /opt/stack/data/venv/lib/python3.12/site-packages/glance_store/location.py:146}}
Aug 06 09:41:27.393920 np0000006644 devstack@g-api.service[99818]: DEBUG glance_store.location [None req-14cd8769-1ae1-4a54-b2e7-c733e0644417 tempest-AttachSCSIVolumeTestJSON-2023334256 tempest-AttachSCSIVolumeTestJSON-2023334256-project-admin] Registering scheme swift+config with {'store': , 'location_class': , 'store_entry': 'swift'} {{(pid=99818) register_scheme_map /opt/stack/data/venv/lib/python3.12/site-packages/glance_store/location.py:146}}
Aug 06 09:41:27.394681 np0000006644 devstack@g-api.service[99818]: DEBUG keystoneclient.auth.identity.v3.base [None req-14cd8769-1ae1-4a54-b2e7-c733e0644417 tempest-AttachSCSIVolumeTestJSON-2023334256 tempest-AttachSCSIVolumeTestJSON-2023334256-project-admin] Making authentication request to https://10.4.3.233/identity/v3/auth/tokens {{(pid=99818) get_auth_ref /opt/stack/data/venv/lib/python3.12/site-packages/keystoneclient/auth/identity/v3/base.py:185}}
Aug 06 09:41:27.573068 np0000006644 devstack@g-api.service[99820]: [pid: 99820|app: 0|req: 43/130] 127.0.0.1 () {44 vars in 1135 bytes} [Thu Aug 6 09:41:27 2026] GET /v2/images/1ff5b6d2-761a-4624-834d-d2be69191eaf/locations => generated 92 bytes in 293 msecs (HTTP/1.1 200) 4 headers in 156 bytes (1 switches on core 0)
Aug 06 09:41:27.584365 np0000006644 devstack@g-api.service[99819]: DEBUG glance.api.middleware.version_negotiation [None req-e3ab1328-7e0f-4a2e-9587-422272b1bee2 tempest-ImageDependencyTests-642490257 tempest-ImageDependencyTests-642490257-project-member] Determining version of request: GET /v2/images/1ff5b6d2-761a-4624-834d-d2be69191eaf Accept: */* {{(pid=99819) process_request /opt/stack/glance/glance/api/middleware/version_negotiation.py:44}}
Aug 06 09:41:27.584569 np0000006644 devstack@g-api.service[99819]: DEBUG glance.api.middleware.version_negotiation [None req-e3ab1328-7e0f-4a2e-9587-422272b1bee2 tempest-ImageDependencyTests-642490257 tempest-ImageDependencyTests-642490257-project-member] Using url versioning {{(pid=99819) process_request /opt/stack/glance/glance/api/middleware/version_negotiation.py:57}}
Aug 06 09:41:27.584730 np0000006644 devstack@g-api.service[99819]: DEBUG glance.api.middleware.version_negotiation [None req-e3ab1328-7e0f-4a2e-9587-422272b1bee2 tempest-ImageDependencyTests-642490257 tempest-ImageDependencyTests-642490257-project-member] Matched version: v2 {{(pid=99819) process_request /opt/stack/glance/glance/api/middleware/version_negotiation.py:69}}
Aug 06 09:41:27.584809 np0000006644 devstack@g-api.service[99819]: DEBUG glance.api.middleware.version_negotiation [None req-e3ab1328-7e0f-4a2e-9587-422272b1bee2 tempest-ImageDependencyTests-642490257 tempest-ImageDependencyTests-642490257-project-member] new path /v2/images/1ff5b6d2-761a-4624-834d-d2be69191eaf {{(pid=99819) process_request /opt/stack/glance/glance/api/middleware/version_negotiation.py:70}}
Aug 06 09:41:27.592455 np0000006644 devstack@g-api.service[99818]: DEBUG keystoneclient.auth.identity.v3.base [None req-14cd8769-1ae1-4a54-b2e7-c733e0644417 tempest-AttachSCSIVolumeTestJSON-2023334256 tempest-AttachSCSIVolumeTestJSON-2023334256-project-admin] {"token": {"methods": ["password"], "user": {"domain": {"id": "default", "name": "Default"}, "id": "64440b0dacc24e16a561bd28b9157397", "name": "glance-swift", "password_expires_at": null}, "audit_ids": ["28fmG8pjTzemjlDD54PcNg"], "expires_at": "2026-08-06T10:41:27.000000Z", "issued_at": "2026-08-06T09:41:27.000000Z", "project": {"domain": {"id": "default", "name": "Default"}, "id": "9987058a6a3f4b8790d6ebe7a345e50e", "name": "service"}, "is_domain": false, "roles": [{"id": "f02e43af44bd4c848fcf6308a2fb5c71", "name": "service"}, {"id": "4181379de6ce426db77bb0df22da2a4b", "name": "ResellerAdmin"}], "catalog": [{"endpoints": [{"id": "f680374a373b41d3a7d525c8270f642c", "interface": "public", "region_id": "RegionOne", "url": "https://10.4.3.233/image", "region": "RegionOne"}], "id": "3355b68d70874ef395dfad133a79de19", "type": "image", "name": "glance"}, {"endpoints": [{"id": "bff6f77dd93c49949145aa2346b07cff", "interface": "public", "region_id": "RegionOne", "url": "https://10.4.3.233/compute/v2.1", "region": "RegionOne"}], "id": "6957f24622bf447b881fc92845747bfe", "type": "compute", "name": "nova"}, {"endpoints": [{"id": "0565d2c7fc5743799bfa7d504f4ee2b6", "interface": "admin", "region_id": "RegionOne", "url": "https://10.4.3.233:8080", "region": "RegionOne"}, {"id": "3076e1c84c0540129b3e059bb8237ba4", "interface": "public", "region_id": "RegionOne", "url": "https://10.4.3.233:8080/v1/AUTH_9987058a6a3f4b8790d6ebe7a345e50e", "region": "RegionOne"}], "id": "8b3f61df96914fc183735ff10c8487a0", "type": "object-store", "name": "swift"}, {"endpoints": [{"id": "f37f97fbb4de4a3b877672277df86281", "interface": "public", "region_id": "RegionOne", "url": "https://10.4.3.233/networking", "region": "RegionOne"}], "id": "93aa29685a5646a29218b1f4d8d2ecd8", "type": "network", "name": "neutron"}, {"endpoints": [{"id": "a487409813db4021a472eacfef94c1de", "interface": "public", "region_id": "RegionOne", "url": "https://10.4.3.233/compute/v2/9987058a6a3f4b8790d6ebe7a345e50e", "region": "RegionOne"}], "id": "9b830a566834448e8a5a8f02eda4ae62", "type": "compute_legacy", "name": "nova_legacy"}, {"endpoints": [{"id": "c1a3a9d1881e49b4a57c7489845a459c", "interface": "public", "region_id": "RegionOne", "url": "https://10.4.3.233/identity", "region": "RegionOne"}], "id": "c6c17514272b4114bbc54c3a473e3099", "type": "identity", "name": "keystone"}, {"endpoints": [{"id": "fda5a1c186004e9481d09b2c0f5fc1b3", "interface": "public", "region_id": "RegionOne", "url": "https://10.4.3.233/placement", "region": "RegionOne"}], "id": "d13c184a89d7497685d35989c1e84288", "type": "placement", "name": "placement"}, {"endpoints": [{"id": "ccccaf35f06248ada3b812cfc323d8e1", "interface": "public", "region_id": "RegionOne", "url": "https://10.4.3.233/volume/v3", "region": "RegionOne"}], "id": "dabd829c7c69451fa3c967c5563a2ecf", "type": "block-storage", "name": "cinder"}]}} {{(pid=99818) get_auth_ref /opt/stack/data/venv/lib/python3.12/site-packages/keystoneclient/auth/identity/v3/base.py:190}}
Aug 06 09:41:27.594870 np0000006644 devstack@g-api.service[99818]: DEBUG keystoneclient.httpclient [None req-14cd8769-1ae1-4a54-b2e7-c733e0644417 tempest-AttachSCSIVolumeTestJSON-2023334256 tempest-AttachSCSIVolumeTestJSON-2023334256-project-admin] Failed to find endpoint for management url admin endpoint for identity service not found {{(pid=99818) _process_management_url /opt/stack/data/venv/lib/python3.12/site-packages/keystoneclient/httpclient.py:670}}
Aug 06 09:41:27.605163 np0000006644 devstack@g-api.service[99819]: [pid: 99819|app: 0|req: 45/131] 127.0.0.1 () {44 vars in 1115 bytes} [Thu Aug 6 09:41:27 2026] GET /v2/images/1ff5b6d2-761a-4624-834d-d2be69191eaf => generated 807 bytes in 21 msecs (HTTP/1.1 200) 4 headers in 157 bytes (1 switches on core 0)
Aug 06 09:41:27.615567 np0000006644 devstack@g-api.service[99820]: DEBUG glance.api.middleware.version_negotiation [None req-e3ab1328-7e0f-4a2e-9587-422272b1bee2 service glance] Determining version of request: GET /v2/schemas/image Accept: */* {{(pid=99820) process_request /opt/stack/glance/glance/api/middleware/version_negotiation.py:44}}
Aug 06 09:41:27.615826 np0000006644 devstack@g-api.service[99820]: DEBUG glance.api.middleware.version_negotiation [None req-e3ab1328-7e0f-4a2e-9587-422272b1bee2 service glance] Using url versioning {{(pid=99820) process_request /opt/stack/glance/glance/api/middleware/version_negotiation.py:57}}
Aug 06 09:41:27.616044 np0000006644 devstack@g-api.service[99820]: DEBUG glance.api.middleware.version_negotiation [None req-e3ab1328-7e0f-4a2e-9587-422272b1bee2 service glance] Matched version: v2 {{(pid=99820) process_request /opt/stack/glance/glance/api/middleware/version_negotiation.py:69}}
Aug 06 09:41:27.616467 np0000006644 devstack@g-api.service[99820]: DEBUG glance.api.middleware.version_negotiation [None req-e3ab1328-7e0f-4a2e-9587-422272b1bee2 service glance] new path /v2/schemas/image {{(pid=99820) process_request /opt/stack/glance/glance/api/middleware/version_negotiation.py:70}}
Aug 06 09:41:27.621781 np0000006644 devstack@g-api.service[99820]: [pid: 99820|app: 0|req: 44/132] 127.0.0.1 () {44 vars in 1055 bytes} [Thu Aug 6 09:41:27 2026] GET /v2/schemas/image => generated 6083 bytes in 6 msecs (HTTP/1.1 200) 4 headers in 158 bytes (1 switches on core 0)
Aug 06 09:41:27.634086 np0000006644 devstack@g-api.service[99819]: DEBUG glance.api.middleware.version_negotiation [None req-e3ab1328-7e0f-4a2e-9587-422272b1bee2 tempest-ImageDependencyTests-642490257 tempest-ImageDependencyTests-642490257-project-member] Determining version of request: GET /v2/schemas/image Accept: */* {{(pid=99819) process_request /opt/stack/glance/glance/api/middleware/version_negotiation.py:44}}
Aug 06 09:41:27.634258 np0000006644 devstack@g-api.service[99819]: DEBUG glance.api.middleware.version_negotiation [None req-e3ab1328-7e0f-4a2e-9587-422272b1bee2 tempest-ImageDependencyTests-642490257 tempest-ImageDependencyTests-642490257-project-member] Using url versioning {{(pid=99819) process_request /opt/stack/glance/glance/api/middleware/version_negotiation.py:57}}
Aug 06 09:41:27.634457 np0000006644 devstack@g-api.service[99819]: DEBUG glance.api.middleware.version_negotiation [None req-e3ab1328-7e0f-4a2e-9587-422272b1bee2 tempest-ImageDependencyTests-642490257 tempest-ImageDependencyTests-642490257-project-member] Matched version: v2 {{(pid=99819) process_request /opt/stack/glance/glance/api/middleware/version_negotiation.py:69}}
Aug 06 09:41:27.635478 np0000006644 devstack@g-api.service[99819]: DEBUG glance.api.middleware.version_negotiation [None req-e3ab1328-7e0f-4a2e-9587-422272b1bee2 tempest-ImageDependencyTests-642490257 tempest-ImageDependencyTests-642490257-project-member] new path /v2/schemas/image {{(pid=99819) process_request /opt/stack/glance/glance/api/middleware/version_negotiation.py:70}}
Aug 06 09:41:27.637871 np0000006644 devstack@g-api.service[99819]: [pid: 99819|app: 0|req: 46/133] 127.0.0.1 () {44 vars in 1055 bytes} [Thu Aug 6 09:41:27 2026] GET /v2/schemas/image => generated 6083 bytes in 4 msecs (HTTP/1.1 200) 4 headers in 158 bytes (1 switches on core 0)
Aug 06 09:41:27.682910 np0000006644 devstack@g-api.service[99820]: DEBUG glance.api.middleware.version_negotiation [None req-e3ab1328-7e0f-4a2e-9587-422272b1bee2 tempest-ImageDependencyTests-642490257 tempest-ImageDependencyTests-642490257-project-member] Determining version of request: GET /v2/images/1ff5b6d2-761a-4624-834d-d2be69191eaf Accept: */* {{(pid=99820) process_request /opt/stack/glance/glance/api/middleware/version_negotiation.py:44}}
Aug 06 09:41:27.683189 np0000006644 devstack@g-api.service[99820]: DEBUG glance.api.middleware.version_negotiation [None req-e3ab1328-7e0f-4a2e-9587-422272b1bee2 tempest-ImageDependencyTests-642490257 tempest-ImageDependencyTests-642490257-project-member] Using url versioning {{(pid=99820) process_request /opt/stack/glance/glance/api/middleware/version_negotiation.py:57}}
Aug 06 09:41:27.683432 np0000006644 devstack@g-api.service[99820]: DEBUG glance.api.middleware.version_negotiation [None req-e3ab1328-7e0f-4a2e-9587-422272b1bee2 tempest-ImageDependencyTests-642490257 tempest-ImageDependencyTests-642490257-project-member] Matched version: v2 {{(pid=99820) process_request /opt/stack/glance/glance/api/middleware/version_negotiation.py:69}}
Aug 06 09:41:27.683597 np0000006644 devstack@g-api.service[99820]: DEBUG glance.api.middleware.version_negotiation [None req-e3ab1328-7e0f-4a2e-9587-422272b1bee2 tempest-ImageDependencyTests-642490257 tempest-ImageDependencyTests-642490257-project-member] new path /v2/images/1ff5b6d2-761a-4624-834d-d2be69191eaf {{(pid=99820) process_request /opt/stack/glance/glance/api/middleware/version_negotiation.py:70}}
Aug 06 09:41:27.847026 np0000006644 devstack@g-api.service[99820]: [pid: 99820|app: 0|req: 45/134] 127.0.0.1 () {44 vars in 1115 bytes} [Thu Aug 6 09:41:27 2026] GET /v2/images/1ff5b6d2-761a-4624-834d-d2be69191eaf => generated 807 bytes in 163 msecs (HTTP/1.1 200) 4 headers in 157 bytes (1 switches on core 0)
Aug 06 09:41:27.863457 np0000006644 devstack@g-api.service[99819]: DEBUG glance.api.middleware.version_negotiation [None req-e3ab1328-7e0f-4a2e-9587-422272b1bee2 tempest-ImageDependencyTests-642490257 tempest-ImageDependencyTests-642490257-project-member] Determining version of request: GET /v2/images/1ff5b6d2-761a-4624-834d-d2be69191eaf/file Accept: */* {{(pid=99819) process_request /opt/stack/glance/glance/api/middleware/version_negotiation.py:44}}
Aug 06 09:41:27.863689 np0000006644 devstack@g-api.service[99819]: DEBUG glance.api.middleware.version_negotiation [None req-e3ab1328-7e0f-4a2e-9587-422272b1bee2 tempest-ImageDependencyTests-642490257 tempest-ImageDependencyTests-642490257-project-member] Using url versioning {{(pid=99819) process_request /opt/stack/glance/glance/api/middleware/version_negotiation.py:57}}
Aug 06 09:41:27.863898 np0000006644 devstack@g-api.service[99819]: DEBUG glance.api.middleware.version_negotiation [None req-e3ab1328-7e0f-4a2e-9587-422272b1bee2 tempest-ImageDependencyTests-642490257 tempest-ImageDependencyTests-642490257-project-member] Matched version: v2 {{(pid=99819) process_request /opt/stack/glance/glance/api/middleware/version_negotiation.py:69}}
Aug 06 09:41:27.864088 np0000006644 devstack@g-api.service[99819]: DEBUG glance.api.middleware.version_negotiation [None req-e3ab1328-7e0f-4a2e-9587-422272b1bee2 tempest-ImageDependencyTests-642490257 tempest-ImageDependencyTests-642490257-project-member] new path /v2/images/1ff5b6d2-761a-4624-834d-d2be69191eaf/file {{(pid=99819) process_request /opt/stack/glance/glance/api/middleware/version_negotiation.py:70}}
Aug 06 09:41:27.883358 np0000006644 devstack@g-api.service[99819]: DEBUG glance_store.backend [None req-e3ab1328-7e0f-4a2e-9587-422272b1bee2 tempest-ImageDependencyTests-642490257 tempest-ImageDependencyTests-642490257-project-member] Attempting to import store swift {{(pid=99819) _load_store /opt/stack/data/venv/lib/python3.12/site-packages/glance_store/backend.py:215}}
