Aug 06 09:37:46.108220 np0000006644 nova-scheduler[93476]: DEBUG cotyledon.oslo_config_glue [-] oslo_messaging_rabbit.rabbit_quorum_delivery_limit = 0 {{(pid=93476) log_opt_values /opt/stack/data/venv/lib/python3.12/site-packages/oslo_config/cfg.py:3545}}
Aug 06 09:37:46.108414 np0000006644 nova-scheduler[93476]: DEBUG cotyledon.oslo_config_glue [-] oslo_messaging_rabbit.rabbit_quorum_max_memory_bytes = 0 {{(pid=93476) log_opt_values /opt/stack/data/venv/lib/python3.12/site-packages/oslo_config/cfg.py:3545}}
Aug 06 09:37:46.108414 np0000006644 nova-scheduler[93476]: DEBUG cotyledon.oslo_config_glue [-] oslo_messaging_rabbit.rabbit_quorum_max_memory_length = 0 {{(pid=93476) log_opt_values /opt/stack/data/venv/lib/python3.12/site-packages/oslo_config/cfg.py:3545}}
Aug 06 09:37:46.108414 np0000006644 nova-scheduler[93476]: DEBUG cotyledon.oslo_config_glue [-] oslo_messaging_rabbit.rabbit_quorum_queue = False {{(pid=93476) log_opt_values /opt/stack/data/venv/lib/python3.12/site-packages/oslo_config/cfg.py:3545}}
Aug 06 09:37:46.108414 np0000006644 nova-scheduler[93476]: DEBUG cotyledon.oslo_config_glue [-] oslo_messaging_rabbit.rabbit_retry_backoff = 2 {{(pid=93476) log_opt_values /opt/stack/data/venv/lib/python3.12/site-packages/oslo_config/cfg.py:3545}}
Aug 06 09:37:46.108414 np0000006644 nova-scheduler[93476]: DEBUG cotyledon.oslo_config_glue [-] oslo_messaging_rabbit.rabbit_retry_interval = 1 {{(pid=93476) log_opt_values /opt/stack/data/venv/lib/python3.12/site-packages/oslo_config/cfg.py:3545}}
Aug 06 09:37:46.108414 np0000006644 nova-scheduler[93476]: DEBUG cotyledon.oslo_config_glue [-] oslo_messaging_rabbit.rabbit_stream_fanout = False {{(pid=93476) log_opt_values /opt/stack/data/venv/lib/python3.12/site-packages/oslo_config/cfg.py:3545}}
Aug 06 09:37:46.108414 np0000006644 nova-scheduler[93476]: DEBUG cotyledon.oslo_config_glue [-] oslo_messaging_rabbit.rabbit_transient_queues_ttl = 1800 {{(pid=93476) log_opt_values /opt/stack/data/venv/lib/python3.12/site-packages/oslo_config/cfg.py:3545}}
Aug 06 09:37:46.108414 np0000006644 nova-scheduler[93476]: DEBUG cotyledon.oslo_config_glue [-] oslo_messaging_rabbit.rabbit_transient_quorum_queue = False {{(pid=93476) log_opt_values /opt/stack/data/venv/lib/python3.12/site-packages/oslo_config/cfg.py:3545}}
Aug 06 09:37:46.108586 np0000006644 nova-scheduler[93476]: DEBUG cotyledon.oslo_config_glue [-] oslo_messaging_rabbit.rpc_conn_pool_size = 30 {{(pid=93476) log_opt_values /opt/stack/data/venv/lib/python3.12/site-packages/oslo_config/cfg.py:3545}}
Aug 06 09:37:46.108586 np0000006644 nova-scheduler[93476]: DEBUG cotyledon.oslo_config_glue [-] oslo_messaging_rabbit.ssl = False {{(pid=93476) log_opt_values /opt/stack/data/venv/lib/python3.12/site-packages/oslo_config/cfg.py:3545}}
Aug 06 09:37:46.108586 np0000006644 nova-scheduler[93476]: DEBUG cotyledon.oslo_config_glue [-] oslo_messaging_rabbit.ssl_ca_file = {{(pid=93476) log_opt_values /opt/stack/data/venv/lib/python3.12/site-packages/oslo_config/cfg.py:3545}}
Aug 06 09:37:46.108586 np0000006644 nova-scheduler[93476]: DEBUG cotyledon.oslo_config_glue [-] oslo_messaging_rabbit.ssl_cert_file = {{(pid=93476) log_opt_values /opt/stack/data/venv/lib/python3.12/site-packages/oslo_config/cfg.py:3545}}
Aug 06 09:37:46.108586 np0000006644 nova-scheduler[93476]: DEBUG cotyledon.oslo_config_glue [-] oslo_messaging_rabbit.ssl_enforce_fips_mode = False {{(pid=93476) log_opt_values /opt/stack/data/venv/lib/python3.12/site-packages/oslo_config/cfg.py:3545}}
Aug 06 09:37:46.108586 np0000006644 nova-scheduler[93476]: DEBUG cotyledon.oslo_config_glue [-] oslo_messaging_rabbit.ssl_enforce_hostname_verification = True {{(pid=93476) log_opt_values /opt/stack/data/venv/lib/python3.12/site-packages/oslo_config/cfg.py:3545}}
Aug 06 09:37:46.108586 np0000006644 nova-scheduler[93476]: DEBUG cotyledon.oslo_config_glue [-] oslo_messaging_rabbit.ssl_key_file = {{(pid=93476) log_opt_values /opt/stack/data/venv/lib/python3.12/site-packages/oslo_config/cfg.py:3545}}
Aug 06 09:37:46.108586 np0000006644 nova-scheduler[93476]: DEBUG cotyledon.oslo_config_glue [-] oslo_messaging_rabbit.ssl_version = {{(pid=93476) log_opt_values /opt/stack/data/venv/lib/python3.12/site-packages/oslo_config/cfg.py:3545}}
Aug 06 09:37:46.108586 np0000006644 nova-scheduler[93476]: DEBUG cotyledon.oslo_config_glue [-] oslo_messaging_rabbit.use_queue_manager = False {{(pid=93476) log_opt_values /opt/stack/data/venv/lib/python3.12/site-packages/oslo_config/cfg.py:3545}}
Aug 06 09:37:46.108755 np0000006644 nova-scheduler[93476]: DEBUG cotyledon.oslo_config_glue [-] oslo_messaging_notifications.driver = ['messagingv2'] {{(pid=93476) log_opt_values /opt/stack/data/venv/lib/python3.12/site-packages/oslo_config/cfg.py:3545}}
Aug 06 09:37:46.108755 np0000006644 nova-scheduler[93476]: DEBUG cotyledon.oslo_config_glue [-] oslo_messaging_notifications.retry = -1 {{(pid=93476) log_opt_values /opt/stack/data/venv/lib/python3.12/site-packages/oslo_config/cfg.py:3545}}
Aug 06 09:37:46.108755 np0000006644 nova-scheduler[93476]: DEBUG cotyledon.oslo_config_glue [-] oslo_messaging_notifications.topics = ['notifications'] {{(pid=93476) log_opt_values /opt/stack/data/venv/lib/python3.12/site-packages/oslo_config/cfg.py:3545}}
Aug 06 09:37:46.108755 np0000006644 nova-scheduler[93476]: DEBUG cotyledon.oslo_config_glue [-] oslo_messaging_notifications.transport_url = **** {{(pid=93476) log_opt_values /opt/stack/data/venv/lib/python3.12/site-packages/oslo_config/cfg.py:3545}}
Aug 06 09:37:46.108755 np0000006644 nova-scheduler[93476]: DEBUG cotyledon.oslo_config_glue [-] oslo_limit.auth_section = None {{(pid=93476) log_opt_values /opt/stack/data/venv/lib/python3.12/site-packages/oslo_config/cfg.py:3545}}
Aug 06 09:37:46.108755 np0000006644 nova-scheduler[93476]: DEBUG cotyledon.oslo_config_glue [-] oslo_limit.auth_type = None {{(pid=93476) log_opt_values /opt/stack/data/venv/lib/python3.12/site-packages/oslo_config/cfg.py:3545}}
Aug 06 09:37:46.108755 np0000006644 nova-scheduler[93476]: DEBUG cotyledon.oslo_config_glue [-] oslo_limit.cafile = None {{(pid=93476) log_opt_values /opt/stack/data/venv/lib/python3.12/site-packages/oslo_config/cfg.py:3545}}
Aug 06 09:37:46.108755 np0000006644 nova-scheduler[93476]: DEBUG cotyledon.oslo_config_glue [-] oslo_limit.certfile = None {{(pid=93476) log_opt_values /opt/stack/data/venv/lib/python3.12/site-packages/oslo_config/cfg.py:3545}}
Aug 06 09:37:46.108755 np0000006644 nova-scheduler[93476]: DEBUG cotyledon.oslo_config_glue [-] oslo_limit.collect_timing = False {{(pid=93476) log_opt_values /opt/stack/data/venv/lib/python3.12/site-packages/oslo_config/cfg.py:3545}}
Aug 06 09:37:46.108953 np0000006644 nova-scheduler[93476]: DEBUG cotyledon.oslo_config_glue [-] oslo_limit.connect_retries = None {{(pid=93476) log_opt_values /opt/stack/data/venv/lib/python3.12/site-packages/oslo_config/cfg.py:3545}}
Aug 06 09:37:46.108953 np0000006644 nova-scheduler[93476]: DEBUG cotyledon.oslo_config_glue [-] oslo_limit.connect_retry_delay = None {{(pid=93476) log_opt_values /opt/stack/data/venv/lib/python3.12/site-packages/oslo_config/cfg.py:3545}}
Aug 06 09:37:46.108953 np0000006644 nova-scheduler[93476]: DEBUG cotyledon.oslo_config_glue [-] oslo_limit.endpoint_id = None {{(pid=93476) log_opt_values /opt/stack/data/venv/lib/python3.12/site-packages/oslo_config/cfg.py:3545}}
Aug 06 09:37:46.108953 np0000006644 nova-scheduler[93476]: DEBUG cotyledon.oslo_config_glue [-] oslo_limit.endpoint_interface = public {{(pid=93476) log_opt_values /opt/stack/data/venv/lib/python3.12/site-packages/oslo_config/cfg.py:3545}}
Aug 06 09:37:46.108953 np0000006644 nova-scheduler[93476]: DEBUG cotyledon.oslo_config_glue [-] oslo_limit.endpoint_override = None {{(pid=93476) log_opt_values /opt/stack/data/venv/lib/python3.12/site-packages/oslo_config/cfg.py:3545}}
Aug 06 09:37:46.108953 np0000006644 nova-scheduler[93476]: DEBUG cotyledon.oslo_config_glue [-] oslo_limit.endpoint_region_name = None {{(pid=93476) log_opt_values /opt/stack/data/venv/lib/python3.12/site-packages/oslo_config/cfg.py:3545}}
Aug 06 09:37:46.108953 np0000006644 nova-scheduler[93476]: DEBUG cotyledon.oslo_config_glue [-] oslo_limit.endpoint_service_name = None {{(pid=93476) log_opt_values /opt/stack/data/venv/lib/python3.12/site-packages/oslo_config/cfg.py:3545}}
Aug 06 09:37:46.108953 np0000006644 nova-scheduler[93476]: DEBUG cotyledon.oslo_config_glue [-] oslo_limit.endpoint_service_type = None {{(pid=93476) log_opt_values /opt/stack/data/venv/lib/python3.12/site-packages/oslo_config/cfg.py:3545}}
Aug 06 09:37:46.108953 np0000006644 nova-scheduler[93476]: DEBUG cotyledon.oslo_config_glue [-] oslo_limit.insecure = False {{(pid=93476) log_opt_values /opt/stack/data/venv/lib/python3.12/site-packages/oslo_config/cfg.py:3545}}
Aug 06 09:37:46.109169 np0000006644 nova-scheduler[93476]: DEBUG cotyledon.oslo_config_glue [-] oslo_limit.keyfile = None {{(pid=93476) log_opt_values /opt/stack/data/venv/lib/python3.12/site-packages/oslo_config/cfg.py:3545}}
Aug 06 09:37:46.109169 np0000006644 nova-scheduler[93476]: DEBUG cotyledon.oslo_config_glue [-] oslo_limit.max_version = None {{(pid=93476) log_opt_values /opt/stack/data/venv/lib/python3.12/site-packages/oslo_config/cfg.py:3545}}
Aug 06 09:37:46.109169 np0000006644 nova-scheduler[93476]: DEBUG cotyledon.oslo_config_glue [-] oslo_limit.min_version = None {{(pid=93476) log_opt_values /opt/stack/data/venv/lib/python3.12/site-packages/oslo_config/cfg.py:3545}}
Aug 06 09:37:46.109169 np0000006644 nova-scheduler[93476]: DEBUG cotyledon.oslo_config_glue [-] oslo_limit.region_name = None {{(pid=93476) log_opt_values /opt/stack/data/venv/lib/python3.12/site-packages/oslo_config/cfg.py:3545}}
Aug 06 09:37:46.109169 np0000006644 nova-scheduler[93476]: DEBUG cotyledon.oslo_config_glue [-] oslo_limit.retriable_status_codes = None {{(pid=93476) log_opt_values /opt/stack/data/venv/lib/python3.12/site-packages/oslo_config/cfg.py:3545}}
Aug 06 09:37:46.109169 np0000006644 nova-scheduler[93476]: DEBUG cotyledon.oslo_config_glue [-] oslo_limit.service_name = None {{(pid=93476) log_opt_values /opt/stack/data/venv/lib/python3.12/site-packages/oslo_config/cfg.py:3545}}
Aug 06 09:37:46.109169 np0000006644 nova-scheduler[93476]: DEBUG cotyledon.oslo_config_glue [-] oslo_limit.service_type = None {{(pid=93476) log_opt_values /opt/stack/data/venv/lib/python3.12/site-packages/oslo_config/cfg.py:3545}}
Aug 06 09:37:46.109169 np0000006644 nova-scheduler[93476]: DEBUG cotyledon.oslo_config_glue [-] oslo_limit.split_loggers = False {{(pid=93476) log_opt_values /opt/stack/data/venv/lib/python3.12/site-packages/oslo_config/cfg.py:3545}}
Aug 06 09:37:46.109169 np0000006644 nova-scheduler[93476]: DEBUG cotyledon.oslo_config_glue [-] oslo_limit.status_code_retries = None {{(pid=93476) log_opt_values /opt/stack/data/venv/lib/python3.12/site-packages/oslo_config/cfg.py:3545}}
Aug 06 09:37:46.109362 np0000006644 nova-scheduler[93476]: DEBUG cotyledon.oslo_config_glue [-] oslo_limit.status_code_retry_delay = None {{(pid=93476) log_opt_values /opt/stack/data/venv/lib/python3.12/site-packages/oslo_config/cfg.py:3545}}
Aug 06 09:37:46.109362 np0000006644 nova-scheduler[93476]: DEBUG cotyledon.oslo_config_glue [-] oslo_limit.timeout = None {{(pid=93476) log_opt_values /opt/stack/data/venv/lib/python3.12/site-packages/oslo_config/cfg.py:3545}}
Aug 06 09:37:46.109362 np0000006644 nova-scheduler[93476]: DEBUG cotyledon.oslo_config_glue [-] oslo_limit.valid_interfaces = None {{(pid=93476) log_opt_values /opt/stack/data/venv/lib/python3.12/site-packages/oslo_config/cfg.py:3545}}
Aug 06 09:37:46.109362 np0000006644 nova-scheduler[93476]: DEBUG cotyledon.oslo_config_glue [-] oslo_limit.version = None {{(pid=93476) log_opt_values /opt/stack/data/venv/lib/python3.12/site-packages/oslo_config/cfg.py:3545}}
Aug 06 09:37:46.109362 np0000006644 nova-scheduler[93476]: DEBUG cotyledon.oslo_config_glue [-] oslo_reports.file_event_handler = None {{(pid=93476) log_opt_values /opt/stack/data/venv/lib/python3.12/site-packages/oslo_config/cfg.py:3545}}
Aug 06 09:37:46.109362 np0000006644 nova-scheduler[93476]: DEBUG cotyledon.oslo_config_glue [-] oslo_reports.file_event_handler_interval = 1 {{(pid=93476) log_opt_values /opt/stack/data/venv/lib/python3.12/site-packages/oslo_config/cfg.py:3545}}
Aug 06 09:37:46.109362 np0000006644 nova-scheduler[93476]: DEBUG cotyledon.oslo_config_glue [-] oslo_reports.log_dir = None {{(pid=93476) log_opt_values /opt/stack/data/venv/lib/python3.12/site-packages/oslo_config/cfg.py:3545}}
Aug 06 09:37:46.109362 np0000006644 nova-scheduler[93476]: DEBUG cotyledon.oslo_config_glue [-] ******************************************************************************** {{(pid=93476) log_opt_values /opt/stack/data/venv/lib/python3.12/site-packages/oslo_config/cfg.py:3552}}
Aug 06 09:37:46.109362 np0000006644 nova-scheduler[93476]: DEBUG cotyledon._service_worker [-] Run service ServiceWrapper(2) [93476] {{(pid=93476) wait_forever /opt/stack/data/venv/lib/python3.12/site-packages/cotyledon/_service_worker.py:218}}
Aug 06 09:37:46.109578 np0000006644 nova-scheduler[93476]: INFO nova.service [-] Starting scheduler node (version 33.1.0)
Aug 06 09:37:46.109578 np0000006644 nova-scheduler[93476]: INFO dbcounter [None req-604e4a2d-b30c-4de0-a1eb-df2d6292b3f0 None None] Registered counter for database nova_cell0
Aug 06 09:37:46.114749 np0000006644 nova-scheduler[93451]: DEBUG oslo_db.sqlalchemy.engines [None req-84f54895-d908-453b-ad60-f3bba38e874d None None] MySQL server mode set to STRICT_TRANS_TABLES,STRICT_ALL_TABLES,NO_ZERO_IN_DATE,NO_ZERO_DATE,ERROR_FOR_DIVISION_BY_ZERO,TRADITIONAL,NO_ENGINE_SUBSTITUTION {{(pid=93451) _check_effective_sql_mode /opt/stack/data/venv/lib/python3.12/site-packages/oslo_db/sqlalchemy/engines.py:325}}
Aug 06 09:37:46.123015 np0000006644 nova-scheduler[93446]: DEBUG oslo_db.sqlalchemy.engines [None req-b049a4ae-1e8a-4002-80d1-639083e24297 None None] MySQL server mode set to STRICT_TRANS_TABLES,STRICT_ALL_TABLES,NO_ZERO_IN_DATE,NO_ZERO_DATE,ERROR_FOR_DIVISION_BY_ZERO,TRADITIONAL,NO_ENGINE_SUBSTITUTION {{(pid=93446) _check_effective_sql_mode /opt/stack/data/venv/lib/python3.12/site-packages/oslo_db/sqlalchemy/engines.py:325}}
Aug 06 09:37:46.124109 np0000006644 nova-scheduler[93451]: DEBUG dbcounter [-] [93451] Writer thread running {{(pid=93451) stat_writer /opt/stack/data/venv/lib/python3.12/site-packages/dbcounter.py:102}}
Aug 06 09:37:46.133402 np0000006644 nova-scheduler[93446]: DEBUG dbcounter [-] [93446] Writer thread running {{(pid=93446) stat_writer /opt/stack/data/venv/lib/python3.12/site-packages/dbcounter.py:102}}
Aug 06 09:37:46.139208 np0000006644 nova-scheduler[93451]: DEBUG nova.service [None req-84f54895-d908-453b-ad60-f3bba38e874d None None] Creating RPC server for service: nova-scheduler on topic: scheduler {{(pid=93451) start /opt/stack/nova/nova/service.py:196}}
Aug 06 09:37:46.140554 np0000006644 nova-scheduler[93476]: DEBUG oslo_db.sqlalchemy.engines [None req-604e4a2d-b30c-4de0-a1eb-df2d6292b3f0 None None] MySQL server mode set to STRICT_TRANS_TABLES,STRICT_ALL_TABLES,NO_ZERO_IN_DATE,NO_ZERO_DATE,ERROR_FOR_DIVISION_BY_ZERO,TRADITIONAL,NO_ENGINE_SUBSTITUTION {{(pid=93476) _check_effective_sql_mode /opt/stack/data/venv/lib/python3.12/site-packages/oslo_db/sqlalchemy/engines.py:325}}
Aug 06 09:37:46.150501 np0000006644 nova-scheduler[93446]: DEBUG nova.service [None req-b049a4ae-1e8a-4002-80d1-639083e24297 None None] Creating RPC server for service: nova-scheduler on topic: scheduler {{(pid=93446) start /opt/stack/nova/nova/service.py:196}}
Aug 06 09:37:46.159241 np0000006644 nova-scheduler[93451]: DEBUG nova.service [None req-84f54895-d908-453b-ad60-f3bba38e874d None None] Join ServiceGroup membership for this service scheduler {{(pid=93451) start /opt/stack/nova/nova/service.py:222}}
Aug 06 09:37:46.159437 np0000006644 nova-scheduler[93451]: DEBUG nova.servicegroup.drivers.db [None req-84f54895-d908-453b-ad60-f3bba38e874d None None] DB_Driver: join new ServiceGroup member np0000006644 to the scheduler group, service = {{(pid=93451) join /opt/stack/nova/nova/servicegroup/drivers/db.py:44}}
Aug 06 09:37:46.160128 np0000006644 nova-scheduler[93476]: DEBUG dbcounter [-] [93476] Writer thread running {{(pid=93476) stat_writer /opt/stack/data/venv/lib/python3.12/site-packages/dbcounter.py:102}}
Aug 06 09:37:46.163866 np0000006644 nova-scheduler[93476]: DEBUG nova.service [None req-604e4a2d-b30c-4de0-a1eb-df2d6292b3f0 None None] Creating RPC server for service: nova-scheduler on topic: scheduler {{(pid=93476) start /opt/stack/nova/nova/service.py:196}}
Aug 06 09:37:46.171306 np0000006644 nova-scheduler[93446]: DEBUG nova.service [None req-b049a4ae-1e8a-4002-80d1-639083e24297 None None] Join ServiceGroup membership for this service scheduler {{(pid=93446) start /opt/stack/nova/nova/service.py:222}}
Aug 06 09:37:46.171734 np0000006644 nova-scheduler[93446]: DEBUG nova.servicegroup.drivers.db [None req-b049a4ae-1e8a-4002-80d1-639083e24297 None None] DB_Driver: join new ServiceGroup member np0000006644 to the scheduler group, service = {{(pid=93446) join /opt/stack/nova/nova/servicegroup/drivers/db.py:44}}
Aug 06 09:37:46.183303 np0000006644 nova-scheduler[93476]: DEBUG nova.service [None req-604e4a2d-b30c-4de0-a1eb-df2d6292b3f0 None None] Join ServiceGroup membership for this service scheduler {{(pid=93476) start /opt/stack/nova/nova/service.py:222}}
Aug 06 09:37:46.183451 np0000006644 nova-scheduler[93476]: DEBUG nova.servicegroup.drivers.db [None req-604e4a2d-b30c-4de0-a1eb-df2d6292b3f0 None None] DB_Driver: join new ServiceGroup member np0000006644 to the scheduler group, service = {{(pid=93476) join /opt/stack/nova/nova/servicegroup/drivers/db.py:44}}
Aug 06 09:37:51.181283 np0000006644 nova-scheduler[93451]: DEBUG oslo.service.backend._threading.loopingcall [-] Fixed interval looping call 'nova.servicegroup.drivers.db.DbDriver._report_state' sleeping for 119.98 seconds {{(pid=93451) _run_loop /opt/stack/data/venv/lib/python3.12/site-packages/oslo_service/backend/_threading/loopingcall.py:125}}
Aug 06 09:37:51.181899 np0000006644 nova-scheduler[93446]: DEBUG oslo.service.backend._threading.loopingcall [-] Fixed interval looping call 'nova.servicegroup.drivers.db.DbDriver._report_state' sleeping for 119.99 seconds {{(pid=93446) _run_loop /opt/stack/data/venv/lib/python3.12/site-packages/oslo_service/backend/_threading/loopingcall.py:125}}
Aug 06 09:37:51.203057 np0000006644 nova-scheduler[93476]: DEBUG oslo.service.backend._threading.loopingcall [-] Fixed interval looping call 'nova.servicegroup.drivers.db.DbDriver._report_state' sleeping for 119.98 seconds {{(pid=93476) _run_loop /opt/stack/data/venv/lib/python3.12/site-packages/oslo_service/backend/_threading/loopingcall.py:125}}
Aug 06 09:37:54.766212 np0000006644 nova-scheduler[92202]: DEBUG dbcounter [-] [92202] Writing DB stats nova_api:SELECT=3 {{(pid=92202) stat_writer /opt/stack/data/venv/lib/python3.12/site-packages/dbcounter.py:115}}
Aug 06 09:37:54.890241 np0000006644 nova-scheduler[92202]: DEBUG dbcounter [-] [92202] Writing DB stats nova_cell0:SELECT=1 {{(pid=92202) stat_writer /opt/stack/data/venv/lib/python3.12/site-packages/dbcounter.py:115}}
Aug 06 09:37:54.894282 np0000006644 nova-scheduler[92202]: DEBUG dbcounter [-] [92202] Writing DB stats nova_cell1:SELECT=1 {{(pid=92202) stat_writer /opt/stack/data/venv/lib/python3.12/site-packages/dbcounter.py:115}}
Aug 06 09:38:01.175562 np0000006644 nova-scheduler[93451]: DEBUG dbcounter [-] [93451] Writing DB stats nova_cell0:SELECT=4,nova_cell0:INSERT=1,nova_cell0:UPDATE=1 {{(pid=93451) stat_writer /opt/stack/data/venv/lib/python3.12/site-packages/dbcounter.py:115}}
Aug 06 09:38:01.184972 np0000006644 nova-scheduler[93446]: DEBUG dbcounter [-] [93446] Writing DB stats nova_cell0:SELECT=4,nova_cell0:INSERT=1,nova_cell0:UPDATE=1 {{(pid=93446) stat_writer /opt/stack/data/venv/lib/python3.12/site-packages/dbcounter.py:115}}
Aug 06 09:38:01.200178 np0000006644 nova-scheduler[93476]: DEBUG dbcounter [-] [93476] Writing DB stats nova_cell0:SELECT=3 {{(pid=93476) stat_writer /opt/stack/data/venv/lib/python3.12/site-packages/dbcounter.py:115}}
Aug 06 09:38:12.185561 np0000006644 nova-scheduler[93476]: DEBUG oslo.service.backend._threading.loopingcall [None req-17ca42d7-d799-454e-9992-637e4f5ea64f None None] Dynamic interval looping call 'nova.service.Service.periodic_tasks' sleeping for 60.00 seconds {{(pid=93476) _run_loop /opt/stack/data/venv/lib/python3.12/site-packages/oslo_service/backend/_threading/loopingcall.py:125}}
Aug 06 09:38:15.161598 np0000006644 nova-scheduler[93451]: DEBUG oslo.service.backend._threading.loopingcall [None req-b018d8a3-3f82-45ee-8155-66bfb5512797 None None] Dynamic interval looping call 'nova.service.Service.periodic_tasks' sleeping for 60.00 seconds {{(pid=93451) _run_loop /opt/stack/data/venv/lib/python3.12/site-packages/oslo_service/backend/_threading/loopingcall.py:125}}
Aug 06 09:38:24.174974 np0000006644 nova-scheduler[93446]: DEBUG oslo.service.backend._threading.loopingcall [None req-9f9e6085-991e-4e0f-b7bc-6dabb91dde5a None None] Dynamic interval looping call 'nova.service.Service.periodic_tasks' sleeping for 60.00 seconds {{(pid=93446) _run_loop /opt/stack/data/venv/lib/python3.12/site-packages/oslo_service/backend/_threading/loopingcall.py:125}}
Aug 06 09:39:12.186167 np0000006644 nova-scheduler[93476]: DEBUG oslo.service.backend._threading.loopingcall [None req-17ca42d7-d799-454e-9992-637e4f5ea64f None None] Dynamic interval looping call 'nova.service.Service.periodic_tasks' sleeping for 60.00 seconds {{(pid=93476) _run_loop /opt/stack/data/venv/lib/python3.12/site-packages/oslo_service/backend/_threading/loopingcall.py:125}}
Aug 06 09:39:15.162124 np0000006644 nova-scheduler[93451]: DEBUG oslo.service.backend._threading.loopingcall [None req-b018d8a3-3f82-45ee-8155-66bfb5512797 None None] Dynamic interval looping call 'nova.service.Service.periodic_tasks' sleeping for 60.00 seconds {{(pid=93451) _run_loop /opt/stack/data/venv/lib/python3.12/site-packages/oslo_service/backend/_threading/loopingcall.py:125}}
Aug 06 09:39:24.175480 np0000006644 nova-scheduler[93446]: DEBUG oslo.service.backend._threading.loopingcall [None req-9f9e6085-991e-4e0f-b7bc-6dabb91dde5a None None] Dynamic interval looping call 'nova.service.Service.periodic_tasks' sleeping for 60.00 seconds {{(pid=93446) _run_loop /opt/stack/data/venv/lib/python3.12/site-packages/oslo_service/backend/_threading/loopingcall.py:125}}
Aug 06 09:39:51.172220 np0000006644 nova-scheduler[93451]: DEBUG oslo.service.backend._threading.loopingcall [-] Fixed interval looping call 'nova.servicegroup.drivers.db.DbDriver._report_state' sleeping for 119.99 seconds {{(pid=93451) _run_loop /opt/stack/data/venv/lib/python3.12/site-packages/oslo_service/backend/_threading/loopingcall.py:125}}
Aug 06 09:39:51.175772 np0000006644 nova-scheduler[93446]: DEBUG oslo.service.backend._threading.loopingcall [-] Fixed interval looping call 'nova.servicegroup.drivers.db.DbDriver._report_state' sleeping for 120.00 seconds {{(pid=93446) _run_loop /opt/stack/data/venv/lib/python3.12/site-packages/oslo_service/backend/_threading/loopingcall.py:125}}
Aug 06 09:39:51.192711 np0000006644 nova-scheduler[93476]: DEBUG oslo.service.backend._threading.loopingcall [-] Fixed interval looping call 'nova.servicegroup.drivers.db.DbDriver._report_state' sleeping for 119.99 seconds {{(pid=93476) _run_loop /opt/stack/data/venv/lib/python3.12/site-packages/oslo_service/backend/_threading/loopingcall.py:125}}
Aug 06 09:40:01.168519 np0000006644 nova-scheduler[93451]: DEBUG dbcounter [-] [93451] Writing DB stats nova_cell0:SELECT=1,nova_cell0:UPDATE=1 {{(pid=93451) stat_writer /opt/stack/data/venv/lib/python3.12/site-packages/dbcounter.py:115}}
Aug 06 09:40:01.174063 np0000006644 nova-scheduler[93446]: DEBUG dbcounter [-] [93446] Writing DB stats nova_cell0:SELECT=1 {{(pid=93446) stat_writer /opt/stack/data/venv/lib/python3.12/site-packages/dbcounter.py:115}}
Aug 06 09:40:01.188704 np0000006644 nova-scheduler[93476]: DEBUG dbcounter [-] [93476] Writing DB stats nova_cell0:SELECT=1 {{(pid=93476) stat_writer /opt/stack/data/venv/lib/python3.12/site-packages/dbcounter.py:115}}
Aug 06 09:40:12.188236 np0000006644 nova-scheduler[93476]: DEBUG oslo.service.backend._threading.loopingcall [None req-17ca42d7-d799-454e-9992-637e4f5ea64f None None] Dynamic interval looping call 'nova.service.Service.periodic_tasks' sleeping for 60.00 seconds {{(pid=93476) _run_loop /opt/stack/data/venv/lib/python3.12/site-packages/oslo_service/backend/_threading/loopingcall.py:125}}
Aug 06 09:40:15.162662 np0000006644 nova-scheduler[93451]: DEBUG oslo.service.backend._threading.loopingcall [None req-b018d8a3-3f82-45ee-8155-66bfb5512797 None None] Dynamic interval looping call 'nova.service.Service.periodic_tasks' sleeping for 60.00 seconds {{(pid=93451) _run_loop /opt/stack/data/venv/lib/python3.12/site-packages/oslo_service/backend/_threading/loopingcall.py:125}}
Aug 06 09:40:15.497710 np0000006644 nova-scheduler[93451]: DEBUG nova.scheduler.manager [None req-1cb044a4-15a8-4af8-b4b3-0fbd930a2e78 tempest-DeleteServersTestJSON-287671 tempest-DeleteServersTestJSON-287671-project-member] Starting to schedule for instances: ['70f9dcf9-c651-4da7-9610-f7e2f2f4ccfe'] {{(pid=93451) select_destinations /opt/stack/nova/nova/scheduler/manager.py:209}}
Aug 06 09:40:15.498256 np0000006644 nova-scheduler[93451]: DEBUG nova.scheduler.request_filter [None req-1cb044a4-15a8-4af8-b4b3-0fbd930a2e78 tempest-DeleteServersTestJSON-287671 tempest-DeleteServersTestJSON-287671-project-member] compute_status_filter request filter added forbidden trait COMPUTE_STATUS_DISABLED {{(pid=93451) compute_status_filter /opt/stack/nova/nova/scheduler/request_filter.py:253}}
Aug 06 09:40:15.498356 np0000006644 nova-scheduler[93451]: DEBUG nova.scheduler.request_filter [None req-1cb044a4-15a8-4af8-b4b3-0fbd930a2e78 tempest-DeleteServersTestJSON-287671 tempest-DeleteServersTestJSON-287671-project-member] Request filter 'compute_status_filter' took 0.0 seconds {{(pid=93451) wrapper /opt/stack/nova/nova/scheduler/request_filter.py:46}}
Aug 06 09:40:15.498581 np0000006644 nova-scheduler[93451]: DEBUG nova.scheduler.request_filter [None req-1cb044a4-15a8-4af8-b4b3-0fbd930a2e78 tempest-DeleteServersTestJSON-287671 tempest-DeleteServersTestJSON-287671-project-member] Request filter 'accelerators_filter' took 0.0 seconds {{(pid=93451) wrapper /opt/stack/nova/nova/scheduler/request_filter.py:46}}
Aug 06 09:40:15.498817 np0000006644 nova-scheduler[93451]: DEBUG nova.scheduler.request_filter [None req-1cb044a4-15a8-4af8-b4b3-0fbd930a2e78 tempest-DeleteServersTestJSON-287671 tempest-DeleteServersTestJSON-287671-project-member] Request filter 'packed_virtqueue_filter' took 0.0 seconds {{(pid=93451) wrapper /opt/stack/nova/nova/scheduler/request_filter.py:46}}
Aug 06 09:40:15.499150 np0000006644 nova-scheduler[93451]: DEBUG nova.scheduler.request_filter [None req-1cb044a4-15a8-4af8-b4b3-0fbd930a2e78 tempest-DeleteServersTestJSON-287671 tempest-DeleteServersTestJSON-287671-project-member] Request filter 'remote_managed_ports_filter' took 0.0 seconds {{(pid=93451) wrapper /opt/stack/nova/nova/scheduler/request_filter.py:46}}
Aug 06 09:40:15.499330 np0000006644 nova-scheduler[93451]: DEBUG nova.scheduler.request_filter [None req-1cb044a4-15a8-4af8-b4b3-0fbd930a2e78 tempest-DeleteServersTestJSON-287671 tempest-DeleteServersTestJSON-287671-project-member] ephemeral_encryption_filter skipped {{(pid=93451) ephemeral_encryption_filter /opt/stack/nova/nova/scheduler/request_filter.py:426}}
Aug 06 09:40:15.499434 np0000006644 nova-scheduler[93451]: DEBUG nova.scheduler.request_filter [None req-1cb044a4-15a8-4af8-b4b3-0fbd930a2e78 tempest-DeleteServersTestJSON-287671 tempest-DeleteServersTestJSON-287671-project-member] virtio_sound_filter skipped {{(pid=93451) virtio_sound_filter /opt/stack/nova/nova/scheduler/request_filter.py:460}}
Aug 06 09:40:15.499583 np0000006644 nova-scheduler[93451]: DEBUG nova.scheduler.request_filter [None req-1cb044a4-15a8-4af8-b4b3-0fbd930a2e78 tempest-DeleteServersTestJSON-287671 tempest-DeleteServersTestJSON-287671-project-member] tpm_secret_security_filter skipped {{(pid=93451) tpm_secret_security_filter /opt/stack/nova/nova/scheduler/request_filter.py:477}}
Aug 06 09:40:16.362230 np0000006644 nova-scheduler[93451]: INFO nova.utils [None req-1cb044a4-15a8-4af8-b4b3-0fbd930a2e78 tempest-DeleteServersTestJSON-287671 tempest-DeleteServersTestJSON-287671-project-member] The cell worker thread pool ForkProcess-2.cell_worker is initialized
Aug 06 09:40:16.362780 np0000006644 nova-scheduler[93451]: DEBUG oslo_concurrency.lockutils [None req-1cb044a4-15a8-4af8-b4b3-0fbd930a2e78 tempest-DeleteServersTestJSON-287671 tempest-DeleteServersTestJSON-287671-project-member] Acquiring lock "e43df010-1dc0-4430-9245-142256369f7d" by "nova.context.set_target_cell..get_or_set_cached_cell_and_set_connections" {{(pid=93451) inner /opt/stack/data/venv/lib/python3.12/site-packages/oslo_concurrency/lockutils.py:512}}
Aug 06 09:40:16.362780 np0000006644 nova-scheduler[93451]: DEBUG oslo_concurrency.lockutils [None req-1cb044a4-15a8-4af8-b4b3-0fbd930a2e78 tempest-DeleteServersTestJSON-287671 tempest-DeleteServersTestJSON-287671-project-member] Lock "e43df010-1dc0-4430-9245-142256369f7d" acquired by "nova.context.set_target_cell..get_or_set_cached_cell_and_set_connections" :: waited 0.000s {{(pid=93451) inner /opt/stack/data/venv/lib/python3.12/site-packages/oslo_concurrency/lockutils.py:525}}
Aug 06 09:40:16.364388 np0000006644 nova-scheduler[93451]: DEBUG oslo_concurrency.lockutils [None req-1cb044a4-15a8-4af8-b4b3-0fbd930a2e78 tempest-DeleteServersTestJSON-287671 tempest-DeleteServersTestJSON-287671-project-member] Lock "e43df010-1dc0-4430-9245-142256369f7d" "released" by "nova.context.set_target_cell..get_or_set_cached_cell_and_set_connections" :: held 0.001s {{(pid=93451) inner /opt/stack/data/venv/lib/python3.12/site-packages/oslo_concurrency/lockutils.py:544}}
Aug 06 09:40:16.366698 np0000006644 nova-scheduler[93451]: INFO dbcounter [None req-1cb044a4-15a8-4af8-b4b3-0fbd930a2e78 tempest-DeleteServersTestJSON-287671 tempest-DeleteServersTestJSON-287671-project-member] Registered counter for database nova_cell1
Aug 06 09:40:16.412145 np0000006644 nova-scheduler[93451]: DEBUG oslo_db.sqlalchemy.engines [None req-1cb044a4-15a8-4af8-b4b3-0fbd930a2e78 tempest-DeleteServersTestJSON-287671 tempest-DeleteServersTestJSON-287671-project-member] MySQL server mode set to STRICT_TRANS_TABLES,STRICT_ALL_TABLES,NO_ZERO_IN_DATE,NO_ZERO_DATE,ERROR_FOR_DIVISION_BY_ZERO,TRADITIONAL,NO_ENGINE_SUBSTITUTION {{(pid=93451) _check_effective_sql_mode /opt/stack/data/venv/lib/python3.12/site-packages/oslo_db/sqlalchemy/engines.py:325}}
Aug 06 09:40:16.417631 np0000006644 nova-scheduler[93451]: DEBUG dbcounter [-] [93451] Writer thread running {{(pid=93451) stat_writer /opt/stack/data/venv/lib/python3.12/site-packages/dbcounter.py:102}}
Aug 06 09:40:16.429721 np0000006644 nova-scheduler[93451]: DEBUG oslo_db.sqlalchemy.engines [None req-1cb044a4-15a8-4af8-b4b3-0fbd930a2e78 tempest-DeleteServersTestJSON-287671 tempest-DeleteServersTestJSON-287671-project-member] Parent process 92202 forked (93451) with an open database connection, which is being discarded and recreated. {{(pid=93451) checkout /opt/stack/data/venv/lib/python3.12/site-packages/oslo_db/sqlalchemy/engines.py:402}}
Aug 06 09:40:16.464991 np0000006644 nova-scheduler[93451]: DEBUG dbcounter [-] [93451] Writer thread running {{(pid=93451) stat_writer /opt/stack/data/venv/lib/python3.12/site-packages/dbcounter.py:102}}
Aug 06 09:40:16.467568 np0000006644 nova-scheduler[93451]: DEBUG oslo_concurrency.lockutils [None req-1cb044a4-15a8-4af8-b4b3-0fbd930a2e78 tempest-DeleteServersTestJSON-287671 tempest-DeleteServersTestJSON-287671-project-member] Acquiring lock "e43df010-1dc0-4430-9245-142256369f7d" by "nova.context.set_target_cell..get_or_set_cached_cell_and_set_connections" {{(pid=93451) inner /opt/stack/data/venv/lib/python3.12/site-packages/oslo_concurrency/lockutils.py:512}}
Aug 06 09:40:16.467763 np0000006644 nova-scheduler[93451]: DEBUG oslo_concurrency.lockutils [None req-1cb044a4-15a8-4af8-b4b3-0fbd930a2e78 tempest-DeleteServersTestJSON-287671 tempest-DeleteServersTestJSON-287671-project-member] Lock "e43df010-1dc0-4430-9245-142256369f7d" acquired by "nova.context.set_target_cell..get_or_set_cached_cell_and_set_connections" :: waited 0.000s {{(pid=93451) inner /opt/stack/data/venv/lib/python3.12/site-packages/oslo_concurrency/lockutils.py:525}}
Aug 06 09:40:16.467874 np0000006644 nova-scheduler[93451]: DEBUG oslo_concurrency.lockutils [None req-1cb044a4-15a8-4af8-b4b3-0fbd930a2e78 tempest-DeleteServersTestJSON-287671 tempest-DeleteServersTestJSON-287671-project-member] Lock "e43df010-1dc0-4430-9245-142256369f7d" "released" by "nova.context.set_target_cell..get_or_set_cached_cell_and_set_connections" :: held 0.000s {{(pid=93451) inner /opt/stack/data/venv/lib/python3.12/site-packages/oslo_concurrency/lockutils.py:544}}
Aug 06 09:40:16.470978 np0000006644 nova-scheduler[93451]: DEBUG oslo_concurrency.lockutils [None req-1cb044a4-15a8-4af8-b4b3-0fbd930a2e78 tempest-DeleteServersTestJSON-287671 tempest-DeleteServersTestJSON-287671-project-member] Acquiring lock "np0000006644-np0000006644" by "nova.scheduler.host_manager.HostState.update.._locked_update" {{(pid=93451) inner /opt/stack/data/venv/lib/python3.12/site-packages/oslo_concurrency/lockutils.py:512}}
Aug 06 09:40:16.471083 np0000006644 nova-scheduler[93451]: DEBUG oslo_concurrency.lockutils [None req-1cb044a4-15a8-4af8-b4b3-0fbd930a2e78 tempest-DeleteServersTestJSON-287671 tempest-DeleteServersTestJSON-287671-project-member] Lock "np0000006644-np0000006644" acquired by "nova.scheduler.host_manager.HostState.update.._locked_update" :: waited 0.000s {{(pid=93451) inner /opt/stack/data/venv/lib/python3.12/site-packages/oslo_concurrency/lockutils.py:525}}
Aug 06 09:40:16.472182 np0000006644 nova-scheduler[93451]: DEBUG nova.scheduler.host_manager [None req-1cb044a4-15a8-4af8-b4b3-0fbd930a2e78 tempest-DeleteServersTestJSON-287671 tempest-DeleteServersTestJSON-287671-project-member] Update host state from compute node: ComputeNode(cpu_allocation_ratio=4.0,cpu_info='{"arch": "x86_64", "model": "EPYC-Milan", "vendor": "AMD", "topology": {"cells": 1, "sockets": 16, "cores": 1, "threads": 1}, "maxphysaddr": {"mode": "emulate", "bits": 40}, "features": ["mca", "xsaveopt", "bmi1", "rdtscp", "ssbd", "cmov", "mmxext", "tsc-deadline", "npt", "apic", "nx", "cr8legacy", "clflushopt", "pschange-mc-no", "tsc-scale", "abm", "vmcb-clean", "bmi2", "pfthreshold", "adx", "arat", "flushbyasid", "rdctl-no", "misalignsse", "lahf_lm", "avx", "vgif", "wbnoinvd", "pku", "ssse3", "cx8", "fsgsbase", "sse4.2", "v-vmsave-vmload", "nrip-save", "rdpid", "amd-ssbd", "sse", "sep", "vpclmulqdq", "gds-no", "pdpe1gb", "fxsr_opt", "pat", "arch-capabilities", "clflush", "pause-filter", "mtrr", "smap", "mds-no", "mce", "no-nested-data-bp", "pae", "aes", "xsave", "xgetbv1", "perfctr_core", "mmx", "lfence-always-serializing", "avx2", "msr", "stibp-always-on", "umip", "cmp_legacy", "stibp", "clwb", "fsrm", "amd-stibp", "de", "rdrand", "popcnt", "sse2", "hypervisor", "fma", "movbe", "lm", "pse36", "topoext", "erms", "syscall", "amd-psfd", "xsaves", "f16c", "svm", "invpcid", "pclmuldq", "rdseed", "svme-addr-chk", "osvw", "pcid", "skip-l1dfl-vmentry", "pse", "tsc", "null-sel-clr-base", "tsc_adjust", "ibpb", "ibrs", "3dnowprefetch", "xsaveerptr", "pge", "fxsr", "cx16", "sha-ni", "clzero", "xsavec", "sse4.1", "lbrv", "spec-ctrl", "fpu", "x2apic", "smep", "pni", "virt-ssbd", "vme", "vaes", "sse4a"]}',created_at=2026-08-06T09:38:06Z,current_workload=0,deleted=False,deleted_at=None,disk_allocation_ratio=1.0,disk_available_least=73,free_disk_gb=95,free_ram_mb=62765,host='np0000006644',host_ip=10.4.3.233,hypervisor_hostname='np0000006644',hypervisor_type='QEMU',hypervisor_version=8002002,id=1,local_gb=95,local_gb_used=0,mapped=1,memory_mb=63277,memory_mb_used=512,metrics='[]',numa_topology='{"nova_object.name": "NUMATopology", "nova_object.namespace": "nova", "nova_object.version": "1.2", "nova_object.data": {"cells": [{"nova_object.name": "NUMACell", "nova_object.namespace": "nova", "nova_object.version": "1.5", "nova_object.data": {"id": 0, "cpuset": [0, 1, 2, 3, 4, 5, 6, 7, 8, 9, 10, 11, 12, 13, 14, 15], "pcpuset": [0, 1, 2, 3, 4, 5, 6, 7, 8, 9, 10, 11, 12, 13, 14, 15], "memory": 63277, "cpu_usage": 0, "memory_usage": 0, "pinned_cpus": [], "siblings": [[6], [12], [2], [15], [5], [11], [8], [14], [4], [1], [7], [10], [0], [13], [3], [9]], "mempages": [{"nova_object.name": "NUMAPagesTopology", "nova_object.namespace": "nova", "nova_object.version": "1.1", "nova_object.data": {"size_kb": 4, "total": 16177929, "used": 0, "reserved": 0}, "nova_object.changes": ["total", "size_kb", "used", "reserved"]}, {"nova_object.name": "NUMAPagesTopology", "nova_object.namespace": "nova", "nova_object.version": "1.1", "nova_object.data": {"size_kb": 2048, "total": 41, "used": 0, "reserved": 0}, "nova_object.changes": ["total", "size_kb", "used", "reserved"]}, {"nova_object.name": "NUMAPagesTopology", "nova_object.namespace": "nova", "nova_object.version": "1.1", "nova_object.data": {"size_kb": 1048576, "total": 0, "used": 0, "reserved": 0}, "nova_object.changes": ["total", "size_kb", "used", "reserved"]}], "network_metadata": {"nova_object.name": "NetworkMetadata", "nova_object.namespace": "nova", "nova_object.version": "1.0", "nova_object.data": {"physnets": [], "tunneled": false}, "nova_object.changes": ["tunneled", "physnets"]}, "socket": null}, "nova_object.changes": ["siblings", "pcpuset", "pinned_cpus", "id", "memory_usage", "cpuset", "cpu_usage", "socket", "mempages", "memory", "network_metadata"]}]}, "nova_object.changes": ["cells"]}',pci_device_pools=PciDevicePoolList,ram_allocation_ratio=1.0,running_vms=0,service_id=2,stats={failed_builds='0',uptime=' 09:39:55 up 15 min, 2 users, load average: 3.28, 1.83, 0.94
Aug 06 09:40:16.472182 np0000006644 nova-scheduler[93451]: '},supported_hv_specs=[HVSpec,HVSpec,HVSpec,HVSpec,HVSpec,HVSpec,HVSpec,HVSpec,HVSpec,HVSpec,HVSpec,HVSpec,HVSpec,HVSpec,HVSpec,HVSpec,HVSpec,HVSpec,HVSpec,HVSpec,HVSpec,HVSpec,HVSpec,HVSpec,HVSpec],updated_at=2026-08-06T09:39:56Z,uuid=6622f38c-6189-465b-9eb3-cd796c069f3b,vcpus=16,vcpus_used=0) {{(pid=93451) _locked_update /opt/stack/nova/nova/scheduler/host_manager.py:168}}
Aug 06 09:40:16.473005 np0000006644 nova-scheduler[93451]: DEBUG nova.scheduler.host_manager [None req-1cb044a4-15a8-4af8-b4b3-0fbd930a2e78 tempest-DeleteServersTestJSON-287671 tempest-DeleteServersTestJSON-287671-project-member] Update host state with aggregates: [] {{(pid=93451) _locked_update /opt/stack/nova/nova/scheduler/host_manager.py:171}}
Aug 06 09:40:16.473250 np0000006644 nova-scheduler[93451]: DEBUG nova.scheduler.host_manager [None req-1cb044a4-15a8-4af8-b4b3-0fbd930a2e78 tempest-DeleteServersTestJSON-287671 tempest-DeleteServersTestJSON-287671-project-member] Update host state with service dict: {'id': 2, 'uuid': 'b72206a0-3a4f-46da-b288-bf1d66b02f1f', 'host': 'np0000006644', 'binary': 'nova-compute', 'topic': 'compute', 'report_count': 2, 'disabled': False, 'disabled_reason': None, 'last_seen_up': datetime.datetime(2026, 8, 6, 9, 40, 13, tzinfo=datetime.timezone.utc), 'forced_down': False, 'version': 72, 'created_at': datetime.datetime(2026, 8, 6, 9, 38, 6, tzinfo=datetime.timezone.utc), 'updated_at': datetime.datetime(2026, 8, 6, 9, 40, 13, tzinfo=datetime.timezone.utc), 'deleted_at': None, 'deleted': False} {{(pid=93451) _locked_update /opt/stack/nova/nova/scheduler/host_manager.py:174}}
Aug 06 09:40:16.473351 np0000006644 nova-scheduler[93451]: DEBUG nova.scheduler.host_manager [None req-1cb044a4-15a8-4af8-b4b3-0fbd930a2e78 tempest-DeleteServersTestJSON-287671 tempest-DeleteServersTestJSON-287671-project-member] Update host state with instances: [] {{(pid=93451) _locked_update /opt/stack/nova/nova/scheduler/host_manager.py:177}}
Aug 06 09:40:16.473457 np0000006644 nova-scheduler[93451]: DEBUG oslo_concurrency.lockutils [None req-1cb044a4-15a8-4af8-b4b3-0fbd930a2e78 tempest-DeleteServersTestJSON-287671 tempest-DeleteServersTestJSON-287671-project-member] Lock "np0000006644-np0000006644" "released" by "nova.scheduler.host_manager.HostState.update.._locked_update" :: held 0.002s {{(pid=93451) inner /opt/stack/data/venv/lib/python3.12/site-packages/oslo_concurrency/lockutils.py:544}}
Aug 06 09:40:16.473904 np0000006644 nova-scheduler[93451]: DEBUG nova.filters [None req-1cb044a4-15a8-4af8-b4b3-0fbd930a2e78 tempest-DeleteServersTestJSON-287671 tempest-DeleteServersTestJSON-287671-project-member] Starting with 1 host(s) {{(pid=93451) get_filtered_objects /opt/stack/nova/nova/filters.py:70}}
Aug 06 09:40:16.474419 np0000006644 nova-scheduler[93451]: DEBUG nova.filters [None req-1cb044a4-15a8-4af8-b4b3-0fbd930a2e78 tempest-DeleteServersTestJSON-287671 tempest-DeleteServersTestJSON-287671-project-member] Filter ComputeFilter returned 1 host(s) {{(pid=93451) get_filtered_objects /opt/stack/nova/nova/filters.py:102}}
Aug 06 09:40:16.474587 np0000006644 nova-scheduler[93451]: DEBUG nova.filters [None req-1cb044a4-15a8-4af8-b4b3-0fbd930a2e78 tempest-DeleteServersTestJSON-287671 tempest-DeleteServersTestJSON-287671-project-member] Filter ComputeCapabilitiesFilter returned 1 host(s) {{(pid=93451) get_filtered_objects /opt/stack/nova/nova/filters.py:102}}
Aug 06 09:40:16.474788 np0000006644 nova-scheduler[93451]: DEBUG nova.filters [None req-1cb044a4-15a8-4af8-b4b3-0fbd930a2e78 tempest-DeleteServersTestJSON-287671 tempest-DeleteServersTestJSON-287671-project-member] Filter ImagePropertiesFilter returned 1 host(s) {{(pid=93451) get_filtered_objects /opt/stack/nova/nova/filters.py:102}}
Aug 06 09:40:16.474960 np0000006644 nova-scheduler[93451]: DEBUG nova.filters [None req-1cb044a4-15a8-4af8-b4b3-0fbd930a2e78 tempest-DeleteServersTestJSON-287671 tempest-DeleteServersTestJSON-287671-project-member] Filter ServerGroupAntiAffinityFilter returned 1 host(s) {{(pid=93451) get_filtered_objects /opt/stack/nova/nova/filters.py:102}}
Aug 06 09:40:16.475080 np0000006644 nova-scheduler[93451]: DEBUG nova.filters [None req-1cb044a4-15a8-4af8-b4b3-0fbd930a2e78 tempest-DeleteServersTestJSON-287671 tempest-DeleteServersTestJSON-287671-project-member] Filter ServerGroupAffinityFilter returned 1 host(s) {{(pid=93451) get_filtered_objects /opt/stack/nova/nova/filters.py:102}}
Aug 06 09:40:16.475193 np0000006644 nova-scheduler[93451]: DEBUG nova.filters [None req-1cb044a4-15a8-4af8-b4b3-0fbd930a2e78 tempest-DeleteServersTestJSON-287671 tempest-DeleteServersTestJSON-287671-project-member] Filter SameHostFilter returned 1 host(s) {{(pid=93451) get_filtered_objects /opt/stack/nova/nova/filters.py:102}}
Aug 06 09:40:16.475294 np0000006644 nova-scheduler[93451]: DEBUG nova.filters [None req-1cb044a4-15a8-4af8-b4b3-0fbd930a2e78 tempest-DeleteServersTestJSON-287671 tempest-DeleteServersTestJSON-287671-project-member] Filter DifferentHostFilter returned 1 host(s) {{(pid=93451) get_filtered_objects /opt/stack/nova/nova/filters.py:102}}
Aug 06 09:40:16.475417 np0000006644 nova-scheduler[93451]: DEBUG nova.scheduler.manager [None req-1cb044a4-15a8-4af8-b4b3-0fbd930a2e78 tempest-DeleteServersTestJSON-287671 tempest-DeleteServersTestJSON-287671-project-member] Filtered [(np0000006644, np0000006644) ram: 62765MB disk: 74752MB io_ops: 0 instances: 0, allocation_candidates: 1] {{(pid=93451) _get_sorted_hosts /opt/stack/nova/nova/scheduler/manager.py:742}}
Aug 06 09:40:16.475616 np0000006644 nova-scheduler[93451]: DEBUG nova.scheduler.manager [None req-1cb044a4-15a8-4af8-b4b3-0fbd930a2e78 tempest-DeleteServersTestJSON-287671 tempest-DeleteServersTestJSON-287671-project-member] Weighed [WeighedHost [host: (np0000006644, np0000006644) ram: 62765MB disk: 74752MB io_ops: 0 instances: 0, allocation_candidates: 1, weight: 0.0]] {{(pid=93451) _get_sorted_hosts /opt/stack/nova/nova/scheduler/manager.py:764}}
Aug 06 09:40:16.475789 np0000006644 nova-scheduler[93451]: DEBUG nova.scheduler.utils [None req-1cb044a4-15a8-4af8-b4b3-0fbd930a2e78 tempest-DeleteServersTestJSON-287671 tempest-DeleteServersTestJSON-287671-project-member] Attempting to claim resources in the placement API for instance 70f9dcf9-c651-4da7-9610-f7e2f2f4ccfe {{(pid=93451) claim_resources /opt/stack/nova/nova/scheduler/utils.py:1345}}
Aug 06 09:40:16.655126 np0000006644 nova-scheduler[93451]: DEBUG nova.scheduler.manager [None req-1cb044a4-15a8-4af8-b4b3-0fbd930a2e78 tempest-DeleteServersTestJSON-287671 tempest-DeleteServersTestJSON-287671-project-member] [instance: 70f9dcf9-c651-4da7-9610-f7e2f2f4ccfe] Selected host: (np0000006644, np0000006644) ram: 62765MB disk: 74752MB io_ops: 0 instances: 0, allocation_candidates: 1 {{(pid=93451) _consume_selected_host /opt/stack/nova/nova/scheduler/manager.py:624}}
Aug 06 09:40:16.655425 np0000006644 nova-scheduler[93451]: DEBUG oslo_concurrency.lockutils [None req-1cb044a4-15a8-4af8-b4b3-0fbd930a2e78 tempest-DeleteServersTestJSON-287671 tempest-DeleteServersTestJSON-287671-project-member] Acquiring lock "np0000006644-np0000006644" by "nova.scheduler.host_manager.HostState.consume_from_request.._locked" {{(pid=93451) inner /opt/stack/data/venv/lib/python3.12/site-packages/oslo_concurrency/lockutils.py:512}}
Aug 06 09:40:16.655581 np0000006644 nova-scheduler[93451]: DEBUG oslo_concurrency.lockutils [None req-1cb044a4-15a8-4af8-b4b3-0fbd930a2e78 tempest-DeleteServersTestJSON-287671 tempest-DeleteServersTestJSON-287671-project-member] Lock "np0000006644-np0000006644" acquired by "nova.scheduler.host_manager.HostState.consume_from_request.._locked" :: waited 0.000s {{(pid=93451) inner /opt/stack/data/venv/lib/python3.12/site-packages/oslo_concurrency/lockutils.py:525}}
Aug 06 09:40:16.655765 np0000006644 nova-scheduler[93451]: DEBUG oslo_concurrency.lockutils [None req-1cb044a4-15a8-4af8-b4b3-0fbd930a2e78 tempest-DeleteServersTestJSON-287671 tempest-DeleteServersTestJSON-287671-project-member] Lock "np0000006644-np0000006644" "released" by "nova.scheduler.host_manager.HostState.consume_from_request.._locked" :: held 0.000s {{(pid=93451) inner /opt/stack/data/venv/lib/python3.12/site-packages/oslo_concurrency/lockutils.py:544}}
Aug 06 09:40:19.966244 np0000006644 nova-scheduler[93446]: DEBUG nova.scheduler.manager [None req-4a433a21-d6a8-4908-aa55-cb418ae38671 tempest-ServerStableDeviceRescueTest-1581552645 tempest-ServerStableDeviceRescueTest-1581552645-project-member] Starting to schedule for instances: ['df86c247-1936-422d-ae82-f97abb8fdd83'] {{(pid=93446) select_destinations /opt/stack/nova/nova/scheduler/manager.py:209}}
Aug 06 09:40:19.967009 np0000006644 nova-scheduler[93446]: DEBUG nova.scheduler.request_filter [None req-4a433a21-d6a8-4908-aa55-cb418ae38671 tempest-ServerStableDeviceRescueTest-1581552645 tempest-ServerStableDeviceRescueTest-1581552645-project-member] compute_status_filter request filter added forbidden trait COMPUTE_STATUS_DISABLED {{(pid=93446) compute_status_filter /opt/stack/nova/nova/scheduler/request_filter.py:253}}
Aug 06 09:40:19.967249 np0000006644 nova-scheduler[93446]: DEBUG nova.scheduler.request_filter [None req-4a433a21-d6a8-4908-aa55-cb418ae38671 tempest-ServerStableDeviceRescueTest-1581552645 tempest-ServerStableDeviceRescueTest-1581552645-project-member] Request filter 'compute_status_filter' took 0.0 seconds {{(pid=93446) wrapper /opt/stack/nova/nova/scheduler/request_filter.py:46}}
Aug 06 09:40:19.967789 np0000006644 nova-scheduler[93446]: DEBUG nova.scheduler.request_filter [None req-4a433a21-d6a8-4908-aa55-cb418ae38671 tempest-ServerStableDeviceRescueTest-1581552645 tempest-ServerStableDeviceRescueTest-1581552645-project-member] Request filter 'accelerators_filter' took 0.0 seconds {{(pid=93446) wrapper /opt/stack/nova/nova/scheduler/request_filter.py:46}}
Aug 06 09:40:19.968307 np0000006644 nova-scheduler[93446]: DEBUG nova.scheduler.request_filter [None req-4a433a21-d6a8-4908-aa55-cb418ae38671 tempest-ServerStableDeviceRescueTest-1581552645 tempest-ServerStableDeviceRescueTest-1581552645-project-member] Request filter 'packed_virtqueue_filter' took 0.0 seconds {{(pid=93446) wrapper /opt/stack/nova/nova/scheduler/request_filter.py:46}}
Aug 06 09:40:19.968712 np0000006644 nova-scheduler[93446]: DEBUG nova.scheduler.request_filter [None req-4a433a21-d6a8-4908-aa55-cb418ae38671 tempest-ServerStableDeviceRescueTest-1581552645 tempest-ServerStableDeviceRescueTest-1581552645-project-member] Request filter 'remote_managed_ports_filter' took 0.0 seconds {{(pid=93446) wrapper /opt/stack/nova/nova/scheduler/request_filter.py:46}}
Aug 06 09:40:19.968982 np0000006644 nova-scheduler[93446]: DEBUG nova.scheduler.request_filter [None req-4a433a21-d6a8-4908-aa55-cb418ae38671 tempest-ServerStableDeviceRescueTest-1581552645 tempest-ServerStableDeviceRescueTest-1581552645-project-member] ephemeral_encryption_filter skipped {{(pid=93446) ephemeral_encryption_filter /opt/stack/nova/nova/scheduler/request_filter.py:426}}
Aug 06 09:40:19.969468 np0000006644 nova-scheduler[93446]: DEBUG nova.scheduler.request_filter [None req-4a433a21-d6a8-4908-aa55-cb418ae38671 tempest-ServerStableDeviceRescueTest-1581552645 tempest-ServerStableDeviceRescueTest-1581552645-project-member] virtio_sound_filter skipped {{(pid=93446) virtio_sound_filter /opt/stack/nova/nova/scheduler/request_filter.py:460}}
Aug 06 09:40:19.969627 np0000006644 nova-scheduler[93446]: DEBUG nova.scheduler.request_filter [None req-4a433a21-d6a8-4908-aa55-cb418ae38671 tempest-ServerStableDeviceRescueTest-1581552645 tempest-ServerStableDeviceRescueTest-1581552645-project-member] tpm_secret_security_filter skipped {{(pid=93446) tpm_secret_security_filter /opt/stack/nova/nova/scheduler/request_filter.py:477}}
