Aug 06 09:37:51.211515 np0000006644 nova-conductor[95926]: DEBUG cotyledon.oslo_config_glue [-] oslo_messaging_rabbit.rabbit_qos_prefetch_count = 0 {{(pid=95926) log_opt_values /opt/stack/data/venv/lib/python3.12/site-packages/oslo_config/cfg.py:3545}}
Aug 06 09:37:51.211515 np0000006644 nova-conductor[95926]: DEBUG cotyledon.oslo_config_glue [-] oslo_messaging_rabbit.rabbit_quorum_delivery_limit = 0 {{(pid=95926) log_opt_values /opt/stack/data/venv/lib/python3.12/site-packages/oslo_config/cfg.py:3545}}
Aug 06 09:37:51.211515 np0000006644 nova-conductor[95926]: DEBUG cotyledon.oslo_config_glue [-] oslo_messaging_rabbit.rabbit_quorum_max_memory_bytes = 0 {{(pid=95926) log_opt_values /opt/stack/data/venv/lib/python3.12/site-packages/oslo_config/cfg.py:3545}}
Aug 06 09:37:51.211515 np0000006644 nova-conductor[95926]: DEBUG cotyledon.oslo_config_glue [-] oslo_messaging_rabbit.rabbit_quorum_max_memory_length = 0 {{(pid=95926) log_opt_values /opt/stack/data/venv/lib/python3.12/site-packages/oslo_config/cfg.py:3545}}
Aug 06 09:37:51.211515 np0000006644 nova-conductor[95926]: DEBUG cotyledon.oslo_config_glue [-] oslo_messaging_rabbit.rabbit_quorum_queue = False {{(pid=95926) log_opt_values /opt/stack/data/venv/lib/python3.12/site-packages/oslo_config/cfg.py:3545}}
Aug 06 09:37:51.211515 np0000006644 nova-conductor[95926]: DEBUG cotyledon.oslo_config_glue [-] oslo_messaging_rabbit.rabbit_retry_backoff = 2 {{(pid=95926) log_opt_values /opt/stack/data/venv/lib/python3.12/site-packages/oslo_config/cfg.py:3545}}
Aug 06 09:37:51.211515 np0000006644 nova-conductor[95926]: DEBUG cotyledon.oslo_config_glue [-] oslo_messaging_rabbit.rabbit_retry_interval = 1 {{(pid=95926) log_opt_values /opt/stack/data/venv/lib/python3.12/site-packages/oslo_config/cfg.py:3545}}
Aug 06 09:37:51.211515 np0000006644 nova-conductor[95926]: DEBUG cotyledon.oslo_config_glue [-] oslo_messaging_rabbit.rabbit_stream_fanout = False {{(pid=95926) log_opt_values /opt/stack/data/venv/lib/python3.12/site-packages/oslo_config/cfg.py:3545}}
Aug 06 09:37:51.211717 np0000006644 nova-conductor[95926]: DEBUG cotyledon.oslo_config_glue [-] oslo_messaging_rabbit.rabbit_transient_queues_ttl = 1800 {{(pid=95926) log_opt_values /opt/stack/data/venv/lib/python3.12/site-packages/oslo_config/cfg.py:3545}}
Aug 06 09:37:51.211717 np0000006644 nova-conductor[95926]: DEBUG cotyledon.oslo_config_glue [-] oslo_messaging_rabbit.rabbit_transient_quorum_queue = False {{(pid=95926) log_opt_values /opt/stack/data/venv/lib/python3.12/site-packages/oslo_config/cfg.py:3545}}
Aug 06 09:37:51.211717 np0000006644 nova-conductor[95926]: DEBUG cotyledon.oslo_config_glue [-] oslo_messaging_rabbit.rpc_conn_pool_size = 30 {{(pid=95926) log_opt_values /opt/stack/data/venv/lib/python3.12/site-packages/oslo_config/cfg.py:3545}}
Aug 06 09:37:51.211717 np0000006644 nova-conductor[95926]: DEBUG cotyledon.oslo_config_glue [-] oslo_messaging_rabbit.ssl = False {{(pid=95926) log_opt_values /opt/stack/data/venv/lib/python3.12/site-packages/oslo_config/cfg.py:3545}}
Aug 06 09:37:51.211717 np0000006644 nova-conductor[95926]: DEBUG cotyledon.oslo_config_glue [-] oslo_messaging_rabbit.ssl_ca_file = {{(pid=95926) log_opt_values /opt/stack/data/venv/lib/python3.12/site-packages/oslo_config/cfg.py:3545}}
Aug 06 09:37:51.211717 np0000006644 nova-conductor[95926]: DEBUG cotyledon.oslo_config_glue [-] oslo_messaging_rabbit.ssl_cert_file = {{(pid=95926) log_opt_values /opt/stack/data/venv/lib/python3.12/site-packages/oslo_config/cfg.py:3545}}
Aug 06 09:37:51.211717 np0000006644 nova-conductor[95926]: DEBUG cotyledon.oslo_config_glue [-] oslo_messaging_rabbit.ssl_enforce_fips_mode = False {{(pid=95926) log_opt_values /opt/stack/data/venv/lib/python3.12/site-packages/oslo_config/cfg.py:3545}}
Aug 06 09:37:51.211717 np0000006644 nova-conductor[95926]: DEBUG cotyledon.oslo_config_glue [-] oslo_messaging_rabbit.ssl_enforce_hostname_verification = True {{(pid=95926) log_opt_values /opt/stack/data/venv/lib/python3.12/site-packages/oslo_config/cfg.py:3545}}
Aug 06 09:37:51.211717 np0000006644 nova-conductor[95926]: DEBUG cotyledon.oslo_config_glue [-] oslo_messaging_rabbit.ssl_key_file = {{(pid=95926) log_opt_values /opt/stack/data/venv/lib/python3.12/site-packages/oslo_config/cfg.py:3545}}
Aug 06 09:37:51.211885 np0000006644 nova-conductor[95926]: DEBUG cotyledon.oslo_config_glue [-] oslo_messaging_rabbit.ssl_version = {{(pid=95926) log_opt_values /opt/stack/data/venv/lib/python3.12/site-packages/oslo_config/cfg.py:3545}}
Aug 06 09:37:51.211885 np0000006644 nova-conductor[95926]: DEBUG cotyledon.oslo_config_glue [-] oslo_messaging_rabbit.use_queue_manager = False {{(pid=95926) log_opt_values /opt/stack/data/venv/lib/python3.12/site-packages/oslo_config/cfg.py:3545}}
Aug 06 09:37:51.211885 np0000006644 nova-conductor[95926]: DEBUG cotyledon.oslo_config_glue [-] oslo_messaging_notifications.driver = ['messagingv2'] {{(pid=95926) log_opt_values /opt/stack/data/venv/lib/python3.12/site-packages/oslo_config/cfg.py:3545}}
Aug 06 09:37:51.211885 np0000006644 nova-conductor[95926]: DEBUG cotyledon.oslo_config_glue [-] oslo_messaging_notifications.retry = -1 {{(pid=95926) log_opt_values /opt/stack/data/venv/lib/python3.12/site-packages/oslo_config/cfg.py:3545}}
Aug 06 09:37:51.211885 np0000006644 nova-conductor[95926]: DEBUG cotyledon.oslo_config_glue [-] oslo_messaging_notifications.topics = ['notifications'] {{(pid=95926) log_opt_values /opt/stack/data/venv/lib/python3.12/site-packages/oslo_config/cfg.py:3545}}
Aug 06 09:37:51.211885 np0000006644 nova-conductor[95926]: DEBUG cotyledon.oslo_config_glue [-] oslo_messaging_notifications.transport_url = **** {{(pid=95926) log_opt_values /opt/stack/data/venv/lib/python3.12/site-packages/oslo_config/cfg.py:3545}}
Aug 06 09:37:51.211885 np0000006644 nova-conductor[95926]: DEBUG cotyledon.oslo_config_glue [-] oslo_limit.auth_section = None {{(pid=95926) log_opt_values /opt/stack/data/venv/lib/python3.12/site-packages/oslo_config/cfg.py:3545}}
Aug 06 09:37:51.211885 np0000006644 nova-conductor[95926]: DEBUG cotyledon.oslo_config_glue [-] oslo_limit.auth_type = None {{(pid=95926) log_opt_values /opt/stack/data/venv/lib/python3.12/site-packages/oslo_config/cfg.py:3545}}
Aug 06 09:37:51.211885 np0000006644 nova-conductor[95926]: DEBUG cotyledon.oslo_config_glue [-] oslo_limit.cafile = None {{(pid=95926) log_opt_values /opt/stack/data/venv/lib/python3.12/site-packages/oslo_config/cfg.py:3545}}
Aug 06 09:37:51.212104 np0000006644 nova-conductor[95926]: DEBUG cotyledon.oslo_config_glue [-] oslo_limit.certfile = None {{(pid=95926) log_opt_values /opt/stack/data/venv/lib/python3.12/site-packages/oslo_config/cfg.py:3545}}
Aug 06 09:37:51.212104 np0000006644 nova-conductor[95926]: DEBUG cotyledon.oslo_config_glue [-] oslo_limit.collect_timing = False {{(pid=95926) log_opt_values /opt/stack/data/venv/lib/python3.12/site-packages/oslo_config/cfg.py:3545}}
Aug 06 09:37:51.212104 np0000006644 nova-conductor[95926]: DEBUG cotyledon.oslo_config_glue [-] oslo_limit.connect_retries = None {{(pid=95926) log_opt_values /opt/stack/data/venv/lib/python3.12/site-packages/oslo_config/cfg.py:3545}}
Aug 06 09:37:51.212104 np0000006644 nova-conductor[95926]: DEBUG cotyledon.oslo_config_glue [-] oslo_limit.connect_retry_delay = None {{(pid=95926) log_opt_values /opt/stack/data/venv/lib/python3.12/site-packages/oslo_config/cfg.py:3545}}
Aug 06 09:37:51.212104 np0000006644 nova-conductor[95926]: DEBUG cotyledon.oslo_config_glue [-] oslo_limit.endpoint_id = None {{(pid=95926) log_opt_values /opt/stack/data/venv/lib/python3.12/site-packages/oslo_config/cfg.py:3545}}
Aug 06 09:37:51.212104 np0000006644 nova-conductor[95926]: DEBUG cotyledon.oslo_config_glue [-] oslo_limit.endpoint_interface = public {{(pid=95926) log_opt_values /opt/stack/data/venv/lib/python3.12/site-packages/oslo_config/cfg.py:3545}}
Aug 06 09:37:51.212104 np0000006644 nova-conductor[95926]: DEBUG cotyledon.oslo_config_glue [-] oslo_limit.endpoint_override = None {{(pid=95926) log_opt_values /opt/stack/data/venv/lib/python3.12/site-packages/oslo_config/cfg.py:3545}}
Aug 06 09:37:51.212104 np0000006644 nova-conductor[95926]: DEBUG cotyledon.oslo_config_glue [-] oslo_limit.endpoint_region_name = None {{(pid=95926) log_opt_values /opt/stack/data/venv/lib/python3.12/site-packages/oslo_config/cfg.py:3545}}
Aug 06 09:37:51.212104 np0000006644 nova-conductor[95926]: DEBUG cotyledon.oslo_config_glue [-] oslo_limit.endpoint_service_name = None {{(pid=95926) log_opt_values /opt/stack/data/venv/lib/python3.12/site-packages/oslo_config/cfg.py:3545}}
Aug 06 09:37:51.212258 np0000006644 nova-conductor[95926]: DEBUG cotyledon.oslo_config_glue [-] oslo_limit.endpoint_service_type = None {{(pid=95926) log_opt_values /opt/stack/data/venv/lib/python3.12/site-packages/oslo_config/cfg.py:3545}}
Aug 06 09:37:51.212258 np0000006644 nova-conductor[95926]: DEBUG cotyledon.oslo_config_glue [-] oslo_limit.insecure = False {{(pid=95926) log_opt_values /opt/stack/data/venv/lib/python3.12/site-packages/oslo_config/cfg.py:3545}}
Aug 06 09:37:51.212258 np0000006644 nova-conductor[95926]: DEBUG cotyledon.oslo_config_glue [-] oslo_limit.keyfile = None {{(pid=95926) log_opt_values /opt/stack/data/venv/lib/python3.12/site-packages/oslo_config/cfg.py:3545}}
Aug 06 09:37:51.212258 np0000006644 nova-conductor[95926]: DEBUG cotyledon.oslo_config_glue [-] oslo_limit.max_version = None {{(pid=95926) log_opt_values /opt/stack/data/venv/lib/python3.12/site-packages/oslo_config/cfg.py:3545}}
Aug 06 09:37:51.212258 np0000006644 nova-conductor[95926]: DEBUG cotyledon.oslo_config_glue [-] oslo_limit.min_version = None {{(pid=95926) log_opt_values /opt/stack/data/venv/lib/python3.12/site-packages/oslo_config/cfg.py:3545}}
Aug 06 09:37:51.212258 np0000006644 nova-conductor[95926]: DEBUG cotyledon.oslo_config_glue [-] oslo_limit.region_name = None {{(pid=95926) log_opt_values /opt/stack/data/venv/lib/python3.12/site-packages/oslo_config/cfg.py:3545}}
Aug 06 09:37:51.212258 np0000006644 nova-conductor[95926]: DEBUG cotyledon.oslo_config_glue [-] oslo_limit.retriable_status_codes = None {{(pid=95926) log_opt_values /opt/stack/data/venv/lib/python3.12/site-packages/oslo_config/cfg.py:3545}}
Aug 06 09:37:51.212258 np0000006644 nova-conductor[95926]: DEBUG cotyledon.oslo_config_glue [-] oslo_limit.service_name = None {{(pid=95926) log_opt_values /opt/stack/data/venv/lib/python3.12/site-packages/oslo_config/cfg.py:3545}}
Aug 06 09:37:51.212258 np0000006644 nova-conductor[95926]: DEBUG cotyledon.oslo_config_glue [-] oslo_limit.service_type = None {{(pid=95926) log_opt_values /opt/stack/data/venv/lib/python3.12/site-packages/oslo_config/cfg.py:3545}}
Aug 06 09:37:51.212409 np0000006644 nova-conductor[95926]: DEBUG cotyledon.oslo_config_glue [-] oslo_limit.split_loggers = False {{(pid=95926) log_opt_values /opt/stack/data/venv/lib/python3.12/site-packages/oslo_config/cfg.py:3545}}
Aug 06 09:37:51.212409 np0000006644 nova-conductor[95926]: DEBUG cotyledon.oslo_config_glue [-] oslo_limit.status_code_retries = None {{(pid=95926) log_opt_values /opt/stack/data/venv/lib/python3.12/site-packages/oslo_config/cfg.py:3545}}
Aug 06 09:37:51.212409 np0000006644 nova-conductor[95926]: DEBUG cotyledon.oslo_config_glue [-] oslo_limit.status_code_retry_delay = None {{(pid=95926) log_opt_values /opt/stack/data/venv/lib/python3.12/site-packages/oslo_config/cfg.py:3545}}
Aug 06 09:37:51.212409 np0000006644 nova-conductor[95926]: DEBUG cotyledon.oslo_config_glue [-] oslo_limit.timeout = None {{(pid=95926) log_opt_values /opt/stack/data/venv/lib/python3.12/site-packages/oslo_config/cfg.py:3545}}
Aug 06 09:37:51.212409 np0000006644 nova-conductor[95926]: DEBUG cotyledon.oslo_config_glue [-] oslo_limit.valid_interfaces = None {{(pid=95926) log_opt_values /opt/stack/data/venv/lib/python3.12/site-packages/oslo_config/cfg.py:3545}}
Aug 06 09:37:51.212409 np0000006644 nova-conductor[95926]: DEBUG cotyledon.oslo_config_glue [-] oslo_limit.version = None {{(pid=95926) log_opt_values /opt/stack/data/venv/lib/python3.12/site-packages/oslo_config/cfg.py:3545}}
Aug 06 09:37:51.212409 np0000006644 nova-conductor[95926]: DEBUG cotyledon.oslo_config_glue [-] oslo_reports.file_event_handler = None {{(pid=95926) log_opt_values /opt/stack/data/venv/lib/python3.12/site-packages/oslo_config/cfg.py:3545}}
Aug 06 09:37:51.212409 np0000006644 nova-conductor[95926]: DEBUG cotyledon.oslo_config_glue [-] oslo_reports.file_event_handler_interval = 1 {{(pid=95926) log_opt_values /opt/stack/data/venv/lib/python3.12/site-packages/oslo_config/cfg.py:3545}}
Aug 06 09:37:51.212409 np0000006644 nova-conductor[95926]: DEBUG cotyledon.oslo_config_glue [-] oslo_reports.log_dir = None {{(pid=95926) log_opt_values /opt/stack/data/venv/lib/python3.12/site-packages/oslo_config/cfg.py:3545}}
Aug 06 09:37:51.212618 np0000006644 nova-conductor[95926]: DEBUG cotyledon.oslo_config_glue [-] ******************************************************************************** {{(pid=95926) log_opt_values /opt/stack/data/venv/lib/python3.12/site-packages/oslo_config/cfg.py:3552}}
Aug 06 09:37:51.212618 np0000006644 nova-conductor[95926]: DEBUG cotyledon._service_worker [-] Run service ServiceWrapper(2) [95926] {{(pid=95926) wait_forever /opt/stack/data/venv/lib/python3.12/site-packages/cotyledon/_service_worker.py:218}}
Aug 06 09:37:51.212672 np0000006644 nova-conductor[95902]: DEBUG oslo_db.sqlalchemy.engines [None req-ff0755bd-f9d0-4f4e-9af8-ef1e15d98044 None None] MySQL server mode set to STRICT_TRANS_TABLES,STRICT_ALL_TABLES,NO_ZERO_IN_DATE,NO_ZERO_DATE,ERROR_FOR_DIVISION_BY_ZERO,TRADITIONAL,NO_ENGINE_SUBSTITUTION {{(pid=95902) _check_effective_sql_mode /opt/stack/data/venv/lib/python3.12/site-packages/oslo_db/sqlalchemy/engines.py:325}}
Aug 06 09:37:51.213020 np0000006644 nova-conductor[95926]: INFO nova.service [-] Starting conductor node (version 33.1.0)
Aug 06 09:37:51.213020 np0000006644 nova-conductor[95926]: INFO dbcounter [None req-4f523f7c-f84a-4d91-88e9-d83b9472485f None None] Registered counter for database nova_cell0
Aug 06 09:37:51.213111 np0000006644 nova-conductor[95915]: DEBUG oslo_db.sqlalchemy.engines [None req-b0313ee7-accd-4e57-9f30-3c44a98ea380 None None] MySQL server mode set to STRICT_TRANS_TABLES,STRICT_ALL_TABLES,NO_ZERO_IN_DATE,NO_ZERO_DATE,ERROR_FOR_DIVISION_BY_ZERO,TRADITIONAL,NO_ENGINE_SUBSTITUTION {{(pid=95915) _check_effective_sql_mode /opt/stack/data/venv/lib/python3.12/site-packages/oslo_db/sqlalchemy/engines.py:325}}
Aug 06 09:37:51.213141 np0000006644 nova-conductor[95902]: DEBUG dbcounter [-] [95902] Writer thread running {{(pid=95902) stat_writer /opt/stack/data/venv/lib/python3.12/site-packages/dbcounter.py:102}}
Aug 06 09:37:51.221058 np0000006644 nova-conductor[95915]: DEBUG dbcounter [-] [95915] Writer thread running {{(pid=95915) stat_writer /opt/stack/data/venv/lib/python3.12/site-packages/dbcounter.py:102}}
Aug 06 09:37:51.225801 np0000006644 nova-conductor[95902]: DEBUG nova.service [None req-ff0755bd-f9d0-4f4e-9af8-ef1e15d98044 None None] Creating RPC server for service: nova-conductor on topic: conductor {{(pid=95902) start /opt/stack/nova/nova/service.py:196}}
Aug 06 09:37:51.246427 np0000006644 nova-conductor[95915]: DEBUG nova.service [None req-b0313ee7-accd-4e57-9f30-3c44a98ea380 None None] Creating RPC server for service: nova-conductor on topic: conductor {{(pid=95915) start /opt/stack/nova/nova/service.py:196}}
Aug 06 09:37:51.246580 np0000006644 nova-conductor[95926]: DEBUG oslo_db.sqlalchemy.engines [None req-4f523f7c-f84a-4d91-88e9-d83b9472485f None None] MySQL server mode set to STRICT_TRANS_TABLES,STRICT_ALL_TABLES,NO_ZERO_IN_DATE,NO_ZERO_DATE,ERROR_FOR_DIVISION_BY_ZERO,TRADITIONAL,NO_ENGINE_SUBSTITUTION {{(pid=95926) _check_effective_sql_mode /opt/stack/data/venv/lib/python3.12/site-packages/oslo_db/sqlalchemy/engines.py:325}}
Aug 06 09:37:51.250140 np0000006644 nova-conductor[95902]: DEBUG nova.service [None req-ff0755bd-f9d0-4f4e-9af8-ef1e15d98044 None None] Join ServiceGroup membership for this service conductor {{(pid=95902) start /opt/stack/nova/nova/service.py:222}}
Aug 06 09:37:51.250335 np0000006644 nova-conductor[95902]: DEBUG nova.servicegroup.drivers.db [None req-ff0755bd-f9d0-4f4e-9af8-ef1e15d98044 None None] DB_Driver: join new ServiceGroup member np0000006644 to the conductor group, service = {{(pid=95902) join /opt/stack/nova/nova/servicegroup/drivers/db.py:44}}
Aug 06 09:37:51.258677 np0000006644 nova-conductor[95926]: DEBUG dbcounter [-] [95926] Writer thread running {{(pid=95926) stat_writer /opt/stack/data/venv/lib/python3.12/site-packages/dbcounter.py:102}}
Aug 06 09:37:51.262021 np0000006644 nova-conductor[95926]: DEBUG nova.service [None req-4f523f7c-f84a-4d91-88e9-d83b9472485f None None] Creating RPC server for service: nova-conductor on topic: conductor {{(pid=95926) start /opt/stack/nova/nova/service.py:196}}
Aug 06 09:37:51.265214 np0000006644 nova-conductor[95915]: DEBUG nova.service [None req-b0313ee7-accd-4e57-9f30-3c44a98ea380 None None] Join ServiceGroup membership for this service conductor {{(pid=95915) start /opt/stack/nova/nova/service.py:222}}
Aug 06 09:37:51.265416 np0000006644 nova-conductor[95915]: DEBUG nova.servicegroup.drivers.db [None req-b0313ee7-accd-4e57-9f30-3c44a98ea380 None None] DB_Driver: join new ServiceGroup member np0000006644 to the conductor group, service = {{(pid=95915) join /opt/stack/nova/nova/servicegroup/drivers/db.py:44}}
Aug 06 09:37:51.285101 np0000006644 nova-conductor[95926]: DEBUG nova.service [None req-4f523f7c-f84a-4d91-88e9-d83b9472485f None None] Join ServiceGroup membership for this service conductor {{(pid=95926) start /opt/stack/nova/nova/service.py:222}}
Aug 06 09:37:51.286024 np0000006644 nova-conductor[95926]: DEBUG nova.servicegroup.drivers.db [None req-4f523f7c-f84a-4d91-88e9-d83b9472485f None None] DB_Driver: join new ServiceGroup member np0000006644 to the conductor group, service = {{(pid=95926) join /opt/stack/nova/nova/servicegroup/drivers/db.py:44}}
Aug 06 09:37:56.263635 np0000006644 nova-conductor[95902]: DEBUG oslo.service.backend._threading.loopingcall [-] Fixed interval looping call 'nova.servicegroup.drivers.db.DbDriver._report_state' sleeping for 119.99 seconds {{(pid=95902) _run_loop /opt/stack/data/venv/lib/python3.12/site-packages/oslo_service/backend/_threading/loopingcall.py:125}}
Aug 06 09:37:56.270639 np0000006644 nova-conductor[95915]: DEBUG oslo.service.backend._threading.loopingcall [-] Fixed interval looping call 'nova.servicegroup.drivers.db.DbDriver._report_state' sleeping for 120.00 seconds {{(pid=95915) _run_loop /opt/stack/data/venv/lib/python3.12/site-packages/oslo_service/backend/_threading/loopingcall.py:125}}
Aug 06 09:37:56.296723 np0000006644 nova-conductor[95926]: DEBUG oslo.service.backend._threading.loopingcall [-] Fixed interval looping call 'nova.servicegroup.drivers.db.DbDriver._report_state' sleeping for 119.99 seconds {{(pid=95926) _run_loop /opt/stack/data/venv/lib/python3.12/site-packages/oslo_service/backend/_threading/loopingcall.py:125}}
Aug 06 09:37:59.853394 np0000006644 nova-conductor[94409]: DEBUG dbcounter [-] [94409] Writing DB stats nova_api:SELECT=1 {{(pid=94409) stat_writer /opt/stack/data/venv/lib/python3.12/site-packages/dbcounter.py:115}}
Aug 06 09:37:59.982224 np0000006644 nova-conductor[94409]: DEBUG dbcounter [-] [94409] Writing DB stats nova_cell1:SELECT=1 {{(pid=94409) stat_writer /opt/stack/data/venv/lib/python3.12/site-packages/dbcounter.py:115}}
Aug 06 09:37:59.988953 np0000006644 nova-conductor[94409]: DEBUG dbcounter [-] [94409] Writing DB stats nova_cell0:SELECT=1 {{(pid=94409) stat_writer /opt/stack/data/venv/lib/python3.12/site-packages/dbcounter.py:115}}
Aug 06 09:38:06.260192 np0000006644 nova-conductor[95902]: DEBUG dbcounter [-] [95902] Writing DB stats nova_cell0:SELECT=4,nova_cell0:INSERT=1,nova_cell0:UPDATE=1 {{(pid=95902) stat_writer /opt/stack/data/venv/lib/python3.12/site-packages/dbcounter.py:115}}
Aug 06 09:38:06.268963 np0000006644 nova-conductor[95915]: DEBUG dbcounter [-] [95915] Writing DB stats nova_cell0:SELECT=4,nova_cell0:INSERT=1 {{(pid=95915) stat_writer /opt/stack/data/venv/lib/python3.12/site-packages/dbcounter.py:115}}
Aug 06 09:38:06.294356 np0000006644 nova-conductor[95926]: DEBUG dbcounter [-] [95926] Writing DB stats nova_cell0:SELECT=3 {{(pid=95926) stat_writer /opt/stack/data/venv/lib/python3.12/site-packages/dbcounter.py:115}}
Aug 06 09:38:11.268018 np0000006644 nova-conductor[95902]: DEBUG oslo.service.backend._threading.loopingcall [None req-fc359492-9686-49d0-9765-fab3c50c6b18 None None] Dynamic interval looping call 'nova.service.Service.periodic_tasks' sleeping for 60.00 seconds {{(pid=95902) _run_loop /opt/stack/data/venv/lib/python3.12/site-packages/oslo_service/backend/_threading/loopingcall.py:125}}
Aug 06 09:38:32.288659 np0000006644 nova-conductor[95926]: DEBUG oslo.service.backend._threading.loopingcall [None req-ef6862f1-a594-4e98-a850-187cd52e5598 None None] Dynamic interval looping call 'nova.service.Service.periodic_tasks' sleeping for 60.00 seconds {{(pid=95926) _run_loop /opt/stack/data/venv/lib/python3.12/site-packages/oslo_service/backend/_threading/loopingcall.py:125}}
Aug 06 09:38:47.267163 np0000006644 nova-conductor[95915]: DEBUG oslo.service.backend._threading.loopingcall [None req-325f6174-f1fd-4e2e-bdd3-7261ca753f47 None None] Dynamic interval looping call 'nova.service.Service.periodic_tasks' sleeping for 60.00 seconds {{(pid=95915) _run_loop /opt/stack/data/venv/lib/python3.12/site-packages/oslo_service/backend/_threading/loopingcall.py:125}}
Aug 06 09:39:11.253379 np0000006644 nova-conductor[95902]: DEBUG oslo.service.backend._threading.loopingcall [None req-fc359492-9686-49d0-9765-fab3c50c6b18 None None] Dynamic interval looping call 'nova.service.Service.periodic_tasks' sleeping for 60.00 seconds {{(pid=95902) _run_loop /opt/stack/data/venv/lib/python3.12/site-packages/oslo_service/backend/_threading/loopingcall.py:125}}
Aug 06 09:39:32.289447 np0000006644 nova-conductor[95926]: DEBUG oslo.service.backend._threading.loopingcall [None req-ef6862f1-a594-4e98-a850-187cd52e5598 None None] Dynamic interval looping call 'nova.service.Service.periodic_tasks' sleeping for 60.00 seconds {{(pid=95926) _run_loop /opt/stack/data/venv/lib/python3.12/site-packages/oslo_service/backend/_threading/loopingcall.py:125}}
Aug 06 09:39:47.267831 np0000006644 nova-conductor[95915]: DEBUG oslo.service.backend._threading.loopingcall [None req-325f6174-f1fd-4e2e-bdd3-7261ca753f47 None None] Dynamic interval looping call 'nova.service.Service.periodic_tasks' sleeping for 60.00 seconds {{(pid=95915) _run_loop /opt/stack/data/venv/lib/python3.12/site-packages/oslo_service/backend/_threading/loopingcall.py:125}}
Aug 06 09:39:56.263978 np0000006644 nova-conductor[95902]: DEBUG oslo.service.backend._threading.loopingcall [-] Fixed interval looping call 'nova.servicegroup.drivers.db.DbDriver._report_state' sleeping for 119.99 seconds {{(pid=95902) _run_loop /opt/stack/data/venv/lib/python3.12/site-packages/oslo_service/backend/_threading/loopingcall.py:125}}
Aug 06 09:39:56.277065 np0000006644 nova-conductor[95915]: DEBUG oslo.service.backend._threading.loopingcall [-] Fixed interval looping call 'nova.servicegroup.drivers.db.DbDriver._report_state' sleeping for 119.99 seconds {{(pid=95915) _run_loop /opt/stack/data/venv/lib/python3.12/site-packages/oslo_service/backend/_threading/loopingcall.py:125}}
Aug 06 09:39:56.292212 np0000006644 nova-conductor[95926]: DEBUG oslo.service.backend._threading.loopingcall [-] Fixed interval looping call 'nova.servicegroup.drivers.db.DbDriver._report_state' sleeping for 119.99 seconds {{(pid=95926) _run_loop /opt/stack/data/venv/lib/python3.12/site-packages/oslo_service/backend/_threading/loopingcall.py:125}}
Aug 06 09:40:06.258880 np0000006644 nova-conductor[95902]: DEBUG dbcounter [-] [95902] Writing DB stats nova_cell0:SELECT=1,nova_cell0:UPDATE=1 {{(pid=95902) stat_writer /opt/stack/data/venv/lib/python3.12/site-packages/dbcounter.py:115}}
Aug 06 09:40:06.273821 np0000006644 nova-conductor[95915]: DEBUG dbcounter [-] [95915] Writing DB stats nova_cell0:SELECT=1 {{(pid=95915) stat_writer /opt/stack/data/venv/lib/python3.12/site-packages/dbcounter.py:115}}
Aug 06 09:40:06.290048 np0000006644 nova-conductor[95926]: DEBUG dbcounter [-] [95926] Writing DB stats nova_cell0:SELECT=1 {{(pid=95926) stat_writer /opt/stack/data/venv/lib/python3.12/site-packages/dbcounter.py:115}}
Aug 06 09:40:11.255246 np0000006644 nova-conductor[95902]: DEBUG oslo.service.backend._threading.loopingcall [None req-fc359492-9686-49d0-9765-fab3c50c6b18 None None] Dynamic interval looping call 'nova.service.Service.periodic_tasks' sleeping for 60.00 seconds {{(pid=95902) _run_loop /opt/stack/data/venv/lib/python3.12/site-packages/oslo_service/backend/_threading/loopingcall.py:125}}
Aug 06 09:40:15.417281 np0000006644 nova-conductor[95902]: DEBUG oslo_db.sqlalchemy.engines [None req-1cb044a4-15a8-4af8-b4b3-0fbd930a2e78 tempest-DeleteServersTestJSON-287671 tempest-DeleteServersTestJSON-287671-project-member] Parent process 94409 forked (95902) with an open database connection, which is being discarded and recreated. {{(pid=95902) checkout /opt/stack/data/venv/lib/python3.12/site-packages/oslo_db/sqlalchemy/engines.py:402}}
Aug 06 09:40:15.467128 np0000006644 nova-conductor[95902]: DEBUG dbcounter [-] [95902] Writer thread running {{(pid=95902) stat_writer /opt/stack/data/venv/lib/python3.12/site-packages/dbcounter.py:102}}
Aug 06 09:40:16.670366 np0000006644 nova-conductor[95902]: DEBUG nova.conductor.manager [None req-1cb044a4-15a8-4af8-b4b3-0fbd930a2e78 tempest-DeleteServersTestJSON-287671 tempest-DeleteServersTestJSON-287671-project-member] Took 1.20 seconds to select destinations for 1 instance(s). {{(pid=95902) _schedule_instances /opt/stack/nova/nova/conductor/manager.py:968}}
Aug 06 09:40:16.705979 np0000006644 nova-conductor[95902]: DEBUG oslo_concurrency.lockutils [None req-1cb044a4-15a8-4af8-b4b3-0fbd930a2e78 tempest-DeleteServersTestJSON-287671 tempest-DeleteServersTestJSON-287671-project-member] Acquiring lock "e43df010-1dc0-4430-9245-142256369f7d" by "nova.context.set_target_cell..get_or_set_cached_cell_and_set_connections" {{(pid=95902) inner /opt/stack/data/venv/lib/python3.12/site-packages/oslo_concurrency/lockutils.py:512}}
Aug 06 09:40:16.706221 np0000006644 nova-conductor[95902]: DEBUG oslo_concurrency.lockutils [None req-1cb044a4-15a8-4af8-b4b3-0fbd930a2e78 tempest-DeleteServersTestJSON-287671 tempest-DeleteServersTestJSON-287671-project-member] Lock "e43df010-1dc0-4430-9245-142256369f7d" acquired by "nova.context.set_target_cell..get_or_set_cached_cell_and_set_connections" :: waited 0.000s {{(pid=95902) inner /opt/stack/data/venv/lib/python3.12/site-packages/oslo_concurrency/lockutils.py:525}}
Aug 06 09:40:16.708322 np0000006644 nova-conductor[95902]: DEBUG oslo_concurrency.lockutils [None req-1cb044a4-15a8-4af8-b4b3-0fbd930a2e78 tempest-DeleteServersTestJSON-287671 tempest-DeleteServersTestJSON-287671-project-member] Lock "e43df010-1dc0-4430-9245-142256369f7d" "released" by "nova.context.set_target_cell..get_or_set_cached_cell_and_set_connections" :: held 0.002s {{(pid=95902) inner /opt/stack/data/venv/lib/python3.12/site-packages/oslo_concurrency/lockutils.py:544}}
Aug 06 09:40:16.710384 np0000006644 nova-conductor[95902]: INFO dbcounter [None req-1cb044a4-15a8-4af8-b4b3-0fbd930a2e78 tempest-DeleteServersTestJSON-287671 tempest-DeleteServersTestJSON-287671-project-member] Registered counter for database nova_cell1
Aug 06 09:40:16.762069 np0000006644 nova-conductor[95902]: DEBUG oslo_db.sqlalchemy.engines [None req-1cb044a4-15a8-4af8-b4b3-0fbd930a2e78 tempest-DeleteServersTestJSON-287671 tempest-DeleteServersTestJSON-287671-project-member] MySQL server mode set to STRICT_TRANS_TABLES,STRICT_ALL_TABLES,NO_ZERO_IN_DATE,NO_ZERO_DATE,ERROR_FOR_DIVISION_BY_ZERO,TRADITIONAL,NO_ENGINE_SUBSTITUTION {{(pid=95902) _check_effective_sql_mode /opt/stack/data/venv/lib/python3.12/site-packages/oslo_db/sqlalchemy/engines.py:325}}
Aug 06 09:40:16.778352 np0000006644 nova-conductor[95902]: DEBUG dbcounter [-] [95902] Writer thread running {{(pid=95902) stat_writer /opt/stack/data/venv/lib/python3.12/site-packages/dbcounter.py:102}}
Aug 06 09:40:16.897674 np0000006644 nova-conductor[95902]: INFO nova.utils [None req-1cb044a4-15a8-4af8-b4b3-0fbd930a2e78 tempest-DeleteServersTestJSON-287671 tempest-DeleteServersTestJSON-287671-project-member] The cell worker thread pool ForkProcess-1.cell_worker is initialized
Aug 06 09:40:16.900060 np0000006644 nova-conductor[95902]: DEBUG oslo_concurrency.lockutils [None req-1cb044a4-15a8-4af8-b4b3-0fbd930a2e78 tempest-DeleteServersTestJSON-287671 tempest-DeleteServersTestJSON-287671-project-member] Acquiring lock "00000000-0000-0000-0000-000000000000" by "nova.context.set_target_cell..get_or_set_cached_cell_and_set_connections" {{(pid=95902) inner /opt/stack/data/venv/lib/python3.12/site-packages/oslo_concurrency/lockutils.py:512}}
Aug 06 09:40:16.900060 np0000006644 nova-conductor[95902]: DEBUG oslo_concurrency.lockutils [None req-1cb044a4-15a8-4af8-b4b3-0fbd930a2e78 tempest-DeleteServersTestJSON-287671 tempest-DeleteServersTestJSON-287671-project-member] Lock "00000000-0000-0000-0000-000000000000" acquired by "nova.context.set_target_cell..get_or_set_cached_cell_and_set_connections" :: waited 0.000s {{(pid=95902) inner /opt/stack/data/venv/lib/python3.12/site-packages/oslo_concurrency/lockutils.py:525}}
Aug 06 09:40:16.900060 np0000006644 nova-conductor[95902]: DEBUG oslo_concurrency.lockutils [None req-1cb044a4-15a8-4af8-b4b3-0fbd930a2e78 tempest-DeleteServersTestJSON-287671 tempest-DeleteServersTestJSON-287671-project-member] Lock "00000000-0000-0000-0000-000000000000" "released" by "nova.context.set_target_cell..get_or_set_cached_cell_and_set_connections" :: held 0.000s {{(pid=95902) inner /opt/stack/data/venv/lib/python3.12/site-packages/oslo_concurrency/lockutils.py:544}}
Aug 06 09:40:16.900498 np0000006644 nova-conductor[95902]: DEBUG oslo_concurrency.lockutils [None req-1cb044a4-15a8-4af8-b4b3-0fbd930a2e78 tempest-DeleteServersTestJSON-287671 tempest-DeleteServersTestJSON-287671-project-member] Acquiring lock "e43df010-1dc0-4430-9245-142256369f7d" by "nova.context.set_target_cell..get_or_set_cached_cell_and_set_connections" {{(pid=95902) inner /opt/stack/data/venv/lib/python3.12/site-packages/oslo_concurrency/lockutils.py:512}}
Aug 06 09:40:16.900682 np0000006644 nova-conductor[95902]: DEBUG oslo_concurrency.lockutils [None req-1cb044a4-15a8-4af8-b4b3-0fbd930a2e78 tempest-DeleteServersTestJSON-287671 tempest-DeleteServersTestJSON-287671-project-member] Lock "e43df010-1dc0-4430-9245-142256369f7d" acquired by "nova.context.set_target_cell..get_or_set_cached_cell_and_set_connections" :: waited 0.000s {{(pid=95902) inner /opt/stack/data/venv/lib/python3.12/site-packages/oslo_concurrency/lockutils.py:525}}
Aug 06 09:40:16.900836 np0000006644 nova-conductor[95902]: DEBUG oslo_concurrency.lockutils [None req-1cb044a4-15a8-4af8-b4b3-0fbd930a2e78 tempest-DeleteServersTestJSON-287671 tempest-DeleteServersTestJSON-287671-project-member] Lock "e43df010-1dc0-4430-9245-142256369f7d" "released" by "nova.context.set_target_cell..get_or_set_cached_cell_and_set_connections" :: held 0.000s {{(pid=95902) inner /opt/stack/data/venv/lib/python3.12/site-packages/oslo_concurrency/lockutils.py:544}}
Aug 06 09:40:16.902353 np0000006644 nova-conductor[95902]: INFO dbcounter [None req-1cb044a4-15a8-4af8-b4b3-0fbd930a2e78 tempest-DeleteServersTestJSON-287671 tempest-DeleteServersTestJSON-287671-project-member] Registered counter for database nova_cell0
Aug 06 09:40:16.979579 np0000006644 nova-conductor[95902]: DEBUG oslo_db.sqlalchemy.engines [None req-1cb044a4-15a8-4af8-b4b3-0fbd930a2e78 tempest-DeleteServersTestJSON-287671 tempest-DeleteServersTestJSON-287671-project-member] MySQL server mode set to STRICT_TRANS_TABLES,STRICT_ALL_TABLES,NO_ZERO_IN_DATE,NO_ZERO_DATE,ERROR_FOR_DIVISION_BY_ZERO,TRADITIONAL,NO_ENGINE_SUBSTITUTION {{(pid=95902) _check_effective_sql_mode /opt/stack/data/venv/lib/python3.12/site-packages/oslo_db/sqlalchemy/engines.py:325}}
Aug 06 09:40:16.992008 np0000006644 nova-conductor[95902]: DEBUG dbcounter [-] [95902] Writer thread running {{(pid=95902) stat_writer /opt/stack/data/venv/lib/python3.12/site-packages/dbcounter.py:102}}
Aug 06 09:40:17.013037 np0000006644 nova-conductor[95902]: DEBUG nova.quota [None req-1cb044a4-15a8-4af8-b4b3-0fbd930a2e78 tempest-DeleteServersTestJSON-287671 tempest-DeleteServersTestJSON-287671-project-member] Getting quotas for project a172fb18ffcb4c99a55df3f879c2f9ea. Resources: {'cores', 'instances', 'ram'} {{(pid=95902) _get_quotas /opt/stack/nova/nova/quota.py:389}}
Aug 06 09:40:17.016550 np0000006644 nova-conductor[95902]: DEBUG nova.quota [None req-1cb044a4-15a8-4af8-b4b3-0fbd930a2e78 tempest-DeleteServersTestJSON-287671 tempest-DeleteServersTestJSON-287671-project-member] Getting quotas for user d6e958b9ac1a4dcdb0bbb2887e8af832 and project a172fb18ffcb4c99a55df3f879c2f9ea. Resources: {'cores', 'instances', 'ram'} {{(pid=95902) _get_quotas /opt/stack/nova/nova/quota.py:379}}
Aug 06 09:40:17.026295 np0000006644 nova-conductor[95902]: DEBUG nova.conductor.manager [None req-1cb044a4-15a8-4af8-b4b3-0fbd930a2e78 tempest-DeleteServersTestJSON-287671 tempest-DeleteServersTestJSON-287671-project-member] [instance: 70f9dcf9-c651-4da7-9610-f7e2f2f4ccfe] Selected host: np0000006644; Selected node: np0000006644; Alternates: [] {{(pid=95902) schedule_and_build_instances /opt/stack/nova/nova/conductor/manager.py:1784}}
Aug 06 09:40:17.026788 np0000006644 nova-conductor[95902]: DEBUG oslo_concurrency.lockutils [None req-1cb044a4-15a8-4af8-b4b3-0fbd930a2e78 tempest-DeleteServersTestJSON-287671 tempest-DeleteServersTestJSON-287671-project-member] Acquiring lock "e43df010-1dc0-4430-9245-142256369f7d" by "nova.context.set_target_cell..get_or_set_cached_cell_and_set_connections" {{(pid=95902) inner /opt/stack/data/venv/lib/python3.12/site-packages/oslo_concurrency/lockutils.py:512}}
Aug 06 09:40:17.026907 np0000006644 nova-conductor[95902]: DEBUG oslo_concurrency.lockutils [None req-1cb044a4-15a8-4af8-b4b3-0fbd930a2e78 tempest-DeleteServersTestJSON-287671 tempest-DeleteServersTestJSON-287671-project-member] Lock "e43df010-1dc0-4430-9245-142256369f7d" acquired by "nova.context.set_target_cell..get_or_set_cached_cell_and_set_connections" :: waited 0.000s {{(pid=95902) inner /opt/stack/data/venv/lib/python3.12/site-packages/oslo_concurrency/lockutils.py:525}}
Aug 06 09:40:17.027182 np0000006644 nova-conductor[95902]: DEBUG oslo_concurrency.lockutils [None req-1cb044a4-15a8-4af8-b4b3-0fbd930a2e78 tempest-DeleteServersTestJSON-287671 tempest-DeleteServersTestJSON-287671-project-member] Lock "e43df010-1dc0-4430-9245-142256369f7d" "released" by "nova.context.set_target_cell..get_or_set_cached_cell_and_set_connections" :: held 0.000s {{(pid=95902) inner /opt/stack/data/venv/lib/python3.12/site-packages/oslo_concurrency/lockutils.py:544}}
Aug 06 09:40:17.038473 np0000006644 nova-conductor[95902]: DEBUG nova.conductor.manager [None req-1cb044a4-15a8-4af8-b4b3-0fbd930a2e78 tempest-DeleteServersTestJSON-287671 tempest-DeleteServersTestJSON-287671-project-member] [instance: 70f9dcf9-c651-4da7-9610-f7e2f2f4ccfe] block_device_mapping [BlockDeviceMapping(attachment_id=,boot_index=0,connection_info=None,created_at=,delete_on_termination=True,deleted=,deleted_at=,destination_type='local',device_name=None,device_type='disk',disk_bus=None,encrypted=False,encryption_format=None,encryption_options=None,encryption_secret_uuid=None,guest_format=None,id=,image_id='96af617a-9c54-4d41-8d2f-e87b74f18d31',instance=,instance_uuid=,no_device=False,snapshot_id=None,source_type='image',tag=None,updated_at=,uuid=,volume_id=None,volume_size=None,volume_type=None)] {{(pid=95902) _create_block_device_mapping /opt/stack/nova/nova/conductor/manager.py:1529}}
Aug 06 09:40:17.039990 np0000006644 nova-conductor[95902]: DEBUG oslo_concurrency.lockutils [None req-1cb044a4-15a8-4af8-b4b3-0fbd930a2e78 tempest-DeleteServersTestJSON-287671 tempest-DeleteServersTestJSON-287671-project-member] Acquiring lock "e43df010-1dc0-4430-9245-142256369f7d" by "nova.context.set_target_cell..get_or_set_cached_cell_and_set_connections" {{(pid=95902) inner /opt/stack/data/venv/lib/python3.12/site-packages/oslo_concurrency/lockutils.py:512}}
Aug 06 09:40:17.040873 np0000006644 nova-conductor[95902]: DEBUG oslo_concurrency.lockutils [None req-1cb044a4-15a8-4af8-b4b3-0fbd930a2e78 tempest-DeleteServersTestJSON-287671 tempest-DeleteServersTestJSON-287671-project-member] Lock "e43df010-1dc0-4430-9245-142256369f7d" acquired by "nova.context.set_target_cell..get_or_set_cached_cell_and_set_connections" :: waited 0.000s {{(pid=95902) inner /opt/stack/data/venv/lib/python3.12/site-packages/oslo_concurrency/lockutils.py:525}}
Aug 06 09:40:17.040873 np0000006644 nova-conductor[95902]: DEBUG oslo_concurrency.lockutils [None req-1cb044a4-15a8-4af8-b4b3-0fbd930a2e78 tempest-DeleteServersTestJSON-287671 tempest-DeleteServersTestJSON-287671-project-member] Lock "e43df010-1dc0-4430-9245-142256369f7d" "released" by "nova.context.set_target_cell..get_or_set_cached_cell_and_set_connections" :: held 0.000s {{(pid=95902) inner /opt/stack/data/venv/lib/python3.12/site-packages/oslo_concurrency/lockutils.py:544}}
Aug 06 09:40:17.094925 np0000006644 nova-conductor[95902]: DEBUG oslo_concurrency.lockutils [None req-1cb044a4-15a8-4af8-b4b3-0fbd930a2e78 tempest-DeleteServersTestJSON-287671 tempest-DeleteServersTestJSON-287671-project-member] Acquiring lock "e43df010-1dc0-4430-9245-142256369f7d" by "nova.context.set_target_cell..get_or_set_cached_cell_and_set_connections" {{(pid=95902) inner /opt/stack/data/venv/lib/python3.12/site-packages/oslo_concurrency/lockutils.py:512}}
Aug 06 09:40:17.095124 np0000006644 nova-conductor[95902]: DEBUG oslo_concurrency.lockutils [None req-1cb044a4-15a8-4af8-b4b3-0fbd930a2e78 tempest-DeleteServersTestJSON-287671 tempest-DeleteServersTestJSON-287671-project-member] Lock "e43df010-1dc0-4430-9245-142256369f7d" acquired by "nova.context.set_target_cell..get_or_set_cached_cell_and_set_connections" :: waited 0.000s {{(pid=95902) inner /opt/stack/data/venv/lib/python3.12/site-packages/oslo_concurrency/lockutils.py:525}}
Aug 06 09:40:17.095290 np0000006644 nova-conductor[95902]: DEBUG oslo_concurrency.lockutils [None req-1cb044a4-15a8-4af8-b4b3-0fbd930a2e78 tempest-DeleteServersTestJSON-287671 tempest-DeleteServersTestJSON-287671-project-member] Lock "e43df010-1dc0-4430-9245-142256369f7d" "released" by "nova.context.set_target_cell..get_or_set_cached_cell_and_set_connections" :: held 0.000s {{(pid=95902) inner /opt/stack/data/venv/lib/python3.12/site-packages/oslo_concurrency/lockutils.py:544}}
Aug 06 09:40:17.095482 np0000006644 nova-conductor[95902]: DEBUG oslo_concurrency.lockutils [None req-1cb044a4-15a8-4af8-b4b3-0fbd930a2e78 tempest-DeleteServersTestJSON-287671 tempest-DeleteServersTestJSON-287671-project-member] Acquiring lock "compute-rpcapi-router" {{(pid=95902) lock /opt/stack/data/venv/lib/python3.12/site-packages/oslo_concurrency/lockutils.py:396}}
Aug 06 09:40:17.095561 np0000006644 nova-conductor[95902]: DEBUG oslo_concurrency.lockutils [None req-1cb044a4-15a8-4af8-b4b3-0fbd930a2e78 tempest-DeleteServersTestJSON-287671 tempest-DeleteServersTestJSON-287671-project-member] Acquired lock "compute-rpcapi-router" {{(pid=95902) lock /opt/stack/data/venv/lib/python3.12/site-packages/oslo_concurrency/lockutils.py:399}}
Aug 06 09:40:17.095931 np0000006644 nova-conductor[95902]: DEBUG oslo_concurrency.lockutils [None req-adab1dc4-c57f-4669-9a2c-2e5fe91bb808 None None] Acquiring lock "00000000-0000-0000-0000-000000000000" by "nova.context.set_target_cell..get_or_set_cached_cell_and_set_connections" {{(pid=95902) inner /opt/stack/data/venv/lib/python3.12/site-packages/oslo_concurrency/lockutils.py:512}}
Aug 06 09:40:17.096097 np0000006644 nova-conductor[95902]: DEBUG oslo_concurrency.lockutils [None req-adab1dc4-c57f-4669-9a2c-2e5fe91bb808 None None] Lock "00000000-0000-0000-0000-000000000000" acquired by "nova.context.set_target_cell..get_or_set_cached_cell_and_set_connections" :: waited 0.000s {{(pid=95902) inner /opt/stack/data/venv/lib/python3.12/site-packages/oslo_concurrency/lockutils.py:525}}
Aug 06 09:40:17.096225 np0000006644 nova-conductor[95902]: DEBUG oslo_concurrency.lockutils [None req-adab1dc4-c57f-4669-9a2c-2e5fe91bb808 None None] Lock "00000000-0000-0000-0000-000000000000" "released" by "nova.context.set_target_cell..get_or_set_cached_cell_and_set_connections" :: held 0.000s {{(pid=95902) inner /opt/stack/data/venv/lib/python3.12/site-packages/oslo_concurrency/lockutils.py:544}}
Aug 06 09:40:17.096956 np0000006644 nova-conductor[95902]: DEBUG oslo_concurrency.lockutils [None req-adab1dc4-c57f-4669-9a2c-2e5fe91bb808 None None] Acquiring lock "e43df010-1dc0-4430-9245-142256369f7d" by "nova.context.set_target_cell..get_or_set_cached_cell_and_set_connections" {{(pid=95902) inner /opt/stack/data/venv/lib/python3.12/site-packages/oslo_concurrency/lockutils.py:512}}
Aug 06 09:40:17.097986 np0000006644 nova-conductor[95902]: DEBUG oslo_concurrency.lockutils [None req-adab1dc4-c57f-4669-9a2c-2e5fe91bb808 None None] Lock "e43df010-1dc0-4430-9245-142256369f7d" acquired by "nova.context.set_target_cell..get_or_set_cached_cell_and_set_connections" :: waited 0.001s {{(pid=95902) inner /opt/stack/data/venv/lib/python3.12/site-packages/oslo_concurrency/lockutils.py:525}}
Aug 06 09:40:17.098131 np0000006644 nova-conductor[95902]: DEBUG oslo_concurrency.lockutils [None req-adab1dc4-c57f-4669-9a2c-2e5fe91bb808 None None] Lock "e43df010-1dc0-4430-9245-142256369f7d" "released" by "nova.context.set_target_cell..get_or_set_cached_cell_and_set_connections" :: held 0.000s {{(pid=95902) inner /opt/stack/data/venv/lib/python3.12/site-packages/oslo_concurrency/lockutils.py:544}}
Aug 06 09:40:17.107840 np0000006644 nova-conductor[95902]: INFO nova.compute.rpcapi [None req-adab1dc4-c57f-4669-9a2c-2e5fe91bb808 None None] Automatically selected compute RPC version 6.5 from minimum service version 72
Aug 06 09:40:17.108347 np0000006644 nova-conductor[95902]: DEBUG oslo_concurrency.lockutils [None req-adab1dc4-c57f-4669-9a2c-2e5fe91bb808 None None] Releasing lock "compute-rpcapi-router" {{(pid=95902) lock /opt/stack/data/venv/lib/python3.12/site-packages/oslo_concurrency/lockutils.py:419}}
Aug 06 09:40:19.921085 np0000006644 nova-conductor[95915]: DEBUG dbcounter [-] [95915] Writer thread running {{(pid=95915) stat_writer /opt/stack/data/venv/lib/python3.12/site-packages/dbcounter.py:102}}
Aug 06 09:40:20.387542 np0000006644 nova-conductor[95915]: DEBUG nova.conductor.manager [None req-4a433a21-d6a8-4908-aa55-cb418ae38671 tempest-ServerStableDeviceRescueTest-1581552645 tempest-ServerStableDeviceRescueTest-1581552645-project-member] Took 0.46 seconds to select destinations for 1 instance(s). {{(pid=95915) _schedule_instances /opt/stack/nova/nova/conductor/manager.py:968}}
Aug 06 09:40:20.417839 np0000006644 nova-conductor[95915]: DEBUG oslo_concurrency.lockutils [None req-4a433a21-d6a8-4908-aa55-cb418ae38671 tempest-ServerStableDeviceRescueTest-1581552645 tempest-ServerStableDeviceRescueTest-1581552645-project-member] Acquiring lock "e43df010-1dc0-4430-9245-142256369f7d" by "nova.context.set_target_cell..get_or_set_cached_cell_and_set_connections" {{(pid=95915) inner /opt/stack/data/venv/lib/python3.12/site-packages/oslo_concurrency/lockutils.py:512}}
Aug 06 09:40:20.418088 np0000006644 nova-conductor[95915]: DEBUG oslo_concurrency.lockutils [None req-4a433a21-d6a8-4908-aa55-cb418ae38671 tempest-ServerStableDeviceRescueTest-1581552645 tempest-ServerStableDeviceRescueTest-1581552645-project-member] Lock "e43df010-1dc0-4430-9245-142256369f7d" acquired by "nova.context.set_target_cell..get_or_set_cached_cell_and_set_connections" :: waited 0.000s {{(pid=95915) inner /opt/stack/data/venv/lib/python3.12/site-packages/oslo_concurrency/lockutils.py:525}}
Aug 06 09:40:20.419455 np0000006644 nova-conductor[95915]: DEBUG oslo_concurrency.lockutils [None req-4a433a21-d6a8-4908-aa55-cb418ae38671 tempest-ServerStableDeviceRescueTest-1581552645 tempest-ServerStableDeviceRescueTest-1581552645-project-member] Lock "e43df010-1dc0-4430-9245-142256369f7d" "released" by "nova.context.set_target_cell..get_or_set_cached_cell_and_set_connections" :: held 0.001s {{(pid=95915) inner /opt/stack/data/venv/lib/python3.12/site-packages/oslo_concurrency/lockutils.py:544}}
Aug 06 09:40:20.421472 np0000006644 nova-conductor[95915]: INFO dbcounter [None req-4a433a21-d6a8-4908-aa55-cb418ae38671 tempest-ServerStableDeviceRescueTest-1581552645 tempest-ServerStableDeviceRescueTest-1581552645-project-member] Registered counter for database nova_cell1
Aug 06 09:40:20.456671 np0000006644 nova-conductor[95915]: DEBUG oslo_db.sqlalchemy.engines [None req-4a433a21-d6a8-4908-aa55-cb418ae38671 tempest-ServerStableDeviceRescueTest-1581552645 tempest-ServerStableDeviceRescueTest-1581552645-project-member] MySQL server mode set to STRICT_TRANS_TABLES,STRICT_ALL_TABLES,NO_ZERO_IN_DATE,NO_ZERO_DATE,ERROR_FOR_DIVISION_BY_ZERO,TRADITIONAL,NO_ENGINE_SUBSTITUTION {{(pid=95915) _check_effective_sql_mode /opt/stack/data/venv/lib/python3.12/site-packages/oslo_db/sqlalchemy/engines.py:325}}
Aug 06 09:40:20.462585 np0000006644 nova-conductor[95915]: DEBUG dbcounter [-] [95915] Writer thread running {{(pid=95915) stat_writer /opt/stack/data/venv/lib/python3.12/site-packages/dbcounter.py:102}}
Aug 06 09:40:20.547367 np0000006644 nova-conductor[95915]: INFO nova.utils [None req-4a433a21-d6a8-4908-aa55-cb418ae38671 tempest-ServerStableDeviceRescueTest-1581552645 tempest-ServerStableDeviceRescueTest-1581552645-project-member] The cell worker thread pool ForkProcess-2.cell_worker is initialized
Aug 06 09:40:20.547776 np0000006644 nova-conductor[95915]: DEBUG oslo_concurrency.lockutils [None req-4a433a21-d6a8-4908-aa55-cb418ae38671 tempest-ServerStableDeviceRescueTest-1581552645 tempest-ServerStableDeviceRescueTest-1581552645-project-member] Acquiring lock "00000000-0000-0000-0000-000000000000" by "nova.context.set_target_cell..get_or_set_cached_cell_and_set_connections" {{(pid=95915) inner /opt/stack/data/venv/lib/python3.12/site-packages/oslo_concurrency/lockutils.py:512}}
Aug 06 09:40:20.547860 np0000006644 nova-conductor[95915]: DEBUG oslo_concurrency.lockutils [None req-4a433a21-d6a8-4908-aa55-cb418ae38671 tempest-ServerStableDeviceRescueTest-1581552645 tempest-ServerStableDeviceRescueTest-1581552645-project-member] Lock "00000000-0000-0000-0000-000000000000" acquired by "nova.context.set_target_cell..get_or_set_cached_cell_and_set_connections" :: waited 0.000s {{(pid=95915) inner /opt/stack/data/venv/lib/python3.12/site-packages/oslo_concurrency/lockutils.py:525}}
Aug 06 09:40:20.548441 np0000006644 nova-conductor[95915]: DEBUG oslo_concurrency.lockutils [None req-4a433a21-d6a8-4908-aa55-cb418ae38671 tempest-ServerStableDeviceRescueTest-1581552645 tempest-ServerStableDeviceRescueTest-1581552645-project-member] Lock "00000000-0000-0000-0000-000000000000" "released" by "nova.context.set_target_cell..get_or_set_cached_cell_and_set_connections" :: held 0.001s {{(pid=95915) inner /opt/stack/data/venv/lib/python3.12/site-packages/oslo_concurrency/lockutils.py:544}}
Aug 06 09:40:20.549492 np0000006644 nova-conductor[95915]: DEBUG oslo_concurrency.lockutils [None req-4a433a21-d6a8-4908-aa55-cb418ae38671 tempest-ServerStableDeviceRescueTest-1581552645 tempest-ServerStableDeviceRescueTest-1581552645-project-member] Acquiring lock "e43df010-1dc0-4430-9245-142256369f7d" by "nova.context.set_target_cell..get_or_set_cached_cell_and_set_connections" {{(pid=95915) inner /opt/stack/data/venv/lib/python3.12/site-packages/oslo_concurrency/lockutils.py:512}}
Aug 06 09:40:20.550919 np0000006644 nova-conductor[95915]: DEBUG oslo_concurrency.lockutils [None req-4a433a21-d6a8-4908-aa55-cb418ae38671 tempest-ServerStableDeviceRescueTest-1581552645 tempest-ServerStableDeviceRescueTest-1581552645-project-member] Lock "e43df010-1dc0-4430-9245-142256369f7d" acquired by "nova.context.set_target_cell..get_or_set_cached_cell_and_set_connections" :: waited 0.002s {{(pid=95915) inner /opt/stack/data/venv/lib/python3.12/site-packages/oslo_concurrency/lockutils.py:525}}
Aug 06 09:40:20.551218 np0000006644 nova-conductor[95915]: INFO dbcounter [None req-4a433a21-d6a8-4908-aa55-cb418ae38671 tempest-ServerStableDeviceRescueTest-1581552645 tempest-ServerStableDeviceRescueTest-1581552645-project-member] Registered counter for database nova_cell0
Aug 06 09:40:20.552910 np0000006644 nova-conductor[95915]: DEBUG oslo_concurrency.lockutils [None req-4a433a21-d6a8-4908-aa55-cb418ae38671 tempest-ServerStableDeviceRescueTest-1581552645 tempest-ServerStableDeviceRescueTest-1581552645-project-member] Lock "e43df010-1dc0-4430-9245-142256369f7d" "released" by "nova.context.set_target_cell..get_or_set_cached_cell_and_set_connections" :: held 0.000s {{(pid=95915) inner /opt/stack/data/venv/lib/python3.12/site-packages/oslo_concurrency/lockutils.py:544}}
Aug 06 09:40:20.601424 np0000006644 nova-conductor[95915]: DEBUG oslo_db.sqlalchemy.engines [None req-4a433a21-d6a8-4908-aa55-cb418ae38671 tempest-ServerStableDeviceRescueTest-1581552645 tempest-ServerStableDeviceRescueTest-1581552645-project-member] MySQL server mode set to STRICT_TRANS_TABLES,STRICT_ALL_TABLES,NO_ZERO_IN_DATE,NO_ZERO_DATE,ERROR_FOR_DIVISION_BY_ZERO,TRADITIONAL,NO_ENGINE_SUBSTITUTION {{(pid=95915) _check_effective_sql_mode /opt/stack/data/venv/lib/python3.12/site-packages/oslo_db/sqlalchemy/engines.py:325}}
Aug 06 09:40:20.608581 np0000006644 nova-conductor[95915]: DEBUG dbcounter [-] [95915] Writer thread running {{(pid=95915) stat_writer /opt/stack/data/venv/lib/python3.12/site-packages/dbcounter.py:102}}
