Jul 08 18:37:28.354913 np0000004844 devstack@g-api.service[102750]: DEBUG glance.common.config [None req-c63bb613-9ed3-4797-98ab-1615748b1872 None None] database.connection_debug = 0 {{(pid=102750) log_opt_values /opt/stack/data/venv/lib/python3.12/site-packages/oslo_config/cfg.py:3253}}
Jul 08 18:37:28.354933 np0000004844 devstack@g-api.service[102749]: DEBUG glance.common.config [None req-53817610-0ba8-4f0f-8d63-076102f75313 None None] database.db_retry_interval = 1 {{(pid=102749) log_opt_values /opt/stack/data/venv/lib/python3.12/site-packages/oslo_config/cfg.py:3253}}
Jul 08 18:37:28.354933 np0000004844 devstack@g-api.service[102749]: DEBUG glance.common.config [None req-53817610-0ba8-4f0f-8d63-076102f75313 None None] database.max_overflow = 50 {{(pid=102749) log_opt_values /opt/stack/data/venv/lib/python3.12/site-packages/oslo_config/cfg.py:3253}}
Jul 08 18:37:28.354985 np0000004844 devstack@g-api.service[102750]: DEBUG glance.common.config [None req-c63bb613-9ed3-4797-98ab-1615748b1872 None None] database.connection_parameters = {{(pid=102750) log_opt_values /opt/stack/data/venv/lib/python3.12/site-packages/oslo_config/cfg.py:3253}}
Jul 08 18:37:28.355007 np0000004844 devstack@g-api.service[102749]: DEBUG glance.common.config [None req-53817610-0ba8-4f0f-8d63-076102f75313 None None] database.max_pool_size = 5 {{(pid=102749) log_opt_values /opt/stack/data/venv/lib/python3.12/site-packages/oslo_config/cfg.py:3253}}
Jul 08 18:37:28.355037 np0000004844 devstack@g-api.service[102750]: DEBUG glance.common.config [None req-c63bb613-9ed3-4797-98ab-1615748b1872 None None] database.connection_recycle_time = 3600 {{(pid=102750) log_opt_values /opt/stack/data/venv/lib/python3.12/site-packages/oslo_config/cfg.py:3253}}
Jul 08 18:37:28.355064 np0000004844 devstack@g-api.service[102749]: DEBUG glance.common.config [None req-53817610-0ba8-4f0f-8d63-076102f75313 None None] database.max_retries = 10 {{(pid=102749) log_opt_values /opt/stack/data/venv/lib/python3.12/site-packages/oslo_config/cfg.py:3253}}
Jul 08 18:37:28.355086 np0000004844 devstack@g-api.service[102750]: DEBUG glance.common.config [None req-c63bb613-9ed3-4797-98ab-1615748b1872 None None] database.connection_trace = False {{(pid=102750) log_opt_values /opt/stack/data/venv/lib/python3.12/site-packages/oslo_config/cfg.py:3253}}
Jul 08 18:37:28.355110 np0000004844 devstack@g-api.service[102749]: DEBUG glance.common.config [None req-53817610-0ba8-4f0f-8d63-076102f75313 None None] database.mysql_sql_mode = TRADITIONAL {{(pid=102749) log_opt_values /opt/stack/data/venv/lib/python3.12/site-packages/oslo_config/cfg.py:3253}}
Jul 08 18:37:28.355132 np0000004844 devstack@g-api.service[102750]: DEBUG glance.common.config [None req-c63bb613-9ed3-4797-98ab-1615748b1872 None None] database.db_inc_retry_interval = True {{(pid=102750) log_opt_values /opt/stack/data/venv/lib/python3.12/site-packages/oslo_config/cfg.py:3253}}
Jul 08 18:37:28.355157 np0000004844 devstack@g-api.service[102749]: DEBUG glance.common.config [None req-53817610-0ba8-4f0f-8d63-076102f75313 None None] database.mysql_wsrep_sync_wait = None {{(pid=102749) log_opt_values /opt/stack/data/venv/lib/python3.12/site-packages/oslo_config/cfg.py:3253}}
Jul 08 18:37:28.355179 np0000004844 devstack@g-api.service[102750]: DEBUG glance.common.config [None req-c63bb613-9ed3-4797-98ab-1615748b1872 None None] database.db_max_retries = 20 {{(pid=102750) log_opt_values /opt/stack/data/venv/lib/python3.12/site-packages/oslo_config/cfg.py:3253}}
Jul 08 18:37:28.355204 np0000004844 devstack@g-api.service[102749]: DEBUG glance.common.config [None req-53817610-0ba8-4f0f-8d63-076102f75313 None None] database.pool_timeout = None {{(pid=102749) log_opt_values /opt/stack/data/venv/lib/python3.12/site-packages/oslo_config/cfg.py:3253}}
Jul 08 18:37:28.355229 np0000004844 devstack@g-api.service[102750]: DEBUG glance.common.config [None req-c63bb613-9ed3-4797-98ab-1615748b1872 None None] database.db_max_retry_interval = 10 {{(pid=102750) log_opt_values /opt/stack/data/venv/lib/python3.12/site-packages/oslo_config/cfg.py:3253}}
Jul 08 18:37:28.355258 np0000004844 devstack@g-api.service[102749]: DEBUG glance.common.config [None req-53817610-0ba8-4f0f-8d63-076102f75313 None None] database.retry_interval = 10 {{(pid=102749) log_opt_values /opt/stack/data/venv/lib/python3.12/site-packages/oslo_config/cfg.py:3253}}
Jul 08 18:37:28.355283 np0000004844 devstack@g-api.service[102750]: DEBUG glance.common.config [None req-c63bb613-9ed3-4797-98ab-1615748b1872 None None] database.db_retry_interval = 1 {{(pid=102750) log_opt_values /opt/stack/data/venv/lib/python3.12/site-packages/oslo_config/cfg.py:3253}}
Jul 08 18:37:28.355307 np0000004844 devstack@g-api.service[102749]: DEBUG glance.common.config [None req-53817610-0ba8-4f0f-8d63-076102f75313 None None] database.slave_connection = **** {{(pid=102749) log_opt_values /opt/stack/data/venv/lib/python3.12/site-packages/oslo_config/cfg.py:3253}}
Jul 08 18:37:28.355326 np0000004844 devstack@g-api.service[102750]: DEBUG glance.common.config [None req-c63bb613-9ed3-4797-98ab-1615748b1872 None None] database.max_overflow = 50 {{(pid=102750) log_opt_values /opt/stack/data/venv/lib/python3.12/site-packages/oslo_config/cfg.py:3253}}
Jul 08 18:37:28.355352 np0000004844 devstack@g-api.service[102749]: DEBUG glance.common.config [None req-53817610-0ba8-4f0f-8d63-076102f75313 None None] database.sqlite_synchronous = True {{(pid=102749) log_opt_values /opt/stack/data/venv/lib/python3.12/site-packages/oslo_config/cfg.py:3253}}
Jul 08 18:37:28.355374 np0000004844 devstack@g-api.service[102750]: DEBUG glance.common.config [None req-c63bb613-9ed3-4797-98ab-1615748b1872 None None] database.max_pool_size = 5 {{(pid=102750) log_opt_values /opt/stack/data/venv/lib/python3.12/site-packages/oslo_config/cfg.py:3253}}
Jul 08 18:37:28.355394 np0000004844 devstack@g-api.service[102749]: DEBUG glance.common.config [None req-53817610-0ba8-4f0f-8d63-076102f75313 None None] database.synchronous_reader = True {{(pid=102749) log_opt_values /opt/stack/data/venv/lib/python3.12/site-packages/oslo_config/cfg.py:3253}}
Jul 08 18:37:28.355416 np0000004844 devstack@g-api.service[102750]: DEBUG glance.common.config [None req-c63bb613-9ed3-4797-98ab-1615748b1872 None None] database.max_retries = 10 {{(pid=102750) log_opt_values /opt/stack/data/venv/lib/python3.12/site-packages/oslo_config/cfg.py:3253}}
Jul 08 18:37:28.355444 np0000004844 devstack@g-api.service[102749]: DEBUG glance.common.config [None req-53817610-0ba8-4f0f-8d63-076102f75313 None None] database.use_db_reconnect = False {{(pid=102749) log_opt_values /opt/stack/data/venv/lib/python3.12/site-packages/oslo_config/cfg.py:3253}}
Jul 08 18:37:28.355467 np0000004844 devstack@g-api.service[102750]: DEBUG glance.common.config [None req-c63bb613-9ed3-4797-98ab-1615748b1872 None None] database.mysql_sql_mode = TRADITIONAL {{(pid=102750) log_opt_values /opt/stack/data/venv/lib/python3.12/site-packages/oslo_config/cfg.py:3253}}
Jul 08 18:37:28.355490 np0000004844 devstack@g-api.service[102749]: DEBUG glance.common.config [None req-53817610-0ba8-4f0f-8d63-076102f75313 None None] healthcheck.allowed_source_ranges = [] {{(pid=102749) log_opt_values /opt/stack/data/venv/lib/python3.12/site-packages/oslo_config/cfg.py:3253}}
Jul 08 18:37:28.355516 np0000004844 devstack@g-api.service[102750]: DEBUG glance.common.config [None req-c63bb613-9ed3-4797-98ab-1615748b1872 None None] database.mysql_wsrep_sync_wait = None {{(pid=102750) log_opt_values /opt/stack/data/venv/lib/python3.12/site-packages/oslo_config/cfg.py:3253}}
Jul 08 18:37:28.355539 np0000004844 devstack@g-api.service[102749]: DEBUG glance.common.config [None req-53817610-0ba8-4f0f-8d63-076102f75313 None None] healthcheck.backends = ['disable_by_file'] {{(pid=102749) log_opt_values /opt/stack/data/venv/lib/python3.12/site-packages/oslo_config/cfg.py:3253}}
Jul 08 18:37:28.355561 np0000004844 devstack@g-api.service[102750]: DEBUG glance.common.config [None req-c63bb613-9ed3-4797-98ab-1615748b1872 None None] database.pool_timeout = None {{(pid=102750) log_opt_values /opt/stack/data/venv/lib/python3.12/site-packages/oslo_config/cfg.py:3253}}
Jul 08 18:37:28.355586 np0000004844 devstack@g-api.service[102749]: DEBUG glance.common.config [None req-53817610-0ba8-4f0f-8d63-076102f75313 None None] healthcheck.detailed = False {{(pid=102749) log_opt_values /opt/stack/data/venv/lib/python3.12/site-packages/oslo_config/cfg.py:3253}}
Jul 08 18:37:28.355627 np0000004844 devstack@g-api.service[102750]: DEBUG glance.common.config [None req-c63bb613-9ed3-4797-98ab-1615748b1872 None None] database.retry_interval = 10 {{(pid=102750) log_opt_values /opt/stack/data/venv/lib/python3.12/site-packages/oslo_config/cfg.py:3253}}
Jul 08 18:37:28.355663 np0000004844 devstack@g-api.service[102749]: DEBUG glance.common.config [None req-53817610-0ba8-4f0f-8d63-076102f75313 None None] healthcheck.disable_by_file_path = None {{(pid=102749) log_opt_values /opt/stack/data/venv/lib/python3.12/site-packages/oslo_config/cfg.py:3253}}
Jul 08 18:37:28.355687 np0000004844 devstack@g-api.service[102750]: DEBUG glance.common.config [None req-c63bb613-9ed3-4797-98ab-1615748b1872 None None] database.slave_connection = **** {{(pid=102750) log_opt_values /opt/stack/data/venv/lib/python3.12/site-packages/oslo_config/cfg.py:3253}}
Jul 08 18:37:28.355687 np0000004844 devstack@g-api.service[102750]: DEBUG glance.common.config [None req-c63bb613-9ed3-4797-98ab-1615748b1872 None None] database.sqlite_synchronous = True {{(pid=102750) log_opt_values /opt/stack/data/venv/lib/python3.12/site-packages/oslo_config/cfg.py:3253}}
Jul 08 18:37:28.355725 np0000004844 devstack@g-api.service[102749]: DEBUG glance.common.config [None req-53817610-0ba8-4f0f-8d63-076102f75313 None None] healthcheck.ignore_proxied_requests = False {{(pid=102749) log_opt_values /opt/stack/data/venv/lib/python3.12/site-packages/oslo_config/cfg.py:3253}}
Jul 08 18:37:28.355725 np0000004844 devstack@g-api.service[102749]: DEBUG glance.common.config [None req-53817610-0ba8-4f0f-8d63-076102f75313 None None] ******************************************************************************** {{(pid=102749) log_opt_values /opt/stack/data/venv/lib/python3.12/site-packages/oslo_config/cfg.py:3260}}
Jul 08 18:37:28.355765 np0000004844 devstack@g-api.service[102750]: DEBUG glance.common.config [None req-c63bb613-9ed3-4797-98ab-1615748b1872 None None] database.synchronous_reader = True {{(pid=102750) log_opt_values /opt/stack/data/venv/lib/python3.12/site-packages/oslo_config/cfg.py:3253}}
Jul 08 18:37:28.355789 np0000004844 devstack@g-api.service[102749]: WSGI app 0 (mountpoint='') ready in 2 seconds on interpreter 0x7ac954ca4668 pid: 102749 (default app)
Jul 08 18:37:28.355811 np0000004844 devstack@g-api.service[102750]: DEBUG glance.common.config [None req-c63bb613-9ed3-4797-98ab-1615748b1872 None None] database.use_db_reconnect = False {{(pid=102750) log_opt_values /opt/stack/data/venv/lib/python3.12/site-packages/oslo_config/cfg.py:3253}}
Jul 08 18:37:28.355811 np0000004844 devstack@g-api.service[102750]: DEBUG glance.common.config [None req-c63bb613-9ed3-4797-98ab-1615748b1872 None None] healthcheck.allowed_source_ranges = [] {{(pid=102750) log_opt_values /opt/stack/data/venv/lib/python3.12/site-packages/oslo_config/cfg.py:3253}}
Jul 08 18:37:28.355811 np0000004844 devstack@g-api.service[102750]: DEBUG glance.common.config [None req-c63bb613-9ed3-4797-98ab-1615748b1872 None None] healthcheck.backends = ['disable_by_file'] {{(pid=102750) log_opt_values /opt/stack/data/venv/lib/python3.12/site-packages/oslo_config/cfg.py:3253}}
Jul 08 18:37:28.355811 np0000004844 devstack@g-api.service[102750]: DEBUG glance.common.config [None req-c63bb613-9ed3-4797-98ab-1615748b1872 None None] healthcheck.detailed = False {{(pid=102750) log_opt_values /opt/stack/data/venv/lib/python3.12/site-packages/oslo_config/cfg.py:3253}}
Jul 08 18:37:28.355811 np0000004844 devstack@g-api.service[102750]: DEBUG glance.common.config [None req-c63bb613-9ed3-4797-98ab-1615748b1872 None None] healthcheck.disable_by_file_path = None {{(pid=102750) log_opt_values /opt/stack/data/venv/lib/python3.12/site-packages/oslo_config/cfg.py:3253}}
Jul 08 18:37:28.355811 np0000004844 devstack@g-api.service[102750]: DEBUG glance.common.config [None req-c63bb613-9ed3-4797-98ab-1615748b1872 None None] healthcheck.ignore_proxied_requests = False {{(pid=102750) log_opt_values /opt/stack/data/venv/lib/python3.12/site-packages/oslo_config/cfg.py:3253}}
Jul 08 18:37:28.355811 np0000004844 devstack@g-api.service[102750]: DEBUG glance.common.config [None req-c63bb613-9ed3-4797-98ab-1615748b1872 None None] ******************************************************************************** {{(pid=102750) log_opt_values /opt/stack/data/venv/lib/python3.12/site-packages/oslo_config/cfg.py:3260}}
Jul 08 18:37:28.355942 np0000004844 devstack@g-api.service[102750]: WSGI app 0 (mountpoint='') ready in 2 seconds on interpreter 0x7ac954ca4668 pid: 102750 (default app)
Jul 08 18:37:30.245889 np0000004844 devstack@g-api.service[102751]: DEBUG glance.api.middleware.version_negotiation [None req-559f3400-4450-47d2-bfc2-0c9b36d09344 None None] Determining version of request: GET / Accept: application/json {{(pid=102751) process_request /opt/stack/glance/glance/api/middleware/version_negotiation.py:44}}
Jul 08 18:37:30.246192 np0000004844 devstack@g-api.service[102751]: DEBUG glance.api.middleware.version_negotiation [None req-559f3400-4450-47d2-bfc2-0c9b36d09344 None None] Using url versioning {{(pid=102751) process_request /opt/stack/glance/glance/api/middleware/version_negotiation.py:57}}
Jul 08 18:37:30.246192 np0000004844 devstack@g-api.service[102751]: DEBUG glance.api.middleware.version_negotiation [None req-559f3400-4450-47d2-bfc2-0c9b36d09344 None None] Unknown version. Returning version choices. {{(pid=102751) process_request /opt/stack/glance/glance/api/middleware/version_negotiation.py:64}}
Jul 08 18:37:30.246805 np0000004844 devstack@g-api.service[102751]: [pid: 102751|app: 0|req: 2/2] 127.0.0.1 () {36 vars in 573 bytes} [Wed Jul 8 18:37:30 2026] GET / => generated 1515 bytes in 1 msecs (HTTP/1.1 300) 3 headers in 106 bytes (1 switches on core 0)
Jul 08 18:37:30.257377 np0000004844 devstack@g-api.service[102748]: DEBUG glance.api.middleware.version_negotiation [None req-df72e5f1-1552-45db-96f5-24f1173b786d None None] Determining version of request: POST /v2/images Accept: */* {{(pid=102748) process_request /opt/stack/glance/glance/api/middleware/version_negotiation.py:44}}
Jul 08 18:37:30.257737 np0000004844 devstack@g-api.service[102748]: DEBUG glance.api.middleware.version_negotiation [None req-df72e5f1-1552-45db-96f5-24f1173b786d None None] Using url versioning {{(pid=102748) process_request /opt/stack/glance/glance/api/middleware/version_negotiation.py:57}}
Jul 08 18:37:30.258089 np0000004844 devstack@g-api.service[102748]: DEBUG glance.api.middleware.version_negotiation [None req-df72e5f1-1552-45db-96f5-24f1173b786d None None] Matched version: v2 {{(pid=102748) process_request /opt/stack/glance/glance/api/middleware/version_negotiation.py:69}}
Jul 08 18:37:30.258210 np0000004844 devstack@g-api.service[102748]: DEBUG glance.api.middleware.version_negotiation [None req-df72e5f1-1552-45db-96f5-24f1173b786d None None] new path /v2/images {{(pid=102748) process_request /opt/stack/glance/glance/api/middleware/version_negotiation.py:70}}
Jul 08 18:37:31.237485 np0000004844 devstack@g-api.service[102748]: [pid: 102748|app: 0|req: 1/3] 127.0.0.1 () {42 vars in 836 bytes} [Wed Jul 8 18:37:30 2026] POST /v2/images => generated 807 bytes in 980 msecs (HTTP/1.1 201) 6 headers in 315 bytes (1 switches on core 0)
Jul 08 18:37:31.245640 np0000004844 devstack@g-api.service[102749]: DEBUG glance.api.middleware.version_negotiation [None req-53817610-0ba8-4f0f-8d63-076102f75313 None None] Determining version of request: PUT /v2/images/5a21880f-f2fd-4e00-9776-74697e4cc6cd/stage Accept: {{(pid=102749) process_request /opt/stack/glance/glance/api/middleware/version_negotiation.py:44}}
Jul 08 18:37:31.246152 np0000004844 devstack@g-api.service[102749]: DEBUG glance.api.middleware.version_negotiation [None req-53817610-0ba8-4f0f-8d63-076102f75313 None None] Using url versioning {{(pid=102749) process_request /opt/stack/glance/glance/api/middleware/version_negotiation.py:57}}
Jul 08 18:37:31.246211 np0000004844 devstack@g-api.service[102749]: DEBUG glance.api.middleware.version_negotiation [None req-53817610-0ba8-4f0f-8d63-076102f75313 None None] Matched version: v2 {{(pid=102749) process_request /opt/stack/glance/glance/api/middleware/version_negotiation.py:69}}
Jul 08 18:37:31.246413 np0000004844 devstack@g-api.service[102749]: DEBUG glance.api.middleware.version_negotiation [None req-53817610-0ba8-4f0f-8d63-076102f75313 None None] new path /v2/images/5a21880f-f2fd-4e00-9776-74697e4cc6cd/stage {{(pid=102749) process_request /opt/stack/glance/glance/api/middleware/version_negotiation.py:70}}
Jul 08 18:37:31.813122 np0000004844 devstack@g-api.service[102749]: DEBUG glance_store.backend [None req-8f390f76-246f-491b-bbc6-54fb6c3bb9b8 admin admin] Attempting to import store cinder {{(pid=102749) _load_store /opt/stack/data/venv/lib/python3.12/site-packages/glance_store/backend.py:215}}
Jul 08 18:37:31.813254 np0000004844 devstack@g-api.service[102749]: DEBUG glance_store.backend [None req-8f390f76-246f-491b-bbc6-54fb6c3bb9b8 admin admin] Attempting to import store file {{(pid=102749) _load_store /opt/stack/data/venv/lib/python3.12/site-packages/glance_store/backend.py:215}}
Jul 08 18:37:31.813398 np0000004844 devstack@g-api.service[102749]: DEBUG glance_store.backend [None req-8f390f76-246f-491b-bbc6-54fb6c3bb9b8 admin admin] Attempting to import store glance.store.cinder.Store {{(pid=102749) _load_store /opt/stack/data/venv/lib/python3.12/site-packages/glance_store/backend.py:215}}
Jul 08 18:37:31.813529 np0000004844 devstack@g-api.service[102749]: DEBUG glance_store.backend [None req-8f390f76-246f-491b-bbc6-54fb6c3bb9b8 admin admin] Attempting to import store glance.store.filesystem.Store {{(pid=102749) _load_store /opt/stack/data/venv/lib/python3.12/site-packages/glance_store/backend.py:215}}
Jul 08 18:37:31.813732 np0000004844 devstack@g-api.service[102749]: DEBUG glance_store.backend [None req-8f390f76-246f-491b-bbc6-54fb6c3bb9b8 admin admin] Attempting to import store glance.store.http.Store {{(pid=102749) _load_store /opt/stack/data/venv/lib/python3.12/site-packages/glance_store/backend.py:215}}
Jul 08 18:37:31.813871 np0000004844 devstack@g-api.service[102749]: DEBUG glance_store.backend [None req-8f390f76-246f-491b-bbc6-54fb6c3bb9b8 admin admin] Attempting to import store glance.store.rbd.Store {{(pid=102749) _load_store /opt/stack/data/venv/lib/python3.12/site-packages/glance_store/backend.py:215}}
Jul 08 18:37:31.814019 np0000004844 devstack@g-api.service[102749]: DEBUG glance_store.backend [None req-8f390f76-246f-491b-bbc6-54fb6c3bb9b8 admin admin] Attempting to import store glance.store.s3.Store {{(pid=102749) _load_store /opt/stack/data/venv/lib/python3.12/site-packages/glance_store/backend.py:215}}
Jul 08 18:37:31.814151 np0000004844 devstack@g-api.service[102749]: DEBUG glance_store.backend [None req-8f390f76-246f-491b-bbc6-54fb6c3bb9b8 admin admin] Attempting to import store glance.store.swift.Store {{(pid=102749) _load_store /opt/stack/data/venv/lib/python3.12/site-packages/glance_store/backend.py:215}}
Jul 08 18:37:31.814288 np0000004844 devstack@g-api.service[102749]: DEBUG glance_store.backend [None req-8f390f76-246f-491b-bbc6-54fb6c3bb9b8 admin admin] Attempting to import store glance.store.vmware_datastore.Store {{(pid=102749) _load_store /opt/stack/data/venv/lib/python3.12/site-packages/glance_store/backend.py:215}}
Jul 08 18:37:31.814419 np0000004844 devstack@g-api.service[102749]: DEBUG glance_store.backend [None req-8f390f76-246f-491b-bbc6-54fb6c3bb9b8 admin admin] Attempting to import store http {{(pid=102749) _load_store /opt/stack/data/venv/lib/python3.12/site-packages/glance_store/backend.py:215}}
Jul 08 18:37:31.814551 np0000004844 devstack@g-api.service[102749]: DEBUG glance_store.backend [None req-8f390f76-246f-491b-bbc6-54fb6c3bb9b8 admin admin] Attempting to import store no_conf {{(pid=102749) _load_store /opt/stack/data/venv/lib/python3.12/site-packages/glance_store/backend.py:215}}
Jul 08 18:37:31.814700 np0000004844 devstack@g-api.service[102749]: DEBUG glance_store.backend [None req-8f390f76-246f-491b-bbc6-54fb6c3bb9b8 admin admin] Attempting to import store rbd {{(pid=102749) _load_store /opt/stack/data/venv/lib/python3.12/site-packages/glance_store/backend.py:215}}
Jul 08 18:37:31.814830 np0000004844 devstack@g-api.service[102749]: DEBUG glance_store.backend [None req-8f390f76-246f-491b-bbc6-54fb6c3bb9b8 admin admin] Attempting to import store s3 {{(pid=102749) _load_store /opt/stack/data/venv/lib/python3.12/site-packages/glance_store/backend.py:215}}
Jul 08 18:37:31.814977 np0000004844 devstack@g-api.service[102749]: DEBUG glance_store.backend [None req-8f390f76-246f-491b-bbc6-54fb6c3bb9b8 admin admin] Attempting to import store swift {{(pid=102749) _load_store /opt/stack/data/venv/lib/python3.12/site-packages/glance_store/backend.py:215}}
Jul 08 18:37:31.815334 np0000004844 devstack@g-api.service[102749]: DEBUG glance_store.backend [None req-8f390f76-246f-491b-bbc6-54fb6c3bb9b8 admin admin] Attempting to import store vmware {{(pid=102749) _load_store /opt/stack/data/venv/lib/python3.12/site-packages/glance_store/backend.py:215}}
Jul 08 18:37:31.815334 np0000004844 devstack@g-api.service[102749]: DEBUG glance_store.backend [None req-8f390f76-246f-491b-bbc6-54fb6c3bb9b8 admin admin] Registering options for group glance_store {{(pid=102749) register_opts /opt/stack/data/venv/lib/python3.12/site-packages/glance_store/backend.py:144}}
Jul 08 18:37:31.815334 np0000004844 devstack@g-api.service[102749]: DEBUG glance_store.backend [None req-8f390f76-246f-491b-bbc6-54fb6c3bb9b8 admin admin] Registering options for group glance_store {{(pid=102749) register_opts /opt/stack/data/venv/lib/python3.12/site-packages/glance_store/backend.py:144}}
Jul 08 18:37:31.815709 np0000004844 devstack@g-api.service[102749]: DEBUG glance_store.backend [None req-8f390f76-246f-491b-bbc6-54fb6c3bb9b8 admin admin] Attempting to import store file {{(pid=102749) _load_store /opt/stack/data/venv/lib/python3.12/site-packages/glance_store/backend.py:215}}
Jul 08 18:37:31.816079 np0000004844 devstack@g-api.service[102749]: INFO glance_store._drivers.filesystem [None req-8f390f76-246f-491b-bbc6-54fb6c3bb9b8 admin admin] Directory to write image files does not exist (/tmp/staging/). Creating.
Jul 08 18:37:31.816312 np0000004844 devstack@g-api.service[102749]: DEBUG glance_store.capabilities [None req-8f390f76-246f-491b-bbc6-54fb6c3bb9b8 admin admin] Store glance_store._drivers.filesystem.Store doesn't support updating dynamic storage capabilities. Please overwrite 'update_capabilities' method of the store to implement updating logics if needed. {{(pid=102749) update_capabilities /opt/stack/data/venv/lib/python3.12/site-packages/glance_store/capabilities.py:91}}
Jul 08 18:37:32.397004 np0000004844 devstack@g-api.service[102749]: DEBUG glance_store._drivers.filesystem [None req-8f390f76-246f-491b-bbc6-54fb6c3bb9b8 admin admin] Wrote 21430272 bytes to /tmp/staging/5a21880f-f2fd-4e00-9776-74697e4cc6cd with checksum c8fc807773e5354afe61636071771906 and multihash c8fc807773e5354afe61636071771906 {{(pid=102749) add /opt/stack/data/venv/lib/python3.12/site-packages/glance_store/_drivers/filesystem.py:899}}
Jul 08 18:37:32.417132 np0000004844 devstack@g-api.service[102749]: [pid: 102749|app: 0|req: 1/4] 127.0.0.1 () {42 vars in 931 bytes} [Wed Jul 8 18:37:31 2026] PUT /v2/images/5a21880f-f2fd-4e00-9776-74697e4cc6cd/stage => generated 0 bytes in 1172 msecs (HTTP/1.1 204) 4 headers in 171 bytes (1 switches on core 0)
Jul 08 18:37:32.425723 np0000004844 devstack@g-api.service[102750]: DEBUG glance.api.middleware.version_negotiation [None req-c63bb613-9ed3-4797-98ab-1615748b1872 None None] Determining version of request: POST /v2/images/5a21880f-f2fd-4e00-9776-74697e4cc6cd/import Accept: */* {{(pid=102750) process_request /opt/stack/glance/glance/api/middleware/version_negotiation.py:44}}
Jul 08 18:37:32.426041 np0000004844 devstack@g-api.service[102750]: DEBUG glance.api.middleware.version_negotiation [None req-c63bb613-9ed3-4797-98ab-1615748b1872 None None] Using url versioning {{(pid=102750) process_request /opt/stack/glance/glance/api/middleware/version_negotiation.py:57}}
Jul 08 18:37:32.426317 np0000004844 devstack@g-api.service[102750]: DEBUG glance.api.middleware.version_negotiation [None req-c63bb613-9ed3-4797-98ab-1615748b1872 None None] Matched version: v2 {{(pid=102750) process_request /opt/stack/glance/glance/api/middleware/version_negotiation.py:69}}
Jul 08 18:37:32.426425 np0000004844 devstack@g-api.service[102750]: DEBUG glance.api.middleware.version_negotiation [None req-c63bb613-9ed3-4797-98ab-1615748b1872 None None] new path /v2/images/5a21880f-f2fd-4e00-9776-74697e4cc6cd/import {{(pid=102750) process_request /opt/stack/glance/glance/api/middleware/version_negotiation.py:70}}
Jul 08 18:37:33.048244 np0000004844 devstack@g-api.service[102750]: DEBUG glance.domain [None req-d1eeb797-ef9d-468d-bf1c-574a1c12cd1c admin admin] Loading taskflow executor {{(pid=102750) new_task_executor /opt/stack/glance/glance/domain/__init__.py:515}}
Jul 08 18:37:33.220695 np0000004844 devstack@g-api.service[102750]: DEBUG oslo_concurrency.lockutils [None req-d1eeb797-ef9d-468d-bf1c-574a1c12cd1c admin admin] Acquiring lock "tasks_pool" by "glance.api.common.memoize..memoizer_wrapper..memoizer" {{(pid=102750) inner /opt/stack/data/venv/lib/python3.12/site-packages/oslo_concurrency/lockutils.py:511}}
Jul 08 18:37:33.220846 np0000004844 devstack@g-api.service[102750]: DEBUG oslo_concurrency.lockutils [None req-d1eeb797-ef9d-468d-bf1c-574a1c12cd1c admin admin] Lock "tasks_pool" acquired by "glance.api.common.memoize..memoizer_wrapper..memoizer" :: waited 0.001s {{(pid=102750) inner /opt/stack/data/venv/lib/python3.12/site-packages/oslo_concurrency/lockutils.py:524}}
Jul 08 18:37:33.221328 np0000004844 devstack@g-api.service[102750]: DEBUG glance.api.common [None req-d1eeb797-ef9d-468d-bf1c-574a1c12cd1c admin admin] Initializing named threadpool 'tasks_pool' {{(pid=102750) _get_thread_pool /opt/stack/glance/glance/api/common.py:242}}
Jul 08 18:37:33.221828 np0000004844 devstack@g-api.service[102750]: DEBUG glance.async_ [None req-d1eeb797-ef9d-468d-bf1c-574a1c12cd1c admin admin] Creating threadpool model 'ThreadPoolExecutor' with size 16 {{(pid=102750) __init__ /opt/stack/glance/glance/async_/__init__.py:100}}
Jul 08 18:37:33.221967 np0000004844 devstack@g-api.service[102750]: DEBUG oslo_concurrency.lockutils [None req-d1eeb797-ef9d-468d-bf1c-574a1c12cd1c admin admin] Lock "tasks_pool" "released" by "glance.api.common.memoize..memoizer_wrapper..memoizer" :: held 0.001s {{(pid=102750) inner /opt/stack/data/venv/lib/python3.12/site-packages/oslo_concurrency/lockutils.py:543}}
Jul 08 18:37:33.222084 np0000004844 devstack@g-api.service[102750]: DEBUG glance.async_ [None req-d1eeb797-ef9d-468d-bf1c-574a1c12cd1c admin admin] Spawning with ThreadPoolExecutor: >((,), {}) {{(pid=102750) spawn /opt/stack/glance/glance/async_/__init__.py:106}}
Jul 08 18:37:33.224090 np0000004844 devstack@g-api.service[102750]: [pid: 102750|app: 0|req: 1/5] 127.0.0.1 () {42 vars in 923 bytes} [Wed Jul 8 18:37:32 2026] POST /v2/images/5a21880f-f2fd-4e00-9776-74697e4cc6cd/import => generated 0 bytes in 798 msecs (HTTP/1.1 202) 4 headers in 169 bytes (1 switches on core 0)
Jul 08 18:37:33.226481 np0000004844 devstack@g-api.service[102750]: INFO glance.domain [-] Task [d4cb8794-9a91-428c-b11a-e11a2021cb0f] status changing from pending to processing
Jul 08 18:37:33.232006 np0000004844 devstack@g-api.service[102751]: DEBUG glance.api.middleware.version_negotiation [None req-559f3400-4450-47d2-bfc2-0c9b36d09344 None None] Determining version of request: GET /v2/images/5a21880f-f2fd-4e00-9776-74697e4cc6cd Accept: */* {{(pid=102751) process_request /opt/stack/glance/glance/api/middleware/version_negotiation.py:44}}
Jul 08 18:37:33.232388 np0000004844 devstack@g-api.service[102751]: DEBUG glance.api.middleware.version_negotiation [None req-559f3400-4450-47d2-bfc2-0c9b36d09344 None None] Using url versioning {{(pid=102751) process_request /opt/stack/glance/glance/api/middleware/version_negotiation.py:57}}
Jul 08 18:37:33.232563 np0000004844 devstack@g-api.service[102751]: DEBUG glance.api.middleware.version_negotiation [None req-559f3400-4450-47d2-bfc2-0c9b36d09344 None None] Matched version: v2 {{(pid=102751) process_request /opt/stack/glance/glance/api/middleware/version_negotiation.py:69}}
Jul 08 18:37:33.232663 np0000004844 devstack@g-api.service[102751]: DEBUG glance.api.middleware.version_negotiation [None req-559f3400-4450-47d2-bfc2-0c9b36d09344 None None] new path /v2/images/5a21880f-f2fd-4e00-9776-74697e4cc6cd {{(pid=102751) process_request /opt/stack/glance/glance/api/middleware/version_negotiation.py:70}}
Jul 08 18:37:33.239489 np0000004844 devstack@g-api.service[102750]: DEBUG glance.async_.taskflow_executor [-] Taskflow executor picked up the execution of task ID d4cb8794-9a91-428c-b11a-e11a2021cb0f of task type api_image_import {{(pid=102750) _run /opt/stack/glance/glance/async_/taskflow_executor.py:175}}
Jul 08 18:37:33.259037 np0000004844 devstack@g-api.service[102750]: DEBUG glance_store.backend [-] Attempting to import store cinder {{(pid=102750) _load_store /opt/stack/data/venv/lib/python3.12/site-packages/glance_store/backend.py:215}}
Jul 08 18:37:33.259138 np0000004844 devstack@g-api.service[102750]: DEBUG glance_store.backend [-] Attempting to import store file {{(pid=102750) _load_store /opt/stack/data/venv/lib/python3.12/site-packages/glance_store/backend.py:215}}
Jul 08 18:37:33.259254 np0000004844 devstack@g-api.service[102750]: DEBUG glance_store.backend [-] Attempting to import store glance.store.cinder.Store {{(pid=102750) _load_store /opt/stack/data/venv/lib/python3.12/site-packages/glance_store/backend.py:215}}
Jul 08 18:37:33.259294 np0000004844 devstack@g-api.service[102750]: DEBUG glance_store.backend [-] Attempting to import store glance.store.filesystem.Store {{(pid=102750) _load_store /opt/stack/data/venv/lib/python3.12/site-packages/glance_store/backend.py:215}}
Jul 08 18:37:33.259390 np0000004844 devstack@g-api.service[102750]: DEBUG glance_store.backend [-] Attempting to import store glance.store.http.Store {{(pid=102750) _load_store /opt/stack/data/venv/lib/python3.12/site-packages/glance_store/backend.py:215}}
Jul 08 18:37:33.259471 np0000004844 devstack@g-api.service[102750]: DEBUG glance_store.backend [-] Attempting to import store glance.store.rbd.Store {{(pid=102750) _load_store /opt/stack/data/venv/lib/python3.12/site-packages/glance_store/backend.py:215}}
Jul 08 18:37:33.259506 np0000004844 devstack@g-api.service[102750]: DEBUG glance_store.backend [-] Attempting to import store glance.store.s3.Store {{(pid=102750) _load_store /opt/stack/data/venv/lib/python3.12/site-packages/glance_store/backend.py:215}}
Jul 08 18:37:33.259582 np0000004844 devstack@g-api.service[102750]: DEBUG glance_store.backend [-] Attempting to import store glance.store.swift.Store {{(pid=102750) _load_store /opt/stack/data/venv/lib/python3.12/site-packages/glance_store/backend.py:215}}
Jul 08 18:37:33.259678 np0000004844 devstack@g-api.service[102750]: DEBUG glance_store.backend [-] Attempting to import store glance.store.vmware_datastore.Store {{(pid=102750) _load_store /opt/stack/data/venv/lib/python3.12/site-packages/glance_store/backend.py:215}}
Jul 08 18:37:33.259754 np0000004844 devstack@g-api.service[102750]: DEBUG glance_store.backend [-] Attempting to import store http {{(pid=102750) _load_store /opt/stack/data/venv/lib/python3.12/site-packages/glance_store/backend.py:215}}
Jul 08 18:37:33.259813 np0000004844 devstack@g-api.service[102750]: DEBUG glance_store.backend [-] Attempting to import store no_conf {{(pid=102750) _load_store /opt/stack/data/venv/lib/python3.12/site-packages/glance_store/backend.py:215}}
Jul 08 18:37:33.259902 np0000004844 devstack@g-api.service[102750]: DEBUG glance_store.backend [-] Attempting to import store rbd {{(pid=102750) _load_store /opt/stack/data/venv/lib/python3.12/site-packages/glance_store/backend.py:215}}
Jul 08 18:37:33.259995 np0000004844 devstack@g-api.service[102750]: DEBUG glance_store.backend [-] Attempting to import store s3 {{(pid=102750) _load_store /opt/stack/data/venv/lib/python3.12/site-packages/glance_store/backend.py:215}}
Jul 08 18:37:33.260070 np0000004844 devstack@g-api.service[102750]: DEBUG glance_store.backend [-] Attempting to import store swift {{(pid=102750) _load_store /opt/stack/data/venv/lib/python3.12/site-packages/glance_store/backend.py:215}}
Jul 08 18:37:33.260140 np0000004844 devstack@g-api.service[102750]: DEBUG glance_store.backend [-] Attempting to import store vmware {{(pid=102750) _load_store /opt/stack/data/venv/lib/python3.12/site-packages/glance_store/backend.py:215}}
Jul 08 18:37:33.260220 np0000004844 devstack@g-api.service[102750]: DEBUG glance_store.backend [-] Registering options for group glance_store {{(pid=102750) register_opts /opt/stack/data/venv/lib/python3.12/site-packages/glance_store/backend.py:144}}
Jul 08 18:37:33.260288 np0000004844 devstack@g-api.service[102750]: DEBUG glance_store.backend [-] Registering options for group glance_store {{(pid=102750) register_opts /opt/stack/data/venv/lib/python3.12/site-packages/glance_store/backend.py:144}}
Jul 08 18:37:33.260530 np0000004844 devstack@g-api.service[102750]: DEBUG glance_store.backend [-] Attempting to import store file {{(pid=102750) _load_store /opt/stack/data/venv/lib/python3.12/site-packages/glance_store/backend.py:215}}
Jul 08 18:37:33.260870 np0000004844 devstack@g-api.service[102750]: DEBUG glance_store.capabilities [-] Store glance_store._drivers.filesystem.Store doesn't support updating dynamic storage capabilities. Please overwrite 'update_capabilities' method of the store to implement updating logics if needed. {{(pid=102750) update_capabilities /opt/stack/data/venv/lib/python3.12/site-packages/glance_store/capabilities.py:91}}
Jul 08 18:37:33.267096 np0000004844 devstack@g-api.service[102750]: DEBUG glance.async_.flows.api_image_import [-] Image 5a21880f-f2fd-4e00-9776-74697e4cc6cd os_glance_importing_to_stores= {{(pid=102750) merge_store_list /opt/stack/glance/glance/async_/flows/api_image_import.py:297}}
Jul 08 18:37:33.267172 np0000004844 devstack@g-api.service[102750]: DEBUG glance.async_.flows.api_image_import [-] Image 5a21880f-f2fd-4e00-9776-74697e4cc6cd os_glance_failed_import= {{(pid=102750) merge_store_list /opt/stack/glance/glance/async_/flows/api_image_import.py:297}}
Jul 08 18:37:33.268143 np0000004844 devstack@g-api.service[102751]: [pid: 102751|app: 0|req: 3/6] 127.0.0.1 () {38 vars in 856 bytes} [Wed Jul 8 18:37:33 2026] GET /v2/images/5a21880f-f2fd-4e00-9776-74697e4cc6cd => generated 879 bytes in 36 msecs (HTTP/1.1 200) 4 headers in 157 bytes (1 switches on core 0)
Jul 08 18:37:33.271300 np0000004844 devstack@g-api.service[102750]: DEBUG glance.async_.flows.api_image_import [-] Image 5a21880f-f2fd-4e00-9776-74697e4cc6cd status changing from uploading to importing {{(pid=102750) __exit__ /opt/stack/glance/glance/async_/flows/api_image_import.py:184}}
Jul 08 18:37:33.706278 np0000004844 devstack@g-api.service[102750]: DEBUG glance.async_ [-] Creating threadpool model 'ThreadPoolExecutor' with size 10 {{(pid=102750) __init__ /opt/stack/glance/glance/async_/__init__.py:100}}
Jul 08 18:37:33.719163 np0000004844 devstack@g-api.service[102750]: DEBUG glance.async_.taskflow_executor [-] Flow 'api_image_import' (e82bf6b1-3894-429e-b8dd-6623f841051c) transitioned into state 'RUNNING' from state 'PENDING' {{(pid=102750) _flow_receiver /opt/stack/data/venv/lib/python3.12/site-packages/taskflow/listeners/logging.py:160}}
Jul 08 18:37:33.720906 np0000004844 devstack@g-api.service[102750]: DEBUG glance.async_.taskflow_executor [-] Task 'api_image_import-ImageLock-d4cb8794-9a91-428c-b11a-e11a2021cb0f' (216c154a-d624-464a-afbd-d096ed2c7294) transitioned into state 'RUNNING' from state 'PENDING' {{(pid=102750) _task_receiver /opt/stack/data/venv/lib/python3.12/site-packages/taskflow/listeners/logging.py:242}}
Jul 08 18:37:33.727618 np0000004844 devstack@g-api.service[102750]: DEBUG glance.async_.flows.api_image_import [-] Image 5a21880f-f2fd-4e00-9776-74697e4cc6cd import task d4cb8794-9a91-428c-b11a-e11a2021cb0f lock confirmed {{(pid=102750) execute /opt/stack/glance/glance/async_/flows/api_image_import.py:497}}
Jul 08 18:37:33.728266 np0000004844 devstack@g-api.service[102750]: DEBUG glance.async_.taskflow_executor [-] Task 'api_image_import-ImageLock-d4cb8794-9a91-428c-b11a-e11a2021cb0f' (216c154a-d624-464a-afbd-d096ed2c7294) transitioned into state 'SUCCESS' from state 'RUNNING' with result 'None' {{(pid=102750) _task_receiver /opt/stack/data/venv/lib/python3.12/site-packages/taskflow/listeners/logging.py:218}}
Jul 08 18:37:33.728981 np0000004844 devstack@g-api.service[102750]: DEBUG glance.async_.taskflow_executor [-] Task 'api_image_import-ConfigureStaging-d4cb8794-9a91-428c-b11a-e11a2021cb0f' (5050ebbd-0eee-4356-b9fc-bbd352c9c155) transitioned into state 'RUNNING' from state 'PENDING' {{(pid=102750) _task_receiver /opt/stack/data/venv/lib/python3.12/site-packages/taskflow/listeners/logging.py:242}}
Jul 08 18:37:33.729531 np0000004844 devstack@g-api.service[102750]: DEBUG glance.async_.taskflow_executor [-] Task 'api_image_import-ConfigureStaging-d4cb8794-9a91-428c-b11a-e11a2021cb0f' (5050ebbd-0eee-4356-b9fc-bbd352c9c155) transitioned into state 'SUCCESS' from state 'RUNNING' with result 'file:///tmp/staging/5a21880f-f2fd-4e00-9776-74697e4cc6cd' {{(pid=102750) _task_receiver /opt/stack/data/venv/lib/python3.12/site-packages/taskflow/listeners/logging.py:218}}
Jul 08 18:37:33.730140 np0000004844 devstack@g-api.service[102750]: DEBUG glance.async_.taskflow_executor [-] Task 'api_image_import--ImportToStore-d4cb8794-9a91-428c-b11a-e11a2021cb0f' (0751a40e-4b5c-461f-872a-7c2c402ad05b) transitioned into state 'RUNNING' from state 'PENDING' {{(pid=102750) _task_receiver /opt/stack/data/venv/lib/python3.12/site-packages/taskflow/listeners/logging.py:242}}
Jul 08 18:37:33.734701 np0000004844 devstack@g-api.service[102750]: INFO glance.common.scripts.image_import.main [-] Task d4cb8794-9a91-428c-b11a-e11a2021cb0f: Got image data uri file:///tmp/staging/5a21880f-f2fd-4e00-9776-74697e4cc6cd to be imported
Jul 08 18:37:33.736030 np0000004844 devstack@g-api.service[102750]: DEBUG glance.location [-] Enabling in-flight format inspection for qcow2 {{(pid=102750) set_data /opt/stack/glance/glance/location.py:596}}
Jul 08 18:37:33.736394 np0000004844 devstack@g-api.service[102750]: DEBUG glance_store.backend [-] Attempting to import store swift {{(pid=102750) _load_store /opt/stack/data/venv/lib/python3.12/site-packages/glance_store/backend.py:215}}
Jul 08 18:37:33.737620 np0000004844 devstack@g-api.service[102750]: DEBUG glance_store.capabilities [-] Store glance_store._drivers.swift.store.SingleTenantStore doesn't support updating dynamic storage capabilities. Please overwrite 'update_capabilities' method of the store to implement updating logics if needed. {{(pid=102750) update_capabilities /opt/stack/data/venv/lib/python3.12/site-packages/glance_store/capabilities.py:91}}
Jul 08 18:37:33.737727 np0000004844 devstack@g-api.service[102750]: DEBUG glance_store.driver [-] Late loading location class glance_store._drivers.swift.store.StoreLocation {{(pid=102750) get_store_location_class /opt/stack/data/venv/lib/python3.12/site-packages/glance_store/driver.py:134}}
Jul 08 18:37:33.737847 np0000004844 devstack@g-api.service[102750]: DEBUG glance_store.location [-] Registering scheme swift+https with {'store': , 'location_class': , 'store_entry': 'swift'} {{(pid=102750) register_scheme_map /opt/stack/data/venv/lib/python3.12/site-packages/glance_store/location.py:146}}
Jul 08 18:37:33.737939 np0000004844 devstack@g-api.service[102750]: DEBUG glance_store.location [-] Registering scheme swift+https with {'store': , 'location_class': , 'store_entry': 'swift'} {{(pid=102750) register_scheme_map /opt/stack/data/venv/lib/python3.12/site-packages/glance_store/location.py:146}}
Jul 08 18:37:33.738041 np0000004844 devstack@g-api.service[102750]: DEBUG glance_store.location [-] Registering scheme swift with {'store': , 'location_class': , 'store_entry': 'swift'} {{(pid=102750) register_scheme_map /opt/stack/data/venv/lib/python3.12/site-packages/glance_store/location.py:146}}
Jul 08 18:37:33.738142 np0000004844 devstack@g-api.service[102750]: DEBUG glance_store.location [-] Registering scheme swift+https with {'store': , 'location_class': , 'store_entry': 'swift'} {{(pid=102750) register_scheme_map /opt/stack/data/venv/lib/python3.12/site-packages/glance_store/location.py:146}}
Jul 08 18:37:33.738217 np0000004844 devstack@g-api.service[102750]: DEBUG glance_store.location [-] Registering scheme swift with {'store': , 'location_class': , 'store_entry': 'swift'} {{(pid=102750) register_scheme_map /opt/stack/data/venv/lib/python3.12/site-packages/glance_store/location.py:146}}
Jul 08 18:37:33.738301 np0000004844 devstack@g-api.service[102750]: DEBUG glance_store.location [-] Registering scheme swift+http with {'store': , 'location_class': , 'store_entry': 'swift'} {{(pid=102750) register_scheme_map /opt/stack/data/venv/lib/python3.12/site-packages/glance_store/location.py:146}}
Jul 08 18:37:33.738385 np0000004844 devstack@g-api.service[102750]: DEBUG glance_store.location [-] Registering scheme swift+https with {'store': , 'location_class': , 'store_entry': 'swift'} {{(pid=102750) register_scheme_map /opt/stack/data/venv/lib/python3.12/site-packages/glance_store/location.py:146}}
Jul 08 18:37:33.738467 np0000004844 devstack@g-api.service[102750]: DEBUG glance_store.location [-] Registering scheme swift with {'store': , 'location_class': , 'store_entry': 'swift'} {{(pid=102750) register_scheme_map /opt/stack/data/venv/lib/python3.12/site-packages/glance_store/location.py:146}}
Jul 08 18:37:33.738542 np0000004844 devstack@g-api.service[102750]: DEBUG glance_store.location [-] Registering scheme swift+http with {'store': , 'location_class': , 'store_entry': 'swift'} {{(pid=102750) register_scheme_map /opt/stack/data/venv/lib/python3.12/site-packages/glance_store/location.py:146}}
Jul 08 18:37:33.738650 np0000004844 devstack@g-api.service[102750]: DEBUG glance_store.location [-] Registering scheme swift+config with {'store': , 'location_class': , 'store_entry': 'swift'} {{(pid=102750) register_scheme_map /opt/stack/data/venv/lib/python3.12/site-packages/glance_store/location.py:146}}
Jul 08 18:37:34.175177 np0000004844 devstack@g-api.service[102750]: INFO swiftclient [-] REQ: curl -i https://10.4.3.118:8080/v1/AUTH_9cf04114781c4d3c94c46204cb2a5997/glance -I -H "X-Auth-Token: gAAAAABqTpjtYOkQ..."
Jul 08 18:37:34.175284 np0000004844 devstack@g-api.service[102750]: INFO swiftclient [-] RESP STATUS: 404 Not Found
Jul 08 18:37:34.175394 np0000004844 devstack@g-api.service[102750]: INFO swiftclient [-] RESP HEADERS: {'Date': 'Wed, 08 Jul 2026 18:37:34 GMT', 'Server': 'Apache/2.4.58 (Ubuntu)', 'Content-Type': 'text/html; charset=UTF-8', 'X-Trans-Id': 'txbd8d3731d802456f828de-006a4e98ed', 'X-Openstack-Request-Id': 'txbd8d3731d802456f828de-006a4e98ed', 'Connection': 'close'}
Jul 08 18:37:34.175660 np0000004844 devstack@g-api.service[102750]: INFO glance_store._drivers.swift.store [-] Creating swift container glance
Jul 08 18:37:34.236523 np0000004844 devstack@g-api.service[102750]: DEBUG swiftclient [-] REQ: curl -i https://10.4.3.118:8080/v1/AUTH_9cf04114781c4d3c94c46204cb2a5997/glance -X PUT -H "X-Auth-Token: gAAAAABqTpjtYOkQ..." -H "Content-Length: 0" {{(pid=102750) http_log /opt/stack/data/venv/lib/python3.12/site-packages/swiftclient/client.py:160}}
Jul 08 18:37:34.236652 np0000004844 devstack@g-api.service[102750]: DEBUG swiftclient [-] RESP STATUS: 201 Created {{(pid=102750) http_log /opt/stack/data/venv/lib/python3.12/site-packages/swiftclient/client.py:161}}
Jul 08 18:37:34.236764 np0000004844 devstack@g-api.service[102750]: DEBUG swiftclient [-] RESP HEADERS: {'Date': 'Wed, 08 Jul 2026 18:37:34 GMT', 'Server': 'Apache/2.4.58 (Ubuntu)', 'Content-Type': 'text/html; charset=UTF-8', 'Content-Length': '0', 'X-Trans-Id': 'tx424068e5d98f4962ab427-006a4e98ee', 'X-Openstack-Request-Id': 'tx424068e5d98f4962ab427-006a4e98ee', 'Connection': 'close'} {{(pid=102750) http_log /opt/stack/data/venv/lib/python3.12/site-packages/swiftclient/client.py:162}}
Jul 08 18:37:34.236845 np0000004844 devstack@g-api.service[102750]: DEBUG glance_store._drivers.swift.store [-] Adding image object '5a21880f-f2fd-4e00-9776-74697e4cc6cd' to Swift {{(pid=102750) add /opt/stack/data/venv/lib/python3.12/site-packages/glance_store/_drivers/swift/store.py:970}}
Jul 08 18:37:34.242455 np0000004844 devstack@g-api.service[102750]: DEBUG oslo_utils.imageutils.format_inspector [-] Format inspector for vmdk does not match, excluding from consideration (Signature KDMV not found: b'QFI\xfb') {{(pid=102750) _process_chunk /opt/stack/data/venv/lib/python3.12/site-packages/oslo_utils/imageutils/format_inspector.py:1758}}
Jul 08 18:37:34.246364 np0000004844 devstack@g-api.service[102750]: DEBUG oslo_utils.imageutils.format_inspector [-] Format inspector for vhdx does not match, excluding from consideration (Region signature not found at 30000) {{(pid=102750) _process_chunk /opt/stack/data/venv/lib/python3.12/site-packages/oslo_utils/imageutils/format_inspector.py:1758}}
Jul 08 18:37:34.553958 np0000004844 devstack@g-api.service[102750]: DEBUG swiftclient [-] REQ: curl -i https://10.4.3.118:8080/v1/AUTH_9cf04114781c4d3c94c46204cb2a5997/glance/5a21880f-f2fd-4e00-9776-74697e4cc6cd -X PUT -H "X-Auth-Token: gAAAAABqTpjtYOkQ..." -H "Content-Length: 21430272" {{(pid=102750) http_log /opt/stack/data/venv/lib/python3.12/site-packages/swiftclient/client.py:160}}
Jul 08 18:37:34.554026 np0000004844 devstack@g-api.service[102750]: DEBUG swiftclient [-] RESP STATUS: 201 Created {{(pid=102750) http_log /opt/stack/data/venv/lib/python3.12/site-packages/swiftclient/client.py:161}}
Jul 08 18:37:34.554134 np0000004844 devstack@g-api.service[102750]: DEBUG swiftclient [-] RESP HEADERS: {'Date': 'Wed, 08 Jul 2026 18:37:34 GMT', 'Server': 'Apache/2.4.58 (Ubuntu)', 'Content-Type': 'text/html; charset=UTF-8', 'Content-Length': '0', 'Etag': 'c8fc807773e5354afe61636071771906', 'Last-Modified': 'Wed, 08 Jul 2026 18:37:35 GMT', 'X-Trans-Id': 'tx2324c9e1abaf450c97661-006a4e98ee', 'X-Openstack-Request-Id': 'tx2324c9e1abaf450c97661-006a4e98ee', 'Connection': 'close'} {{(pid=102750) http_log /opt/stack/data/venv/lib/python3.12/site-packages/swiftclient/client.py:162}}
Jul 08 18:37:34.566618 np0000004844 devstack@g-api.service[102750]: INFO glance.location [-] Image format matched and virtual size computed: 117440512
Jul 08 18:37:34.573423 np0000004844 devstack@g-api.service[102750]: DEBUG glance.async_.flows.api_image_import [-] Image 5a21880f-f2fd-4e00-9776-74697e4cc6cd status changing from importing to active {{(pid=102750) __exit__ /opt/stack/glance/glance/async_/flows/api_image_import.py:184}}
Jul 08 18:37:34.593783 np0000004844 devstack@g-api.service[102750]: DEBUG glance_store.backend [-] Attempting to import store swift {{(pid=102750) _load_store /opt/stack/data/venv/lib/python3.12/site-packages/glance_store/backend.py:215}}
Jul 08 18:37:34.594870 np0000004844 devstack@g-api.service[102750]: DEBUG glance_store.capabilities [-] Store glance_store._drivers.swift.store.SingleTenantStore doesn't support updating dynamic storage capabilities. Please overwrite 'update_capabilities' method of the store to implement updating logics if needed. {{(pid=102750) update_capabilities /opt/stack/data/venv/lib/python3.12/site-packages/glance_store/capabilities.py:91}}
Jul 08 18:37:34.594942 np0000004844 devstack@g-api.service[102750]: DEBUG glance_store.driver [-] Late loading location class glance_store._drivers.swift.store.StoreLocation {{(pid=102750) get_store_location_class /opt/stack/data/venv/lib/python3.12/site-packages/glance_store/driver.py:134}}
Jul 08 18:37:34.595001 np0000004844 devstack@g-api.service[102750]: DEBUG glance_store.location [-] Registering scheme swift+https with {'store': , 'location_class': , 'store_entry': 'swift'} {{(pid=102750) register_scheme_map /opt/stack/data/venv/lib/python3.12/site-packages/glance_store/location.py:146}}
Jul 08 18:37:34.595087 np0000004844 devstack@g-api.service[102750]: DEBUG glance_store.location [-] Registering scheme swift+https with {'store': , 'location_class': , 'store_entry': 'swift'} {{(pid=102750) register_scheme_map /opt/stack/data/venv/lib/python3.12/site-packages/glance_store/location.py:146}}
Jul 08 18:37:34.595130 np0000004844 devstack@g-api.service[102750]: DEBUG glance_store.location [-] Registering scheme swift with {'store': , 'location_class': , 'store_entry': 'swift'} {{(pid=102750) register_scheme_map /opt/stack/data/venv/lib/python3.12/site-packages/glance_store/location.py:146}}
Jul 08 18:37:34.595198 np0000004844 devstack@g-api.service[102750]: DEBUG glance_store.location [-] Registering scheme swift+https with {'store': , 'location_class': , 'store_entry': 'swift'} {{(pid=102750) register_scheme_map /opt/stack/data/venv/lib/python3.12/site-packages/glance_store/location.py:146}}
