Jun 24 11:48:23.868753 np0000003536 devstack@g-api.service[102702]: DEBUG glance.image_cache [None req-fb3ece4b-f6a8-4d73-bf81-7120eaac6aa1 tempest-AttachSCSIVolumeTestJSON-1686637285 tempest-AttachSCSIVolumeTestJSON-1686637285-project-admin] Tee'ing image '3d2413c8-fff8-4f07-a70d-1f4fff0698ae' into cache {{(pid=102702) get_caching_iter /opt/stack/glance/glance/image_cache/__init__.py:356}}
Jun 24 11:48:23.877105 np0000003536 devstack@g-api.service[102701]: DEBUG glance.api.middleware.version_negotiation [None req-40b09c39-d5d0-457c-a539-460975ffa243 tempest-TaggedBootDevicesTest-645690544 tempest-TaggedBootDevicesTest-645690544-project-member] Determining version of request: POST /v2/images Accept: application/json {{(pid=102701) process_request /opt/stack/glance/glance/api/middleware/version_negotiation.py:44}}
Jun 24 11:48:23.877280 np0000003536 devstack@g-api.service[102701]: DEBUG glance.api.middleware.version_negotiation [None req-40b09c39-d5d0-457c-a539-460975ffa243 tempest-TaggedBootDevicesTest-645690544 tempest-TaggedBootDevicesTest-645690544-project-member] Using url versioning {{(pid=102701) process_request /opt/stack/glance/glance/api/middleware/version_negotiation.py:57}}
Jun 24 11:48:23.877376 np0000003536 devstack@g-api.service[102701]: DEBUG glance.api.middleware.version_negotiation [None req-40b09c39-d5d0-457c-a539-460975ffa243 tempest-TaggedBootDevicesTest-645690544 tempest-TaggedBootDevicesTest-645690544-project-member] Matched version: v2 {{(pid=102701) process_request /opt/stack/glance/glance/api/middleware/version_negotiation.py:69}}
Jun 24 11:48:23.877465 np0000003536 devstack@g-api.service[102701]: DEBUG glance.api.middleware.version_negotiation [None req-40b09c39-d5d0-457c-a539-460975ffa243 tempest-TaggedBootDevicesTest-645690544 tempest-TaggedBootDevicesTest-645690544-project-member] new path /v2/images {{(pid=102701) process_request /opt/stack/glance/glance/api/middleware/version_negotiation.py:70}}
Jun 24 11:48:24.032600 np0000003536 devstack@g-api.service[102704]: DEBUG glance.api.middleware.version_negotiation [None req-40b09c39-d5d0-457c-a539-460975ffa243 tempest-TaggedBootDevicesTest-645690544 tempest-TaggedBootDevicesTest-645690544-project-member] Determining version of request: GET /versions Accept: */* {{(pid=102704) process_request /opt/stack/glance/glance/api/middleware/version_negotiation.py:44}}
Jun 24 11:48:24.033260 np0000003536 devstack@g-api.service[102704]: [pid: 102704|app: 0|req: 9/32] 127.0.0.1 () {44 vars in 1035 bytes} [Wed Jun 24 11:48:24 2026] GET /versions => generated 1394 bytes in 1 msecs (HTTP/1.1 200) 3 headers in 92 bytes (1 switches on core 0)
Jun 24 11:48:24.042172 np0000003536 devstack@g-api.service[102703]: DEBUG glance.api.middleware.version_negotiation [None req-40b09c39-d5d0-457c-a539-460975ffa243 tempest-TaggedBootDevicesTest-645690544 tempest-TaggedBootDevicesTest-645690544-project-member] Determining version of request: GET /v2/images/3d2413c8-fff8-4f07-a70d-1f4fff0698ae/locations Accept: */* {{(pid=102703) process_request /opt/stack/glance/glance/api/middleware/version_negotiation.py:44}}
Jun 24 11:48:24.042543 np0000003536 devstack@g-api.service[102703]: DEBUG glance.api.middleware.version_negotiation [None req-40b09c39-d5d0-457c-a539-460975ffa243 tempest-TaggedBootDevicesTest-645690544 tempest-TaggedBootDevicesTest-645690544-project-member] Using url versioning {{(pid=102703) process_request /opt/stack/glance/glance/api/middleware/version_negotiation.py:57}}
Jun 24 11:48:24.042543 np0000003536 devstack@g-api.service[102703]: DEBUG glance.api.middleware.version_negotiation [None req-40b09c39-d5d0-457c-a539-460975ffa243 tempest-TaggedBootDevicesTest-645690544 tempest-TaggedBootDevicesTest-645690544-project-member] Matched version: v2 {{(pid=102703) process_request /opt/stack/glance/glance/api/middleware/version_negotiation.py:69}}
Jun 24 11:48:24.042640 np0000003536 devstack@g-api.service[102703]: DEBUG glance.api.middleware.version_negotiation [None req-40b09c39-d5d0-457c-a539-460975ffa243 tempest-TaggedBootDevicesTest-645690544 tempest-TaggedBootDevicesTest-645690544-project-member] new path /v2/images/3d2413c8-fff8-4f07-a70d-1f4fff0698ae/locations {{(pid=102703) process_request /opt/stack/glance/glance/api/middleware/version_negotiation.py:70}}
Jun 24 11:48:24.469361 np0000003536 devstack@g-api.service[102703]: [pid: 102703|app: 0|req: 11/33] 127.0.0.1 () {44 vars in 1131 bytes} [Wed Jun 24 11:48:24 2026] GET /v2/images/3d2413c8-fff8-4f07-a70d-1f4fff0698ae/locations => generated 92 bytes in 427 msecs (HTTP/1.1 200) 4 headers in 156 bytes (1 switches on core 0)
Jun 24 11:48:24.492595 np0000003536 devstack@g-api.service[102704]: DEBUG glance.api.middleware.version_negotiation [None req-40b09c39-d5d0-457c-a539-460975ffa243 tempest-TaggedBootDevicesTest-645690544 tempest-TaggedBootDevicesTest-645690544-project-member] Determining version of request: GET /v2/images/3d2413c8-fff8-4f07-a70d-1f4fff0698ae Accept: */* {{(pid=102704) process_request /opt/stack/glance/glance/api/middleware/version_negotiation.py:44}}
Jun 24 11:48:24.492595 np0000003536 devstack@g-api.service[102704]: DEBUG glance.api.middleware.version_negotiation [None req-40b09c39-d5d0-457c-a539-460975ffa243 tempest-TaggedBootDevicesTest-645690544 tempest-TaggedBootDevicesTest-645690544-project-member] Using url versioning {{(pid=102704) process_request /opt/stack/glance/glance/api/middleware/version_negotiation.py:57}}
Jun 24 11:48:24.492964 np0000003536 devstack@g-api.service[102704]: DEBUG glance.api.middleware.version_negotiation [None req-40b09c39-d5d0-457c-a539-460975ffa243 tempest-TaggedBootDevicesTest-645690544 tempest-TaggedBootDevicesTest-645690544-project-member] Matched version: v2 {{(pid=102704) process_request /opt/stack/glance/glance/api/middleware/version_negotiation.py:69}}
Jun 24 11:48:24.492964 np0000003536 devstack@g-api.service[102704]: DEBUG glance.api.middleware.version_negotiation [None req-40b09c39-d5d0-457c-a539-460975ffa243 tempest-TaggedBootDevicesTest-645690544 tempest-TaggedBootDevicesTest-645690544-project-member] new path /v2/images/3d2413c8-fff8-4f07-a70d-1f4fff0698ae {{(pid=102704) process_request /opt/stack/glance/glance/api/middleware/version_negotiation.py:70}}
Jun 24 11:48:24.513769 np0000003536 devstack@g-api.service[102704]: [pid: 102704|app: 0|req: 10/34] 127.0.0.1 () {44 vars in 1111 bytes} [Wed Jun 24 11:48:24 2026] GET /v2/images/3d2413c8-fff8-4f07-a70d-1f4fff0698ae => generated 1044 bytes in 21 msecs (HTTP/1.1 200) 4 headers in 158 bytes (1 switches on core 0)
Jun 24 11:48:24.524822 np0000003536 devstack@g-api.service[102703]: DEBUG glance.api.middleware.version_negotiation [None req-40b09c39-d5d0-457c-a539-460975ffa243 service glance] Determining version of request: GET /v2/schemas/image Accept: */* {{(pid=102703) process_request /opt/stack/glance/glance/api/middleware/version_negotiation.py:44}}
Jun 24 11:48:24.525049 np0000003536 devstack@g-api.service[102703]: DEBUG glance.api.middleware.version_negotiation [None req-40b09c39-d5d0-457c-a539-460975ffa243 service glance] Using url versioning {{(pid=102703) process_request /opt/stack/glance/glance/api/middleware/version_negotiation.py:57}}
Jun 24 11:48:24.525188 np0000003536 devstack@g-api.service[102703]: DEBUG glance.api.middleware.version_negotiation [None req-40b09c39-d5d0-457c-a539-460975ffa243 service glance] Matched version: v2 {{(pid=102703) process_request /opt/stack/glance/glance/api/middleware/version_negotiation.py:69}}
Jun 24 11:48:24.525294 np0000003536 devstack@g-api.service[102703]: DEBUG glance.api.middleware.version_negotiation [None req-40b09c39-d5d0-457c-a539-460975ffa243 service glance] new path /v2/schemas/image {{(pid=102703) process_request /opt/stack/glance/glance/api/middleware/version_negotiation.py:70}}
Jun 24 11:48:24.528097 np0000003536 devstack@g-api.service[102703]: [pid: 102703|app: 0|req: 12/35] 127.0.0.1 () {44 vars in 1051 bytes} [Wed Jun 24 11:48:24 2026] GET /v2/schemas/image => generated 6083 bytes in 3 msecs (HTTP/1.1 200) 4 headers in 158 bytes (1 switches on core 0)
Jun 24 11:48:24.538204 np0000003536 devstack@g-api.service[102704]: DEBUG glance.api.middleware.version_negotiation [None req-40b09c39-d5d0-457c-a539-460975ffa243 tempest-TaggedBootDevicesTest-645690544 tempest-TaggedBootDevicesTest-645690544-project-member] Determining version of request: GET /v2/schemas/image Accept: */* {{(pid=102704) process_request /opt/stack/glance/glance/api/middleware/version_negotiation.py:44}}
Jun 24 11:48:24.538411 np0000003536 devstack@g-api.service[102704]: DEBUG glance.api.middleware.version_negotiation [None req-40b09c39-d5d0-457c-a539-460975ffa243 tempest-TaggedBootDevicesTest-645690544 tempest-TaggedBootDevicesTest-645690544-project-member] Using url versioning {{(pid=102704) process_request /opt/stack/glance/glance/api/middleware/version_negotiation.py:57}}
Jun 24 11:48:24.538568 np0000003536 devstack@g-api.service[102704]: DEBUG glance.api.middleware.version_negotiation [None req-40b09c39-d5d0-457c-a539-460975ffa243 tempest-TaggedBootDevicesTest-645690544 tempest-TaggedBootDevicesTest-645690544-project-member] Matched version: v2 {{(pid=102704) process_request /opt/stack/glance/glance/api/middleware/version_negotiation.py:69}}
Jun 24 11:48:24.538670 np0000003536 devstack@g-api.service[102704]: DEBUG glance.api.middleware.version_negotiation [None req-40b09c39-d5d0-457c-a539-460975ffa243 tempest-TaggedBootDevicesTest-645690544 tempest-TaggedBootDevicesTest-645690544-project-member] new path /v2/schemas/image {{(pid=102704) process_request /opt/stack/glance/glance/api/middleware/version_negotiation.py:70}}
Jun 24 11:48:24.541306 np0000003536 devstack@g-api.service[102704]: [pid: 102704|app: 0|req: 11/36] 127.0.0.1 () {44 vars in 1051 bytes} [Wed Jun 24 11:48:24 2026] GET /v2/schemas/image => generated 6083 bytes in 3 msecs (HTTP/1.1 200) 4 headers in 158 bytes (1 switches on core 0)
Jun 24 11:48:24.557371 np0000003536 devstack@g-api.service[102701]: [pid: 102701|app: 0|req: 9/37] 127.0.0.1 () {42 vars in 782 bytes} [Wed Jun 24 11:48:23 2026] POST /v2/images => generated 690 bytes in 680 msecs (HTTP/1.1 201) 6 headers in 315 bytes (1 switches on core 0)
Jun 24 11:48:24.564435 np0000003536 devstack@g-api.service[102703]: DEBUG glance.api.middleware.version_negotiation [None req-40b09c39-d5d0-457c-a539-460975ffa243 tempest-TaggedBootDevicesTest-645690544 tempest-TaggedBootDevicesTest-645690544-project-member] Determining version of request: PUT /v2/images/a273ea06-d576-4c6c-92d7-c174f261f26e/file Accept: {{(pid=102703) process_request /opt/stack/glance/glance/api/middleware/version_negotiation.py:44}}
Jun 24 11:48:24.564669 np0000003536 devstack@g-api.service[102703]: DEBUG glance.api.middleware.version_negotiation [None req-40b09c39-d5d0-457c-a539-460975ffa243 tempest-TaggedBootDevicesTest-645690544 tempest-TaggedBootDevicesTest-645690544-project-member] Using url versioning {{(pid=102703) process_request /opt/stack/glance/glance/api/middleware/version_negotiation.py:57}}
Jun 24 11:48:24.564857 np0000003536 devstack@g-api.service[102703]: DEBUG glance.api.middleware.version_negotiation [None req-40b09c39-d5d0-457c-a539-460975ffa243 tempest-TaggedBootDevicesTest-645690544 tempest-TaggedBootDevicesTest-645690544-project-member] Matched version: v2 {{(pid=102703) process_request /opt/stack/glance/glance/api/middleware/version_negotiation.py:69}}
Jun 24 11:48:24.565033 np0000003536 devstack@g-api.service[102703]: DEBUG glance.api.middleware.version_negotiation [None req-40b09c39-d5d0-457c-a539-460975ffa243 tempest-TaggedBootDevicesTest-645690544 tempest-TaggedBootDevicesTest-645690544-project-member] new path /v2/images/a273ea06-d576-4c6c-92d7-c174f261f26e/file {{(pid=102703) process_request /opt/stack/glance/glance/api/middleware/version_negotiation.py:70}}
Jun 24 11:48:24.575698 np0000003536 devstack@g-api.service[102702]: DEBUG glance.image_cache.drivers.centralized_db [None req-fb3ece4b-f6a8-4d73-bf81-7120eaac6aa1 tempest-AttachSCSIVolumeTestJSON-1686637285 tempest-AttachSCSIVolumeTestJSON-1686637285-project-admin] Fetch finished, moving '/opt/stack/data/glance/cache/incomplete/3d2413c8-fff8-4f07-a70d-1f4fff0698ae' to '/opt/stack/data/glance/cache/3d2413c8-fff8-4f07-a70d-1f4fff0698ae' {{(pid=102702) commit /opt/stack/glance/glance/image_cache/drivers/centralized_db.py:243}}
Jun 24 11:48:24.580770 np0000003536 devstack@g-api.service[102704]: DEBUG glance.api.middleware.version_negotiation [None req-40b09c39-d5d0-457c-a539-460975ffa243 tempest-TaggedBootDevicesTest-645690544 tempest-TaggedBootDevicesTest-645690544-project-member] Determining version of request: GET /v2/images/3d2413c8-fff8-4f07-a70d-1f4fff0698ae Accept: */* {{(pid=102704) process_request /opt/stack/glance/glance/api/middleware/version_negotiation.py:44}}
Jun 24 11:48:24.581064 np0000003536 devstack@g-api.service[102704]: DEBUG glance.api.middleware.version_negotiation [None req-40b09c39-d5d0-457c-a539-460975ffa243 tempest-TaggedBootDevicesTest-645690544 tempest-TaggedBootDevicesTest-645690544-project-member] Using url versioning {{(pid=102704) process_request /opt/stack/glance/glance/api/middleware/version_negotiation.py:57}}
Jun 24 11:48:24.581064 np0000003536 devstack@g-api.service[102704]: DEBUG glance.api.middleware.version_negotiation [None req-40b09c39-d5d0-457c-a539-460975ffa243 tempest-TaggedBootDevicesTest-645690544 tempest-TaggedBootDevicesTest-645690544-project-member] Matched version: v2 {{(pid=102704) process_request /opt/stack/glance/glance/api/middleware/version_negotiation.py:69}}
Jun 24 11:48:24.581185 np0000003536 devstack@g-api.service[102704]: DEBUG glance.api.middleware.version_negotiation [None req-40b09c39-d5d0-457c-a539-460975ffa243 tempest-TaggedBootDevicesTest-645690544 tempest-TaggedBootDevicesTest-645690544-project-member] new path /v2/images/3d2413c8-fff8-4f07-a70d-1f4fff0698ae {{(pid=102704) process_request /opt/stack/glance/glance/api/middleware/version_negotiation.py:70}}
Jun 24 11:48:24.592097 np0000003536 devstack@g-api.service[102704]: [pid: 102704|app: 0|req: 12/38] 127.0.0.1 () {44 vars in 1111 bytes} [Wed Jun 24 11:48:24 2026] GET /v2/images/3d2413c8-fff8-4f07-a70d-1f4fff0698ae => generated 1044 bytes in 11 msecs (HTTP/1.1 200) 4 headers in 158 bytes (1 switches on core 0)
Jun 24 11:48:24.597285 np0000003536 devstack@g-api.service[102702]: DEBUG glance.image_cache.drivers.centralized_db [None req-fb3ece4b-f6a8-4d73-bf81-7120eaac6aa1 tempest-AttachSCSIVolumeTestJSON-1686637285 tempest-AttachSCSIVolumeTestJSON-1686637285-project-admin] Image cached successfully. {{(pid=102702) commit /opt/stack/glance/glance/image_cache/drivers/centralized_db.py:258}}
Jun 24 11:48:24.597285 np0000003536 devstack@g-api.service[102702]: [pid: 102702|app: 0|req: 6/39] 127.0.0.1 () {40 vars in 844 bytes} [Wed Jun 24 11:48:23 2026] GET /v2/images/3d2413c8-fff8-4f07-a70d-1f4fff0698ae/file => generated 21692416 bytes in 1574 msecs (HTTP/1.1 200) 4 headers in 191 bytes (334 switches on core 0)
Jun 24 11:48:24.607021 np0000003536 devstack@g-api.service[102701]: DEBUG glance.api.middleware.version_negotiation [None req-c474143d-e721-432f-bab2-f82a4e376c60 tempest-AttachSCSIVolumeTestJSON-1686637285 tempest-AttachSCSIVolumeTestJSON-1686637285-project-admin] Determining version of request: GET /v2/images/3d2413c8-fff8-4f07-a70d-1f4fff0698ae/file Accept: */* {{(pid=102701) process_request /opt/stack/glance/glance/api/middleware/version_negotiation.py:44}}
Jun 24 11:48:24.607281 np0000003536 devstack@g-api.service[102701]: DEBUG glance.api.middleware.version_negotiation [None req-c474143d-e721-432f-bab2-f82a4e376c60 tempest-AttachSCSIVolumeTestJSON-1686637285 tempest-AttachSCSIVolumeTestJSON-1686637285-project-admin] Using url versioning {{(pid=102701) process_request /opt/stack/glance/glance/api/middleware/version_negotiation.py:57}}
Jun 24 11:48:24.608096 np0000003536 devstack@g-api.service[102701]: DEBUG glance.api.middleware.version_negotiation [None req-c474143d-e721-432f-bab2-f82a4e376c60 tempest-AttachSCSIVolumeTestJSON-1686637285 tempest-AttachSCSIVolumeTestJSON-1686637285-project-admin] Matched version: v2 {{(pid=102701) process_request /opt/stack/glance/glance/api/middleware/version_negotiation.py:69}}
Jun 24 11:48:24.609094 np0000003536 devstack@g-api.service[102701]: DEBUG glance.api.middleware.version_negotiation [None req-c474143d-e721-432f-bab2-f82a4e376c60 tempest-AttachSCSIVolumeTestJSON-1686637285 tempest-AttachSCSIVolumeTestJSON-1686637285-project-admin] new path /v2/images/3d2413c8-fff8-4f07-a70d-1f4fff0698ae/file {{(pid=102701) process_request /opt/stack/glance/glance/api/middleware/version_negotiation.py:70}}
Jun 24 11:48:24.621637 np0000003536 devstack@g-api.service[102701]: DEBUG glance.api.middleware.cache [None req-40b09c39-d5d0-457c-a539-460975ffa243 tempest-TaggedBootDevicesTest-645690544 tempest-TaggedBootDevicesTest-645690544-project-member] Cache hit for image '3d2413c8-fff8-4f07-a70d-1f4fff0698ae' {{(pid=102701) process_request /opt/stack/glance/glance/api/middleware/cache.py:160}}
Jun 24 11:48:24.749350 np0000003536 devstack@g-api.service[102701]: [pid: 102701|app: 0|req: 10/40] 127.0.0.1 () {44 vars in 1121 bytes} [Wed Jun 24 11:48:24 2026] GET /v2/images/3d2413c8-fff8-4f07-a70d-1f4fff0698ae/file => generated 21692416 bytes in 143 msecs (HTTP/1.1 200) 5 headers in 217 bytes (339 switches on core 0)
Jun 24 11:48:24.920630 np0000003536 devstack@g-api.service[102704]: DEBUG glance.api.middleware.version_negotiation [None req-40b09c39-d5d0-457c-a539-460975ffa243 tempest-TaggedBootDevicesTest-645690544 tempest-TaggedBootDevicesTest-645690544-project-member] Determining version of request: GET /v2/images/3d2413c8-fff8-4f07-a70d-1f4fff0698ae Accept: */* {{(pid=102704) process_request /opt/stack/glance/glance/api/middleware/version_negotiation.py:44}}
Jun 24 11:48:24.920630 np0000003536 devstack@g-api.service[102704]: DEBUG glance.api.middleware.version_negotiation [None req-40b09c39-d5d0-457c-a539-460975ffa243 tempest-TaggedBootDevicesTest-645690544 tempest-TaggedBootDevicesTest-645690544-project-member] Using url versioning {{(pid=102704) process_request /opt/stack/glance/glance/api/middleware/version_negotiation.py:57}}
Jun 24 11:48:24.921001 np0000003536 devstack@g-api.service[102704]: DEBUG glance.api.middleware.version_negotiation [None req-40b09c39-d5d0-457c-a539-460975ffa243 tempest-TaggedBootDevicesTest-645690544 tempest-TaggedBootDevicesTest-645690544-project-member] Matched version: v2 {{(pid=102704) process_request /opt/stack/glance/glance/api/middleware/version_negotiation.py:69}}
Jun 24 11:48:24.921001 np0000003536 devstack@g-api.service[102704]: DEBUG glance.api.middleware.version_negotiation [None req-40b09c39-d5d0-457c-a539-460975ffa243 tempest-TaggedBootDevicesTest-645690544 tempest-TaggedBootDevicesTest-645690544-project-member] new path /v2/images/3d2413c8-fff8-4f07-a70d-1f4fff0698ae {{(pid=102704) process_request /opt/stack/glance/glance/api/middleware/version_negotiation.py:70}}
Jun 24 11:48:24.931027 np0000003536 devstack@g-api.service[102704]: [pid: 102704|app: 0|req: 13/41] 127.0.0.1 () {44 vars in 1111 bytes} [Wed Jun 24 11:48:24 2026] GET /v2/images/3d2413c8-fff8-4f07-a70d-1f4fff0698ae => generated 1044 bytes in 10 msecs (HTTP/1.1 200) 4 headers in 158 bytes (1 switches on core 0)
Jun 24 11:48:24.938234 np0000003536 devstack@g-api.service[102702]: DEBUG glance.api.middleware.version_negotiation [None req-fb3ece4b-f6a8-4d73-bf81-7120eaac6aa1 tempest-AttachSCSIVolumeTestJSON-1686637285 tempest-AttachSCSIVolumeTestJSON-1686637285-project-admin] Determining version of request: GET /v2/schemas/image Accept: */* {{(pid=102702) process_request /opt/stack/glance/glance/api/middleware/version_negotiation.py:44}}
Jun 24 11:48:24.938425 np0000003536 devstack@g-api.service[102702]: DEBUG glance.api.middleware.version_negotiation [None req-fb3ece4b-f6a8-4d73-bf81-7120eaac6aa1 tempest-AttachSCSIVolumeTestJSON-1686637285 tempest-AttachSCSIVolumeTestJSON-1686637285-project-admin] Using url versioning {{(pid=102702) process_request /opt/stack/glance/glance/api/middleware/version_negotiation.py:57}}
Jun 24 11:48:24.938548 np0000003536 devstack@g-api.service[102702]: DEBUG glance.api.middleware.version_negotiation [None req-fb3ece4b-f6a8-4d73-bf81-7120eaac6aa1 tempest-AttachSCSIVolumeTestJSON-1686637285 tempest-AttachSCSIVolumeTestJSON-1686637285-project-admin] Matched version: v2 {{(pid=102702) process_request /opt/stack/glance/glance/api/middleware/version_negotiation.py:69}}
Jun 24 11:48:24.938710 np0000003536 devstack@g-api.service[102702]: DEBUG glance.api.middleware.version_negotiation [None req-fb3ece4b-f6a8-4d73-bf81-7120eaac6aa1 tempest-AttachSCSIVolumeTestJSON-1686637285 tempest-AttachSCSIVolumeTestJSON-1686637285-project-admin] new path /v2/schemas/image {{(pid=102702) process_request /opt/stack/glance/glance/api/middleware/version_negotiation.py:70}}
Jun 24 11:48:24.942844 np0000003536 devstack@g-api.service[102702]: [pid: 102702|app: 0|req: 7/42] 127.0.0.1 () {44 vars in 1051 bytes} [Wed Jun 24 11:48:24 2026] GET /v2/schemas/image => generated 6083 bytes in 5 msecs (HTTP/1.1 200) 4 headers in 158 bytes (1 switches on core 0)
Jun 24 11:48:25.488805 np0000003536 devstack@g-api.service[102703]: INFO glance.api.v2.image_data [None req-bb714c6e-3416-42e6-89b8-d7d37432a5ee tempest-AttachSCSIVolumeTestJSON-1686637285 tempest-AttachSCSIVolumeTestJSON-1686637285-project-admin] Unable to create trust: no such option collect_timing in group [keystone_authtoken] Use the existing user token.
Jun 24 11:48:26.146271 np0000003536 devstack@g-api.service[102703]: DEBUG glance.location [None req-bb714c6e-3416-42e6-89b8-d7d37432a5ee tempest-AttachSCSIVolumeTestJSON-1686637285 tempest-AttachSCSIVolumeTestJSON-1686637285-project-admin] Enabling in-flight format inspection for qcow2 {{(pid=102703) set_data /opt/stack/glance/glance/location.py:616}}
Jun 24 11:48:26.146851 np0000003536 devstack@g-api.service[102703]: DEBUG glance_store.backend [None req-bb714c6e-3416-42e6-89b8-d7d37432a5ee tempest-AttachSCSIVolumeTestJSON-1686637285 tempest-AttachSCSIVolumeTestJSON-1686637285-project-admin] Attempting to import store swift {{(pid=102703) _load_store /opt/stack/data/venv/lib/python3.12/site-packages/glance_store/backend.py:215}}
Jun 24 11:48:26.149232 np0000003536 devstack@g-api.service[102703]: DEBUG glance_store.capabilities [None req-bb714c6e-3416-42e6-89b8-d7d37432a5ee tempest-AttachSCSIVolumeTestJSON-1686637285 tempest-AttachSCSIVolumeTestJSON-1686637285-project-admin] Store glance_store._drivers.swift.store.SingleTenantStore doesn't support updating dynamic storage capabilities. Please overwrite 'update_capabilities' method of the store to implement updating logics if needed. {{(pid=102703) update_capabilities /opt/stack/data/venv/lib/python3.12/site-packages/glance_store/capabilities.py:91}}
Jun 24 11:48:26.149413 np0000003536 devstack@g-api.service[102703]: DEBUG glance_store.driver [None req-bb714c6e-3416-42e6-89b8-d7d37432a5ee tempest-AttachSCSIVolumeTestJSON-1686637285 tempest-AttachSCSIVolumeTestJSON-1686637285-project-admin] Late loading location class glance_store._drivers.swift.store.StoreLocation {{(pid=102703) get_store_location_class /opt/stack/data/venv/lib/python3.12/site-packages/glance_store/driver.py:134}}
Jun 24 11:48:26.149568 np0000003536 devstack@g-api.service[102703]: DEBUG glance_store.location [None req-bb714c6e-3416-42e6-89b8-d7d37432a5ee tempest-AttachSCSIVolumeTestJSON-1686637285 tempest-AttachSCSIVolumeTestJSON-1686637285-project-admin] Registering scheme swift+https with {'store': , 'location_class': , 'store_entry': 'swift'} {{(pid=102703) register_scheme_map /opt/stack/data/venv/lib/python3.12/site-packages/glance_store/location.py:146}}
Jun 24 11:48:26.149704 np0000003536 devstack@g-api.service[102703]: DEBUG glance_store.location [None req-bb714c6e-3416-42e6-89b8-d7d37432a5ee tempest-AttachSCSIVolumeTestJSON-1686637285 tempest-AttachSCSIVolumeTestJSON-1686637285-project-admin] Registering scheme swift+https with {'store': , 'location_class': , 'store_entry': 'swift'} {{(pid=102703) register_scheme_map /opt/stack/data/venv/lib/python3.12/site-packages/glance_store/location.py:146}}
Jun 24 11:48:26.149824 np0000003536 devstack@g-api.service[102703]: DEBUG glance_store.location [None req-bb714c6e-3416-42e6-89b8-d7d37432a5ee tempest-AttachSCSIVolumeTestJSON-1686637285 tempest-AttachSCSIVolumeTestJSON-1686637285-project-admin] Registering scheme swift with {'store': , 'location_class': , 'store_entry': 'swift'} {{(pid=102703) register_scheme_map /opt/stack/data/venv/lib/python3.12/site-packages/glance_store/location.py:146}}
Jun 24 11:48:26.149953 np0000003536 devstack@g-api.service[102703]: DEBUG glance_store.location [None req-bb714c6e-3416-42e6-89b8-d7d37432a5ee tempest-AttachSCSIVolumeTestJSON-1686637285 tempest-AttachSCSIVolumeTestJSON-1686637285-project-admin] Registering scheme swift+https with {'store': , 'location_class': , 'store_entry': 'swift'} {{(pid=102703) register_scheme_map /opt/stack/data/venv/lib/python3.12/site-packages/glance_store/location.py:146}}
Jun 24 11:48:26.150075 np0000003536 devstack@g-api.service[102703]: DEBUG glance_store.location [None req-bb714c6e-3416-42e6-89b8-d7d37432a5ee tempest-AttachSCSIVolumeTestJSON-1686637285 tempest-AttachSCSIVolumeTestJSON-1686637285-project-admin] Registering scheme swift with {'store': , 'location_class': , 'store_entry': 'swift'} {{(pid=102703) register_scheme_map /opt/stack/data/venv/lib/python3.12/site-packages/glance_store/location.py:146}}
Jun 24 11:48:26.150200 np0000003536 devstack@g-api.service[102703]: DEBUG glance_store.location [None req-bb714c6e-3416-42e6-89b8-d7d37432a5ee tempest-AttachSCSIVolumeTestJSON-1686637285 tempest-AttachSCSIVolumeTestJSON-1686637285-project-admin] Registering scheme swift+http with {'store': , 'location_class': , 'store_entry': 'swift'} {{(pid=102703) register_scheme_map /opt/stack/data/venv/lib/python3.12/site-packages/glance_store/location.py:146}}
Jun 24 11:48:26.150322 np0000003536 devstack@g-api.service[102703]: DEBUG glance_store.location [None req-bb714c6e-3416-42e6-89b8-d7d37432a5ee tempest-AttachSCSIVolumeTestJSON-1686637285 tempest-AttachSCSIVolumeTestJSON-1686637285-project-admin] Registering scheme swift+https with {'store': , 'location_class': , 'store_entry': 'swift'} {{(pid=102703) register_scheme_map /opt/stack/data/venv/lib/python3.12/site-packages/glance_store/location.py:146}}
Jun 24 11:48:26.150439 np0000003536 devstack@g-api.service[102703]: DEBUG glance_store.location [None req-bb714c6e-3416-42e6-89b8-d7d37432a5ee tempest-AttachSCSIVolumeTestJSON-1686637285 tempest-AttachSCSIVolumeTestJSON-1686637285-project-admin] Registering scheme swift with {'store': , 'location_class': , 'store_entry': 'swift'} {{(pid=102703) register_scheme_map /opt/stack/data/venv/lib/python3.12/site-packages/glance_store/location.py:146}}
Jun 24 11:48:26.150567 np0000003536 devstack@g-api.service[102703]: DEBUG glance_store.location [None req-bb714c6e-3416-42e6-89b8-d7d37432a5ee tempest-AttachSCSIVolumeTestJSON-1686637285 tempest-AttachSCSIVolumeTestJSON-1686637285-project-admin] Registering scheme swift+http with {'store': , 'location_class': , 'store_entry': 'swift'} {{(pid=102703) register_scheme_map /opt/stack/data/venv/lib/python3.12/site-packages/glance_store/location.py:146}}
Jun 24 11:48:26.150691 np0000003536 devstack@g-api.service[102703]: DEBUG glance_store.location [None req-bb714c6e-3416-42e6-89b8-d7d37432a5ee tempest-AttachSCSIVolumeTestJSON-1686637285 tempest-AttachSCSIVolumeTestJSON-1686637285-project-admin] Registering scheme swift+config with {'store': , 'location_class': , 'store_entry': 'swift'} {{(pid=102703) register_scheme_map /opt/stack/data/venv/lib/python3.12/site-packages/glance_store/location.py:146}}
Jun 24 11:48:26.315561 np0000003536 devstack@g-api.service[102701]: DEBUG glance.api.middleware.version_negotiation [None req-40b09c39-d5d0-457c-a539-460975ffa243 tempest-TaggedBootDevicesTest-645690544 tempest-TaggedBootDevicesTest-645690544-project-member] Determining version of request: GET /v2/images/3d2413c8-fff8-4f07-a70d-1f4fff0698ae Accept: */* {{(pid=102701) process_request /opt/stack/glance/glance/api/middleware/version_negotiation.py:44}}
Jun 24 11:48:26.315876 np0000003536 devstack@g-api.service[102701]: DEBUG glance.api.middleware.version_negotiation [None req-40b09c39-d5d0-457c-a539-460975ffa243 tempest-TaggedBootDevicesTest-645690544 tempest-TaggedBootDevicesTest-645690544-project-member] Using url versioning {{(pid=102701) process_request /opt/stack/glance/glance/api/middleware/version_negotiation.py:57}}
Jun 24 11:48:26.315876 np0000003536 devstack@g-api.service[102701]: DEBUG glance.api.middleware.version_negotiation [None req-40b09c39-d5d0-457c-a539-460975ffa243 tempest-TaggedBootDevicesTest-645690544 tempest-TaggedBootDevicesTest-645690544-project-member] Matched version: v2 {{(pid=102701) process_request /opt/stack/glance/glance/api/middleware/version_negotiation.py:69}}
Jun 24 11:48:26.315876 np0000003536 devstack@g-api.service[102701]: DEBUG glance.api.middleware.version_negotiation [None req-40b09c39-d5d0-457c-a539-460975ffa243 tempest-TaggedBootDevicesTest-645690544 tempest-TaggedBootDevicesTest-645690544-project-member] new path /v2/images/3d2413c8-fff8-4f07-a70d-1f4fff0698ae {{(pid=102701) process_request /opt/stack/glance/glance/api/middleware/version_negotiation.py:70}}
Jun 24 11:48:26.323987 np0000003536 devstack@g-api.service[102701]: [pid: 102701|app: 0|req: 11/43] 127.0.0.1 () {44 vars in 1111 bytes} [Wed Jun 24 11:48:26 2026] GET /v2/images/3d2413c8-fff8-4f07-a70d-1f4fff0698ae => generated 1044 bytes in 8 msecs (HTTP/1.1 200) 4 headers in 158 bytes (1 switches on core 0)
Jun 24 11:48:26.331758 np0000003536 devstack@g-api.service[102704]: DEBUG glance.api.middleware.version_negotiation [None req-40b09c39-d5d0-457c-a539-460975ffa243 tempest-TaggedBootDevicesTest-645690544 tempest-TaggedBootDevicesTest-645690544-project-member] Determining version of request: GET /v2/schemas/image Accept: */* {{(pid=102704) process_request /opt/stack/glance/glance/api/middleware/version_negotiation.py:44}}
Jun 24 11:48:26.332128 np0000003536 devstack@g-api.service[102704]: DEBUG glance.api.middleware.version_negotiation [None req-40b09c39-d5d0-457c-a539-460975ffa243 tempest-TaggedBootDevicesTest-645690544 tempest-TaggedBootDevicesTest-645690544-project-member] Using url versioning {{(pid=102704) process_request /opt/stack/glance/glance/api/middleware/version_negotiation.py:57}}
Jun 24 11:48:26.332128 np0000003536 devstack@g-api.service[102704]: DEBUG glance.api.middleware.version_negotiation [None req-40b09c39-d5d0-457c-a539-460975ffa243 tempest-TaggedBootDevicesTest-645690544 tempest-TaggedBootDevicesTest-645690544-project-member] Matched version: v2 {{(pid=102704) process_request /opt/stack/glance/glance/api/middleware/version_negotiation.py:69}}
Jun 24 11:48:26.332175 np0000003536 devstack@g-api.service[102704]: DEBUG glance.api.middleware.version_negotiation [None req-40b09c39-d5d0-457c-a539-460975ffa243 tempest-TaggedBootDevicesTest-645690544 tempest-TaggedBootDevicesTest-645690544-project-member] new path /v2/schemas/image {{(pid=102704) process_request /opt/stack/glance/glance/api/middleware/version_negotiation.py:70}}
Jun 24 11:48:26.335669 np0000003536 devstack@g-api.service[102704]: [pid: 102704|app: 0|req: 14/44] 127.0.0.1 () {44 vars in 1051 bytes} [Wed Jun 24 11:48:26 2026] GET /v2/schemas/image => generated 6083 bytes in 4 msecs (HTTP/1.1 200) 4 headers in 158 bytes (1 switches on core 0)
Jun 24 11:48:26.563584 np0000003536 devstack@g-api.service[102703]: DEBUG swiftclient [None req-bb714c6e-3416-42e6-89b8-d7d37432a5ee tempest-AttachSCSIVolumeTestJSON-1686637285 tempest-AttachSCSIVolumeTestJSON-1686637285-project-admin] REQ: curl -i https://10.4.3.60:8080/v1/AUTH_20023997723e4928a300a87c588fa002/glance -I -H "X-Auth-Token: gAAAAABqO8QKuPDp..." {{(pid=102703) http_log /opt/stack/data/venv/lib/python3.12/site-packages/swiftclient/client.py:160}}
Jun 24 11:48:26.563584 np0000003536 devstack@g-api.service[102703]: DEBUG swiftclient [None req-bb714c6e-3416-42e6-89b8-d7d37432a5ee tempest-AttachSCSIVolumeTestJSON-1686637285 tempest-AttachSCSIVolumeTestJSON-1686637285-project-admin] RESP STATUS: 204 No Content {{(pid=102703) http_log /opt/stack/data/venv/lib/python3.12/site-packages/swiftclient/client.py:161}}
Jun 24 11:48:26.563584 np0000003536 devstack@g-api.service[102703]: DEBUG swiftclient [None req-bb714c6e-3416-42e6-89b8-d7d37432a5ee tempest-AttachSCSIVolumeTestJSON-1686637285 tempest-AttachSCSIVolumeTestJSON-1686637285-project-admin] RESP HEADERS: {'Date': 'Wed, 24 Jun 2026 11:48:26 GMT', 'Server': 'Apache/2.4.58 (Ubuntu)', 'Content-Type': 'text/plain; charset=utf-8', 'X-Container-Object-Count': '3', 'X-Container-Bytes-Used': '64356352', 'X-Timestamp': '1782301573.20204', 'Last-Modified': 'Wed, 24 Jun 2026 11:46:14 GMT', 'Accept-Ranges': 'bytes', 'X-Storage-Policy': 'Policy-0', 'X-Container-Sharding': 'False', 'Vary': 'Accept', 'X-Trans-Id': 'tx1b1f5d099e8a4276a7d8c-006a3bc40a', 'X-Openstack-Request-Id': 'tx1b1f5d099e8a4276a7d8c-006a3bc40a', 'Connection': 'close'} {{(pid=102703) http_log /opt/stack/data/venv/lib/python3.12/site-packages/swiftclient/client.py:162}}
Jun 24 11:48:26.563584 np0000003536 devstack@g-api.service[102703]: DEBUG glance_store._drivers.swift.store [None req-bb714c6e-3416-42e6-89b8-d7d37432a5ee tempest-AttachSCSIVolumeTestJSON-1686637285 tempest-AttachSCSIVolumeTestJSON-1686637285-project-admin] Adding image object 'a273ea06-d576-4c6c-92d7-c174f261f26e' to Swift {{(pid=102703) add /opt/stack/data/venv/lib/python3.12/site-packages/glance_store/_drivers/swift/store.py:970}}
Jun 24 11:48:26.564185 np0000003536 devstack@g-api.service[102703]: DEBUG glance_store._drivers.swift.store [None req-bb714c6e-3416-42e6-89b8-d7d37432a5ee tempest-AttachSCSIVolumeTestJSON-1686637285 tempest-AttachSCSIVolumeTestJSON-1686637285-project-admin] Cannot determine image size because it is either not provided in the request or chunked-transfer encoding is used. Adding image as a segmented object to Swift. {{(pid=102703) add /opt/stack/data/venv/lib/python3.12/site-packages/glance_store/_drivers/swift/store.py:994}}
Jun 24 11:48:26.569497 np0000003536 devstack@g-api.service[102703]: DEBUG oslo_utils.imageutils.format_inspector [None req-bb714c6e-3416-42e6-89b8-d7d37432a5ee tempest-AttachSCSIVolumeTestJSON-1686637285 tempest-AttachSCSIVolumeTestJSON-1686637285-project-admin] Format inspector for vmdk does not match, excluding from consideration (Signature KDMV not found: b'QFI\xfb') {{(pid=102703) _process_chunk /opt/stack/data/venv/lib/python3.12/site-packages/oslo_utils/imageutils/format_inspector.py:1758}}
Jun 24 11:48:26.569497 np0000003536 devstack@g-api.service[102703]: DEBUG oslo_utils.imageutils.format_inspector [None req-bb714c6e-3416-42e6-89b8-d7d37432a5ee tempest-AttachSCSIVolumeTestJSON-1686637285 tempest-AttachSCSIVolumeTestJSON-1686637285-project-admin] Format inspector for vhdx does not match, excluding from consideration (Region signature not found at 30000) {{(pid=102703) _process_chunk /opt/stack/data/venv/lib/python3.12/site-packages/oslo_utils/imageutils/format_inspector.py:1758}}
Jun 24 11:48:27.261325 np0000003536 devstack@g-api.service[102702]: DEBUG glance.api.middleware.version_negotiation [None req-40b09c39-d5d0-457c-a539-460975ffa243 tempest-TaggedBootDevicesTest-645690544 tempest-TaggedBootDevicesTest-645690544-project-member] Determining version of request: GET /v2/images/3d2413c8-fff8-4f07-a70d-1f4fff0698ae Accept: */* {{(pid=102702) process_request /opt/stack/glance/glance/api/middleware/version_negotiation.py:44}}
Jun 24 11:48:27.261616 np0000003536 devstack@g-api.service[102702]: DEBUG glance.api.middleware.version_negotiation [None req-40b09c39-d5d0-457c-a539-460975ffa243 tempest-TaggedBootDevicesTest-645690544 tempest-TaggedBootDevicesTest-645690544-project-member] Using url versioning {{(pid=102702) process_request /opt/stack/glance/glance/api/middleware/version_negotiation.py:57}}
Jun 24 11:48:27.261726 np0000003536 devstack@g-api.service[102702]: DEBUG glance.api.middleware.version_negotiation [None req-40b09c39-d5d0-457c-a539-460975ffa243 tempest-TaggedBootDevicesTest-645690544 tempest-TaggedBootDevicesTest-645690544-project-member] Matched version: v2 {{(pid=102702) process_request /opt/stack/glance/glance/api/middleware/version_negotiation.py:69}}
Jun 24 11:48:27.262000 np0000003536 devstack@g-api.service[102702]: DEBUG glance.api.middleware.version_negotiation [None req-40b09c39-d5d0-457c-a539-460975ffa243 tempest-TaggedBootDevicesTest-645690544 tempest-TaggedBootDevicesTest-645690544-project-member] new path /v2/images/3d2413c8-fff8-4f07-a70d-1f4fff0698ae {{(pid=102702) process_request /opt/stack/glance/glance/api/middleware/version_negotiation.py:70}}
Jun 24 11:48:27.276914 np0000003536 devstack@g-api.service[102702]: [pid: 102702|app: 0|req: 8/45] 127.0.0.1 () {44 vars in 1111 bytes} [Wed Jun 24 11:48:27 2026] GET /v2/images/3d2413c8-fff8-4f07-a70d-1f4fff0698ae => generated 1044 bytes in 16 msecs (HTTP/1.1 200) 4 headers in 158 bytes (1 switches on core 0)
Jun 24 11:48:27.318267 np0000003536 devstack@g-api.service[102701]: DEBUG glance.api.middleware.version_negotiation [None req-40b09c39-d5d0-457c-a539-460975ffa243 tempest-TaggedBootDevicesTest-645690544 tempest-TaggedBootDevicesTest-645690544-project-member] Determining version of request: GET /v2/images/3d2413c8-fff8-4f07-a70d-1f4fff0698ae/file Accept: */* {{(pid=102701) process_request /opt/stack/glance/glance/api/middleware/version_negotiation.py:44}}
Jun 24 11:48:27.318669 np0000003536 devstack@g-api.service[102701]: DEBUG glance.api.middleware.version_negotiation [None req-40b09c39-d5d0-457c-a539-460975ffa243 tempest-TaggedBootDevicesTest-645690544 tempest-TaggedBootDevicesTest-645690544-project-member] Using url versioning {{(pid=102701) process_request /opt/stack/glance/glance/api/middleware/version_negotiation.py:57}}
Jun 24 11:48:27.318836 np0000003536 devstack@g-api.service[102701]: DEBUG glance.api.middleware.version_negotiation [None req-40b09c39-d5d0-457c-a539-460975ffa243 tempest-TaggedBootDevicesTest-645690544 tempest-TaggedBootDevicesTest-645690544-project-member] Matched version: v2 {{(pid=102701) process_request /opt/stack/glance/glance/api/middleware/version_negotiation.py:69}}
Jun 24 11:48:27.319138 np0000003536 devstack@g-api.service[102701]: DEBUG glance.api.middleware.version_negotiation [None req-40b09c39-d5d0-457c-a539-460975ffa243 tempest-TaggedBootDevicesTest-645690544 tempest-TaggedBootDevicesTest-645690544-project-member] new path /v2/images/3d2413c8-fff8-4f07-a70d-1f4fff0698ae/file {{(pid=102701) process_request /opt/stack/glance/glance/api/middleware/version_negotiation.py:70}}
Jun 24 11:48:27.328809 np0000003536 devstack@g-api.service[102701]: DEBUG glance.api.middleware.cache [None req-82e53622-408a-49c1-87f1-fbfe28c3f90f tempest-DeleteServersTestJSON-950289975 tempest-DeleteServersTestJSON-950289975-project-member] Cache hit for image '3d2413c8-fff8-4f07-a70d-1f4fff0698ae' {{(pid=102701) process_request /opt/stack/glance/glance/api/middleware/cache.py:160}}
Jun 24 11:48:27.397672 np0000003536 devstack@g-api.service[102701]: [pid: 102701|app: 0|req: 12/46] 127.0.0.1 () {44 vars in 1121 bytes} [Wed Jun 24 11:48:27 2026] GET /v2/images/3d2413c8-fff8-4f07-a70d-1f4fff0698ae/file => generated 21692416 bytes in 79 msecs (HTTP/1.1 200) 5 headers in 217 bytes (338 switches on core 0)
Jun 24 11:48:27.494319 np0000003536 devstack@g-api.service[102704]: DEBUG glance.api.middleware.version_negotiation [None req-40b09c39-d5d0-457c-a539-460975ffa243 tempest-TaggedBootDevicesTest-645690544 tempest-TaggedBootDevicesTest-645690544-project-member] Determining version of request: GET /v2/images/3d2413c8-fff8-4f07-a70d-1f4fff0698ae Accept: */* {{(pid=102704) process_request /opt/stack/glance/glance/api/middleware/version_negotiation.py:44}}
Jun 24 11:48:27.494695 np0000003536 devstack@g-api.service[102704]: DEBUG glance.api.middleware.version_negotiation [None req-40b09c39-d5d0-457c-a539-460975ffa243 tempest-TaggedBootDevicesTest-645690544 tempest-TaggedBootDevicesTest-645690544-project-member] Using url versioning {{(pid=102704) process_request /opt/stack/glance/glance/api/middleware/version_negotiation.py:57}}
Jun 24 11:48:27.494695 np0000003536 devstack@g-api.service[102704]: DEBUG glance.api.middleware.version_negotiation [None req-40b09c39-d5d0-457c-a539-460975ffa243 tempest-TaggedBootDevicesTest-645690544 tempest-TaggedBootDevicesTest-645690544-project-member] Matched version: v2 {{(pid=102704) process_request /opt/stack/glance/glance/api/middleware/version_negotiation.py:69}}
Jun 24 11:48:27.494959 np0000003536 devstack@g-api.service[102704]: DEBUG glance.api.middleware.version_negotiation [None req-40b09c39-d5d0-457c-a539-460975ffa243 tempest-TaggedBootDevicesTest-645690544 tempest-TaggedBootDevicesTest-645690544-project-member] new path /v2/images/3d2413c8-fff8-4f07-a70d-1f4fff0698ae {{(pid=102704) process_request /opt/stack/glance/glance/api/middleware/version_negotiation.py:70}}
Jun 24 11:48:27.508059 np0000003536 devstack@g-api.service[102704]: [pid: 102704|app: 0|req: 15/47] 127.0.0.1 () {44 vars in 1111 bytes} [Wed Jun 24 11:48:27 2026] GET /v2/images/3d2413c8-fff8-4f07-a70d-1f4fff0698ae => generated 1044 bytes in 14 msecs (HTTP/1.1 200) 4 headers in 158 bytes (1 switches on core 0)
Jun 24 11:48:27.538221 np0000003536 devstack@g-api.service[102702]: DEBUG glance.api.middleware.version_negotiation [None req-82e53622-408a-49c1-87f1-fbfe28c3f90f tempest-DeleteServersTestJSON-950289975 tempest-DeleteServersTestJSON-950289975-project-member] Determining version of request: GET /v2/schemas/image Accept: */* {{(pid=102702) process_request /opt/stack/glance/glance/api/middleware/version_negotiation.py:44}}
Jun 24 11:48:27.538364 np0000003536 devstack@g-api.service[102702]: DEBUG glance.api.middleware.version_negotiation [None req-82e53622-408a-49c1-87f1-fbfe28c3f90f tempest-DeleteServersTestJSON-950289975 tempest-DeleteServersTestJSON-950289975-project-member] Using url versioning {{(pid=102702) process_request /opt/stack/glance/glance/api/middleware/version_negotiation.py:57}}
Jun 24 11:48:27.538495 np0000003536 devstack@g-api.service[102702]: DEBUG glance.api.middleware.version_negotiation [None req-82e53622-408a-49c1-87f1-fbfe28c3f90f tempest-DeleteServersTestJSON-950289975 tempest-DeleteServersTestJSON-950289975-project-member] Matched version: v2 {{(pid=102702) process_request /opt/stack/glance/glance/api/middleware/version_negotiation.py:69}}
Jun 24 11:48:27.538601 np0000003536 devstack@g-api.service[102702]: DEBUG glance.api.middleware.version_negotiation [None req-82e53622-408a-49c1-87f1-fbfe28c3f90f tempest-DeleteServersTestJSON-950289975 tempest-DeleteServersTestJSON-950289975-project-member] new path /v2/schemas/image {{(pid=102702) process_request /opt/stack/glance/glance/api/middleware/version_negotiation.py:70}}
Jun 24 11:48:27.540930 np0000003536 devstack@g-api.service[102702]: [pid: 102702|app: 0|req: 9/48] 127.0.0.1 () {44 vars in 1051 bytes} [Wed Jun 24 11:48:27 2026] GET /v2/schemas/image => generated 6083 bytes in 3 msecs (HTTP/1.1 200) 4 headers in 158 bytes (1 switches on core 0)
Jun 24 11:48:28.158782 np0000003536 devstack@g-api.service[102703]: DEBUG swiftclient [None req-bb714c6e-3416-42e6-89b8-d7d37432a5ee tempest-AttachSCSIVolumeTestJSON-1686637285 tempest-AttachSCSIVolumeTestJSON-1686637285-project-admin] REQ: curl -i https://10.4.3.60:8080/v1/AUTH_20023997723e4928a300a87c588fa002/glance/a273ea06-d576-4c6c-92d7-c174f261f26e-00001 -X PUT -H "X-Auth-Token: gAAAAABqO8QKuPDp..." {{(pid=102703) http_log /opt/stack/data/venv/lib/python3.12/site-packages/swiftclient/client.py:160}}
Jun 24 11:48:28.159097 np0000003536 devstack@g-api.service[102703]: DEBUG swiftclient [None req-bb714c6e-3416-42e6-89b8-d7d37432a5ee tempest-AttachSCSIVolumeTestJSON-1686637285 tempest-AttachSCSIVolumeTestJSON-1686637285-project-admin] RESP STATUS: 201 Created {{(pid=102703) http_log /opt/stack/data/venv/lib/python3.12/site-packages/swiftclient/client.py:161}}
Jun 24 11:48:28.159097 np0000003536 devstack@g-api.service[102703]: DEBUG swiftclient [None req-bb714c6e-3416-42e6-89b8-d7d37432a5ee tempest-AttachSCSIVolumeTestJSON-1686637285 tempest-AttachSCSIVolumeTestJSON-1686637285-project-admin] RESP HEADERS: {'Date': 'Wed, 24 Jun 2026 11:48:28 GMT', 'Server': 'Apache/2.4.58 (Ubuntu)', 'Content-Type': 'text/html; charset=UTF-8', 'Content-Length': '0', 'Etag': '87617e24a5e30cb3b87fda8c0764838f', 'Last-Modified': 'Wed, 24 Jun 2026 11:48:27 GMT', 'X-Trans-Id': 'txaba3067a8b304a619947e-006a3bc40a', 'X-Openstack-Request-Id': 'txaba3067a8b304a619947e-006a3bc40a', 'Connection': 'close'} {{(pid=102703) http_log /opt/stack/data/venv/lib/python3.12/site-packages/swiftclient/client.py:162}}
Jun 24 11:48:28.159217 np0000003536 devstack@g-api.service[102703]: DEBUG glance_store._drivers.swift.store [None req-bb714c6e-3416-42e6-89b8-d7d37432a5ee tempest-AttachSCSIVolumeTestJSON-1686637285 tempest-AttachSCSIVolumeTestJSON-1686637285-project-admin] Wrote chunk a273ea06-d576-4c6c-92d7-c174f261f26e-00001 (1/?) of length 21692416 to Swift returning MD5 of content: 87617e24a5e30cb3b87fda8c0764838f {{(pid=102703) add /opt/stack/data/venv/lib/python3.12/site-packages/glance_store/_drivers/swift/store.py:1059}}
Jun 24 11:48:28.159439 np0000003536 devstack@g-api.service[102703]: DEBUG glance_store._drivers.swift.store [None req-bb714c6e-3416-42e6-89b8-d7d37432a5ee tempest-AttachSCSIVolumeTestJSON-1686637285 tempest-AttachSCSIVolumeTestJSON-1686637285-project-admin] Not writing zero-length chunk. {{(pid=102703) add /opt/stack/data/venv/lib/python3.12/site-packages/glance_store/_drivers/swift/store.py:1028}}
Jun 24 11:48:28.188674 np0000003536 devstack@g-api.service[102703]: DEBUG swiftclient [None req-bb714c6e-3416-42e6-89b8-d7d37432a5ee tempest-AttachSCSIVolumeTestJSON-1686637285 tempest-AttachSCSIVolumeTestJSON-1686637285-project-admin] REQ: curl -i https://10.4.3.60:8080/v1/AUTH_20023997723e4928a300a87c588fa002/glance/a273ea06-d576-4c6c-92d7-c174f261f26e -X PUT -H "X-Object-Manifest: glance/a273ea06-d576-4c6c-92d7-c174f261f26e-" -H "X-Auth-Token: gAAAAABqO8QKuPDp..." -H "Content-Length: 0" {{(pid=102703) http_log /opt/stack/data/venv/lib/python3.12/site-packages/swiftclient/client.py:160}}
Jun 24 11:48:28.188832 np0000003536 devstack@g-api.service[102703]: DEBUG swiftclient [None req-bb714c6e-3416-42e6-89b8-d7d37432a5ee tempest-AttachSCSIVolumeTestJSON-1686637285 tempest-AttachSCSIVolumeTestJSON-1686637285-project-admin] RESP STATUS: 201 Created {{(pid=102703) http_log /opt/stack/data/venv/lib/python3.12/site-packages/swiftclient/client.py:161}}
Jun 24 11:48:28.188983 np0000003536 devstack@g-api.service[102703]: DEBUG swiftclient [None req-bb714c6e-3416-42e6-89b8-d7d37432a5ee tempest-AttachSCSIVolumeTestJSON-1686637285 tempest-AttachSCSIVolumeTestJSON-1686637285-project-admin] RESP HEADERS: {'Date': 'Wed, 24 Jun 2026 11:48:28 GMT', 'Server': 'Apache/2.4.58 (Ubuntu)', 'Content-Type': 'text/html; charset=UTF-8', 'Content-Length': '0', 'Etag': 'd41d8cd98f00b204e9800998ecf8427e', 'Last-Modified': 'Wed, 24 Jun 2026 11:48:29 GMT', 'X-Trans-Id': 'txa9c0983083df4f5097304-006a3bc40c', 'X-Openstack-Request-Id': 'txa9c0983083df4f5097304-006a3bc40c', 'Connection': 'close'} {{(pid=102703) http_log /opt/stack/data/venv/lib/python3.12/site-packages/swiftclient/client.py:162}}
Jun 24 11:48:28.189676 np0000003536 devstack@g-api.service[102703]: INFO glance.location [None req-bb714c6e-3416-42e6-89b8-d7d37432a5ee tempest-AttachSCSIVolumeTestJSON-1686637285 tempest-AttachSCSIVolumeTestJSON-1686637285-project-admin] Image format matched and virtual size computed: 117440512
Jun 24 11:48:28.225145 np0000003536 devstack@g-api.service[102703]: DEBUG glance_store.backend [None req-bb714c6e-3416-42e6-89b8-d7d37432a5ee tempest-AttachSCSIVolumeTestJSON-1686637285 tempest-AttachSCSIVolumeTestJSON-1686637285-project-admin] Attempting to import store swift {{(pid=102703) _load_store /opt/stack/data/venv/lib/python3.12/site-packages/glance_store/backend.py:215}}
Jun 24 11:48:28.226298 np0000003536 devstack@g-api.service[102703]: DEBUG glance_store.capabilities [None req-bb714c6e-3416-42e6-89b8-d7d37432a5ee tempest-AttachSCSIVolumeTestJSON-1686637285 tempest-AttachSCSIVolumeTestJSON-1686637285-project-admin] Store glance_store._drivers.swift.store.SingleTenantStore doesn't support updating dynamic storage capabilities. Please overwrite 'update_capabilities' method of the store to implement updating logics if needed. {{(pid=102703) update_capabilities /opt/stack/data/venv/lib/python3.12/site-packages/glance_store/capabilities.py:91}}
Jun 24 11:48:28.226643 np0000003536 devstack@g-api.service[102703]: DEBUG glance_store.driver [None req-bb714c6e-3416-42e6-89b8-d7d37432a5ee tempest-AttachSCSIVolumeTestJSON-1686637285 tempest-AttachSCSIVolumeTestJSON-1686637285-project-admin] Late loading location class glance_store._drivers.swift.store.StoreLocation {{(pid=102703) get_store_location_class /opt/stack/data/venv/lib/python3.12/site-packages/glance_store/driver.py:134}}
Jun 24 11:48:28.226793 np0000003536 devstack@g-api.service[102703]: DEBUG glance_store.location [None req-bb714c6e-3416-42e6-89b8-d7d37432a5ee tempest-AttachSCSIVolumeTestJSON-1686637285 tempest-AttachSCSIVolumeTestJSON-1686637285-project-admin] Registering scheme swift+https with {'store': , 'location_class': , 'store_entry': 'swift'} {{(pid=102703) register_scheme_map /opt/stack/data/venv/lib/python3.12/site-packages/glance_store/location.py:146}}
