Jun 24 11:45:41.354723 np0000003536 nova-scheduler[96322]: DEBUG cotyledon.oslo_config_glue [-] profiler.es_doc_type = notification {{(pid=96322) log_opt_values /opt/stack/data/venv/lib/python3.12/site-packages/oslo_config/cfg.py:3253}}
Jun 24 11:45:41.354723 np0000003536 nova-scheduler[96322]: DEBUG cotyledon.oslo_config_glue [-] profiler.es_scroll_size = 10000 {{(pid=96322) log_opt_values /opt/stack/data/venv/lib/python3.12/site-packages/oslo_config/cfg.py:3253}}
Jun 24 11:45:41.354723 np0000003536 nova-scheduler[96322]: DEBUG cotyledon.oslo_config_glue [-] profiler.es_scroll_time = 2m {{(pid=96322) log_opt_values /opt/stack/data/venv/lib/python3.12/site-packages/oslo_config/cfg.py:3253}}
Jun 24 11:45:41.354723 np0000003536 nova-scheduler[96322]: DEBUG cotyledon.oslo_config_glue [-] profiler.filter_error_trace = False {{(pid=96322) log_opt_values /opt/stack/data/venv/lib/python3.12/site-packages/oslo_config/cfg.py:3253}}
Jun 24 11:45:41.354723 np0000003536 nova-scheduler[96322]: DEBUG cotyledon.oslo_config_glue [-] profiler.hmac_keys = **** {{(pid=96322) log_opt_values /opt/stack/data/venv/lib/python3.12/site-packages/oslo_config/cfg.py:3253}}
Jun 24 11:45:41.354980 np0000003536 nova-scheduler[96273]: INFO dbcounter [None req-8f5d8492-8e19-4a6b-b970-785d235d2525 None None] Registered counter for database nova_cell0
Jun 24 11:45:41.355024 np0000003536 nova-scheduler[96322]: DEBUG cotyledon.oslo_config_glue [-] profiler.sentinel_service_name = mymaster {{(pid=96322) log_opt_values /opt/stack/data/venv/lib/python3.12/site-packages/oslo_config/cfg.py:3253}}
Jun 24 11:45:41.355024 np0000003536 nova-scheduler[96322]: DEBUG cotyledon.oslo_config_glue [-] profiler.socket_timeout = 0.1 {{(pid=96322) log_opt_values /opt/stack/data/venv/lib/python3.12/site-packages/oslo_config/cfg.py:3253}}
Jun 24 11:45:41.355024 np0000003536 nova-scheduler[96322]: DEBUG cotyledon.oslo_config_glue [-] profiler.trace_requests = False {{(pid=96322) log_opt_values /opt/stack/data/venv/lib/python3.12/site-packages/oslo_config/cfg.py:3253}}
Jun 24 11:45:41.355024 np0000003536 nova-scheduler[96322]: DEBUG cotyledon.oslo_config_glue [-] profiler.trace_sqlalchemy = False {{(pid=96322) log_opt_values /opt/stack/data/venv/lib/python3.12/site-packages/oslo_config/cfg.py:3253}}
Jun 24 11:45:41.355024 np0000003536 nova-scheduler[96322]: DEBUG cotyledon.oslo_config_glue [-] profiler_jaeger.process_tags = {} {{(pid=96322) log_opt_values /opt/stack/data/venv/lib/python3.12/site-packages/oslo_config/cfg.py:3253}}
Jun 24 11:45:41.355024 np0000003536 nova-scheduler[96322]: DEBUG cotyledon.oslo_config_glue [-] profiler_jaeger.service_name_prefix = None {{(pid=96322) log_opt_values /opt/stack/data/venv/lib/python3.12/site-packages/oslo_config/cfg.py:3253}}
Jun 24 11:45:41.355024 np0000003536 nova-scheduler[96322]: DEBUG cotyledon.oslo_config_glue [-] profiler_otlp.service_name_prefix = None {{(pid=96322) log_opt_values /opt/stack/data/venv/lib/python3.12/site-packages/oslo_config/cfg.py:3253}}
Jun 24 11:45:41.355024 np0000003536 nova-scheduler[96322]: DEBUG cotyledon.oslo_config_glue [-] oslo_messaging_rabbit.amqp_auto_delete = False {{(pid=96322) log_opt_values /opt/stack/data/venv/lib/python3.12/site-packages/oslo_config/cfg.py:3253}}
Jun 24 11:45:41.355024 np0000003536 nova-scheduler[96322]: DEBUG cotyledon.oslo_config_glue [-] oslo_messaging_rabbit.amqp_durable_queues = False {{(pid=96322) log_opt_values /opt/stack/data/venv/lib/python3.12/site-packages/oslo_config/cfg.py:3253}}
Jun 24 11:45:41.355348 np0000003536 nova-scheduler[96322]: DEBUG cotyledon.oslo_config_glue [-] oslo_messaging_rabbit.conn_pool_min_size = 2 {{(pid=96322) log_opt_values /opt/stack/data/venv/lib/python3.12/site-packages/oslo_config/cfg.py:3253}}
Jun 24 11:45:41.355348 np0000003536 nova-scheduler[96322]: DEBUG cotyledon.oslo_config_glue [-] oslo_messaging_rabbit.conn_pool_ttl = 1200 {{(pid=96322) log_opt_values /opt/stack/data/venv/lib/python3.12/site-packages/oslo_config/cfg.py:3253}}
Jun 24 11:45:41.355348 np0000003536 nova-scheduler[96322]: DEBUG cotyledon.oslo_config_glue [-] oslo_messaging_rabbit.direct_mandatory_flag = True {{(pid=96322) log_opt_values /opt/stack/data/venv/lib/python3.12/site-packages/oslo_config/cfg.py:3253}}
Jun 24 11:45:41.355348 np0000003536 nova-scheduler[96322]: DEBUG cotyledon.oslo_config_glue [-] oslo_messaging_rabbit.enable_cancel_on_failover = False {{(pid=96322) log_opt_values /opt/stack/data/venv/lib/python3.12/site-packages/oslo_config/cfg.py:3253}}
Jun 24 11:45:41.355348 np0000003536 nova-scheduler[96322]: DEBUG cotyledon.oslo_config_glue [-] oslo_messaging_rabbit.heartbeat_rate = 3 {{(pid=96322) log_opt_values /opt/stack/data/venv/lib/python3.12/site-packages/oslo_config/cfg.py:3253}}
Jun 24 11:45:41.355348 np0000003536 nova-scheduler[96322]: DEBUG cotyledon.oslo_config_glue [-] oslo_messaging_rabbit.heartbeat_timeout_threshold = 60 {{(pid=96322) log_opt_values /opt/stack/data/venv/lib/python3.12/site-packages/oslo_config/cfg.py:3253}}
Jun 24 11:45:41.355348 np0000003536 nova-scheduler[96322]: DEBUG cotyledon.oslo_config_glue [-] oslo_messaging_rabbit.hostname = np0000003536 {{(pid=96322) log_opt_values /opt/stack/data/venv/lib/python3.12/site-packages/oslo_config/cfg.py:3253}}
Jun 24 11:45:41.355348 np0000003536 nova-scheduler[96322]: DEBUG cotyledon.oslo_config_glue [-] oslo_messaging_rabbit.kombu_compression = None {{(pid=96322) log_opt_values /opt/stack/data/venv/lib/python3.12/site-packages/oslo_config/cfg.py:3253}}
Jun 24 11:45:41.355348 np0000003536 nova-scheduler[96322]: DEBUG cotyledon.oslo_config_glue [-] oslo_messaging_rabbit.kombu_failover_strategy = round-robin {{(pid=96322) log_opt_values /opt/stack/data/venv/lib/python3.12/site-packages/oslo_config/cfg.py:3253}}
Jun 24 11:45:41.355685 np0000003536 nova-scheduler[96322]: DEBUG cotyledon.oslo_config_glue [-] oslo_messaging_rabbit.kombu_missing_consumer_retry_timeout = 60 {{(pid=96322) log_opt_values /opt/stack/data/venv/lib/python3.12/site-packages/oslo_config/cfg.py:3253}}
Jun 24 11:45:41.355685 np0000003536 nova-scheduler[96322]: DEBUG cotyledon.oslo_config_glue [-] oslo_messaging_rabbit.kombu_reconnect_delay = 1.0 {{(pid=96322) log_opt_values /opt/stack/data/venv/lib/python3.12/site-packages/oslo_config/cfg.py:3253}}
Jun 24 11:45:41.355685 np0000003536 nova-scheduler[96322]: DEBUG cotyledon.oslo_config_glue [-] oslo_messaging_rabbit.kombu_reconnect_splay = 0.0 {{(pid=96322) log_opt_values /opt/stack/data/venv/lib/python3.12/site-packages/oslo_config/cfg.py:3253}}
Jun 24 11:45:41.355685 np0000003536 nova-scheduler[96322]: DEBUG cotyledon.oslo_config_glue [-] oslo_messaging_rabbit.processname = nova-scheduler {{(pid=96322) log_opt_values /opt/stack/data/venv/lib/python3.12/site-packages/oslo_config/cfg.py:3253}}
Jun 24 11:45:41.355685 np0000003536 nova-scheduler[96322]: DEBUG cotyledon.oslo_config_glue [-] oslo_messaging_rabbit.rabbit_ha_queues = False {{(pid=96322) log_opt_values /opt/stack/data/venv/lib/python3.12/site-packages/oslo_config/cfg.py:3253}}
Jun 24 11:45:41.355685 np0000003536 nova-scheduler[96322]: DEBUG cotyledon.oslo_config_glue [-] oslo_messaging_rabbit.rabbit_interval_max = 30 {{(pid=96322) log_opt_values /opt/stack/data/venv/lib/python3.12/site-packages/oslo_config/cfg.py:3253}}
Jun 24 11:45:41.355685 np0000003536 nova-scheduler[96322]: DEBUG cotyledon.oslo_config_glue [-] oslo_messaging_rabbit.rabbit_login_method = AMQPLAIN {{(pid=96322) log_opt_values /opt/stack/data/venv/lib/python3.12/site-packages/oslo_config/cfg.py:3253}}
Jun 24 11:45:41.355685 np0000003536 nova-scheduler[96322]: DEBUG cotyledon.oslo_config_glue [-] oslo_messaging_rabbit.rabbit_qos_prefetch_count = 0 {{(pid=96322) log_opt_values /opt/stack/data/venv/lib/python3.12/site-packages/oslo_config/cfg.py:3253}}
Jun 24 11:45:41.355685 np0000003536 nova-scheduler[96322]: DEBUG cotyledon.oslo_config_glue [-] oslo_messaging_rabbit.rabbit_quorum_delivery_limit = 0 {{(pid=96322) log_opt_values /opt/stack/data/venv/lib/python3.12/site-packages/oslo_config/cfg.py:3253}}
Jun 24 11:45:41.356073 np0000003536 nova-scheduler[96322]: DEBUG cotyledon.oslo_config_glue [-] oslo_messaging_rabbit.rabbit_quorum_max_memory_bytes = 0 {{(pid=96322) log_opt_values /opt/stack/data/venv/lib/python3.12/site-packages/oslo_config/cfg.py:3253}}
Jun 24 11:45:41.356073 np0000003536 nova-scheduler[96322]: DEBUG cotyledon.oslo_config_glue [-] oslo_messaging_rabbit.rabbit_quorum_max_memory_length = 0 {{(pid=96322) log_opt_values /opt/stack/data/venv/lib/python3.12/site-packages/oslo_config/cfg.py:3253}}
Jun 24 11:45:41.356073 np0000003536 nova-scheduler[96322]: DEBUG cotyledon.oslo_config_glue [-] oslo_messaging_rabbit.rabbit_quorum_queue = False {{(pid=96322) log_opt_values /opt/stack/data/venv/lib/python3.12/site-packages/oslo_config/cfg.py:3253}}
Jun 24 11:45:41.356073 np0000003536 nova-scheduler[96322]: DEBUG cotyledon.oslo_config_glue [-] oslo_messaging_rabbit.rabbit_retry_backoff = 2 {{(pid=96322) log_opt_values /opt/stack/data/venv/lib/python3.12/site-packages/oslo_config/cfg.py:3253}}
Jun 24 11:45:41.356073 np0000003536 nova-scheduler[96322]: DEBUG cotyledon.oslo_config_glue [-] oslo_messaging_rabbit.rabbit_retry_interval = 1 {{(pid=96322) log_opt_values /opt/stack/data/venv/lib/python3.12/site-packages/oslo_config/cfg.py:3253}}
Jun 24 11:45:41.356073 np0000003536 nova-scheduler[96322]: DEBUG cotyledon.oslo_config_glue [-] oslo_messaging_rabbit.rabbit_stream_fanout = False {{(pid=96322) log_opt_values /opt/stack/data/venv/lib/python3.12/site-packages/oslo_config/cfg.py:3253}}
Jun 24 11:45:41.356073 np0000003536 nova-scheduler[96322]: DEBUG cotyledon.oslo_config_glue [-] oslo_messaging_rabbit.rabbit_transient_queues_ttl = 1800 {{(pid=96322) log_opt_values /opt/stack/data/venv/lib/python3.12/site-packages/oslo_config/cfg.py:3253}}
Jun 24 11:45:41.356073 np0000003536 nova-scheduler[96322]: DEBUG cotyledon.oslo_config_glue [-] oslo_messaging_rabbit.rabbit_transient_quorum_queue = False {{(pid=96322) log_opt_values /opt/stack/data/venv/lib/python3.12/site-packages/oslo_config/cfg.py:3253}}
Jun 24 11:45:41.356353 np0000003536 nova-scheduler[96322]: DEBUG cotyledon.oslo_config_glue [-] oslo_messaging_rabbit.rpc_conn_pool_size = 30 {{(pid=96322) log_opt_values /opt/stack/data/venv/lib/python3.12/site-packages/oslo_config/cfg.py:3253}}
Jun 24 11:45:41.356353 np0000003536 nova-scheduler[96322]: DEBUG cotyledon.oslo_config_glue [-] oslo_messaging_rabbit.ssl = False {{(pid=96322) log_opt_values /opt/stack/data/venv/lib/python3.12/site-packages/oslo_config/cfg.py:3253}}
Jun 24 11:45:41.356353 np0000003536 nova-scheduler[96322]: DEBUG cotyledon.oslo_config_glue [-] oslo_messaging_rabbit.ssl_ca_file = {{(pid=96322) log_opt_values /opt/stack/data/venv/lib/python3.12/site-packages/oslo_config/cfg.py:3253}}
Jun 24 11:45:41.356353 np0000003536 nova-scheduler[96322]: DEBUG cotyledon.oslo_config_glue [-] oslo_messaging_rabbit.ssl_cert_file = {{(pid=96322) log_opt_values /opt/stack/data/venv/lib/python3.12/site-packages/oslo_config/cfg.py:3253}}
Jun 24 11:45:41.356353 np0000003536 nova-scheduler[96322]: DEBUG cotyledon.oslo_config_glue [-] oslo_messaging_rabbit.ssl_enforce_fips_mode = False {{(pid=96322) log_opt_values /opt/stack/data/venv/lib/python3.12/site-packages/oslo_config/cfg.py:3253}}
Jun 24 11:45:41.356353 np0000003536 nova-scheduler[96322]: DEBUG cotyledon.oslo_config_glue [-] oslo_messaging_rabbit.ssl_enforce_hostname_verification = True {{(pid=96322) log_opt_values /opt/stack/data/venv/lib/python3.12/site-packages/oslo_config/cfg.py:3253}}
Jun 24 11:45:41.356353 np0000003536 nova-scheduler[96322]: DEBUG cotyledon.oslo_config_glue [-] oslo_messaging_rabbit.ssl_key_file = {{(pid=96322) log_opt_values /opt/stack/data/venv/lib/python3.12/site-packages/oslo_config/cfg.py:3253}}
Jun 24 11:45:41.356353 np0000003536 nova-scheduler[96322]: DEBUG cotyledon.oslo_config_glue [-] oslo_messaging_rabbit.ssl_version = {{(pid=96322) log_opt_values /opt/stack/data/venv/lib/python3.12/site-packages/oslo_config/cfg.py:3253}}
Jun 24 11:45:41.356353 np0000003536 nova-scheduler[96322]: DEBUG cotyledon.oslo_config_glue [-] oslo_messaging_rabbit.use_queue_manager = False {{(pid=96322) log_opt_values /opt/stack/data/venv/lib/python3.12/site-packages/oslo_config/cfg.py:3253}}
Jun 24 11:45:41.356723 np0000003536 nova-scheduler[96322]: DEBUG cotyledon.oslo_config_glue [-] oslo_messaging_notifications.driver = ['messagingv2'] {{(pid=96322) log_opt_values /opt/stack/data/venv/lib/python3.12/site-packages/oslo_config/cfg.py:3253}}
Jun 24 11:45:41.356723 np0000003536 nova-scheduler[96322]: DEBUG cotyledon.oslo_config_glue [-] oslo_messaging_notifications.retry = -1 {{(pid=96322) log_opt_values /opt/stack/data/venv/lib/python3.12/site-packages/oslo_config/cfg.py:3253}}
Jun 24 11:45:41.356723 np0000003536 nova-scheduler[96322]: DEBUG cotyledon.oslo_config_glue [-] oslo_messaging_notifications.topics = ['notifications'] {{(pid=96322) log_opt_values /opt/stack/data/venv/lib/python3.12/site-packages/oslo_config/cfg.py:3253}}
Jun 24 11:45:41.356723 np0000003536 nova-scheduler[96322]: DEBUG cotyledon.oslo_config_glue [-] oslo_messaging_notifications.transport_url = **** {{(pid=96322) log_opt_values /opt/stack/data/venv/lib/python3.12/site-packages/oslo_config/cfg.py:3253}}
Jun 24 11:45:41.356723 np0000003536 nova-scheduler[96322]: DEBUG cotyledon.oslo_config_glue [-] oslo_limit.auth_section = None {{(pid=96322) log_opt_values /opt/stack/data/venv/lib/python3.12/site-packages/oslo_config/cfg.py:3253}}
Jun 24 11:45:41.356723 np0000003536 nova-scheduler[96322]: DEBUG cotyledon.oslo_config_glue [-] oslo_limit.auth_type = None {{(pid=96322) log_opt_values /opt/stack/data/venv/lib/python3.12/site-packages/oslo_config/cfg.py:3253}}
Jun 24 11:45:41.356723 np0000003536 nova-scheduler[96322]: DEBUG cotyledon.oslo_config_glue [-] oslo_limit.cafile = None {{(pid=96322) log_opt_values /opt/stack/data/venv/lib/python3.12/site-packages/oslo_config/cfg.py:3253}}
Jun 24 11:45:41.356723 np0000003536 nova-scheduler[96322]: DEBUG cotyledon.oslo_config_glue [-] oslo_limit.certfile = None {{(pid=96322) log_opt_values /opt/stack/data/venv/lib/python3.12/site-packages/oslo_config/cfg.py:3253}}
Jun 24 11:45:41.356723 np0000003536 nova-scheduler[96322]: DEBUG cotyledon.oslo_config_glue [-] oslo_limit.collect_timing = False {{(pid=96322) log_opt_values /opt/stack/data/venv/lib/python3.12/site-packages/oslo_config/cfg.py:3253}}
Jun 24 11:45:41.356928 np0000003536 nova-scheduler[96322]: DEBUG cotyledon.oslo_config_glue [-] oslo_limit.connect_retries = None {{(pid=96322) log_opt_values /opt/stack/data/venv/lib/python3.12/site-packages/oslo_config/cfg.py:3253}}
Jun 24 11:45:41.356928 np0000003536 nova-scheduler[96322]: DEBUG cotyledon.oslo_config_glue [-] oslo_limit.connect_retry_delay = None {{(pid=96322) log_opt_values /opt/stack/data/venv/lib/python3.12/site-packages/oslo_config/cfg.py:3253}}
Jun 24 11:45:41.356928 np0000003536 nova-scheduler[96322]: DEBUG cotyledon.oslo_config_glue [-] oslo_limit.endpoint_id = None {{(pid=96322) log_opt_values /opt/stack/data/venv/lib/python3.12/site-packages/oslo_config/cfg.py:3253}}
Jun 24 11:45:41.356928 np0000003536 nova-scheduler[96322]: DEBUG cotyledon.oslo_config_glue [-] oslo_limit.endpoint_interface = public {{(pid=96322) log_opt_values /opt/stack/data/venv/lib/python3.12/site-packages/oslo_config/cfg.py:3253}}
Jun 24 11:45:41.356928 np0000003536 nova-scheduler[96322]: DEBUG cotyledon.oslo_config_glue [-] oslo_limit.endpoint_override = None {{(pid=96322) log_opt_values /opt/stack/data/venv/lib/python3.12/site-packages/oslo_config/cfg.py:3253}}
Jun 24 11:45:41.356928 np0000003536 nova-scheduler[96322]: DEBUG cotyledon.oslo_config_glue [-] oslo_limit.endpoint_region_name = None {{(pid=96322) log_opt_values /opt/stack/data/venv/lib/python3.12/site-packages/oslo_config/cfg.py:3253}}
Jun 24 11:45:41.356928 np0000003536 nova-scheduler[96322]: DEBUG cotyledon.oslo_config_glue [-] oslo_limit.endpoint_service_name = None {{(pid=96322) log_opt_values /opt/stack/data/venv/lib/python3.12/site-packages/oslo_config/cfg.py:3253}}
Jun 24 11:45:41.356928 np0000003536 nova-scheduler[96322]: DEBUG cotyledon.oslo_config_glue [-] oslo_limit.endpoint_service_type = None {{(pid=96322) log_opt_values /opt/stack/data/venv/lib/python3.12/site-packages/oslo_config/cfg.py:3253}}
Jun 24 11:45:41.356928 np0000003536 nova-scheduler[96322]: DEBUG cotyledon.oslo_config_glue [-] oslo_limit.insecure = False {{(pid=96322) log_opt_values /opt/stack/data/venv/lib/python3.12/site-packages/oslo_config/cfg.py:3253}}
Jun 24 11:45:41.357102 np0000003536 nova-scheduler[96322]: DEBUG cotyledon.oslo_config_glue [-] oslo_limit.keyfile = None {{(pid=96322) log_opt_values /opt/stack/data/venv/lib/python3.12/site-packages/oslo_config/cfg.py:3253}}
Jun 24 11:45:41.357102 np0000003536 nova-scheduler[96322]: DEBUG cotyledon.oslo_config_glue [-] oslo_limit.max_version = None {{(pid=96322) log_opt_values /opt/stack/data/venv/lib/python3.12/site-packages/oslo_config/cfg.py:3253}}
Jun 24 11:45:41.357102 np0000003536 nova-scheduler[96322]: DEBUG cotyledon.oslo_config_glue [-] oslo_limit.min_version = None {{(pid=96322) log_opt_values /opt/stack/data/venv/lib/python3.12/site-packages/oslo_config/cfg.py:3253}}
Jun 24 11:45:41.357102 np0000003536 nova-scheduler[96322]: DEBUG cotyledon.oslo_config_glue [-] oslo_limit.region_name = None {{(pid=96322) log_opt_values /opt/stack/data/venv/lib/python3.12/site-packages/oslo_config/cfg.py:3253}}
Jun 24 11:45:41.357102 np0000003536 nova-scheduler[96322]: DEBUG cotyledon.oslo_config_glue [-] oslo_limit.retriable_status_codes = None {{(pid=96322) log_opt_values /opt/stack/data/venv/lib/python3.12/site-packages/oslo_config/cfg.py:3253}}
Jun 24 11:45:41.357102 np0000003536 nova-scheduler[96322]: DEBUG cotyledon.oslo_config_glue [-] oslo_limit.service_name = None {{(pid=96322) log_opt_values /opt/stack/data/venv/lib/python3.12/site-packages/oslo_config/cfg.py:3253}}
Jun 24 11:45:41.357102 np0000003536 nova-scheduler[96322]: DEBUG cotyledon.oslo_config_glue [-] oslo_limit.service_type = None {{(pid=96322) log_opt_values /opt/stack/data/venv/lib/python3.12/site-packages/oslo_config/cfg.py:3253}}
Jun 24 11:45:41.357102 np0000003536 nova-scheduler[96322]: DEBUG cotyledon.oslo_config_glue [-] oslo_limit.split_loggers = False {{(pid=96322) log_opt_values /opt/stack/data/venv/lib/python3.12/site-packages/oslo_config/cfg.py:3253}}
Jun 24 11:45:41.357102 np0000003536 nova-scheduler[96322]: DEBUG cotyledon.oslo_config_glue [-] oslo_limit.status_code_retries = None {{(pid=96322) log_opt_values /opt/stack/data/venv/lib/python3.12/site-packages/oslo_config/cfg.py:3253}}
Jun 24 11:45:41.357284 np0000003536 nova-scheduler[96322]: DEBUG cotyledon.oslo_config_glue [-] oslo_limit.status_code_retry_delay = None {{(pid=96322) log_opt_values /opt/stack/data/venv/lib/python3.12/site-packages/oslo_config/cfg.py:3253}}
Jun 24 11:45:41.357284 np0000003536 nova-scheduler[96322]: DEBUG cotyledon.oslo_config_glue [-] oslo_limit.timeout = None {{(pid=96322) log_opt_values /opt/stack/data/venv/lib/python3.12/site-packages/oslo_config/cfg.py:3253}}
Jun 24 11:45:41.357284 np0000003536 nova-scheduler[96322]: DEBUG cotyledon.oslo_config_glue [-] oslo_limit.valid_interfaces = None {{(pid=96322) log_opt_values /opt/stack/data/venv/lib/python3.12/site-packages/oslo_config/cfg.py:3253}}
Jun 24 11:45:41.357284 np0000003536 nova-scheduler[96322]: DEBUG cotyledon.oslo_config_glue [-] oslo_limit.version = None {{(pid=96322) log_opt_values /opt/stack/data/venv/lib/python3.12/site-packages/oslo_config/cfg.py:3253}}
Jun 24 11:45:41.357284 np0000003536 nova-scheduler[96322]: DEBUG cotyledon.oslo_config_glue [-] oslo_reports.file_event_handler = None {{(pid=96322) log_opt_values /opt/stack/data/venv/lib/python3.12/site-packages/oslo_config/cfg.py:3253}}
Jun 24 11:45:41.357284 np0000003536 nova-scheduler[96322]: DEBUG cotyledon.oslo_config_glue [-] oslo_reports.file_event_handler_interval = 1 {{(pid=96322) log_opt_values /opt/stack/data/venv/lib/python3.12/site-packages/oslo_config/cfg.py:3253}}
Jun 24 11:45:41.357284 np0000003536 nova-scheduler[96322]: DEBUG cotyledon.oslo_config_glue [-] oslo_reports.log_dir = None {{(pid=96322) log_opt_values /opt/stack/data/venv/lib/python3.12/site-packages/oslo_config/cfg.py:3253}}
Jun 24 11:45:41.357284 np0000003536 nova-scheduler[96322]: DEBUG cotyledon.oslo_config_glue [-] ******************************************************************************** {{(pid=96322) log_opt_values /opt/stack/data/venv/lib/python3.12/site-packages/oslo_config/cfg.py:3260}}
Jun 24 11:45:41.357284 np0000003536 nova-scheduler[96322]: DEBUG cotyledon._service_worker [-] Run service ServiceWrapper(3) [96322] {{(pid=96322) wait_forever /opt/stack/data/venv/lib/python3.12/site-packages/cotyledon/_service_worker.py:218}}
Jun 24 11:45:41.357459 np0000003536 nova-scheduler[96322]: INFO nova.service [-] Starting scheduler node (version 33.1.0)
Jun 24 11:45:41.357459 np0000003536 nova-scheduler[96322]: INFO dbcounter [None req-49ea616b-81db-427f-a3cc-a556624a0a74 None None] Registered counter for database nova_cell0
Jun 24 11:45:41.357499 np0000003536 nova-scheduler[96271]: DEBUG nova.service [None req-40087a14-3dc7-4cc2-b68b-363f15ee527d None None] Creating RPC server for service: nova-scheduler on topic: scheduler {{(pid=96271) start /opt/stack/nova/nova/service.py:196}}
Jun 24 11:45:41.357526 np0000003536 nova-scheduler[96303]: DEBUG oslo_db.sqlalchemy.engines [None req-bf621d52-2185-41e9-996f-492ce03cacd6 None None] MySQL server mode set to STRICT_TRANS_TABLES,STRICT_ALL_TABLES,NO_ZERO_IN_DATE,NO_ZERO_DATE,ERROR_FOR_DIVISION_BY_ZERO,TRADITIONAL,NO_ENGINE_SUBSTITUTION {{(pid=96303) _check_effective_sql_mode /opt/stack/data/venv/lib/python3.12/site-packages/oslo_db/sqlalchemy/engines.py:325}}
Jun 24 11:45:41.357526 np0000003536 nova-scheduler[96303]: DEBUG dbcounter [-] [96303] Writer thread running {{(pid=96303) stat_writer /opt/stack/data/venv/lib/python3.12/site-packages/dbcounter.py:102}}
Jun 24 11:45:41.357526 np0000003536 nova-scheduler[96303]: DEBUG nova.service [None req-bf621d52-2185-41e9-996f-492ce03cacd6 None None] Creating RPC server for service: nova-scheduler on topic: scheduler {{(pid=96303) start /opt/stack/nova/nova/service.py:196}}
Jun 24 11:45:41.357624 np0000003536 nova-scheduler[96271]: DEBUG nova.service [None req-40087a14-3dc7-4cc2-b68b-363f15ee527d None None] Join ServiceGroup membership for this service scheduler {{(pid=96271) start /opt/stack/nova/nova/service.py:222}}
Jun 24 11:45:41.357624 np0000003536 nova-scheduler[96271]: DEBUG nova.servicegroup.drivers.db [None req-40087a14-3dc7-4cc2-b68b-363f15ee527d None None] DB_Driver: join new ServiceGroup member np0000003536 to the scheduler group, service = {{(pid=96271) join /opt/stack/nova/nova/servicegroup/drivers/db.py:44}}
Jun 24 11:45:41.357669 np0000003536 nova-scheduler[96322]: DEBUG oslo_db.sqlalchemy.engines [None req-49ea616b-81db-427f-a3cc-a556624a0a74 None None] MySQL server mode set to STRICT_TRANS_TABLES,STRICT_ALL_TABLES,NO_ZERO_IN_DATE,NO_ZERO_DATE,ERROR_FOR_DIVISION_BY_ZERO,TRADITIONAL,NO_ENGINE_SUBSTITUTION {{(pid=96322) _check_effective_sql_mode /opt/stack/data/venv/lib/python3.12/site-packages/oslo_db/sqlalchemy/engines.py:325}}
Jun 24 11:45:41.361989 np0000003536 nova-scheduler[96273]: DEBUG oslo_db.sqlalchemy.engines [None req-8f5d8492-8e19-4a6b-b970-785d235d2525 None None] MySQL server mode set to STRICT_TRANS_TABLES,STRICT_ALL_TABLES,NO_ZERO_IN_DATE,NO_ZERO_DATE,ERROR_FOR_DIVISION_BY_ZERO,TRADITIONAL,NO_ENGINE_SUBSTITUTION {{(pid=96273) _check_effective_sql_mode /opt/stack/data/venv/lib/python3.12/site-packages/oslo_db/sqlalchemy/engines.py:325}}
Jun 24 11:45:41.365642 np0000003536 nova-scheduler[96322]: DEBUG dbcounter [-] [96322] Writer thread running {{(pid=96322) stat_writer /opt/stack/data/venv/lib/python3.12/site-packages/dbcounter.py:102}}
Jun 24 11:45:41.368225 np0000003536 nova-scheduler[96322]: DEBUG nova.service [None req-49ea616b-81db-427f-a3cc-a556624a0a74 None None] Creating RPC server for service: nova-scheduler on topic: scheduler {{(pid=96322) start /opt/stack/nova/nova/service.py:196}}
Jun 24 11:45:41.369999 np0000003536 nova-scheduler[96303]: DEBUG nova.service [None req-bf621d52-2185-41e9-996f-492ce03cacd6 None None] Join ServiceGroup membership for this service scheduler {{(pid=96303) start /opt/stack/nova/nova/service.py:222}}
Jun 24 11:45:41.370197 np0000003536 nova-scheduler[96303]: DEBUG nova.servicegroup.drivers.db [None req-bf621d52-2185-41e9-996f-492ce03cacd6 None None] DB_Driver: join new ServiceGroup member np0000003536 to the scheduler group, service = {{(pid=96303) join /opt/stack/nova/nova/servicegroup/drivers/db.py:44}}
Jun 24 11:45:41.371573 np0000003536 nova-scheduler[96273]: DEBUG dbcounter [-] [96273] Writer thread running {{(pid=96273) stat_writer /opt/stack/data/venv/lib/python3.12/site-packages/dbcounter.py:102}}
Jun 24 11:45:41.374411 np0000003536 nova-scheduler[96273]: DEBUG nova.service [None req-8f5d8492-8e19-4a6b-b970-785d235d2525 None None] Creating RPC server for service: nova-scheduler on topic: scheduler {{(pid=96273) start /opt/stack/nova/nova/service.py:196}}
Jun 24 11:45:41.384770 np0000003536 nova-scheduler[96322]: DEBUG nova.service [None req-49ea616b-81db-427f-a3cc-a556624a0a74 None None] Join ServiceGroup membership for this service scheduler {{(pid=96322) start /opt/stack/nova/nova/service.py:222}}
Jun 24 11:45:41.384955 np0000003536 nova-scheduler[96322]: DEBUG nova.servicegroup.drivers.db [None req-49ea616b-81db-427f-a3cc-a556624a0a74 None None] DB_Driver: join new ServiceGroup member np0000003536 to the scheduler group, service = {{(pid=96322) join /opt/stack/nova/nova/servicegroup/drivers/db.py:44}}
Jun 24 11:45:41.387185 np0000003536 nova-scheduler[96322]: DEBUG oslo.service.backend._threading.loopingcall [None req-a1032aa9-6c05-42c4-8d9f-733dc0680d87 None None] Dynamic interval looping call 'nova.service.Service.periodic_tasks' sleeping for 60.00 seconds {{(pid=96322) _run_loop /opt/stack/data/venv/lib/python3.12/site-packages/oslo_service/backend/_threading/loopingcall.py:125}}
Jun 24 11:45:41.390863 np0000003536 nova-scheduler[96273]: DEBUG nova.service [None req-8f5d8492-8e19-4a6b-b970-785d235d2525 None None] Join ServiceGroup membership for this service scheduler {{(pid=96273) start /opt/stack/nova/nova/service.py:222}}
Jun 24 11:45:41.391017 np0000003536 nova-scheduler[96273]: DEBUG nova.servicegroup.drivers.db [None req-8f5d8492-8e19-4a6b-b970-785d235d2525 None None] DB_Driver: join new ServiceGroup member np0000003536 to the scheduler group, service = {{(pid=96273) join /opt/stack/nova/nova/servicegroup/drivers/db.py:44}}
Jun 24 11:45:46.377438 np0000003536 nova-scheduler[96271]: DEBUG oslo.service.backend._threading.loopingcall [-] Fixed interval looping call 'nova.servicegroup.drivers.db.DbDriver._report_state' sleeping for 119.98 seconds {{(pid=96271) _run_loop /opt/stack/data/venv/lib/python3.12/site-packages/oslo_service/backend/_threading/loopingcall.py:125}}
Jun 24 11:45:46.388934 np0000003536 nova-scheduler[96303]: DEBUG oslo.service.backend._threading.loopingcall [-] Fixed interval looping call 'nova.servicegroup.drivers.db.DbDriver._report_state' sleeping for 119.99 seconds {{(pid=96303) _run_loop /opt/stack/data/venv/lib/python3.12/site-packages/oslo_service/backend/_threading/loopingcall.py:125}}
Jun 24 11:45:46.401097 np0000003536 nova-scheduler[96273]: DEBUG oslo.service.backend._threading.loopingcall [-] Fixed interval looping call 'nova.servicegroup.drivers.db.DbDriver._report_state' sleeping for 119.99 seconds {{(pid=96273) _run_loop /opt/stack/data/venv/lib/python3.12/site-packages/oslo_service/backend/_threading/loopingcall.py:125}}
Jun 24 11:45:46.402209 np0000003536 nova-scheduler[96322]: DEBUG oslo.service.backend._threading.loopingcall [-] Fixed interval looping call 'nova.servicegroup.drivers.db.DbDriver._report_state' sleeping for 119.98 seconds {{(pid=96322) _run_loop /opt/stack/data/venv/lib/python3.12/site-packages/oslo_service/backend/_threading/loopingcall.py:125}}
Jun 24 11:45:49.934343 np0000003536 nova-scheduler[95065]: DEBUG dbcounter [-] [95065] Writing DB stats nova_api:SELECT=3 {{(pid=95065) stat_writer /opt/stack/data/venv/lib/python3.12/site-packages/dbcounter.py:115}}
Jun 24 11:45:50.061982 np0000003536 nova-scheduler[95065]: DEBUG dbcounter [-] [95065] Writing DB stats nova_cell0:SELECT=1 {{(pid=95065) stat_writer /opt/stack/data/venv/lib/python3.12/site-packages/dbcounter.py:115}}
Jun 24 11:45:50.066393 np0000003536 nova-scheduler[95065]: DEBUG dbcounter [-] [95065] Writing DB stats nova_cell1:SELECT=1 {{(pid=95065) stat_writer /opt/stack/data/venv/lib/python3.12/site-packages/dbcounter.py:115}}
Jun 24 11:45:54.372494 np0000003536 nova-scheduler[96303]: DEBUG oslo.service.backend._threading.loopingcall [None req-26ac8ee2-f0d5-4404-82e4-3fe36c8979fc None None] Dynamic interval looping call 'nova.service.Service.periodic_tasks' sleeping for 60.00 seconds {{(pid=96303) _run_loop /opt/stack/data/venv/lib/python3.12/site-packages/oslo_service/backend/_threading/loopingcall.py:125}}
Jun 24 11:45:56.371658 np0000003536 nova-scheduler[96271]: DEBUG dbcounter [-] [96271] Writing DB stats nova_cell0:SELECT=4,nova_cell0:INSERT=1,nova_cell0:UPDATE=1 {{(pid=96271) stat_writer /opt/stack/data/venv/lib/python3.12/site-packages/dbcounter.py:115}}
Jun 24 11:45:56.381248 np0000003536 nova-scheduler[96303]: DEBUG dbcounter [-] [96303] Writing DB stats nova_cell0:SELECT=3 {{(pid=96303) stat_writer /opt/stack/data/venv/lib/python3.12/site-packages/dbcounter.py:115}}
Jun 24 11:45:56.398601 np0000003536 nova-scheduler[96273]: DEBUG dbcounter [-] [96273] Writing DB stats nova_cell0:SELECT=3 {{(pid=96273) stat_writer /opt/stack/data/venv/lib/python3.12/site-packages/dbcounter.py:115}}
Jun 24 11:45:56.406024 np0000003536 nova-scheduler[96322]: DEBUG dbcounter [-] [96322] Writing DB stats nova_cell0:SELECT=3 {{(pid=96322) stat_writer /opt/stack/data/venv/lib/python3.12/site-packages/dbcounter.py:115}}
Jun 24 11:46:01.356504 np0000003536 nova-scheduler[96271]: DEBUG oslo.service.backend._threading.loopingcall [None req-c4948482-f9ae-4c08-87a0-c5cef5c273ce None None] Dynamic interval looping call 'nova.service.Service.periodic_tasks' sleeping for 60.00 seconds {{(pid=96271) _run_loop /opt/stack/data/venv/lib/python3.12/site-packages/oslo_service/backend/_threading/loopingcall.py:125}}
Jun 24 11:46:08.393066 np0000003536 nova-scheduler[96273]: DEBUG oslo.service.backend._threading.loopingcall [None req-f6a7918e-2c78-451d-bbab-bd5d4de80e24 None None] Dynamic interval looping call 'nova.service.Service.periodic_tasks' sleeping for 60.00 seconds {{(pid=96273) _run_loop /opt/stack/data/venv/lib/python3.12/site-packages/oslo_service/backend/_threading/loopingcall.py:125}}
Jun 24 11:46:41.387658 np0000003536 nova-scheduler[96322]: DEBUG oslo.service.backend._threading.loopingcall [None req-a1032aa9-6c05-42c4-8d9f-733dc0680d87 None None] Dynamic interval looping call 'nova.service.Service.periodic_tasks' sleeping for 60.00 seconds {{(pid=96322) _run_loop /opt/stack/data/venv/lib/python3.12/site-packages/oslo_service/backend/_threading/loopingcall.py:125}}
Jun 24 11:46:54.372987 np0000003536 nova-scheduler[96303]: DEBUG oslo.service.backend._threading.loopingcall [None req-26ac8ee2-f0d5-4404-82e4-3fe36c8979fc None None] Dynamic interval looping call 'nova.service.Service.periodic_tasks' sleeping for 60.00 seconds {{(pid=96303) _run_loop /opt/stack/data/venv/lib/python3.12/site-packages/oslo_service/backend/_threading/loopingcall.py:125}}
Jun 24 11:47:01.357001 np0000003536 nova-scheduler[96271]: DEBUG oslo.service.backend._threading.loopingcall [None req-c4948482-f9ae-4c08-87a0-c5cef5c273ce None None] Dynamic interval looping call 'nova.service.Service.periodic_tasks' sleeping for 60.00 seconds {{(pid=96271) _run_loop /opt/stack/data/venv/lib/python3.12/site-packages/oslo_service/backend/_threading/loopingcall.py:125}}
Jun 24 11:47:08.393617 np0000003536 nova-scheduler[96273]: DEBUG oslo.service.backend._threading.loopingcall [None req-f6a7918e-2c78-451d-bbab-bd5d4de80e24 None None] Dynamic interval looping call 'nova.service.Service.periodic_tasks' sleeping for 60.00 seconds {{(pid=96273) _run_loop /opt/stack/data/venv/lib/python3.12/site-packages/oslo_service/backend/_threading/loopingcall.py:125}}
Jun 24 11:47:41.388073 np0000003536 nova-scheduler[96322]: DEBUG oslo.service.backend._threading.loopingcall [None req-a1032aa9-6c05-42c4-8d9f-733dc0680d87 None None] Dynamic interval looping call 'nova.service.Service.periodic_tasks' sleeping for 60.00 seconds {{(pid=96322) _run_loop /opt/stack/data/venv/lib/python3.12/site-packages/oslo_service/backend/_threading/loopingcall.py:125}}
Jun 24 11:47:46.365610 np0000003536 nova-scheduler[96271]: DEBUG oslo.service.backend._threading.loopingcall [-] Fixed interval looping call 'nova.servicegroup.drivers.db.DbDriver._report_state' sleeping for 119.99 seconds {{(pid=96271) _run_loop /opt/stack/data/venv/lib/python3.12/site-packages/oslo_service/backend/_threading/loopingcall.py:125}}
Jun 24 11:47:46.382693 np0000003536 nova-scheduler[96303]: DEBUG oslo.service.backend._threading.loopingcall [-] Fixed interval looping call 'nova.servicegroup.drivers.db.DbDriver._report_state' sleeping for 120.00 seconds {{(pid=96303) _run_loop /opt/stack/data/venv/lib/python3.12/site-packages/oslo_service/backend/_threading/loopingcall.py:125}}
Jun 24 11:47:46.385375 np0000003536 nova-scheduler[96322]: DEBUG oslo.service.backend._threading.loopingcall [-] Fixed interval looping call 'nova.servicegroup.drivers.db.DbDriver._report_state' sleeping for 120.00 seconds {{(pid=96322) _run_loop /opt/stack/data/venv/lib/python3.12/site-packages/oslo_service/backend/_threading/loopingcall.py:125}}
Jun 24 11:47:46.394741 np0000003536 nova-scheduler[96273]: DEBUG oslo.service.backend._threading.loopingcall [-] Fixed interval looping call 'nova.servicegroup.drivers.db.DbDriver._report_state' sleeping for 120.00 seconds {{(pid=96273) _run_loop /opt/stack/data/venv/lib/python3.12/site-packages/oslo_service/backend/_threading/loopingcall.py:125}}
Jun 24 11:47:54.373546 np0000003536 nova-scheduler[96303]: DEBUG oslo.service.backend._threading.loopingcall [None req-26ac8ee2-f0d5-4404-82e4-3fe36c8979fc None None] Dynamic interval looping call 'nova.service.Service.periodic_tasks' sleeping for 60.00 seconds {{(pid=96303) _run_loop /opt/stack/data/venv/lib/python3.12/site-packages/oslo_service/backend/_threading/loopingcall.py:125}}
Jun 24 11:47:56.360813 np0000003536 nova-scheduler[96271]: DEBUG dbcounter [-] [96271] Writing DB stats nova_cell0:SELECT=1,nova_cell0:UPDATE=1 {{(pid=96271) stat_writer /opt/stack/data/venv/lib/python3.12/site-packages/dbcounter.py:115}}
Jun 24 11:47:56.380928 np0000003536 nova-scheduler[96303]: DEBUG dbcounter [-] [96303] Writing DB stats nova_cell0:SELECT=1 {{(pid=96303) stat_writer /opt/stack/data/venv/lib/python3.12/site-packages/dbcounter.py:115}}
Jun 24 11:47:56.383710 np0000003536 nova-scheduler[96322]: DEBUG dbcounter [-] [96322] Writing DB stats nova_cell0:SELECT=1 {{(pid=96322) stat_writer /opt/stack/data/venv/lib/python3.12/site-packages/dbcounter.py:115}}
Jun 24 11:47:56.392750 np0000003536 nova-scheduler[96273]: DEBUG dbcounter [-] [96273] Writing DB stats nova_cell0:SELECT=1 {{(pid=96273) stat_writer /opt/stack/data/venv/lib/python3.12/site-packages/dbcounter.py:115}}
Jun 24 11:48:01.357459 np0000003536 nova-scheduler[96271]: DEBUG oslo.service.backend._threading.loopingcall [None req-c4948482-f9ae-4c08-87a0-c5cef5c273ce None None] Dynamic interval looping call 'nova.service.Service.periodic_tasks' sleeping for 60.00 seconds {{(pid=96271) _run_loop /opt/stack/data/venv/lib/python3.12/site-packages/oslo_service/backend/_threading/loopingcall.py:125}}
Jun 24 11:48:08.394885 np0000003536 nova-scheduler[96273]: DEBUG oslo.service.backend._threading.loopingcall [None req-f6a7918e-2c78-451d-bbab-bd5d4de80e24 None None] Dynamic interval looping call 'nova.service.Service.periodic_tasks' sleeping for 60.00 seconds {{(pid=96273) _run_loop /opt/stack/data/venv/lib/python3.12/site-packages/oslo_service/backend/_threading/loopingcall.py:125}}
Jun 24 11:48:20.119753 np0000003536 nova-scheduler[96271]: DEBUG nova.scheduler.manager [None req-82e53622-408a-49c1-87f1-fbfe28c3f90f tempest-DeleteServersTestJSON-950289975 tempest-DeleteServersTestJSON-950289975-project-member] Starting to schedule for instances: ['4e6b2818-73cd-4876-b4f0-a54ead8c7fe7'] {{(pid=96271) select_destinations /opt/stack/nova/nova/scheduler/manager.py:210}}
Jun 24 11:48:20.120532 np0000003536 nova-scheduler[96271]: DEBUG nova.scheduler.request_filter [None req-82e53622-408a-49c1-87f1-fbfe28c3f90f tempest-DeleteServersTestJSON-950289975 tempest-DeleteServersTestJSON-950289975-project-member] compute_status_filter request filter added forbidden trait COMPUTE_STATUS_DISABLED {{(pid=96271) compute_status_filter /opt/stack/nova/nova/scheduler/request_filter.py:253}}
Jun 24 11:48:20.120532 np0000003536 nova-scheduler[96271]: DEBUG nova.scheduler.request_filter [None req-82e53622-408a-49c1-87f1-fbfe28c3f90f tempest-DeleteServersTestJSON-950289975 tempest-DeleteServersTestJSON-950289975-project-member] Request filter 'compute_status_filter' took 0.0 seconds {{(pid=96271) wrapper /opt/stack/nova/nova/scheduler/request_filter.py:46}}
Jun 24 11:48:20.120740 np0000003536 nova-scheduler[96271]: DEBUG nova.scheduler.request_filter [None req-82e53622-408a-49c1-87f1-fbfe28c3f90f tempest-DeleteServersTestJSON-950289975 tempest-DeleteServersTestJSON-950289975-project-member] Request filter 'accelerators_filter' took 0.0 seconds {{(pid=96271) wrapper /opt/stack/nova/nova/scheduler/request_filter.py:46}}
Jun 24 11:48:20.121290 np0000003536 nova-scheduler[96271]: DEBUG nova.scheduler.request_filter [None req-82e53622-408a-49c1-87f1-fbfe28c3f90f tempest-DeleteServersTestJSON-950289975 tempest-DeleteServersTestJSON-950289975-project-member] Request filter 'packed_virtqueue_filter' took 0.0 seconds {{(pid=96271) wrapper /opt/stack/nova/nova/scheduler/request_filter.py:46}}
Jun 24 11:48:20.121900 np0000003536 nova-scheduler[96271]: DEBUG nova.scheduler.request_filter [None req-82e53622-408a-49c1-87f1-fbfe28c3f90f tempest-DeleteServersTestJSON-950289975 tempest-DeleteServersTestJSON-950289975-project-member] Request filter 'remote_managed_ports_filter' took 0.0 seconds {{(pid=96271) wrapper /opt/stack/nova/nova/scheduler/request_filter.py:46}}
Jun 24 11:48:20.121900 np0000003536 nova-scheduler[96271]: DEBUG nova.scheduler.request_filter [None req-82e53622-408a-49c1-87f1-fbfe28c3f90f tempest-DeleteServersTestJSON-950289975 tempest-DeleteServersTestJSON-950289975-project-member] ephemeral_encryption_filter skipped {{(pid=96271) ephemeral_encryption_filter /opt/stack/nova/nova/scheduler/request_filter.py:426}}
Jun 24 11:48:20.122075 np0000003536 nova-scheduler[96271]: DEBUG nova.scheduler.request_filter [None req-82e53622-408a-49c1-87f1-fbfe28c3f90f tempest-DeleteServersTestJSON-950289975 tempest-DeleteServersTestJSON-950289975-project-member] virtio_sound_filter skipped {{(pid=96271) virtio_sound_filter /opt/stack/nova/nova/scheduler/request_filter.py:460}}
Jun 24 11:48:20.122256 np0000003536 nova-scheduler[96271]: DEBUG nova.scheduler.request_filter [None req-82e53622-408a-49c1-87f1-fbfe28c3f90f tempest-DeleteServersTestJSON-950289975 tempest-DeleteServersTestJSON-950289975-project-member] tpm_secret_security_filter skipped {{(pid=96271) tpm_secret_security_filter /opt/stack/nova/nova/scheduler/request_filter.py:477}}
Jun 24 11:48:20.661078 np0000003536 nova-scheduler[96271]: INFO nova.utils [None req-82e53622-408a-49c1-87f1-fbfe28c3f90f tempest-DeleteServersTestJSON-950289975 tempest-DeleteServersTestJSON-950289975-project-member] The cell worker thread pool ForkProcess-1.cell_worker is initialized
Jun 24 11:48:20.661400 np0000003536 nova-scheduler[96271]: DEBUG oslo_concurrency.lockutils [None req-82e53622-408a-49c1-87f1-fbfe28c3f90f tempest-DeleteServersTestJSON-950289975 tempest-DeleteServersTestJSON-950289975-project-member] Acquiring lock "d8127b60-6ffa-457c-ad5c-69114bfd66f7" by "nova.context.set_target_cell..get_or_set_cached_cell_and_set_connections" {{(pid=96271) inner /opt/stack/data/venv/lib/python3.12/site-packages/oslo_concurrency/lockutils.py:511}}
Jun 24 11:48:20.661626 np0000003536 nova-scheduler[96271]: DEBUG oslo_concurrency.lockutils [None req-82e53622-408a-49c1-87f1-fbfe28c3f90f tempest-DeleteServersTestJSON-950289975 tempest-DeleteServersTestJSON-950289975-project-member] Lock "d8127b60-6ffa-457c-ad5c-69114bfd66f7" acquired by "nova.context.set_target_cell..get_or_set_cached_cell_and_set_connections" :: waited 0.000s {{(pid=96271) inner /opt/stack/data/venv/lib/python3.12/site-packages/oslo_concurrency/lockutils.py:524}}
Jun 24 11:48:20.662891 np0000003536 nova-scheduler[96271]: DEBUG oslo_concurrency.lockutils [None req-82e53622-408a-49c1-87f1-fbfe28c3f90f tempest-DeleteServersTestJSON-950289975 tempest-DeleteServersTestJSON-950289975-project-member] Lock "d8127b60-6ffa-457c-ad5c-69114bfd66f7" "released" by "nova.context.set_target_cell..get_or_set_cached_cell_and_set_connections" :: held 0.001s {{(pid=96271) inner /opt/stack/data/venv/lib/python3.12/site-packages/oslo_concurrency/lockutils.py:543}}
Jun 24 11:48:20.664321 np0000003536 nova-scheduler[96271]: INFO dbcounter [None req-82e53622-408a-49c1-87f1-fbfe28c3f90f tempest-DeleteServersTestJSON-950289975 tempest-DeleteServersTestJSON-950289975-project-member] Registered counter for database nova_cell1
Jun 24 11:48:20.707126 np0000003536 nova-scheduler[96271]: DEBUG oslo_db.sqlalchemy.engines [None req-82e53622-408a-49c1-87f1-fbfe28c3f90f tempest-DeleteServersTestJSON-950289975 tempest-DeleteServersTestJSON-950289975-project-member] MySQL server mode set to STRICT_TRANS_TABLES,STRICT_ALL_TABLES,NO_ZERO_IN_DATE,NO_ZERO_DATE,ERROR_FOR_DIVISION_BY_ZERO,TRADITIONAL,NO_ENGINE_SUBSTITUTION {{(pid=96271) _check_effective_sql_mode /opt/stack/data/venv/lib/python3.12/site-packages/oslo_db/sqlalchemy/engines.py:325}}
Jun 24 11:48:20.713377 np0000003536 nova-scheduler[96271]: DEBUG dbcounter [-] [96271] Writer thread running {{(pid=96271) stat_writer /opt/stack/data/venv/lib/python3.12/site-packages/dbcounter.py:102}}
Jun 24 11:48:20.725460 np0000003536 nova-scheduler[96271]: DEBUG oslo_db.sqlalchemy.engines [None req-82e53622-408a-49c1-87f1-fbfe28c3f90f tempest-DeleteServersTestJSON-950289975 tempest-DeleteServersTestJSON-950289975-project-member] Parent process 95065 forked (96271) with an open database connection, which is being discarded and recreated. {{(pid=96271) checkout /opt/stack/data/venv/lib/python3.12/site-packages/oslo_db/sqlalchemy/engines.py:402}}
Jun 24 11:48:20.774657 np0000003536 nova-scheduler[96271]: DEBUG dbcounter [-] [96271] Writer thread running {{(pid=96271) stat_writer /opt/stack/data/venv/lib/python3.12/site-packages/dbcounter.py:102}}
Jun 24 11:48:20.778371 np0000003536 nova-scheduler[96271]: DEBUG oslo_concurrency.lockutils [None req-82e53622-408a-49c1-87f1-fbfe28c3f90f tempest-DeleteServersTestJSON-950289975 tempest-DeleteServersTestJSON-950289975-project-member] Acquiring lock "d8127b60-6ffa-457c-ad5c-69114bfd66f7" by "nova.context.set_target_cell..get_or_set_cached_cell_and_set_connections" {{(pid=96271) inner /opt/stack/data/venv/lib/python3.12/site-packages/oslo_concurrency/lockutils.py:511}}
Jun 24 11:48:20.778539 np0000003536 nova-scheduler[96271]: DEBUG oslo_concurrency.lockutils [None req-82e53622-408a-49c1-87f1-fbfe28c3f90f tempest-DeleteServersTestJSON-950289975 tempest-DeleteServersTestJSON-950289975-project-member] Lock "d8127b60-6ffa-457c-ad5c-69114bfd66f7" acquired by "nova.context.set_target_cell..get_or_set_cached_cell_and_set_connections" :: waited 0.000s {{(pid=96271) inner /opt/stack/data/venv/lib/python3.12/site-packages/oslo_concurrency/lockutils.py:524}}
Jun 24 11:48:20.778683 np0000003536 nova-scheduler[96271]: DEBUG oslo_concurrency.lockutils [None req-82e53622-408a-49c1-87f1-fbfe28c3f90f tempest-DeleteServersTestJSON-950289975 tempest-DeleteServersTestJSON-950289975-project-member] Lock "d8127b60-6ffa-457c-ad5c-69114bfd66f7" "released" by "nova.context.set_target_cell..get_or_set_cached_cell_and_set_connections" :: held 0.000s {{(pid=96271) inner /opt/stack/data/venv/lib/python3.12/site-packages/oslo_concurrency/lockutils.py:543}}
Jun 24 11:48:20.782173 np0000003536 nova-scheduler[96271]: DEBUG oslo_concurrency.lockutils [None req-82e53622-408a-49c1-87f1-fbfe28c3f90f tempest-DeleteServersTestJSON-950289975 tempest-DeleteServersTestJSON-950289975-project-member] Acquiring lock "('np0000003536', 'np0000003536')" by "nova.scheduler.host_manager.HostState.update.._locked_update" {{(pid=96271) inner /opt/stack/data/venv/lib/python3.12/site-packages/oslo_concurrency/lockutils.py:511}}
Jun 24 11:48:20.782443 np0000003536 nova-scheduler[96271]: DEBUG oslo_concurrency.lockutils [None req-82e53622-408a-49c1-87f1-fbfe28c3f90f tempest-DeleteServersTestJSON-950289975 tempest-DeleteServersTestJSON-950289975-project-member] Lock "('np0000003536', 'np0000003536')" acquired by "nova.scheduler.host_manager.HostState.update.._locked_update" :: waited 0.000s {{(pid=96271) inner /opt/stack/data/venv/lib/python3.12/site-packages/oslo_concurrency/lockutils.py:524}}
Jun 24 11:48:20.783969 np0000003536 nova-scheduler[96271]: DEBUG nova.scheduler.host_manager [None req-82e53622-408a-49c1-87f1-fbfe28c3f90f tempest-DeleteServersTestJSON-950289975 tempest-DeleteServersTestJSON-950289975-project-member] Update host state from compute node: ComputeNode(cpu_allocation_ratio=4.0,cpu_info='{"arch": "x86_64", "model": "EPYC-Milan", "vendor": "AMD", "topology": {"cells": 1, "sockets": 16, "cores": 1, "threads": 1}, "maxphysaddr": {"mode": "emulate", "bits": 40}, "features": ["pcid", "tsc", "xsaveopt", "mmxext", "pku", "pat", "mmx", "vaes", "clflushopt", "tsc-deadline", "lfence-always-serializing", "bmi1", "xsaveerptr", "mtrr", "hypervisor", "sep", "rdrand", "perfctr_core", "arat", "pse", "invpcid", "no-nested-data-bp", "lbrv", "clflush", "misalignsse", "skip-l1dfl-vmentry", "avx2", "fpu", "tsc-scale", "fsgsbase", "pause-filter", "rdseed", "cx16", "pse36", "clzero", "abm", "x2apic", "pschange-mc-no", "ibrs", "ssbd", "fxsr", "arch-capabilities", "mds-no", "sse2", "stibp", "svm", "pae", "clwb", "tsc_adjust", "flushbyasid", "syscall", "sse4.2", "svme-addr-chk", "pclmuldq", "vmcb-clean", "adx", "xsavec", "msr", "sse4.1", "spec-ctrl", "rdctl-no", "cr8legacy", "rdpid", "xgetbv1", "fxsr_opt", "sse", "cmov", "lahf_lm", "aes", "mca", "amd-ssbd", "ssse3", "mce", "null-sel-clr-base", "umip", "amd-psfd", "cmp_legacy", "amd-stibp", "fma", "wbnoinvd", "lm", "sse4a", "gds-no", "pni", "smap", "xsave", "stibp-always-on", "nrip-save", "vpclmulqdq", "ibpb", "erms", "pdpe1gb", "f16c", "cx8", "xsaves", "avx", "nx", "fsrm", "sha-ni", "rdtscp", "pge", "de", "popcnt", "topoext", "movbe", "3dnowprefetch", "v-vmsave-vmload", "bmi2", "osvw", "vgif", "vme", "pfthreshold", "npt", "apic", "smep", "virt-ssbd"]}',created_at=2026-06-24T11:46:05Z,current_workload=0,deleted=False,deleted_at=None,disk_allocation_ratio=1.0,disk_available_least=74,free_disk_gb=95,free_ram_mb=63789,host='np0000003536',host_ip=10.4.3.60,hypervisor_hostname='np0000003536',hypervisor_type='QEMU',hypervisor_version=8002002,id=1,local_gb=95,local_gb_used=0,mapped=1,memory_mb=64301,memory_mb_used=512,metrics='[]',numa_topology='{"nova_object.name": "NUMATopology", "nova_object.namespace": "nova", "nova_object.version": "1.2", "nova_object.data": {"cells": [{"nova_object.name": "NUMACell", "nova_object.namespace": "nova", "nova_object.version": "1.5", "nova_object.data": {"id": 0, "cpuset": [0, 1, 2, 3, 4, 5, 6, 7, 8, 9, 10, 11, 12, 13, 14, 15], "pcpuset": [0, 1, 2, 3, 4, 5, 6, 7, 8, 9, 10, 11, 12, 13, 14, 15], "memory": 64301, "cpu_usage": 0, "memory_usage": 0, "pinned_cpus": [], "siblings": [[6], [12], [2], [15], [5], [11], [8], [14], [4], [1], [7], [10], [0], [13], [3], [9]], "mempages": [{"nova_object.name": "NUMAPagesTopology", "nova_object.namespace": "nova", "nova_object.version": "1.1", "nova_object.data": {"size_kb": 4, "total": 16461070, "used": 0, "reserved": 0}, "nova_object.changes": ["reserved", "size_kb", "total", "used"]}, {"nova_object.name": "NUMAPagesTopology", "nova_object.namespace": "nova", "nova_object.version": "1.1", "nova_object.data": {"size_kb": 2048, "total": 0, "used": 0, "reserved": 0}, "nova_object.changes": ["reserved", "size_kb", "total", "used"]}, {"nova_object.name": "NUMAPagesTopology", "nova_object.namespace": "nova", "nova_object.version": "1.1", "nova_object.data": {"size_kb": 1048576, "total": 0, "used": 0, "reserved": 0}, "nova_object.changes": ["reserved", "size_kb", "total", "used"]}], "network_metadata": {"nova_object.name": "NetworkMetadata", "nova_object.namespace": "nova", "nova_object.version": "1.0", "nova_object.data": {"physnets": [], "tunneled": false}, "nova_object.changes": ["physnets", "tunneled"]}, "socket": null}, "nova_object.changes": ["memory", "network_metadata", "cpuset", "siblings", "pinned_cpus", "memory_usage", "pcpuset", "cpu_usage", "id", "mempages", "socket"]}]}, "nova_object.changes": ["cells"]}',pci_device_pools=PciDevicePoolList,ram_allocation_ratio=1.0,running_vms=0,service_id=3,stats={failed_builds='0',uptime=' 11:47:51 up 24 min, 2 users, load average: 1.32, 1.48, 0.83
Jun 24 11:48:20.783969 np0000003536 nova-scheduler[96271]: '},supported_hv_specs=[HVSpec,HVSpec,HVSpec,HVSpec,HVSpec,HVSpec,HVSpec,HVSpec,HVSpec,HVSpec,HVSpec,HVSpec,HVSpec,HVSpec,HVSpec,HVSpec,HVSpec,HVSpec,HVSpec,HVSpec,HVSpec,HVSpec,HVSpec,HVSpec,HVSpec],updated_at=2026-06-24T11:47:53Z,uuid=bd40f3b3-f515-4f51-8c5c-6c918725da43,vcpus=16,vcpus_used=0) {{(pid=96271) _locked_update /opt/stack/nova/nova/scheduler/host_manager.py:168}}
