Jul 17 17:36:52.741681 np0000005363 nova-scheduler[96511]: DEBUG cotyledon.oslo_config_glue [-] workarounds.disable_libvirt_livesnapshot = False {{(pid=96511) log_opt_values /opt/stack/data/venv/lib/python3.12/site-packages/oslo_config/cfg.py:3253}}
Jul 17 17:36:52.741681 np0000005363 nova-scheduler[96511]: DEBUG cotyledon.oslo_config_glue [-] workarounds.disable_rootwrap = False {{(pid=96511) log_opt_values /opt/stack/data/venv/lib/python3.12/site-packages/oslo_config/cfg.py:3253}}
Jul 17 17:36:52.741681 np0000005363 nova-scheduler[96511]: DEBUG cotyledon.oslo_config_glue [-] workarounds.enable_numa_live_migration = False {{(pid=96511) log_opt_values /opt/stack/data/venv/lib/python3.12/site-packages/oslo_config/cfg.py:3253}}
Jul 17 17:36:52.741681 np0000005363 nova-scheduler[96511]: DEBUG cotyledon.oslo_config_glue [-] workarounds.enable_qemu_monitor_announce_self = False {{(pid=96511) log_opt_values /opt/stack/data/venv/lib/python3.12/site-packages/oslo_config/cfg.py:3253}}
Jul 17 17:36:52.741681 np0000005363 nova-scheduler[96511]: DEBUG cotyledon.oslo_config_glue [-] workarounds.ensure_libvirt_rbd_instance_dir_cleanup = False {{(pid=96511) log_opt_values /opt/stack/data/venv/lib/python3.12/site-packages/oslo_config/cfg.py:3253}}
Jul 17 17:36:52.741681 np0000005363 nova-scheduler[96511]: DEBUG cotyledon.oslo_config_glue [-] workarounds.handle_virt_lifecycle_events = True {{(pid=96511) log_opt_values /opt/stack/data/venv/lib/python3.12/site-packages/oslo_config/cfg.py:3253}}
Jul 17 17:36:52.741681 np0000005363 nova-scheduler[96511]: DEBUG cotyledon.oslo_config_glue [-] workarounds.libvirt_disable_apic = False {{(pid=96511) log_opt_values /opt/stack/data/venv/lib/python3.12/site-packages/oslo_config/cfg.py:3253}}
Jul 17 17:36:52.741681 np0000005363 nova-scheduler[96511]: DEBUG cotyledon.oslo_config_glue [-] workarounds.never_download_image_if_on_rbd = False {{(pid=96511) log_opt_values /opt/stack/data/venv/lib/python3.12/site-packages/oslo_config/cfg.py:3253}}
Jul 17 17:36:52.741681 np0000005363 nova-scheduler[96511]: DEBUG cotyledon.oslo_config_glue [-] workarounds.qemu_monitor_announce_self_count = 3 {{(pid=96511) log_opt_values /opt/stack/data/venv/lib/python3.12/site-packages/oslo_config/cfg.py:3253}}
Jul 17 17:36:52.741984 np0000005363 nova-scheduler[96511]: DEBUG cotyledon.oslo_config_glue [-] workarounds.qemu_monitor_announce_self_interval = 1 {{(pid=96511) log_opt_values /opt/stack/data/venv/lib/python3.12/site-packages/oslo_config/cfg.py:3253}}
Jul 17 17:36:52.741984 np0000005363 nova-scheduler[96511]: DEBUG cotyledon.oslo_config_glue [-] workarounds.reserve_disk_resource_for_image_cache = False {{(pid=96511) log_opt_values /opt/stack/data/venv/lib/python3.12/site-packages/oslo_config/cfg.py:3253}}
Jul 17 17:36:52.741984 np0000005363 nova-scheduler[96511]: DEBUG cotyledon.oslo_config_glue [-] workarounds.skip_cpu_compare_at_startup = False {{(pid=96511) log_opt_values /opt/stack/data/venv/lib/python3.12/site-packages/oslo_config/cfg.py:3253}}
Jul 17 17:36:52.741984 np0000005363 nova-scheduler[96511]: DEBUG cotyledon.oslo_config_glue [-] workarounds.skip_cpu_compare_on_dest = False {{(pid=96511) log_opt_values /opt/stack/data/venv/lib/python3.12/site-packages/oslo_config/cfg.py:3253}}
Jul 17 17:36:52.741984 np0000005363 nova-scheduler[96511]: DEBUG cotyledon.oslo_config_glue [-] workarounds.skip_hypervisor_version_check_on_lm = False {{(pid=96511) log_opt_values /opt/stack/data/venv/lib/python3.12/site-packages/oslo_config/cfg.py:3253}}
Jul 17 17:36:52.741984 np0000005363 nova-scheduler[96511]: DEBUG cotyledon.oslo_config_glue [-] workarounds.skip_reserve_in_use_ironic_nodes = False {{(pid=96511) log_opt_values /opt/stack/data/venv/lib/python3.12/site-packages/oslo_config/cfg.py:3253}}
Jul 17 17:36:52.741984 np0000005363 nova-scheduler[96511]: DEBUG cotyledon.oslo_config_glue [-] workarounds.unified_limits_count_pcpu_as_vcpu = False {{(pid=96511) log_opt_values /opt/stack/data/venv/lib/python3.12/site-packages/oslo_config/cfg.py:3253}}
Jul 17 17:36:52.741984 np0000005363 nova-scheduler[96511]: DEBUG cotyledon.oslo_config_glue [-] workarounds.wait_for_vif_plugged_event_during_hard_reboot = [] {{(pid=96511) log_opt_values /opt/stack/data/venv/lib/python3.12/site-packages/oslo_config/cfg.py:3253}}
Jul 17 17:36:52.742173 np0000005363 nova-scheduler[96511]: DEBUG cotyledon.oslo_config_glue [-] wsgi.api_paste_config = /etc/nova/api-paste.ini {{(pid=96511) log_opt_values /opt/stack/data/venv/lib/python3.12/site-packages/oslo_config/cfg.py:3253}}
Jul 17 17:36:52.742173 np0000005363 nova-scheduler[96511]: DEBUG cotyledon.oslo_config_glue [-] wsgi.secure_proxy_ssl_header = None {{(pid=96511) log_opt_values /opt/stack/data/venv/lib/python3.12/site-packages/oslo_config/cfg.py:3253}}
Jul 17 17:36:52.742173 np0000005363 nova-scheduler[96511]: DEBUG cotyledon.oslo_config_glue [-] zvm.ca_file = None {{(pid=96511) log_opt_values /opt/stack/data/venv/lib/python3.12/site-packages/oslo_config/cfg.py:3253}}
Jul 17 17:36:52.742173 np0000005363 nova-scheduler[96511]: DEBUG cotyledon.oslo_config_glue [-] zvm.cloud_connector_url = None {{(pid=96511) log_opt_values /opt/stack/data/venv/lib/python3.12/site-packages/oslo_config/cfg.py:3253}}
Jul 17 17:36:52.742173 np0000005363 nova-scheduler[96511]: DEBUG cotyledon.oslo_config_glue [-] zvm.image_tmp_path = /opt/stack/data/nova/images {{(pid=96511) log_opt_values /opt/stack/data/venv/lib/python3.12/site-packages/oslo_config/cfg.py:3253}}
Jul 17 17:36:52.742173 np0000005363 nova-scheduler[96511]: DEBUG cotyledon.oslo_config_glue [-] zvm.reachable_timeout = 300 {{(pid=96511) log_opt_values /opt/stack/data/venv/lib/python3.12/site-packages/oslo_config/cfg.py:3253}}
Jul 17 17:36:52.742173 np0000005363 nova-scheduler[96511]: DEBUG cotyledon.oslo_config_glue [-] oslo_versionedobjects.fatal_exception_format_errors = False {{(pid=96511) log_opt_values /opt/stack/data/venv/lib/python3.12/site-packages/oslo_config/cfg.py:3253}}
Jul 17 17:36:52.742173 np0000005363 nova-scheduler[96511]: DEBUG cotyledon.oslo_config_glue [-] oslo_middleware.http_basic_auth_user_file = /etc/htpasswd {{(pid=96511) log_opt_values /opt/stack/data/venv/lib/python3.12/site-packages/oslo_config/cfg.py:3253}}
Jul 17 17:36:52.742173 np0000005363 nova-scheduler[96511]: DEBUG cotyledon.oslo_config_glue [-] oslo_messaging_metrics.metrics_buffer_size = 1000 {{(pid=96511) log_opt_values /opt/stack/data/venv/lib/python3.12/site-packages/oslo_config/cfg.py:3253}}
Jul 17 17:36:52.742484 np0000005363 nova-scheduler[96511]: DEBUG cotyledon.oslo_config_glue [-] oslo_messaging_metrics.metrics_enabled = False {{(pid=96511) log_opt_values /opt/stack/data/venv/lib/python3.12/site-packages/oslo_config/cfg.py:3253}}
Jul 17 17:36:52.742484 np0000005363 nova-scheduler[96511]: DEBUG cotyledon.oslo_config_glue [-] oslo_messaging_metrics.metrics_process_name = {{(pid=96511) log_opt_values /opt/stack/data/venv/lib/python3.12/site-packages/oslo_config/cfg.py:3253}}
Jul 17 17:36:52.742484 np0000005363 nova-scheduler[96511]: DEBUG cotyledon.oslo_config_glue [-] oslo_messaging_metrics.metrics_socket_file = /var/tmp/metrics_collector.sock {{(pid=96511) log_opt_values /opt/stack/data/venv/lib/python3.12/site-packages/oslo_config/cfg.py:3253}}
Jul 17 17:36:52.742484 np0000005363 nova-scheduler[96511]: DEBUG cotyledon.oslo_config_glue [-] oslo_messaging_metrics.metrics_thread_stop_timeout = 10 {{(pid=96511) log_opt_values /opt/stack/data/venv/lib/python3.12/site-packages/oslo_config/cfg.py:3253}}
Jul 17 17:36:52.742484 np0000005363 nova-scheduler[96511]: DEBUG cotyledon.oslo_config_glue [-] profiler.connection_string = messaging:// {{(pid=96511) log_opt_values /opt/stack/data/venv/lib/python3.12/site-packages/oslo_config/cfg.py:3253}}
Jul 17 17:36:52.742484 np0000005363 nova-scheduler[96511]: DEBUG cotyledon.oslo_config_glue [-] profiler.enabled = False {{(pid=96511) log_opt_values /opt/stack/data/venv/lib/python3.12/site-packages/oslo_config/cfg.py:3253}}
Jul 17 17:36:52.742484 np0000005363 nova-scheduler[96511]: DEBUG cotyledon.oslo_config_glue [-] profiler.es_doc_type = notification {{(pid=96511) log_opt_values /opt/stack/data/venv/lib/python3.12/site-packages/oslo_config/cfg.py:3253}}
Jul 17 17:36:52.742484 np0000005363 nova-scheduler[96511]: DEBUG cotyledon.oslo_config_glue [-] profiler.es_scroll_size = 10000 {{(pid=96511) log_opt_values /opt/stack/data/venv/lib/python3.12/site-packages/oslo_config/cfg.py:3253}}
Jul 17 17:36:52.742484 np0000005363 nova-scheduler[96511]: DEBUG cotyledon.oslo_config_glue [-] profiler.es_scroll_time = 2m {{(pid=96511) log_opt_values /opt/stack/data/venv/lib/python3.12/site-packages/oslo_config/cfg.py:3253}}
Jul 17 17:36:52.742810 np0000005363 nova-scheduler[96511]: DEBUG cotyledon.oslo_config_glue [-] profiler.filter_error_trace = False {{(pid=96511) log_opt_values /opt/stack/data/venv/lib/python3.12/site-packages/oslo_config/cfg.py:3253}}
Jul 17 17:36:52.742810 np0000005363 nova-scheduler[96511]: DEBUG cotyledon.oslo_config_glue [-] profiler.hmac_keys = **** {{(pid=96511) log_opt_values /opt/stack/data/venv/lib/python3.12/site-packages/oslo_config/cfg.py:3253}}
Jul 17 17:36:52.742810 np0000005363 nova-scheduler[96511]: DEBUG cotyledon.oslo_config_glue [-] profiler.sentinel_service_name = mymaster {{(pid=96511) log_opt_values /opt/stack/data/venv/lib/python3.12/site-packages/oslo_config/cfg.py:3253}}
Jul 17 17:36:52.742810 np0000005363 nova-scheduler[96511]: DEBUG cotyledon.oslo_config_glue [-] profiler.socket_timeout = 0.1 {{(pid=96511) log_opt_values /opt/stack/data/venv/lib/python3.12/site-packages/oslo_config/cfg.py:3253}}
Jul 17 17:36:52.742810 np0000005363 nova-scheduler[96511]: DEBUG cotyledon.oslo_config_glue [-] profiler.trace_requests = False {{(pid=96511) log_opt_values /opt/stack/data/venv/lib/python3.12/site-packages/oslo_config/cfg.py:3253}}
Jul 17 17:36:52.742810 np0000005363 nova-scheduler[96511]: DEBUG cotyledon.oslo_config_glue [-] profiler.trace_sqlalchemy = False {{(pid=96511) log_opt_values /opt/stack/data/venv/lib/python3.12/site-packages/oslo_config/cfg.py:3253}}
Jul 17 17:36:52.742810 np0000005363 nova-scheduler[96511]: DEBUG cotyledon.oslo_config_glue [-] profiler_jaeger.process_tags = {} {{(pid=96511) log_opt_values /opt/stack/data/venv/lib/python3.12/site-packages/oslo_config/cfg.py:3253}}
Jul 17 17:36:52.742810 np0000005363 nova-scheduler[96511]: DEBUG cotyledon.oslo_config_glue [-] profiler_jaeger.service_name_prefix = None {{(pid=96511) log_opt_values /opt/stack/data/venv/lib/python3.12/site-packages/oslo_config/cfg.py:3253}}
Jul 17 17:36:52.742810 np0000005363 nova-scheduler[96511]: DEBUG cotyledon.oslo_config_glue [-] profiler_otlp.service_name_prefix = None {{(pid=96511) log_opt_values /opt/stack/data/venv/lib/python3.12/site-packages/oslo_config/cfg.py:3253}}
Jul 17 17:36:52.743105 np0000005363 nova-scheduler[96511]: DEBUG cotyledon.oslo_config_glue [-] oslo_messaging_rabbit.amqp_auto_delete = False {{(pid=96511) log_opt_values /opt/stack/data/venv/lib/python3.12/site-packages/oslo_config/cfg.py:3253}}
Jul 17 17:36:52.743105 np0000005363 nova-scheduler[96511]: DEBUG cotyledon.oslo_config_glue [-] oslo_messaging_rabbit.amqp_durable_queues = False {{(pid=96511) log_opt_values /opt/stack/data/venv/lib/python3.12/site-packages/oslo_config/cfg.py:3253}}
Jul 17 17:36:52.743105 np0000005363 nova-scheduler[96511]: DEBUG cotyledon.oslo_config_glue [-] oslo_messaging_rabbit.conn_pool_min_size = 2 {{(pid=96511) log_opt_values /opt/stack/data/venv/lib/python3.12/site-packages/oslo_config/cfg.py:3253}}
Jul 17 17:36:52.743105 np0000005363 nova-scheduler[96511]: DEBUG cotyledon.oslo_config_glue [-] oslo_messaging_rabbit.conn_pool_ttl = 1200 {{(pid=96511) log_opt_values /opt/stack/data/venv/lib/python3.12/site-packages/oslo_config/cfg.py:3253}}
Jul 17 17:36:52.743105 np0000005363 nova-scheduler[96511]: DEBUG cotyledon.oslo_config_glue [-] oslo_messaging_rabbit.direct_mandatory_flag = True {{(pid=96511) log_opt_values /opt/stack/data/venv/lib/python3.12/site-packages/oslo_config/cfg.py:3253}}
Jul 17 17:36:52.743105 np0000005363 nova-scheduler[96511]: DEBUG cotyledon.oslo_config_glue [-] oslo_messaging_rabbit.enable_cancel_on_failover = False {{(pid=96511) log_opt_values /opt/stack/data/venv/lib/python3.12/site-packages/oslo_config/cfg.py:3253}}
Jul 17 17:36:52.743105 np0000005363 nova-scheduler[96511]: DEBUG cotyledon.oslo_config_glue [-] oslo_messaging_rabbit.heartbeat_rate = 3 {{(pid=96511) log_opt_values /opt/stack/data/venv/lib/python3.12/site-packages/oslo_config/cfg.py:3253}}
Jul 17 17:36:52.743105 np0000005363 nova-scheduler[96511]: DEBUG cotyledon.oslo_config_glue [-] oslo_messaging_rabbit.heartbeat_timeout_threshold = 60 {{(pid=96511) log_opt_values /opt/stack/data/venv/lib/python3.12/site-packages/oslo_config/cfg.py:3253}}
Jul 17 17:36:52.743105 np0000005363 nova-scheduler[96511]: DEBUG cotyledon.oslo_config_glue [-] oslo_messaging_rabbit.hostname = np0000005363 {{(pid=96511) log_opt_values /opt/stack/data/venv/lib/python3.12/site-packages/oslo_config/cfg.py:3253}}
Jul 17 17:36:52.743297 np0000005363 nova-scheduler[96511]: DEBUG cotyledon.oslo_config_glue [-] oslo_messaging_rabbit.kombu_compression = None {{(pid=96511) log_opt_values /opt/stack/data/venv/lib/python3.12/site-packages/oslo_config/cfg.py:3253}}
Jul 17 17:36:52.743297 np0000005363 nova-scheduler[96511]: DEBUG cotyledon.oslo_config_glue [-] oslo_messaging_rabbit.kombu_failover_strategy = round-robin {{(pid=96511) log_opt_values /opt/stack/data/venv/lib/python3.12/site-packages/oslo_config/cfg.py:3253}}
Jul 17 17:36:52.743297 np0000005363 nova-scheduler[96511]: DEBUG cotyledon.oslo_config_glue [-] oslo_messaging_rabbit.kombu_missing_consumer_retry_timeout = 60 {{(pid=96511) log_opt_values /opt/stack/data/venv/lib/python3.12/site-packages/oslo_config/cfg.py:3253}}
Jul 17 17:36:52.743297 np0000005363 nova-scheduler[96511]: DEBUG cotyledon.oslo_config_glue [-] oslo_messaging_rabbit.kombu_reconnect_delay = 1.0 {{(pid=96511) log_opt_values /opt/stack/data/venv/lib/python3.12/site-packages/oslo_config/cfg.py:3253}}
Jul 17 17:36:52.743297 np0000005363 nova-scheduler[96511]: DEBUG cotyledon.oslo_config_glue [-] oslo_messaging_rabbit.kombu_reconnect_splay = 0.0 {{(pid=96511) log_opt_values /opt/stack/data/venv/lib/python3.12/site-packages/oslo_config/cfg.py:3253}}
Jul 17 17:36:52.743297 np0000005363 nova-scheduler[96511]: DEBUG cotyledon.oslo_config_glue [-] oslo_messaging_rabbit.processname = nova-scheduler {{(pid=96511) log_opt_values /opt/stack/data/venv/lib/python3.12/site-packages/oslo_config/cfg.py:3253}}
Jul 17 17:36:52.743297 np0000005363 nova-scheduler[96511]: DEBUG cotyledon.oslo_config_glue [-] oslo_messaging_rabbit.rabbit_ha_queues = False {{(pid=96511) log_opt_values /opt/stack/data/venv/lib/python3.12/site-packages/oslo_config/cfg.py:3253}}
Jul 17 17:36:52.743297 np0000005363 nova-scheduler[96511]: DEBUG cotyledon.oslo_config_glue [-] oslo_messaging_rabbit.rabbit_interval_max = 30 {{(pid=96511) log_opt_values /opt/stack/data/venv/lib/python3.12/site-packages/oslo_config/cfg.py:3253}}
Jul 17 17:36:52.743297 np0000005363 nova-scheduler[96511]: DEBUG cotyledon.oslo_config_glue [-] oslo_messaging_rabbit.rabbit_login_method = AMQPLAIN {{(pid=96511) log_opt_values /opt/stack/data/venv/lib/python3.12/site-packages/oslo_config/cfg.py:3253}}
Jul 17 17:36:52.743549 np0000005363 nova-scheduler[96511]: DEBUG cotyledon.oslo_config_glue [-] oslo_messaging_rabbit.rabbit_qos_prefetch_count = 0 {{(pid=96511) log_opt_values /opt/stack/data/venv/lib/python3.12/site-packages/oslo_config/cfg.py:3253}}
Jul 17 17:36:52.743549 np0000005363 nova-scheduler[96511]: DEBUG cotyledon.oslo_config_glue [-] oslo_messaging_rabbit.rabbit_quorum_delivery_limit = 0 {{(pid=96511) log_opt_values /opt/stack/data/venv/lib/python3.12/site-packages/oslo_config/cfg.py:3253}}
Jul 17 17:36:52.743549 np0000005363 nova-scheduler[96511]: DEBUG cotyledon.oslo_config_glue [-] oslo_messaging_rabbit.rabbit_quorum_max_memory_bytes = 0 {{(pid=96511) log_opt_values /opt/stack/data/venv/lib/python3.12/site-packages/oslo_config/cfg.py:3253}}
Jul 17 17:36:52.743549 np0000005363 nova-scheduler[96511]: DEBUG cotyledon.oslo_config_glue [-] oslo_messaging_rabbit.rabbit_quorum_max_memory_length = 0 {{(pid=96511) log_opt_values /opt/stack/data/venv/lib/python3.12/site-packages/oslo_config/cfg.py:3253}}
Jul 17 17:36:52.743549 np0000005363 nova-scheduler[96511]: DEBUG cotyledon.oslo_config_glue [-] oslo_messaging_rabbit.rabbit_quorum_queue = False {{(pid=96511) log_opt_values /opt/stack/data/venv/lib/python3.12/site-packages/oslo_config/cfg.py:3253}}
Jul 17 17:36:52.743549 np0000005363 nova-scheduler[96511]: DEBUG cotyledon.oslo_config_glue [-] oslo_messaging_rabbit.rabbit_retry_backoff = 2 {{(pid=96511) log_opt_values /opt/stack/data/venv/lib/python3.12/site-packages/oslo_config/cfg.py:3253}}
Jul 17 17:36:52.743549 np0000005363 nova-scheduler[96511]: DEBUG cotyledon.oslo_config_glue [-] oslo_messaging_rabbit.rabbit_retry_interval = 1 {{(pid=96511) log_opt_values /opt/stack/data/venv/lib/python3.12/site-packages/oslo_config/cfg.py:3253}}
Jul 17 17:36:52.743549 np0000005363 nova-scheduler[96511]: DEBUG cotyledon.oslo_config_glue [-] oslo_messaging_rabbit.rabbit_stream_fanout = False {{(pid=96511) log_opt_values /opt/stack/data/venv/lib/python3.12/site-packages/oslo_config/cfg.py:3253}}
Jul 17 17:36:52.743757 np0000005363 nova-scheduler[96511]: DEBUG cotyledon.oslo_config_glue [-] oslo_messaging_rabbit.rabbit_transient_queues_ttl = 1800 {{(pid=96511) log_opt_values /opt/stack/data/venv/lib/python3.12/site-packages/oslo_config/cfg.py:3253}}
Jul 17 17:36:52.743757 np0000005363 nova-scheduler[96511]: DEBUG cotyledon.oslo_config_glue [-] oslo_messaging_rabbit.rabbit_transient_quorum_queue = False {{(pid=96511) log_opt_values /opt/stack/data/venv/lib/python3.12/site-packages/oslo_config/cfg.py:3253}}
Jul 17 17:36:52.743757 np0000005363 nova-scheduler[96511]: DEBUG cotyledon.oslo_config_glue [-] oslo_messaging_rabbit.rpc_conn_pool_size = 30 {{(pid=96511) log_opt_values /opt/stack/data/venv/lib/python3.12/site-packages/oslo_config/cfg.py:3253}}
Jul 17 17:36:52.743757 np0000005363 nova-scheduler[96511]: DEBUG cotyledon.oslo_config_glue [-] oslo_messaging_rabbit.ssl = False {{(pid=96511) log_opt_values /opt/stack/data/venv/lib/python3.12/site-packages/oslo_config/cfg.py:3253}}
Jul 17 17:36:52.743757 np0000005363 nova-scheduler[96511]: DEBUG cotyledon.oslo_config_glue [-] oslo_messaging_rabbit.ssl_ca_file = {{(pid=96511) log_opt_values /opt/stack/data/venv/lib/python3.12/site-packages/oslo_config/cfg.py:3253}}
Jul 17 17:36:52.743757 np0000005363 nova-scheduler[96511]: DEBUG cotyledon.oslo_config_glue [-] oslo_messaging_rabbit.ssl_cert_file = {{(pid=96511) log_opt_values /opt/stack/data/venv/lib/python3.12/site-packages/oslo_config/cfg.py:3253}}
Jul 17 17:36:52.743757 np0000005363 nova-scheduler[96511]: DEBUG cotyledon.oslo_config_glue [-] oslo_messaging_rabbit.ssl_enforce_fips_mode = False {{(pid=96511) log_opt_values /opt/stack/data/venv/lib/python3.12/site-packages/oslo_config/cfg.py:3253}}
Jul 17 17:36:52.743757 np0000005363 nova-scheduler[96511]: DEBUG cotyledon.oslo_config_glue [-] oslo_messaging_rabbit.ssl_enforce_hostname_verification = True {{(pid=96511) log_opt_values /opt/stack/data/venv/lib/python3.12/site-packages/oslo_config/cfg.py:3253}}
Jul 17 17:36:52.743757 np0000005363 nova-scheduler[96511]: DEBUG cotyledon.oslo_config_glue [-] oslo_messaging_rabbit.ssl_key_file = {{(pid=96511) log_opt_values /opt/stack/data/venv/lib/python3.12/site-packages/oslo_config/cfg.py:3253}}
Jul 17 17:36:52.744058 np0000005363 nova-scheduler[96511]: DEBUG cotyledon.oslo_config_glue [-] oslo_messaging_rabbit.ssl_version = {{(pid=96511) log_opt_values /opt/stack/data/venv/lib/python3.12/site-packages/oslo_config/cfg.py:3253}}
Jul 17 17:36:52.744058 np0000005363 nova-scheduler[96511]: DEBUG cotyledon.oslo_config_glue [-] oslo_messaging_rabbit.use_queue_manager = False {{(pid=96511) log_opt_values /opt/stack/data/venv/lib/python3.12/site-packages/oslo_config/cfg.py:3253}}
Jul 17 17:36:52.744058 np0000005363 nova-scheduler[96511]: DEBUG cotyledon.oslo_config_glue [-] oslo_messaging_notifications.driver = ['messagingv2'] {{(pid=96511) log_opt_values /opt/stack/data/venv/lib/python3.12/site-packages/oslo_config/cfg.py:3253}}
Jul 17 17:36:52.744058 np0000005363 nova-scheduler[96511]: DEBUG cotyledon.oslo_config_glue [-] oslo_messaging_notifications.retry = -1 {{(pid=96511) log_opt_values /opt/stack/data/venv/lib/python3.12/site-packages/oslo_config/cfg.py:3253}}
Jul 17 17:36:52.744058 np0000005363 nova-scheduler[96511]: DEBUG cotyledon.oslo_config_glue [-] oslo_messaging_notifications.topics = ['notifications'] {{(pid=96511) log_opt_values /opt/stack/data/venv/lib/python3.12/site-packages/oslo_config/cfg.py:3253}}
Jul 17 17:36:52.744058 np0000005363 nova-scheduler[96511]: DEBUG cotyledon.oslo_config_glue [-] oslo_messaging_notifications.transport_url = **** {{(pid=96511) log_opt_values /opt/stack/data/venv/lib/python3.12/site-packages/oslo_config/cfg.py:3253}}
Jul 17 17:36:52.744058 np0000005363 nova-scheduler[96511]: DEBUG cotyledon.oslo_config_glue [-] oslo_limit.auth_section = None {{(pid=96511) log_opt_values /opt/stack/data/venv/lib/python3.12/site-packages/oslo_config/cfg.py:3253}}
Jul 17 17:36:52.744058 np0000005363 nova-scheduler[96511]: DEBUG cotyledon.oslo_config_glue [-] oslo_limit.auth_type = None {{(pid=96511) log_opt_values /opt/stack/data/venv/lib/python3.12/site-packages/oslo_config/cfg.py:3253}}
Jul 17 17:36:52.744058 np0000005363 nova-scheduler[96511]: DEBUG cotyledon.oslo_config_glue [-] oslo_limit.cafile = None {{(pid=96511) log_opt_values /opt/stack/data/venv/lib/python3.12/site-packages/oslo_config/cfg.py:3253}}
Jul 17 17:36:52.744350 np0000005363 nova-scheduler[96511]: DEBUG cotyledon.oslo_config_glue [-] oslo_limit.certfile = None {{(pid=96511) log_opt_values /opt/stack/data/venv/lib/python3.12/site-packages/oslo_config/cfg.py:3253}}
Jul 17 17:36:52.744350 np0000005363 nova-scheduler[96511]: DEBUG cotyledon.oslo_config_glue [-] oslo_limit.collect_timing = False {{(pid=96511) log_opt_values /opt/stack/data/venv/lib/python3.12/site-packages/oslo_config/cfg.py:3253}}
Jul 17 17:36:52.744350 np0000005363 nova-scheduler[96511]: DEBUG cotyledon.oslo_config_glue [-] oslo_limit.connect_retries = None {{(pid=96511) log_opt_values /opt/stack/data/venv/lib/python3.12/site-packages/oslo_config/cfg.py:3253}}
Jul 17 17:36:52.744350 np0000005363 nova-scheduler[96511]: DEBUG cotyledon.oslo_config_glue [-] oslo_limit.connect_retry_delay = None {{(pid=96511) log_opt_values /opt/stack/data/venv/lib/python3.12/site-packages/oslo_config/cfg.py:3253}}
Jul 17 17:36:52.744350 np0000005363 nova-scheduler[96511]: DEBUG cotyledon.oslo_config_glue [-] oslo_limit.endpoint_id = None {{(pid=96511) log_opt_values /opt/stack/data/venv/lib/python3.12/site-packages/oslo_config/cfg.py:3253}}
Jul 17 17:36:52.744350 np0000005363 nova-scheduler[96511]: DEBUG cotyledon.oslo_config_glue [-] oslo_limit.endpoint_interface = public {{(pid=96511) log_opt_values /opt/stack/data/venv/lib/python3.12/site-packages/oslo_config/cfg.py:3253}}
Jul 17 17:36:52.744350 np0000005363 nova-scheduler[96511]: DEBUG cotyledon.oslo_config_glue [-] oslo_limit.endpoint_override = None {{(pid=96511) log_opt_values /opt/stack/data/venv/lib/python3.12/site-packages/oslo_config/cfg.py:3253}}
Jul 17 17:36:52.744350 np0000005363 nova-scheduler[96511]: DEBUG cotyledon.oslo_config_glue [-] oslo_limit.endpoint_region_name = None {{(pid=96511) log_opt_values /opt/stack/data/venv/lib/python3.12/site-packages/oslo_config/cfg.py:3253}}
Jul 17 17:36:52.744350 np0000005363 nova-scheduler[96511]: DEBUG cotyledon.oslo_config_glue [-] oslo_limit.endpoint_service_name = None {{(pid=96511) log_opt_values /opt/stack/data/venv/lib/python3.12/site-packages/oslo_config/cfg.py:3253}}
Jul 17 17:36:52.744599 np0000005363 nova-scheduler[96511]: DEBUG cotyledon.oslo_config_glue [-] oslo_limit.endpoint_service_type = None {{(pid=96511) log_opt_values /opt/stack/data/venv/lib/python3.12/site-packages/oslo_config/cfg.py:3253}}
Jul 17 17:36:52.744599 np0000005363 nova-scheduler[96511]: DEBUG cotyledon.oslo_config_glue [-] oslo_limit.insecure = False {{(pid=96511) log_opt_values /opt/stack/data/venv/lib/python3.12/site-packages/oslo_config/cfg.py:3253}}
Jul 17 17:36:52.744599 np0000005363 nova-scheduler[96511]: DEBUG cotyledon.oslo_config_glue [-] oslo_limit.keyfile = None {{(pid=96511) log_opt_values /opt/stack/data/venv/lib/python3.12/site-packages/oslo_config/cfg.py:3253}}
Jul 17 17:36:52.744599 np0000005363 nova-scheduler[96511]: DEBUG cotyledon.oslo_config_glue [-] oslo_limit.max_version = None {{(pid=96511) log_opt_values /opt/stack/data/venv/lib/python3.12/site-packages/oslo_config/cfg.py:3253}}
Jul 17 17:36:52.744599 np0000005363 nova-scheduler[96511]: DEBUG cotyledon.oslo_config_glue [-] oslo_limit.min_version = None {{(pid=96511) log_opt_values /opt/stack/data/venv/lib/python3.12/site-packages/oslo_config/cfg.py:3253}}
Jul 17 17:36:52.744599 np0000005363 nova-scheduler[96511]: DEBUG cotyledon.oslo_config_glue [-] oslo_limit.region_name = None {{(pid=96511) log_opt_values /opt/stack/data/venv/lib/python3.12/site-packages/oslo_config/cfg.py:3253}}
Jul 17 17:36:52.744599 np0000005363 nova-scheduler[96511]: DEBUG cotyledon.oslo_config_glue [-] oslo_limit.retriable_status_codes = None {{(pid=96511) log_opt_values /opt/stack/data/venv/lib/python3.12/site-packages/oslo_config/cfg.py:3253}}
Jul 17 17:36:52.744599 np0000005363 nova-scheduler[96511]: DEBUG cotyledon.oslo_config_glue [-] oslo_limit.service_name = None {{(pid=96511) log_opt_values /opt/stack/data/venv/lib/python3.12/site-packages/oslo_config/cfg.py:3253}}
Jul 17 17:36:52.744599 np0000005363 nova-scheduler[96511]: DEBUG cotyledon.oslo_config_glue [-] oslo_limit.service_type = None {{(pid=96511) log_opt_values /opt/stack/data/venv/lib/python3.12/site-packages/oslo_config/cfg.py:3253}}
Jul 17 17:36:52.744834 np0000005363 nova-scheduler[96511]: DEBUG cotyledon.oslo_config_glue [-] oslo_limit.split_loggers = False {{(pid=96511) log_opt_values /opt/stack/data/venv/lib/python3.12/site-packages/oslo_config/cfg.py:3253}}
Jul 17 17:36:52.744834 np0000005363 nova-scheduler[96511]: DEBUG cotyledon.oslo_config_glue [-] oslo_limit.status_code_retries = None {{(pid=96511) log_opt_values /opt/stack/data/venv/lib/python3.12/site-packages/oslo_config/cfg.py:3253}}
Jul 17 17:36:52.744834 np0000005363 nova-scheduler[96511]: DEBUG cotyledon.oslo_config_glue [-] oslo_limit.status_code_retry_delay = None {{(pid=96511) log_opt_values /opt/stack/data/venv/lib/python3.12/site-packages/oslo_config/cfg.py:3253}}
Jul 17 17:36:52.744834 np0000005363 nova-scheduler[96511]: DEBUG cotyledon.oslo_config_glue [-] oslo_limit.timeout = None {{(pid=96511) log_opt_values /opt/stack/data/venv/lib/python3.12/site-packages/oslo_config/cfg.py:3253}}
Jul 17 17:36:52.744834 np0000005363 nova-scheduler[96511]: DEBUG cotyledon.oslo_config_glue [-] oslo_limit.valid_interfaces = None {{(pid=96511) log_opt_values /opt/stack/data/venv/lib/python3.12/site-packages/oslo_config/cfg.py:3253}}
Jul 17 17:36:52.744834 np0000005363 nova-scheduler[96511]: DEBUG cotyledon.oslo_config_glue [-] oslo_limit.version = None {{(pid=96511) log_opt_values /opt/stack/data/venv/lib/python3.12/site-packages/oslo_config/cfg.py:3253}}
Jul 17 17:36:52.744834 np0000005363 nova-scheduler[96511]: DEBUG cotyledon.oslo_config_glue [-] oslo_reports.file_event_handler = None {{(pid=96511) log_opt_values /opt/stack/data/venv/lib/python3.12/site-packages/oslo_config/cfg.py:3253}}
Jul 17 17:36:52.744834 np0000005363 nova-scheduler[96511]: DEBUG cotyledon.oslo_config_glue [-] oslo_reports.file_event_handler_interval = 1 {{(pid=96511) log_opt_values /opt/stack/data/venv/lib/python3.12/site-packages/oslo_config/cfg.py:3253}}
Jul 17 17:36:52.744834 np0000005363 nova-scheduler[96511]: DEBUG cotyledon.oslo_config_glue [-] oslo_reports.log_dir = None {{(pid=96511) log_opt_values /opt/stack/data/venv/lib/python3.12/site-packages/oslo_config/cfg.py:3253}}
Jul 17 17:36:52.745091 np0000005363 nova-scheduler[96511]: DEBUG cotyledon.oslo_config_glue [-] ******************************************************************************** {{(pid=96511) log_opt_values /opt/stack/data/venv/lib/python3.12/site-packages/oslo_config/cfg.py:3260}}
Jul 17 17:36:52.745091 np0000005363 nova-scheduler[96511]: DEBUG cotyledon._service_worker [-] Run service ServiceWrapper(3) [96511] {{(pid=96511) wait_forever /opt/stack/data/venv/lib/python3.12/site-packages/cotyledon/_service_worker.py:218}}
Jul 17 17:36:52.745091 np0000005363 nova-scheduler[96511]: INFO nova.service [-] Starting scheduler node (version 33.1.0)
Jul 17 17:36:52.745174 np0000005363 nova-scheduler[96505]: DEBUG oslo_db.sqlalchemy.engines [None req-7ee5ead3-c3c7-4834-86f4-0c1c53adfc0a None None] MySQL server mode set to STRICT_TRANS_TABLES,STRICT_ALL_TABLES,NO_ZERO_IN_DATE,NO_ZERO_DATE,ERROR_FOR_DIVISION_BY_ZERO,TRADITIONAL,NO_ENGINE_SUBSTITUTION {{(pid=96505) _check_effective_sql_mode /opt/stack/data/venv/lib/python3.12/site-packages/oslo_db/sqlalchemy/engines.py:325}}
Jul 17 17:36:52.745208 np0000005363 nova-scheduler[96511]: INFO dbcounter [None req-c3844d56-d52c-432a-ac89-b15cd270be4c None None] Registered counter for database nova_cell0
Jul 17 17:36:52.745231 np0000005363 nova-scheduler[96507]: DEBUG oslo_db.sqlalchemy.engines [None req-151d7fe2-a5f4-4136-92c5-d6d5eb0d0362 None None] MySQL server mode set to STRICT_TRANS_TABLES,STRICT_ALL_TABLES,NO_ZERO_IN_DATE,NO_ZERO_DATE,ERROR_FOR_DIVISION_BY_ZERO,TRADITIONAL,NO_ENGINE_SUBSTITUTION {{(pid=96507) _check_effective_sql_mode /opt/stack/data/venv/lib/python3.12/site-packages/oslo_db/sqlalchemy/engines.py:325}}
Jul 17 17:36:52.745309 np0000005363 nova-scheduler[96505]: DEBUG dbcounter [-] [96505] Writer thread running {{(pid=96505) stat_writer /opt/stack/data/venv/lib/python3.12/site-packages/dbcounter.py:102}}
Jul 17 17:36:52.745353 np0000005363 nova-scheduler[96507]: DEBUG dbcounter [-] [96507] Writer thread running {{(pid=96507) stat_writer /opt/stack/data/venv/lib/python3.12/site-packages/dbcounter.py:102}}
Jul 17 17:36:52.745409 np0000005363 nova-scheduler[96509]: DEBUG oslo_db.sqlalchemy.engines [None req-e2f77852-5807-4024-a96b-7ee6ddec2418 None None] MySQL server mode set to STRICT_TRANS_TABLES,STRICT_ALL_TABLES,NO_ZERO_IN_DATE,NO_ZERO_DATE,ERROR_FOR_DIVISION_BY_ZERO,TRADITIONAL,NO_ENGINE_SUBSTITUTION {{(pid=96509) _check_effective_sql_mode /opt/stack/data/venv/lib/python3.12/site-packages/oslo_db/sqlalchemy/engines.py:325}}
Jul 17 17:36:52.745446 np0000005363 nova-scheduler[96505]: DEBUG nova.service [None req-7ee5ead3-c3c7-4834-86f4-0c1c53adfc0a None None] Creating RPC server for service: nova-scheduler on topic: scheduler {{(pid=96505) start /opt/stack/nova/nova/service.py:196}}
Jul 17 17:36:52.757819 np0000005363 nova-scheduler[96507]: DEBUG nova.service [None req-151d7fe2-a5f4-4136-92c5-d6d5eb0d0362 None None] Creating RPC server for service: nova-scheduler on topic: scheduler {{(pid=96507) start /opt/stack/nova/nova/service.py:196}}
Jul 17 17:36:52.759982 np0000005363 nova-scheduler[96509]: DEBUG dbcounter [-] [96509] Writer thread running {{(pid=96509) stat_writer /opt/stack/data/venv/lib/python3.12/site-packages/dbcounter.py:102}}
Jul 17 17:36:52.764425 np0000005363 nova-scheduler[96511]: DEBUG oslo_db.sqlalchemy.engines [None req-c3844d56-d52c-432a-ac89-b15cd270be4c None None] MySQL server mode set to STRICT_TRANS_TABLES,STRICT_ALL_TABLES,NO_ZERO_IN_DATE,NO_ZERO_DATE,ERROR_FOR_DIVISION_BY_ZERO,TRADITIONAL,NO_ENGINE_SUBSTITUTION {{(pid=96511) _check_effective_sql_mode /opt/stack/data/venv/lib/python3.12/site-packages/oslo_db/sqlalchemy/engines.py:325}}
Jul 17 17:36:52.764570 np0000005363 nova-scheduler[96509]: DEBUG nova.service [None req-e2f77852-5807-4024-a96b-7ee6ddec2418 None None] Creating RPC server for service: nova-scheduler on topic: scheduler {{(pid=96509) start /opt/stack/nova/nova/service.py:196}}
Jul 17 17:36:52.777604 np0000005363 nova-scheduler[96511]: DEBUG dbcounter [-] [96511] Writer thread running {{(pid=96511) stat_writer /opt/stack/data/venv/lib/python3.12/site-packages/dbcounter.py:102}}
Jul 17 17:36:52.781672 np0000005363 nova-scheduler[96511]: DEBUG nova.service [None req-c3844d56-d52c-432a-ac89-b15cd270be4c None None] Creating RPC server for service: nova-scheduler on topic: scheduler {{(pid=96511) start /opt/stack/nova/nova/service.py:196}}
Jul 17 17:36:52.782320 np0000005363 nova-scheduler[96505]: DEBUG nova.service [None req-7ee5ead3-c3c7-4834-86f4-0c1c53adfc0a None None] Join ServiceGroup membership for this service scheduler {{(pid=96505) start /opt/stack/nova/nova/service.py:222}}
Jul 17 17:36:52.783103 np0000005363 nova-scheduler[96505]: DEBUG nova.servicegroup.drivers.db [None req-7ee5ead3-c3c7-4834-86f4-0c1c53adfc0a None None] DB_Driver: join new ServiceGroup member np0000005363 to the scheduler group, service = {{(pid=96505) join /opt/stack/nova/nova/servicegroup/drivers/db.py:44}}
Jul 17 17:36:52.785826 np0000005363 nova-scheduler[96509]: DEBUG nova.service [None req-e2f77852-5807-4024-a96b-7ee6ddec2418 None None] Join ServiceGroup membership for this service scheduler {{(pid=96509) start /opt/stack/nova/nova/service.py:222}}
Jul 17 17:36:52.786029 np0000005363 nova-scheduler[96509]: DEBUG nova.servicegroup.drivers.db [None req-e2f77852-5807-4024-a96b-7ee6ddec2418 None None] DB_Driver: join new ServiceGroup member np0000005363 to the scheduler group, service = {{(pid=96509) join /opt/stack/nova/nova/servicegroup/drivers/db.py:44}}
Jul 17 17:36:52.789357 np0000005363 nova-scheduler[96507]: DEBUG nova.service [None req-151d7fe2-a5f4-4136-92c5-d6d5eb0d0362 None None] Join ServiceGroup membership for this service scheduler {{(pid=96507) start /opt/stack/nova/nova/service.py:222}}
Jul 17 17:36:52.789655 np0000005363 nova-scheduler[96507]: DEBUG nova.servicegroup.drivers.db [None req-151d7fe2-a5f4-4136-92c5-d6d5eb0d0362 None None] DB_Driver: join new ServiceGroup member np0000005363 to the scheduler group, service = {{(pid=96507) join /opt/stack/nova/nova/servicegroup/drivers/db.py:44}}
Jul 17 17:36:52.804824 np0000005363 nova-scheduler[96511]: DEBUG nova.service [None req-c3844d56-d52c-432a-ac89-b15cd270be4c None None] Join ServiceGroup membership for this service scheduler {{(pid=96511) start /opt/stack/nova/nova/service.py:222}}
Jul 17 17:36:52.805116 np0000005363 nova-scheduler[96511]: DEBUG nova.servicegroup.drivers.db [None req-c3844d56-d52c-432a-ac89-b15cd270be4c None None] DB_Driver: join new ServiceGroup member np0000005363 to the scheduler group, service = {{(pid=96511) join /opt/stack/nova/nova/servicegroup/drivers/db.py:44}}
Jul 17 17:36:57.799761 np0000005363 nova-scheduler[96505]: DEBUG oslo.service.backend._threading.loopingcall [-] Fixed interval looping call 'nova.servicegroup.drivers.db.DbDriver._report_state' sleeping for 119.98 seconds {{(pid=96505) _run_loop /opt/stack/data/venv/lib/python3.12/site-packages/oslo_service/backend/_threading/loopingcall.py:125}}
Jul 17 17:36:57.801378 np0000005363 nova-scheduler[96507]: DEBUG oslo.service.backend._threading.loopingcall [-] Fixed interval looping call 'nova.servicegroup.drivers.db.DbDriver._report_state' sleeping for 119.99 seconds {{(pid=96507) _run_loop /opt/stack/data/venv/lib/python3.12/site-packages/oslo_service/backend/_threading/loopingcall.py:125}}
Jul 17 17:36:57.805183 np0000005363 nova-scheduler[96509]: DEBUG oslo.service.backend._threading.loopingcall [-] Fixed interval looping call 'nova.servicegroup.drivers.db.DbDriver._report_state' sleeping for 119.98 seconds {{(pid=96509) _run_loop /opt/stack/data/venv/lib/python3.12/site-packages/oslo_service/backend/_threading/loopingcall.py:125}}
Jul 17 17:36:57.816807 np0000005363 nova-scheduler[96511]: DEBUG oslo.service.backend._threading.loopingcall [-] Fixed interval looping call 'nova.servicegroup.drivers.db.DbDriver._report_state' sleeping for 119.99 seconds {{(pid=96511) _run_loop /opt/stack/data/venv/lib/python3.12/site-packages/oslo_service/backend/_threading/loopingcall.py:125}}
Jul 17 17:37:01.274522 np0000005363 nova-scheduler[95312]: DEBUG dbcounter [-] [95312] Writing DB stats nova_api:SELECT=3 {{(pid=95312) stat_writer /opt/stack/data/venv/lib/python3.12/site-packages/dbcounter.py:115}}
Jul 17 17:37:01.449778 np0000005363 nova-scheduler[95312]: DEBUG dbcounter [-] [95312] Writing DB stats nova_cell1:SELECT=1 {{(pid=95312) stat_writer /opt/stack/data/venv/lib/python3.12/site-packages/dbcounter.py:115}}
Jul 17 17:37:01.453682 np0000005363 nova-scheduler[95312]: DEBUG dbcounter [-] [95312] Writing DB stats nova_cell0:SELECT=1 {{(pid=95312) stat_writer /opt/stack/data/venv/lib/python3.12/site-packages/dbcounter.py:115}}
Jul 17 17:37:07.795937 np0000005363 nova-scheduler[96505]: DEBUG dbcounter [-] [96505] Writing DB stats nova_cell0:SELECT=4,nova_cell0:INSERT=1,nova_cell0:UPDATE=1 {{(pid=96505) stat_writer /opt/stack/data/venv/lib/python3.12/site-packages/dbcounter.py:115}}
Jul 17 17:37:07.799417 np0000005363 nova-scheduler[96507]: DEBUG dbcounter [-] [96507] Writing DB stats nova_cell0:SELECT=5,nova_cell0:INSERT=1 {{(pid=96507) stat_writer /opt/stack/data/venv/lib/python3.12/site-packages/dbcounter.py:115}}
Jul 17 17:37:07.803412 np0000005363 nova-scheduler[96509]: DEBUG dbcounter [-] [96509] Writing DB stats nova_cell0:SELECT=3,nova_cell0:UPDATE=1 {{(pid=96509) stat_writer /opt/stack/data/venv/lib/python3.12/site-packages/dbcounter.py:115}}
Jul 17 17:37:07.817227 np0000005363 nova-scheduler[96511]: DEBUG dbcounter [-] [96511] Writing DB stats nova_cell0:SELECT=3 {{(pid=96511) stat_writer /opt/stack/data/venv/lib/python3.12/site-packages/dbcounter.py:115}}
Jul 17 17:37:20.792842 np0000005363 nova-scheduler[96507]: DEBUG oslo.service.backend._threading.loopingcall [None req-7f5a47b6-c81e-48fe-b62a-049c70737d71 None None] Dynamic interval looping call 'nova.service.Service.periodic_tasks' sleeping for 60.00 seconds {{(pid=96507) _run_loop /opt/stack/data/venv/lib/python3.12/site-packages/oslo_service/backend/_threading/loopingcall.py:125}}
Jul 17 17:37:20.807942 np0000005363 nova-scheduler[96511]: DEBUG oslo.service.backend._threading.loopingcall [None req-c18bb461-6d35-413e-8ee0-28cce94c56ad None None] Dynamic interval looping call 'nova.service.Service.periodic_tasks' sleeping for 60.00 seconds {{(pid=96511) _run_loop /opt/stack/data/venv/lib/python3.12/site-packages/oslo_service/backend/_threading/loopingcall.py:125}}
Jul 17 17:37:21.785334 np0000005363 nova-scheduler[96505]: DEBUG oslo.service.backend._threading.loopingcall [None req-d25c4626-ec8c-416b-968a-9e67fe46d1cd None None] Dynamic interval looping call 'nova.service.Service.periodic_tasks' sleeping for 60.00 seconds {{(pid=96505) _run_loop /opt/stack/data/venv/lib/python3.12/site-packages/oslo_service/backend/_threading/loopingcall.py:125}}
Jul 17 17:37:27.789550 np0000005363 nova-scheduler[96509]: DEBUG oslo.service.backend._threading.loopingcall [None req-02cdc00c-c7eb-49f3-9a43-73010f0e48e9 None None] Dynamic interval looping call 'nova.service.Service.periodic_tasks' sleeping for 60.00 seconds {{(pid=96509) _run_loop /opt/stack/data/venv/lib/python3.12/site-packages/oslo_service/backend/_threading/loopingcall.py:125}}
Jul 17 17:38:20.793406 np0000005363 nova-scheduler[96507]: DEBUG oslo.service.backend._threading.loopingcall [None req-7f5a47b6-c81e-48fe-b62a-049c70737d71 None None] Dynamic interval looping call 'nova.service.Service.periodic_tasks' sleeping for 60.00 seconds {{(pid=96507) _run_loop /opt/stack/data/venv/lib/python3.12/site-packages/oslo_service/backend/_threading/loopingcall.py:125}}
Jul 17 17:38:20.808442 np0000005363 nova-scheduler[96511]: DEBUG oslo.service.backend._threading.loopingcall [None req-c18bb461-6d35-413e-8ee0-28cce94c56ad None None] Dynamic interval looping call 'nova.service.Service.periodic_tasks' sleeping for 60.00 seconds {{(pid=96511) _run_loop /opt/stack/data/venv/lib/python3.12/site-packages/oslo_service/backend/_threading/loopingcall.py:125}}
Jul 17 17:38:21.785897 np0000005363 nova-scheduler[96505]: DEBUG oslo.service.backend._threading.loopingcall [None req-d25c4626-ec8c-416b-968a-9e67fe46d1cd None None] Dynamic interval looping call 'nova.service.Service.periodic_tasks' sleeping for 60.00 seconds {{(pid=96505) _run_loop /opt/stack/data/venv/lib/python3.12/site-packages/oslo_service/backend/_threading/loopingcall.py:125}}
Jul 17 17:38:27.790063 np0000005363 nova-scheduler[96509]: DEBUG oslo.service.backend._threading.loopingcall [None req-02cdc00c-c7eb-49f3-9a43-73010f0e48e9 None None] Dynamic interval looping call 'nova.service.Service.periodic_tasks' sleeping for 60.00 seconds {{(pid=96509) _run_loop /opt/stack/data/venv/lib/python3.12/site-packages/oslo_service/backend/_threading/loopingcall.py:125}}
Jul 17 17:38:57.789595 np0000005363 nova-scheduler[96505]: DEBUG oslo.service.backend._threading.loopingcall [-] Fixed interval looping call 'nova.servicegroup.drivers.db.DbDriver._report_state' sleeping for 119.99 seconds {{(pid=96505) _run_loop /opt/stack/data/venv/lib/python3.12/site-packages/oslo_service/backend/_threading/loopingcall.py:125}}
Jul 17 17:38:57.790766 np0000005363 nova-scheduler[96509]: DEBUG oslo.service.backend._threading.loopingcall [-] Fixed interval looping call 'nova.servicegroup.drivers.db.DbDriver._report_state' sleeping for 119.99 seconds {{(pid=96509) _run_loop /opt/stack/data/venv/lib/python3.12/site-packages/oslo_service/backend/_threading/loopingcall.py:125}}
Jul 17 17:38:57.795650 np0000005363 nova-scheduler[96507]: DEBUG oslo.service.backend._threading.loopingcall [-] Fixed interval looping call 'nova.servicegroup.drivers.db.DbDriver._report_state' sleeping for 120.00 seconds {{(pid=96507) _run_loop /opt/stack/data/venv/lib/python3.12/site-packages/oslo_service/backend/_threading/loopingcall.py:125}}
Jul 17 17:38:57.811034 np0000005363 nova-scheduler[96511]: DEBUG oslo.service.backend._threading.loopingcall [-] Fixed interval looping call 'nova.servicegroup.drivers.db.DbDriver._report_state' sleeping for 120.00 seconds {{(pid=96511) _run_loop /opt/stack/data/venv/lib/python3.12/site-packages/oslo_service/backend/_threading/loopingcall.py:125}}
Jul 17 17:39:07.784514 np0000005363 nova-scheduler[96505]: DEBUG dbcounter [-] [96505] Writing DB stats nova_cell0:SELECT=1,nova_cell0:UPDATE=1 {{(pid=96505) stat_writer /opt/stack/data/venv/lib/python3.12/site-packages/dbcounter.py:115}}
Jul 17 17:39:07.789497 np0000005363 nova-scheduler[96509]: DEBUG dbcounter [-] [96509] Writing DB stats nova_cell0:SELECT=1,nova_cell0:UPDATE=1 {{(pid=96509) stat_writer /opt/stack/data/venv/lib/python3.12/site-packages/dbcounter.py:115}}
Jul 17 17:39:07.793456 np0000005363 nova-scheduler[96507]: DEBUG dbcounter [-] [96507] Writing DB stats nova_cell0:SELECT=1 {{(pid=96507) stat_writer /opt/stack/data/venv/lib/python3.12/site-packages/dbcounter.py:115}}
Jul 17 17:39:07.808952 np0000005363 nova-scheduler[96511]: DEBUG dbcounter [-] [96511] Writing DB stats nova_cell0:SELECT=1 {{(pid=96511) stat_writer /opt/stack/data/venv/lib/python3.12/site-packages/dbcounter.py:115}}
Jul 17 17:39:20.794529 np0000005363 nova-scheduler[96507]: DEBUG oslo.service.backend._threading.loopingcall [None req-7f5a47b6-c81e-48fe-b62a-049c70737d71 None None] Dynamic interval looping call 'nova.service.Service.periodic_tasks' sleeping for 60.00 seconds {{(pid=96507) _run_loop /opt/stack/data/venv/lib/python3.12/site-packages/oslo_service/backend/_threading/loopingcall.py:125}}
Jul 17 17:39:20.809132 np0000005363 nova-scheduler[96511]: DEBUG oslo.service.backend._threading.loopingcall [None req-c18bb461-6d35-413e-8ee0-28cce94c56ad None None] Dynamic interval looping call 'nova.service.Service.periodic_tasks' sleeping for 60.00 seconds {{(pid=96511) _run_loop /opt/stack/data/venv/lib/python3.12/site-packages/oslo_service/backend/_threading/loopingcall.py:125}}
Jul 17 17:39:21.786583 np0000005363 nova-scheduler[96505]: DEBUG oslo.service.backend._threading.loopingcall [None req-d25c4626-ec8c-416b-968a-9e67fe46d1cd None None] Dynamic interval looping call 'nova.service.Service.periodic_tasks' sleeping for 60.00 seconds {{(pid=96505) _run_loop /opt/stack/data/venv/lib/python3.12/site-packages/oslo_service/backend/_threading/loopingcall.py:125}}
Jul 17 17:39:27.790600 np0000005363 nova-scheduler[96509]: DEBUG oslo.service.backend._threading.loopingcall [None req-02cdc00c-c7eb-49f3-9a43-73010f0e48e9 None None] Dynamic interval looping call 'nova.service.Service.periodic_tasks' sleeping for 60.00 seconds {{(pid=96509) _run_loop /opt/stack/data/venv/lib/python3.12/site-packages/oslo_service/backend/_threading/loopingcall.py:125}}
Jul 17 17:39:28.721981 np0000005363 nova-scheduler[96505]: DEBUG nova.scheduler.manager [None req-f0fb758e-1d88-4e9d-87c7-d6ed93db63e6 tempest-ServerRescueNegativeTestJSON-1609465672 tempest-ServerRescueNegativeTestJSON-1609465672-project-member] Starting to schedule for instances: ['6a7e8fa2-f05d-4586-ab2f-5247a0cb0f9b'] {{(pid=96505) select_destinations /opt/stack/nova/nova/scheduler/manager.py:209}}
Jul 17 17:39:28.723157 np0000005363 nova-scheduler[96505]: DEBUG nova.scheduler.request_filter [None req-f0fb758e-1d88-4e9d-87c7-d6ed93db63e6 tempest-ServerRescueNegativeTestJSON-1609465672 tempest-ServerRescueNegativeTestJSON-1609465672-project-member] compute_status_filter request filter added forbidden trait COMPUTE_STATUS_DISABLED {{(pid=96505) compute_status_filter /opt/stack/nova/nova/scheduler/request_filter.py:253}}
Jul 17 17:39:28.723274 np0000005363 nova-scheduler[96505]: DEBUG nova.scheduler.request_filter [None req-f0fb758e-1d88-4e9d-87c7-d6ed93db63e6 tempest-ServerRescueNegativeTestJSON-1609465672 tempest-ServerRescueNegativeTestJSON-1609465672-project-member] Request filter 'compute_status_filter' took 0.0 seconds {{(pid=96505) wrapper /opt/stack/nova/nova/scheduler/request_filter.py:46}}
Jul 17 17:39:28.723517 np0000005363 nova-scheduler[96505]: DEBUG nova.scheduler.request_filter [None req-f0fb758e-1d88-4e9d-87c7-d6ed93db63e6 tempest-ServerRescueNegativeTestJSON-1609465672 tempest-ServerRescueNegativeTestJSON-1609465672-project-member] Request filter 'accelerators_filter' took 0.0 seconds {{(pid=96505) wrapper /opt/stack/nova/nova/scheduler/request_filter.py:46}}
Jul 17 17:39:28.725088 np0000005363 nova-scheduler[96505]: DEBUG nova.scheduler.request_filter [None req-f0fb758e-1d88-4e9d-87c7-d6ed93db63e6 tempest-ServerRescueNegativeTestJSON-1609465672 tempest-ServerRescueNegativeTestJSON-1609465672-project-member] Request filter 'packed_virtqueue_filter' took 0.0 seconds {{(pid=96505) wrapper /opt/stack/nova/nova/scheduler/request_filter.py:46}}
Jul 17 17:39:28.725453 np0000005363 nova-scheduler[96505]: DEBUG nova.scheduler.request_filter [None req-f0fb758e-1d88-4e9d-87c7-d6ed93db63e6 tempest-ServerRescueNegativeTestJSON-1609465672 tempest-ServerRescueNegativeTestJSON-1609465672-project-member] Request filter 'remote_managed_ports_filter' took 0.0 seconds {{(pid=96505) wrapper /opt/stack/nova/nova/scheduler/request_filter.py:46}}
Jul 17 17:39:28.725661 np0000005363 nova-scheduler[96505]: DEBUG nova.scheduler.request_filter [None req-f0fb758e-1d88-4e9d-87c7-d6ed93db63e6 tempest-ServerRescueNegativeTestJSON-1609465672 tempest-ServerRescueNegativeTestJSON-1609465672-project-member] ephemeral_encryption_filter skipped {{(pid=96505) ephemeral_encryption_filter /opt/stack/nova/nova/scheduler/request_filter.py:426}}
Jul 17 17:39:28.725846 np0000005363 nova-scheduler[96505]: DEBUG nova.scheduler.request_filter [None req-f0fb758e-1d88-4e9d-87c7-d6ed93db63e6 tempest-ServerRescueNegativeTestJSON-1609465672 tempest-ServerRescueNegativeTestJSON-1609465672-project-member] virtio_sound_filter skipped {{(pid=96505) virtio_sound_filter /opt/stack/nova/nova/scheduler/request_filter.py:460}}
Jul 17 17:39:28.726001 np0000005363 nova-scheduler[96505]: DEBUG nova.scheduler.request_filter [None req-f0fb758e-1d88-4e9d-87c7-d6ed93db63e6 tempest-ServerRescueNegativeTestJSON-1609465672 tempest-ServerRescueNegativeTestJSON-1609465672-project-member] tpm_secret_security_filter skipped {{(pid=96505) tpm_secret_security_filter /opt/stack/nova/nova/scheduler/request_filter.py:477}}
Jul 17 17:39:28.786929 np0000005363 nova-scheduler[96509]: DEBUG nova.scheduler.manager [None req-65163879-0b61-4a51-9ec6-174fd0828b74 tempest-ServerActionsTestOtherB-299265725 tempest-ServerActionsTestOtherB-299265725-project-member] Starting to schedule for instances: ['4c990229-00bf-4bbb-873a-4a4761df6051'] {{(pid=96509) select_destinations /opt/stack/nova/nova/scheduler/manager.py:209}}
Jul 17 17:39:28.787320 np0000005363 nova-scheduler[96509]: DEBUG nova.scheduler.request_filter [None req-65163879-0b61-4a51-9ec6-174fd0828b74 tempest-ServerActionsTestOtherB-299265725 tempest-ServerActionsTestOtherB-299265725-project-member] compute_status_filter request filter added forbidden trait COMPUTE_STATUS_DISABLED {{(pid=96509) compute_status_filter /opt/stack/nova/nova/scheduler/request_filter.py:253}}
Jul 17 17:39:28.788258 np0000005363 nova-scheduler[96509]: DEBUG nova.scheduler.request_filter [None req-65163879-0b61-4a51-9ec6-174fd0828b74 tempest-ServerActionsTestOtherB-299265725 tempest-ServerActionsTestOtherB-299265725-project-member] Request filter 'compute_status_filter' took 0.0 seconds {{(pid=96509) wrapper /opt/stack/nova/nova/scheduler/request_filter.py:46}}
Jul 17 17:39:28.788538 np0000005363 nova-scheduler[96509]: DEBUG nova.scheduler.request_filter [None req-65163879-0b61-4a51-9ec6-174fd0828b74 tempest-ServerActionsTestOtherB-299265725 tempest-ServerActionsTestOtherB-299265725-project-member] Request filter 'accelerators_filter' took 0.0 seconds {{(pid=96509) wrapper /opt/stack/nova/nova/scheduler/request_filter.py:46}}
