Jul 17 17:36:58.615755 np0000005363 nova-conductor[98933]: DEBUG cotyledon.oslo_config_glue [-] vnc.vencrypt_ca_certs = None {{(pid=98933) log_opt_values /opt/stack/data/venv/lib/python3.12/site-packages/oslo_config/cfg.py:3253}}
Jul 17 17:36:58.615755 np0000005363 nova-conductor[98933]: DEBUG cotyledon.oslo_config_glue [-] vnc.vencrypt_client_cert = None {{(pid=98933) log_opt_values /opt/stack/data/venv/lib/python3.12/site-packages/oslo_config/cfg.py:3253}}
Jul 17 17:36:58.615755 np0000005363 nova-conductor[98933]: DEBUG cotyledon.oslo_config_glue [-] vnc.vencrypt_client_key = None {{(pid=98933) log_opt_values /opt/stack/data/venv/lib/python3.12/site-packages/oslo_config/cfg.py:3253}}
Jul 17 17:36:58.615755 np0000005363 nova-conductor[98933]: DEBUG cotyledon.oslo_config_glue [-] workarounds.disable_compute_service_check_for_ffu = False {{(pid=98933) log_opt_values /opt/stack/data/venv/lib/python3.12/site-packages/oslo_config/cfg.py:3253}}
Jul 17 17:36:58.616053 np0000005363 nova-conductor[98933]: DEBUG cotyledon.oslo_config_glue [-] workarounds.disable_deep_image_inspection = False {{(pid=98933) log_opt_values /opt/stack/data/venv/lib/python3.12/site-packages/oslo_config/cfg.py:3253}}
Jul 17 17:36:58.616053 np0000005363 nova-conductor[98933]: DEBUG cotyledon.oslo_config_glue [-] workarounds.disable_fallback_pcpu_query = False {{(pid=98933) log_opt_values /opt/stack/data/venv/lib/python3.12/site-packages/oslo_config/cfg.py:3253}}
Jul 17 17:36:58.616053 np0000005363 nova-conductor[98933]: DEBUG cotyledon.oslo_config_glue [-] workarounds.disable_group_policy_check_upcall = False {{(pid=98933) log_opt_values /opt/stack/data/venv/lib/python3.12/site-packages/oslo_config/cfg.py:3253}}
Jul 17 17:36:58.616053 np0000005363 nova-conductor[98933]: DEBUG cotyledon.oslo_config_glue [-] workarounds.disable_libvirt_livesnapshot = False {{(pid=98933) log_opt_values /opt/stack/data/venv/lib/python3.12/site-packages/oslo_config/cfg.py:3253}}
Jul 17 17:36:58.616053 np0000005363 nova-conductor[98933]: DEBUG cotyledon.oslo_config_glue [-] workarounds.disable_rootwrap = False {{(pid=98933) log_opt_values /opt/stack/data/venv/lib/python3.12/site-packages/oslo_config/cfg.py:3253}}
Jul 17 17:36:58.616053 np0000005363 nova-conductor[98933]: DEBUG cotyledon.oslo_config_glue [-] workarounds.enable_numa_live_migration = False {{(pid=98933) log_opt_values /opt/stack/data/venv/lib/python3.12/site-packages/oslo_config/cfg.py:3253}}
Jul 17 17:36:58.616053 np0000005363 nova-conductor[98933]: DEBUG cotyledon.oslo_config_glue [-] workarounds.enable_qemu_monitor_announce_self = False {{(pid=98933) log_opt_values /opt/stack/data/venv/lib/python3.12/site-packages/oslo_config/cfg.py:3253}}
Jul 17 17:36:58.616053 np0000005363 nova-conductor[98933]: DEBUG cotyledon.oslo_config_glue [-] workarounds.ensure_libvirt_rbd_instance_dir_cleanup = False {{(pid=98933) log_opt_values /opt/stack/data/venv/lib/python3.12/site-packages/oslo_config/cfg.py:3253}}
Jul 17 17:36:58.616053 np0000005363 nova-conductor[98933]: DEBUG cotyledon.oslo_config_glue [-] workarounds.handle_virt_lifecycle_events = True {{(pid=98933) log_opt_values /opt/stack/data/venv/lib/python3.12/site-packages/oslo_config/cfg.py:3253}}
Jul 17 17:36:58.616331 np0000005363 nova-conductor[98933]: DEBUG cotyledon.oslo_config_glue [-] workarounds.libvirt_disable_apic = False {{(pid=98933) log_opt_values /opt/stack/data/venv/lib/python3.12/site-packages/oslo_config/cfg.py:3253}}
Jul 17 17:36:58.616331 np0000005363 nova-conductor[98933]: DEBUG cotyledon.oslo_config_glue [-] workarounds.never_download_image_if_on_rbd = False {{(pid=98933) log_opt_values /opt/stack/data/venv/lib/python3.12/site-packages/oslo_config/cfg.py:3253}}
Jul 17 17:36:58.616331 np0000005363 nova-conductor[98933]: DEBUG cotyledon.oslo_config_glue [-] workarounds.qemu_monitor_announce_self_count = 3 {{(pid=98933) log_opt_values /opt/stack/data/venv/lib/python3.12/site-packages/oslo_config/cfg.py:3253}}
Jul 17 17:36:58.616331 np0000005363 nova-conductor[98933]: DEBUG cotyledon.oslo_config_glue [-] workarounds.qemu_monitor_announce_self_interval = 1 {{(pid=98933) log_opt_values /opt/stack/data/venv/lib/python3.12/site-packages/oslo_config/cfg.py:3253}}
Jul 17 17:36:58.616331 np0000005363 nova-conductor[98933]: DEBUG cotyledon.oslo_config_glue [-] workarounds.reserve_disk_resource_for_image_cache = False {{(pid=98933) log_opt_values /opt/stack/data/venv/lib/python3.12/site-packages/oslo_config/cfg.py:3253}}
Jul 17 17:36:58.616331 np0000005363 nova-conductor[98933]: DEBUG cotyledon.oslo_config_glue [-] workarounds.skip_cpu_compare_at_startup = False {{(pid=98933) log_opt_values /opt/stack/data/venv/lib/python3.12/site-packages/oslo_config/cfg.py:3253}}
Jul 17 17:36:58.616331 np0000005363 nova-conductor[98933]: DEBUG cotyledon.oslo_config_glue [-] workarounds.skip_cpu_compare_on_dest = False {{(pid=98933) log_opt_values /opt/stack/data/venv/lib/python3.12/site-packages/oslo_config/cfg.py:3253}}
Jul 17 17:36:58.616331 np0000005363 nova-conductor[98933]: DEBUG cotyledon.oslo_config_glue [-] workarounds.skip_hypervisor_version_check_on_lm = False {{(pid=98933) log_opt_values /opt/stack/data/venv/lib/python3.12/site-packages/oslo_config/cfg.py:3253}}
Jul 17 17:36:58.616331 np0000005363 nova-conductor[98933]: DEBUG cotyledon.oslo_config_glue [-] workarounds.skip_reserve_in_use_ironic_nodes = False {{(pid=98933) log_opt_values /opt/stack/data/venv/lib/python3.12/site-packages/oslo_config/cfg.py:3253}}
Jul 17 17:36:58.616650 np0000005363 nova-conductor[98933]: DEBUG cotyledon.oslo_config_glue [-] workarounds.unified_limits_count_pcpu_as_vcpu = False {{(pid=98933) log_opt_values /opt/stack/data/venv/lib/python3.12/site-packages/oslo_config/cfg.py:3253}}
Jul 17 17:36:58.616650 np0000005363 nova-conductor[98933]: DEBUG cotyledon.oslo_config_glue [-] workarounds.wait_for_vif_plugged_event_during_hard_reboot = [] {{(pid=98933) log_opt_values /opt/stack/data/venv/lib/python3.12/site-packages/oslo_config/cfg.py:3253}}
Jul 17 17:36:58.616650 np0000005363 nova-conductor[98933]: DEBUG cotyledon.oslo_config_glue [-] wsgi.api_paste_config = /etc/nova/api-paste.ini {{(pid=98933) log_opt_values /opt/stack/data/venv/lib/python3.12/site-packages/oslo_config/cfg.py:3253}}
Jul 17 17:36:58.616650 np0000005363 nova-conductor[98933]: DEBUG cotyledon.oslo_config_glue [-] wsgi.secure_proxy_ssl_header = None {{(pid=98933) log_opt_values /opt/stack/data/venv/lib/python3.12/site-packages/oslo_config/cfg.py:3253}}
Jul 17 17:36:58.616650 np0000005363 nova-conductor[98933]: DEBUG cotyledon.oslo_config_glue [-] zvm.ca_file = None {{(pid=98933) log_opt_values /opt/stack/data/venv/lib/python3.12/site-packages/oslo_config/cfg.py:3253}}
Jul 17 17:36:58.616650 np0000005363 nova-conductor[98933]: DEBUG cotyledon.oslo_config_glue [-] zvm.cloud_connector_url = None {{(pid=98933) log_opt_values /opt/stack/data/venv/lib/python3.12/site-packages/oslo_config/cfg.py:3253}}
Jul 17 17:36:58.616650 np0000005363 nova-conductor[98933]: DEBUG cotyledon.oslo_config_glue [-] zvm.image_tmp_path = /opt/stack/data/nova/images {{(pid=98933) log_opt_values /opt/stack/data/venv/lib/python3.12/site-packages/oslo_config/cfg.py:3253}}
Jul 17 17:36:58.616650 np0000005363 nova-conductor[98933]: DEBUG cotyledon.oslo_config_glue [-] zvm.reachable_timeout = 300 {{(pid=98933) log_opt_values /opt/stack/data/venv/lib/python3.12/site-packages/oslo_config/cfg.py:3253}}
Jul 17 17:36:58.616650 np0000005363 nova-conductor[98933]: DEBUG cotyledon.oslo_config_glue [-] oslo_versionedobjects.fatal_exception_format_errors = False {{(pid=98933) log_opt_values /opt/stack/data/venv/lib/python3.12/site-packages/oslo_config/cfg.py:3253}}
Jul 17 17:36:58.616945 np0000005363 nova-conductor[98933]: DEBUG cotyledon.oslo_config_glue [-] oslo_middleware.http_basic_auth_user_file = /etc/htpasswd {{(pid=98933) log_opt_values /opt/stack/data/venv/lib/python3.12/site-packages/oslo_config/cfg.py:3253}}
Jul 17 17:36:58.616945 np0000005363 nova-conductor[98933]: DEBUG cotyledon.oslo_config_glue [-] profiler.connection_string = messaging:// {{(pid=98933) log_opt_values /opt/stack/data/venv/lib/python3.12/site-packages/oslo_config/cfg.py:3253}}
Jul 17 17:36:58.616945 np0000005363 nova-conductor[98933]: DEBUG cotyledon.oslo_config_glue [-] profiler.enabled = False {{(pid=98933) log_opt_values /opt/stack/data/venv/lib/python3.12/site-packages/oslo_config/cfg.py:3253}}
Jul 17 17:36:58.616945 np0000005363 nova-conductor[98933]: DEBUG cotyledon.oslo_config_glue [-] profiler.es_doc_type = notification {{(pid=98933) log_opt_values /opt/stack/data/venv/lib/python3.12/site-packages/oslo_config/cfg.py:3253}}
Jul 17 17:36:58.616945 np0000005363 nova-conductor[98933]: DEBUG cotyledon.oslo_config_glue [-] profiler.es_scroll_size = 10000 {{(pid=98933) log_opt_values /opt/stack/data/venv/lib/python3.12/site-packages/oslo_config/cfg.py:3253}}
Jul 17 17:36:58.616945 np0000005363 nova-conductor[98933]: DEBUG cotyledon.oslo_config_glue [-] profiler.es_scroll_time = 2m {{(pid=98933) log_opt_values /opt/stack/data/venv/lib/python3.12/site-packages/oslo_config/cfg.py:3253}}
Jul 17 17:36:58.616945 np0000005363 nova-conductor[98933]: DEBUG cotyledon.oslo_config_glue [-] profiler.filter_error_trace = False {{(pid=98933) log_opt_values /opt/stack/data/venv/lib/python3.12/site-packages/oslo_config/cfg.py:3253}}
Jul 17 17:36:58.616945 np0000005363 nova-conductor[98933]: DEBUG cotyledon.oslo_config_glue [-] profiler.hmac_keys = **** {{(pid=98933) log_opt_values /opt/stack/data/venv/lib/python3.12/site-packages/oslo_config/cfg.py:3253}}
Jul 17 17:36:58.616945 np0000005363 nova-conductor[98933]: DEBUG cotyledon.oslo_config_glue [-] profiler.sentinel_service_name = mymaster {{(pid=98933) log_opt_values /opt/stack/data/venv/lib/python3.12/site-packages/oslo_config/cfg.py:3253}}
Jul 17 17:36:58.617209 np0000005363 nova-conductor[98933]: DEBUG cotyledon.oslo_config_glue [-] profiler.socket_timeout = 0.1 {{(pid=98933) log_opt_values /opt/stack/data/venv/lib/python3.12/site-packages/oslo_config/cfg.py:3253}}
Jul 17 17:36:58.617209 np0000005363 nova-conductor[98933]: DEBUG cotyledon.oslo_config_glue [-] profiler.trace_requests = False {{(pid=98933) log_opt_values /opt/stack/data/venv/lib/python3.12/site-packages/oslo_config/cfg.py:3253}}
Jul 17 17:36:58.617209 np0000005363 nova-conductor[98933]: DEBUG cotyledon.oslo_config_glue [-] profiler.trace_sqlalchemy = False {{(pid=98933) log_opt_values /opt/stack/data/venv/lib/python3.12/site-packages/oslo_config/cfg.py:3253}}
Jul 17 17:36:58.617209 np0000005363 nova-conductor[98933]: DEBUG cotyledon.oslo_config_glue [-] profiler_jaeger.process_tags = {} {{(pid=98933) log_opt_values /opt/stack/data/venv/lib/python3.12/site-packages/oslo_config/cfg.py:3253}}
Jul 17 17:36:58.617209 np0000005363 nova-conductor[98933]: DEBUG cotyledon.oslo_config_glue [-] profiler_jaeger.service_name_prefix = None {{(pid=98933) log_opt_values /opt/stack/data/venv/lib/python3.12/site-packages/oslo_config/cfg.py:3253}}
Jul 17 17:36:58.617209 np0000005363 nova-conductor[98933]: DEBUG cotyledon.oslo_config_glue [-] profiler_otlp.service_name_prefix = None {{(pid=98933) log_opt_values /opt/stack/data/venv/lib/python3.12/site-packages/oslo_config/cfg.py:3253}}
Jul 17 17:36:58.617209 np0000005363 nova-conductor[98933]: DEBUG cotyledon.oslo_config_glue [-] oslo_messaging_rabbit.amqp_auto_delete = False {{(pid=98933) log_opt_values /opt/stack/data/venv/lib/python3.12/site-packages/oslo_config/cfg.py:3253}}
Jul 17 17:36:58.617209 np0000005363 nova-conductor[98933]: DEBUG cotyledon.oslo_config_glue [-] oslo_messaging_rabbit.amqp_durable_queues = False {{(pid=98933) log_opt_values /opt/stack/data/venv/lib/python3.12/site-packages/oslo_config/cfg.py:3253}}
Jul 17 17:36:58.617209 np0000005363 nova-conductor[98933]: DEBUG cotyledon.oslo_config_glue [-] oslo_messaging_rabbit.conn_pool_min_size = 2 {{(pid=98933) log_opt_values /opt/stack/data/venv/lib/python3.12/site-packages/oslo_config/cfg.py:3253}}
Jul 17 17:36:58.617407 np0000005363 nova-conductor[98933]: DEBUG cotyledon.oslo_config_glue [-] oslo_messaging_rabbit.conn_pool_ttl = 1200 {{(pid=98933) log_opt_values /opt/stack/data/venv/lib/python3.12/site-packages/oslo_config/cfg.py:3253}}
Jul 17 17:36:58.617407 np0000005363 nova-conductor[98933]: DEBUG cotyledon.oslo_config_glue [-] oslo_messaging_rabbit.direct_mandatory_flag = True {{(pid=98933) log_opt_values /opt/stack/data/venv/lib/python3.12/site-packages/oslo_config/cfg.py:3253}}
Jul 17 17:36:58.617407 np0000005363 nova-conductor[98933]: DEBUG cotyledon.oslo_config_glue [-] oslo_messaging_rabbit.enable_cancel_on_failover = False {{(pid=98933) log_opt_values /opt/stack/data/venv/lib/python3.12/site-packages/oslo_config/cfg.py:3253}}
Jul 17 17:36:58.617407 np0000005363 nova-conductor[98933]: DEBUG cotyledon.oslo_config_glue [-] oslo_messaging_rabbit.heartbeat_rate = 3 {{(pid=98933) log_opt_values /opt/stack/data/venv/lib/python3.12/site-packages/oslo_config/cfg.py:3253}}
Jul 17 17:36:58.617407 np0000005363 nova-conductor[98933]: DEBUG cotyledon.oslo_config_glue [-] oslo_messaging_rabbit.heartbeat_timeout_threshold = 60 {{(pid=98933) log_opt_values /opt/stack/data/venv/lib/python3.12/site-packages/oslo_config/cfg.py:3253}}
Jul 17 17:36:58.617407 np0000005363 nova-conductor[98933]: DEBUG cotyledon.oslo_config_glue [-] oslo_messaging_rabbit.hostname = np0000005363 {{(pid=98933) log_opt_values /opt/stack/data/venv/lib/python3.12/site-packages/oslo_config/cfg.py:3253}}
Jul 17 17:36:58.617407 np0000005363 nova-conductor[98933]: DEBUG cotyledon.oslo_config_glue [-] oslo_messaging_rabbit.kombu_compression = None {{(pid=98933) log_opt_values /opt/stack/data/venv/lib/python3.12/site-packages/oslo_config/cfg.py:3253}}
Jul 17 17:36:58.617407 np0000005363 nova-conductor[98933]: DEBUG cotyledon.oslo_config_glue [-] oslo_messaging_rabbit.kombu_failover_strategy = round-robin {{(pid=98933) log_opt_values /opt/stack/data/venv/lib/python3.12/site-packages/oslo_config/cfg.py:3253}}
Jul 17 17:36:58.617407 np0000005363 nova-conductor[98933]: DEBUG cotyledon.oslo_config_glue [-] oslo_messaging_rabbit.kombu_missing_consumer_retry_timeout = 60 {{(pid=98933) log_opt_values /opt/stack/data/venv/lib/python3.12/site-packages/oslo_config/cfg.py:3253}}
Jul 17 17:36:58.617719 np0000005363 nova-conductor[98933]: DEBUG cotyledon.oslo_config_glue [-] oslo_messaging_rabbit.kombu_reconnect_delay = 1.0 {{(pid=98933) log_opt_values /opt/stack/data/venv/lib/python3.12/site-packages/oslo_config/cfg.py:3253}}
Jul 17 17:36:58.617719 np0000005363 nova-conductor[98933]: DEBUG cotyledon.oslo_config_glue [-] oslo_messaging_rabbit.kombu_reconnect_splay = 0.0 {{(pid=98933) log_opt_values /opt/stack/data/venv/lib/python3.12/site-packages/oslo_config/cfg.py:3253}}
Jul 17 17:36:58.617719 np0000005363 nova-conductor[98933]: DEBUG cotyledon.oslo_config_glue [-] oslo_messaging_rabbit.processname = nova-conductor {{(pid=98933) log_opt_values /opt/stack/data/venv/lib/python3.12/site-packages/oslo_config/cfg.py:3253}}
Jul 17 17:36:58.617719 np0000005363 nova-conductor[98933]: DEBUG cotyledon.oslo_config_glue [-] oslo_messaging_rabbit.rabbit_ha_queues = False {{(pid=98933) log_opt_values /opt/stack/data/venv/lib/python3.12/site-packages/oslo_config/cfg.py:3253}}
Jul 17 17:36:58.617719 np0000005363 nova-conductor[98933]: DEBUG cotyledon.oslo_config_glue [-] oslo_messaging_rabbit.rabbit_interval_max = 30 {{(pid=98933) log_opt_values /opt/stack/data/venv/lib/python3.12/site-packages/oslo_config/cfg.py:3253}}
Jul 17 17:36:58.617719 np0000005363 nova-conductor[98933]: DEBUG cotyledon.oslo_config_glue [-] oslo_messaging_rabbit.rabbit_login_method = AMQPLAIN {{(pid=98933) log_opt_values /opt/stack/data/venv/lib/python3.12/site-packages/oslo_config/cfg.py:3253}}
Jul 17 17:36:58.617719 np0000005363 nova-conductor[98933]: DEBUG cotyledon.oslo_config_glue [-] oslo_messaging_rabbit.rabbit_qos_prefetch_count = 0 {{(pid=98933) log_opt_values /opt/stack/data/venv/lib/python3.12/site-packages/oslo_config/cfg.py:3253}}
Jul 17 17:36:58.617719 np0000005363 nova-conductor[98933]: DEBUG cotyledon.oslo_config_glue [-] oslo_messaging_rabbit.rabbit_quorum_delivery_limit = 0 {{(pid=98933) log_opt_values /opt/stack/data/venv/lib/python3.12/site-packages/oslo_config/cfg.py:3253}}
Jul 17 17:36:58.617719 np0000005363 nova-conductor[98933]: DEBUG cotyledon.oslo_config_glue [-] oslo_messaging_rabbit.rabbit_quorum_max_memory_bytes = 0 {{(pid=98933) log_opt_values /opt/stack/data/venv/lib/python3.12/site-packages/oslo_config/cfg.py:3253}}
Jul 17 17:36:58.617978 np0000005363 nova-conductor[98933]: DEBUG cotyledon.oslo_config_glue [-] oslo_messaging_rabbit.rabbit_quorum_max_memory_length = 0 {{(pid=98933) log_opt_values /opt/stack/data/venv/lib/python3.12/site-packages/oslo_config/cfg.py:3253}}
Jul 17 17:36:58.617978 np0000005363 nova-conductor[98933]: DEBUG cotyledon.oslo_config_glue [-] oslo_messaging_rabbit.rabbit_quorum_queue = False {{(pid=98933) log_opt_values /opt/stack/data/venv/lib/python3.12/site-packages/oslo_config/cfg.py:3253}}
Jul 17 17:36:58.617978 np0000005363 nova-conductor[98933]: DEBUG cotyledon.oslo_config_glue [-] oslo_messaging_rabbit.rabbit_retry_backoff = 2 {{(pid=98933) log_opt_values /opt/stack/data/venv/lib/python3.12/site-packages/oslo_config/cfg.py:3253}}
Jul 17 17:36:58.617978 np0000005363 nova-conductor[98933]: DEBUG cotyledon.oslo_config_glue [-] oslo_messaging_rabbit.rabbit_retry_interval = 1 {{(pid=98933) log_opt_values /opt/stack/data/venv/lib/python3.12/site-packages/oslo_config/cfg.py:3253}}
Jul 17 17:36:58.617978 np0000005363 nova-conductor[98933]: DEBUG cotyledon.oslo_config_glue [-] oslo_messaging_rabbit.rabbit_stream_fanout = False {{(pid=98933) log_opt_values /opt/stack/data/venv/lib/python3.12/site-packages/oslo_config/cfg.py:3253}}
Jul 17 17:36:58.617978 np0000005363 nova-conductor[98933]: DEBUG cotyledon.oslo_config_glue [-] oslo_messaging_rabbit.rabbit_transient_queues_ttl = 1800 {{(pid=98933) log_opt_values /opt/stack/data/venv/lib/python3.12/site-packages/oslo_config/cfg.py:3253}}
Jul 17 17:36:58.617978 np0000005363 nova-conductor[98933]: DEBUG cotyledon.oslo_config_glue [-] oslo_messaging_rabbit.rabbit_transient_quorum_queue = False {{(pid=98933) log_opt_values /opt/stack/data/venv/lib/python3.12/site-packages/oslo_config/cfg.py:3253}}
Jul 17 17:36:58.617978 np0000005363 nova-conductor[98933]: DEBUG cotyledon.oslo_config_glue [-] oslo_messaging_rabbit.rpc_conn_pool_size = 30 {{(pid=98933) log_opt_values /opt/stack/data/venv/lib/python3.12/site-packages/oslo_config/cfg.py:3253}}
Jul 17 17:36:58.617978 np0000005363 nova-conductor[98933]: DEBUG cotyledon.oslo_config_glue [-] oslo_messaging_rabbit.ssl = False {{(pid=98933) log_opt_values /opt/stack/data/venv/lib/python3.12/site-packages/oslo_config/cfg.py:3253}}
Jul 17 17:36:58.618211 np0000005363 nova-conductor[98933]: DEBUG cotyledon.oslo_config_glue [-] oslo_messaging_rabbit.ssl_ca_file = {{(pid=98933) log_opt_values /opt/stack/data/venv/lib/python3.12/site-packages/oslo_config/cfg.py:3253}}
Jul 17 17:36:58.618211 np0000005363 nova-conductor[98933]: DEBUG cotyledon.oslo_config_glue [-] oslo_messaging_rabbit.ssl_cert_file = {{(pid=98933) log_opt_values /opt/stack/data/venv/lib/python3.12/site-packages/oslo_config/cfg.py:3253}}
Jul 17 17:36:58.618211 np0000005363 nova-conductor[98933]: DEBUG cotyledon.oslo_config_glue [-] oslo_messaging_rabbit.ssl_enforce_fips_mode = False {{(pid=98933) log_opt_values /opt/stack/data/venv/lib/python3.12/site-packages/oslo_config/cfg.py:3253}}
Jul 17 17:36:58.618211 np0000005363 nova-conductor[98933]: DEBUG cotyledon.oslo_config_glue [-] oslo_messaging_rabbit.ssl_enforce_hostname_verification = True {{(pid=98933) log_opt_values /opt/stack/data/venv/lib/python3.12/site-packages/oslo_config/cfg.py:3253}}
Jul 17 17:36:58.618211 np0000005363 nova-conductor[98933]: DEBUG cotyledon.oslo_config_glue [-] oslo_messaging_rabbit.ssl_key_file = {{(pid=98933) log_opt_values /opt/stack/data/venv/lib/python3.12/site-packages/oslo_config/cfg.py:3253}}
Jul 17 17:36:58.618211 np0000005363 nova-conductor[98933]: DEBUG cotyledon.oslo_config_glue [-] oslo_messaging_rabbit.ssl_version = {{(pid=98933) log_opt_values /opt/stack/data/venv/lib/python3.12/site-packages/oslo_config/cfg.py:3253}}
Jul 17 17:36:58.618211 np0000005363 nova-conductor[98933]: DEBUG cotyledon.oslo_config_glue [-] oslo_messaging_rabbit.use_queue_manager = False {{(pid=98933) log_opt_values /opt/stack/data/venv/lib/python3.12/site-packages/oslo_config/cfg.py:3253}}
Jul 17 17:36:58.618211 np0000005363 nova-conductor[98933]: DEBUG cotyledon.oslo_config_glue [-] oslo_messaging_notifications.driver = ['messagingv2'] {{(pid=98933) log_opt_values /opt/stack/data/venv/lib/python3.12/site-packages/oslo_config/cfg.py:3253}}
Jul 17 17:36:58.618211 np0000005363 nova-conductor[98933]: DEBUG cotyledon.oslo_config_glue [-] oslo_messaging_notifications.retry = -1 {{(pid=98933) log_opt_values /opt/stack/data/venv/lib/python3.12/site-packages/oslo_config/cfg.py:3253}}
Jul 17 17:36:58.618379 np0000005363 nova-conductor[98933]: DEBUG cotyledon.oslo_config_glue [-] oslo_messaging_notifications.topics = ['notifications'] {{(pid=98933) log_opt_values /opt/stack/data/venv/lib/python3.12/site-packages/oslo_config/cfg.py:3253}}
Jul 17 17:36:58.618379 np0000005363 nova-conductor[98933]: DEBUG cotyledon.oslo_config_glue [-] oslo_messaging_notifications.transport_url = **** {{(pid=98933) log_opt_values /opt/stack/data/venv/lib/python3.12/site-packages/oslo_config/cfg.py:3253}}
Jul 17 17:36:58.618379 np0000005363 nova-conductor[98933]: DEBUG cotyledon.oslo_config_glue [-] oslo_limit.auth_section = None {{(pid=98933) log_opt_values /opt/stack/data/venv/lib/python3.12/site-packages/oslo_config/cfg.py:3253}}
Jul 17 17:36:58.618379 np0000005363 nova-conductor[98933]: DEBUG cotyledon.oslo_config_glue [-] oslo_limit.auth_type = None {{(pid=98933) log_opt_values /opt/stack/data/venv/lib/python3.12/site-packages/oslo_config/cfg.py:3253}}
Jul 17 17:36:58.618379 np0000005363 nova-conductor[98933]: DEBUG cotyledon.oslo_config_glue [-] oslo_limit.cafile = None {{(pid=98933) log_opt_values /opt/stack/data/venv/lib/python3.12/site-packages/oslo_config/cfg.py:3253}}
Jul 17 17:36:58.618379 np0000005363 nova-conductor[98933]: DEBUG cotyledon.oslo_config_glue [-] oslo_limit.certfile = None {{(pid=98933) log_opt_values /opt/stack/data/venv/lib/python3.12/site-packages/oslo_config/cfg.py:3253}}
Jul 17 17:36:58.618379 np0000005363 nova-conductor[98933]: DEBUG cotyledon.oslo_config_glue [-] oslo_limit.collect_timing = False {{(pid=98933) log_opt_values /opt/stack/data/venv/lib/python3.12/site-packages/oslo_config/cfg.py:3253}}
Jul 17 17:36:58.618379 np0000005363 nova-conductor[98933]: DEBUG cotyledon.oslo_config_glue [-] oslo_limit.connect_retries = None {{(pid=98933) log_opt_values /opt/stack/data/venv/lib/python3.12/site-packages/oslo_config/cfg.py:3253}}
Jul 17 17:36:58.618379 np0000005363 nova-conductor[98933]: DEBUG cotyledon.oslo_config_glue [-] oslo_limit.connect_retry_delay = None {{(pid=98933) log_opt_values /opt/stack/data/venv/lib/python3.12/site-packages/oslo_config/cfg.py:3253}}
Jul 17 17:36:58.618612 np0000005363 nova-conductor[98933]: DEBUG cotyledon.oslo_config_glue [-] oslo_limit.endpoint_id = None {{(pid=98933) log_opt_values /opt/stack/data/venv/lib/python3.12/site-packages/oslo_config/cfg.py:3253}}
Jul 17 17:36:58.618612 np0000005363 nova-conductor[98933]: DEBUG cotyledon.oslo_config_glue [-] oslo_limit.endpoint_interface = public {{(pid=98933) log_opt_values /opt/stack/data/venv/lib/python3.12/site-packages/oslo_config/cfg.py:3253}}
Jul 17 17:36:58.618612 np0000005363 nova-conductor[98933]: DEBUG cotyledon.oslo_config_glue [-] oslo_limit.endpoint_override = None {{(pid=98933) log_opt_values /opt/stack/data/venv/lib/python3.12/site-packages/oslo_config/cfg.py:3253}}
Jul 17 17:36:58.618612 np0000005363 nova-conductor[98933]: DEBUG cotyledon.oslo_config_glue [-] oslo_limit.endpoint_region_name = None {{(pid=98933) log_opt_values /opt/stack/data/venv/lib/python3.12/site-packages/oslo_config/cfg.py:3253}}
Jul 17 17:36:58.618612 np0000005363 nova-conductor[98933]: DEBUG cotyledon.oslo_config_glue [-] oslo_limit.endpoint_service_name = None {{(pid=98933) log_opt_values /opt/stack/data/venv/lib/python3.12/site-packages/oslo_config/cfg.py:3253}}
Jul 17 17:36:58.618612 np0000005363 nova-conductor[98933]: DEBUG cotyledon.oslo_config_glue [-] oslo_limit.endpoint_service_type = None {{(pid=98933) log_opt_values /opt/stack/data/venv/lib/python3.12/site-packages/oslo_config/cfg.py:3253}}
Jul 17 17:36:58.618612 np0000005363 nova-conductor[98933]: DEBUG cotyledon.oslo_config_glue [-] oslo_limit.insecure = False {{(pid=98933) log_opt_values /opt/stack/data/venv/lib/python3.12/site-packages/oslo_config/cfg.py:3253}}
Jul 17 17:36:58.618612 np0000005363 nova-conductor[98933]: DEBUG cotyledon.oslo_config_glue [-] oslo_limit.keyfile = None {{(pid=98933) log_opt_values /opt/stack/data/venv/lib/python3.12/site-packages/oslo_config/cfg.py:3253}}
Jul 17 17:36:58.618612 np0000005363 nova-conductor[98933]: DEBUG cotyledon.oslo_config_glue [-] oslo_limit.max_version = None {{(pid=98933) log_opt_values /opt/stack/data/venv/lib/python3.12/site-packages/oslo_config/cfg.py:3253}}
Jul 17 17:36:58.618792 np0000005363 nova-conductor[98933]: DEBUG cotyledon.oslo_config_glue [-] oslo_limit.min_version = None {{(pid=98933) log_opt_values /opt/stack/data/venv/lib/python3.12/site-packages/oslo_config/cfg.py:3253}}
Jul 17 17:36:58.618792 np0000005363 nova-conductor[98933]: DEBUG cotyledon.oslo_config_glue [-] oslo_limit.region_name = None {{(pid=98933) log_opt_values /opt/stack/data/venv/lib/python3.12/site-packages/oslo_config/cfg.py:3253}}
Jul 17 17:36:58.618792 np0000005363 nova-conductor[98933]: DEBUG cotyledon.oslo_config_glue [-] oslo_limit.retriable_status_codes = None {{(pid=98933) log_opt_values /opt/stack/data/venv/lib/python3.12/site-packages/oslo_config/cfg.py:3253}}
Jul 17 17:36:58.618792 np0000005363 nova-conductor[98933]: DEBUG cotyledon.oslo_config_glue [-] oslo_limit.service_name = None {{(pid=98933) log_opt_values /opt/stack/data/venv/lib/python3.12/site-packages/oslo_config/cfg.py:3253}}
Jul 17 17:36:58.618792 np0000005363 nova-conductor[98933]: DEBUG cotyledon.oslo_config_glue [-] oslo_limit.service_type = None {{(pid=98933) log_opt_values /opt/stack/data/venv/lib/python3.12/site-packages/oslo_config/cfg.py:3253}}
Jul 17 17:36:58.618792 np0000005363 nova-conductor[98933]: DEBUG cotyledon.oslo_config_glue [-] oslo_limit.split_loggers = False {{(pid=98933) log_opt_values /opt/stack/data/venv/lib/python3.12/site-packages/oslo_config/cfg.py:3253}}
Jul 17 17:36:58.618792 np0000005363 nova-conductor[98933]: DEBUG cotyledon.oslo_config_glue [-] oslo_limit.status_code_retries = None {{(pid=98933) log_opt_values /opt/stack/data/venv/lib/python3.12/site-packages/oslo_config/cfg.py:3253}}
Jul 17 17:36:58.618792 np0000005363 nova-conductor[98933]: DEBUG cotyledon.oslo_config_glue [-] oslo_limit.status_code_retry_delay = None {{(pid=98933) log_opt_values /opt/stack/data/venv/lib/python3.12/site-packages/oslo_config/cfg.py:3253}}
Jul 17 17:36:58.618792 np0000005363 nova-conductor[98933]: DEBUG cotyledon.oslo_config_glue [-] oslo_limit.timeout = None {{(pid=98933) log_opt_values /opt/stack/data/venv/lib/python3.12/site-packages/oslo_config/cfg.py:3253}}
Jul 17 17:36:58.619038 np0000005363 nova-conductor[98933]: DEBUG cotyledon.oslo_config_glue [-] oslo_limit.valid_interfaces = None {{(pid=98933) log_opt_values /opt/stack/data/venv/lib/python3.12/site-packages/oslo_config/cfg.py:3253}}
Jul 17 17:36:58.619038 np0000005363 nova-conductor[98933]: DEBUG cotyledon.oslo_config_glue [-] oslo_limit.version = None {{(pid=98933) log_opt_values /opt/stack/data/venv/lib/python3.12/site-packages/oslo_config/cfg.py:3253}}
Jul 17 17:36:58.619038 np0000005363 nova-conductor[98933]: DEBUG cotyledon.oslo_config_glue [-] oslo_reports.file_event_handler = None {{(pid=98933) log_opt_values /opt/stack/data/venv/lib/python3.12/site-packages/oslo_config/cfg.py:3253}}
Jul 17 17:36:58.619038 np0000005363 nova-conductor[98933]: DEBUG cotyledon.oslo_config_glue [-] oslo_reports.file_event_handler_interval = 1 {{(pid=98933) log_opt_values /opt/stack/data/venv/lib/python3.12/site-packages/oslo_config/cfg.py:3253}}
Jul 17 17:36:58.619038 np0000005363 nova-conductor[98933]: DEBUG cotyledon.oslo_config_glue [-] oslo_reports.log_dir = None {{(pid=98933) log_opt_values /opt/stack/data/venv/lib/python3.12/site-packages/oslo_config/cfg.py:3253}}
Jul 17 17:36:58.619038 np0000005363 nova-conductor[98933]: DEBUG cotyledon.oslo_config_glue [-] ******************************************************************************** {{(pid=98933) log_opt_values /opt/stack/data/venv/lib/python3.12/site-packages/oslo_config/cfg.py:3260}}
Jul 17 17:36:58.619038 np0000005363 nova-conductor[98933]: DEBUG cotyledon._service_worker [-] Run service ServiceWrapper(3) [98933] {{(pid=98933) wait_forever /opt/stack/data/venv/lib/python3.12/site-packages/cotyledon/_service_worker.py:218}}
Jul 17 17:36:58.619038 np0000005363 nova-conductor[98933]: INFO nova.service [-] Starting conductor node (version 33.1.0)
Jul 17 17:36:58.619271 np0000005363 nova-conductor[98914]: DEBUG oslo_db.sqlalchemy.engines [None req-11316774-b16a-474f-8f5e-9ddb2252195d None None] MySQL server mode set to STRICT_TRANS_TABLES,STRICT_ALL_TABLES,NO_ZERO_IN_DATE,NO_ZERO_DATE,ERROR_FOR_DIVISION_BY_ZERO,TRADITIONAL,NO_ENGINE_SUBSTITUTION {{(pid=98914) _check_effective_sql_mode /opt/stack/data/venv/lib/python3.12/site-packages/oslo_db/sqlalchemy/engines.py:325}}
Jul 17 17:36:58.619316 np0000005363 nova-conductor[98933]: INFO dbcounter [None req-6522470a-7130-43ef-b5ca-1a3eec75d74a None None] Registered counter for database nova_cell0
Jul 17 17:36:58.619357 np0000005363 nova-conductor[98914]: DEBUG dbcounter [-] [98914] Writer thread running {{(pid=98914) stat_writer /opt/stack/data/venv/lib/python3.12/site-packages/dbcounter.py:102}}
Jul 17 17:36:58.619473 np0000005363 nova-conductor[98929]: DEBUG oslo_db.sqlalchemy.engines [None req-eb3f74e3-c8b3-4424-8bcc-b7a7cae87f64 None None] MySQL server mode set to STRICT_TRANS_TABLES,STRICT_ALL_TABLES,NO_ZERO_IN_DATE,NO_ZERO_DATE,ERROR_FOR_DIVISION_BY_ZERO,TRADITIONAL,NO_ENGINE_SUBSTITUTION {{(pid=98929) _check_effective_sql_mode /opt/stack/data/venv/lib/python3.12/site-packages/oslo_db/sqlalchemy/engines.py:325}}
Jul 17 17:36:58.619515 np0000005363 nova-conductor[98922]: DEBUG oslo_db.sqlalchemy.engines [None req-66487984-4483-4cab-861e-07edeb3a8e38 None None] MySQL server mode set to STRICT_TRANS_TABLES,STRICT_ALL_TABLES,NO_ZERO_IN_DATE,NO_ZERO_DATE,ERROR_FOR_DIVISION_BY_ZERO,TRADITIONAL,NO_ENGINE_SUBSTITUTION {{(pid=98922) _check_effective_sql_mode /opt/stack/data/venv/lib/python3.12/site-packages/oslo_db/sqlalchemy/engines.py:325}}
Jul 17 17:36:58.627337 np0000005363 nova-conductor[98929]: DEBUG dbcounter [-] [98929] Writer thread running {{(pid=98929) stat_writer /opt/stack/data/venv/lib/python3.12/site-packages/dbcounter.py:102}}
Jul 17 17:36:58.629270 np0000005363 nova-conductor[98922]: DEBUG dbcounter [-] [98922] Writer thread running {{(pid=98922) stat_writer /opt/stack/data/venv/lib/python3.12/site-packages/dbcounter.py:102}}
Jul 17 17:36:58.632617 np0000005363 nova-conductor[98933]: DEBUG oslo_db.sqlalchemy.engines [None req-6522470a-7130-43ef-b5ca-1a3eec75d74a None None] MySQL server mode set to STRICT_TRANS_TABLES,STRICT_ALL_TABLES,NO_ZERO_IN_DATE,NO_ZERO_DATE,ERROR_FOR_DIVISION_BY_ZERO,TRADITIONAL,NO_ENGINE_SUBSTITUTION {{(pid=98933) _check_effective_sql_mode /opt/stack/data/venv/lib/python3.12/site-packages/oslo_db/sqlalchemy/engines.py:325}}
Jul 17 17:36:58.643264 np0000005363 nova-conductor[98933]: DEBUG dbcounter [-] [98933] Writer thread running {{(pid=98933) stat_writer /opt/stack/data/venv/lib/python3.12/site-packages/dbcounter.py:102}}
Jul 17 17:36:58.648059 np0000005363 nova-conductor[98914]: DEBUG nova.service [None req-11316774-b16a-474f-8f5e-9ddb2252195d None None] Creating RPC server for service: nova-conductor on topic: conductor {{(pid=98914) start /opt/stack/nova/nova/service.py:196}}
Jul 17 17:36:58.666783 np0000005363 nova-conductor[98933]: DEBUG nova.service [None req-6522470a-7130-43ef-b5ca-1a3eec75d74a None None] Creating RPC server for service: nova-conductor on topic: conductor {{(pid=98933) start /opt/stack/nova/nova/service.py:196}}
Jul 17 17:36:58.667142 np0000005363 nova-conductor[98922]: DEBUG nova.service [None req-66487984-4483-4cab-861e-07edeb3a8e38 None None] Creating RPC server for service: nova-conductor on topic: conductor {{(pid=98922) start /opt/stack/nova/nova/service.py:196}}
Jul 17 17:36:58.667301 np0000005363 nova-conductor[98929]: DEBUG nova.service [None req-eb3f74e3-c8b3-4424-8bcc-b7a7cae87f64 None None] Creating RPC server for service: nova-conductor on topic: conductor {{(pid=98929) start /opt/stack/nova/nova/service.py:196}}
Jul 17 17:36:58.675542 np0000005363 nova-conductor[98914]: DEBUG nova.service [None req-11316774-b16a-474f-8f5e-9ddb2252195d None None] Join ServiceGroup membership for this service conductor {{(pid=98914) start /opt/stack/nova/nova/service.py:222}}
Jul 17 17:36:58.675840 np0000005363 nova-conductor[98914]: DEBUG nova.servicegroup.drivers.db [None req-11316774-b16a-474f-8f5e-9ddb2252195d None None] DB_Driver: join new ServiceGroup member np0000005363 to the conductor group, service = {{(pid=98914) join /opt/stack/nova/nova/servicegroup/drivers/db.py:44}}
Jul 17 17:36:58.690777 np0000005363 nova-conductor[98933]: DEBUG nova.service [None req-6522470a-7130-43ef-b5ca-1a3eec75d74a None None] Join ServiceGroup membership for this service conductor {{(pid=98933) start /opt/stack/nova/nova/service.py:222}}
Jul 17 17:36:58.691084 np0000005363 nova-conductor[98933]: DEBUG nova.servicegroup.drivers.db [None req-6522470a-7130-43ef-b5ca-1a3eec75d74a None None] DB_Driver: join new ServiceGroup member np0000005363 to the conductor group, service = {{(pid=98933) join /opt/stack/nova/nova/servicegroup/drivers/db.py:44}}
Jul 17 17:36:58.691537 np0000005363 nova-conductor[98929]: DEBUG nova.service [None req-eb3f74e3-c8b3-4424-8bcc-b7a7cae87f64 None None] Join ServiceGroup membership for this service conductor {{(pid=98929) start /opt/stack/nova/nova/service.py:222}}
Jul 17 17:36:58.691762 np0000005363 nova-conductor[98922]: DEBUG nova.service [None req-66487984-4483-4cab-861e-07edeb3a8e38 None None] Join ServiceGroup membership for this service conductor {{(pid=98922) start /opt/stack/nova/nova/service.py:222}}
Jul 17 17:36:58.691844 np0000005363 nova-conductor[98929]: DEBUG nova.servicegroup.drivers.db [None req-eb3f74e3-c8b3-4424-8bcc-b7a7cae87f64 None None] DB_Driver: join new ServiceGroup member np0000005363 to the conductor group, service = {{(pid=98929) join /opt/stack/nova/nova/servicegroup/drivers/db.py:44}}
Jul 17 17:36:58.692167 np0000005363 nova-conductor[98922]: DEBUG nova.servicegroup.drivers.db [None req-66487984-4483-4cab-861e-07edeb3a8e38 None None] DB_Driver: join new ServiceGroup member np0000005363 to the conductor group, service = {{(pid=98922) join /opt/stack/nova/nova/servicegroup/drivers/db.py:44}}
Jul 17 17:37:03.693884 np0000005363 nova-conductor[98914]: DEBUG oslo.service.backend._threading.loopingcall [-] Fixed interval looping call 'nova.servicegroup.drivers.db.DbDriver._report_state' sleeping for 119.98 seconds {{(pid=98914) _run_loop /opt/stack/data/venv/lib/python3.12/site-packages/oslo_service/backend/_threading/loopingcall.py:125}}
Jul 17 17:37:03.698720 np0000005363 nova-conductor[98933]: DEBUG oslo.service.backend._threading.loopingcall [-] Fixed interval looping call 'nova.servicegroup.drivers.db.DbDriver._report_state' sleeping for 120.00 seconds {{(pid=98933) _run_loop /opt/stack/data/venv/lib/python3.12/site-packages/oslo_service/backend/_threading/loopingcall.py:125}}
Jul 17 17:37:03.700583 np0000005363 nova-conductor[98922]: DEBUG oslo.service.backend._threading.loopingcall [-] Fixed interval looping call 'nova.servicegroup.drivers.db.DbDriver._report_state' sleeping for 119.99 seconds {{(pid=98922) _run_loop /opt/stack/data/venv/lib/python3.12/site-packages/oslo_service/backend/_threading/loopingcall.py:125}}
Jul 17 17:37:03.701014 np0000005363 nova-conductor[98929]: DEBUG oslo.service.backend._threading.loopingcall [-] Fixed interval looping call 'nova.servicegroup.drivers.db.DbDriver._report_state' sleeping for 119.99 seconds {{(pid=98929) _run_loop /opt/stack/data/venv/lib/python3.12/site-packages/oslo_service/backend/_threading/loopingcall.py:125}}
Jul 17 17:37:04.694586 np0000005363 nova-conductor[98922]: DEBUG oslo.service.backend._threading.loopingcall [None req-8cc680e8-d9a2-46af-8d8a-0db537b56faf None None] Dynamic interval looping call 'nova.service.Service.periodic_tasks' sleeping for 60.00 seconds {{(pid=98922) _run_loop /opt/stack/data/venv/lib/python3.12/site-packages/oslo_service/backend/_threading/loopingcall.py:125}}
Jul 17 17:37:07.176821 np0000005363 nova-conductor[97452]: DEBUG dbcounter [-] [97452] Writing DB stats nova_api:SELECT=1 {{(pid=97452) stat_writer /opt/stack/data/venv/lib/python3.12/site-packages/dbcounter.py:115}}
Jul 17 17:37:07.319746 np0000005363 nova-conductor[97452]: DEBUG dbcounter [-] [97452] Writing DB stats nova_cell0:SELECT=1 {{(pid=97452) stat_writer /opt/stack/data/venv/lib/python3.12/site-packages/dbcounter.py:115}}
Jul 17 17:37:07.325443 np0000005363 nova-conductor[97452]: DEBUG dbcounter [-] [97452] Writing DB stats nova_cell1:SELECT=1 {{(pid=97452) stat_writer /opt/stack/data/venv/lib/python3.12/site-packages/dbcounter.py:115}}
Jul 17 17:37:13.687243 np0000005363 nova-conductor[98914]: DEBUG dbcounter [-] [98914] Writing DB stats nova_cell0:SELECT=4,nova_cell0:INSERT=1,nova_cell0:UPDATE=1 {{(pid=98914) stat_writer /opt/stack/data/venv/lib/python3.12/site-packages/dbcounter.py:115}}
Jul 17 17:37:13.693770 np0000005363 nova-conductor[98933]: DEBUG oslo.service.backend._threading.loopingcall [None req-5ead322b-e294-4c1a-b325-13b9241992d2 None None] Dynamic interval looping call 'nova.service.Service.periodic_tasks' sleeping for 60.00 seconds {{(pid=98933) _run_loop /opt/stack/data/venv/lib/python3.12/site-packages/oslo_service/backend/_threading/loopingcall.py:125}}
Jul 17 17:37:13.699403 np0000005363 nova-conductor[98933]: DEBUG dbcounter [-] [98933] Writing DB stats nova_cell0:SELECT=4,nova_cell0:INSERT=1 {{(pid=98933) stat_writer /opt/stack/data/venv/lib/python3.12/site-packages/dbcounter.py:115}}
Jul 17 17:37:13.699519 np0000005363 nova-conductor[98922]: DEBUG dbcounter [-] [98922] Writing DB stats nova_cell0:SELECT=5,nova_cell0:INSERT=1 {{(pid=98922) stat_writer /opt/stack/data/venv/lib/python3.12/site-packages/dbcounter.py:115}}
Jul 17 17:37:13.703405 np0000005363 nova-conductor[98929]: DEBUG dbcounter [-] [98929] Writing DB stats nova_cell0:SELECT=5,nova_cell0:INSERT=1 {{(pid=98929) stat_writer /opt/stack/data/venv/lib/python3.12/site-packages/dbcounter.py:115}}
Jul 17 17:37:14.678480 np0000005363 nova-conductor[98914]: DEBUG oslo.service.backend._threading.loopingcall [None req-c30e9797-e71f-4406-980f-331a97a529be None None] Dynamic interval looping call 'nova.service.Service.periodic_tasks' sleeping for 60.00 seconds {{(pid=98914) _run_loop /opt/stack/data/venv/lib/python3.12/site-packages/oslo_service/backend/_threading/loopingcall.py:125}}
Jul 17 17:37:16.695486 np0000005363 nova-conductor[98929]: DEBUG oslo.service.backend._threading.loopingcall [None req-a3441fb8-ae44-4d84-945a-36b96d7c6c3c None None] Dynamic interval looping call 'nova.service.Service.periodic_tasks' sleeping for 60.00 seconds {{(pid=98929) _run_loop /opt/stack/data/venv/lib/python3.12/site-packages/oslo_service/backend/_threading/loopingcall.py:125}}
Jul 17 17:38:04.695210 np0000005363 nova-conductor[98922]: DEBUG oslo.service.backend._threading.loopingcall [None req-8cc680e8-d9a2-46af-8d8a-0db537b56faf None None] Dynamic interval looping call 'nova.service.Service.periodic_tasks' sleeping for 60.00 seconds {{(pid=98922) _run_loop /opt/stack/data/venv/lib/python3.12/site-packages/oslo_service/backend/_threading/loopingcall.py:125}}
Jul 17 17:38:13.694338 np0000005363 nova-conductor[98933]: DEBUG oslo.service.backend._threading.loopingcall [None req-5ead322b-e294-4c1a-b325-13b9241992d2 None None] Dynamic interval looping call 'nova.service.Service.periodic_tasks' sleeping for 60.00 seconds {{(pid=98933) _run_loop /opt/stack/data/venv/lib/python3.12/site-packages/oslo_service/backend/_threading/loopingcall.py:125}}
Jul 17 17:38:14.678984 np0000005363 nova-conductor[98914]: DEBUG oslo.service.backend._threading.loopingcall [None req-c30e9797-e71f-4406-980f-331a97a529be None None] Dynamic interval looping call 'nova.service.Service.periodic_tasks' sleeping for 60.00 seconds {{(pid=98914) _run_loop /opt/stack/data/venv/lib/python3.12/site-packages/oslo_service/backend/_threading/loopingcall.py:125}}
Jul 17 17:38:16.695994 np0000005363 nova-conductor[98929]: DEBUG oslo.service.backend._threading.loopingcall [None req-a3441fb8-ae44-4d84-945a-36b96d7c6c3c None None] Dynamic interval looping call 'nova.service.Service.periodic_tasks' sleeping for 60.00 seconds {{(pid=98929) _run_loop /opt/stack/data/venv/lib/python3.12/site-packages/oslo_service/backend/_threading/loopingcall.py:125}}
Jul 17 17:39:03.683346 np0000005363 nova-conductor[98914]: DEBUG oslo.service.backend._threading.loopingcall [-] Fixed interval looping call 'nova.servicegroup.drivers.db.DbDriver._report_state' sleeping for 119.99 seconds {{(pid=98914) _run_loop /opt/stack/data/venv/lib/python3.12/site-packages/oslo_service/backend/_threading/loopingcall.py:125}}
Jul 17 17:39:03.694488 np0000005363 nova-conductor[98922]: DEBUG oslo.service.backend._threading.loopingcall [-] Fixed interval looping call 'nova.servicegroup.drivers.db.DbDriver._report_state' sleeping for 120.00 seconds {{(pid=98922) _run_loop /opt/stack/data/venv/lib/python3.12/site-packages/oslo_service/backend/_threading/loopingcall.py:125}}
Jul 17 17:39:03.695792 np0000005363 nova-conductor[98929]: DEBUG oslo.service.backend._threading.loopingcall [-] Fixed interval looping call 'nova.servicegroup.drivers.db.DbDriver._report_state' sleeping for 120.00 seconds {{(pid=98929) _run_loop /opt/stack/data/venv/lib/python3.12/site-packages/oslo_service/backend/_threading/loopingcall.py:125}}
Jul 17 17:39:03.703289 np0000005363 nova-conductor[98933]: DEBUG oslo.service.backend._threading.loopingcall [-] Fixed interval looping call 'nova.servicegroup.drivers.db.DbDriver._report_state' sleeping for 120.00 seconds {{(pid=98933) _run_loop /opt/stack/data/venv/lib/python3.12/site-packages/oslo_service/backend/_threading/loopingcall.py:125}}
Jul 17 17:39:04.695823 np0000005363 nova-conductor[98922]: DEBUG oslo.service.backend._threading.loopingcall [None req-8cc680e8-d9a2-46af-8d8a-0db537b56faf None None] Dynamic interval looping call 'nova.service.Service.periodic_tasks' sleeping for 60.00 seconds {{(pid=98922) _run_loop /opt/stack/data/venv/lib/python3.12/site-packages/oslo_service/backend/_threading/loopingcall.py:125}}
Jul 17 17:39:13.677631 np0000005363 nova-conductor[98914]: DEBUG dbcounter [-] [98914] Writing DB stats nova_cell0:SELECT=1,nova_cell0:UPDATE=1 {{(pid=98914) stat_writer /opt/stack/data/venv/lib/python3.12/site-packages/dbcounter.py:115}}
Jul 17 17:39:13.693463 np0000005363 nova-conductor[98922]: DEBUG dbcounter [-] [98922] Writing DB stats nova_cell0:SELECT=1 {{(pid=98922) stat_writer /opt/stack/data/venv/lib/python3.12/site-packages/dbcounter.py:115}}
Jul 17 17:39:13.693826 np0000005363 nova-conductor[98929]: DEBUG dbcounter [-] [98929] Writing DB stats nova_cell0:SELECT=1 {{(pid=98929) stat_writer /opt/stack/data/venv/lib/python3.12/site-packages/dbcounter.py:115}}
Jul 17 17:39:13.694690 np0000005363 nova-conductor[98933]: DEBUG oslo.service.backend._threading.loopingcall [None req-5ead322b-e294-4c1a-b325-13b9241992d2 None None] Dynamic interval looping call 'nova.service.Service.periodic_tasks' sleeping for 60.00 seconds {{(pid=98933) _run_loop /opt/stack/data/venv/lib/python3.12/site-packages/oslo_service/backend/_threading/loopingcall.py:125}}
Jul 17 17:39:13.700880 np0000005363 nova-conductor[98933]: DEBUG dbcounter [-] [98933] Writing DB stats nova_cell0:SELECT=1 {{(pid=98933) stat_writer /opt/stack/data/venv/lib/python3.12/site-packages/dbcounter.py:115}}
Jul 17 17:39:15.038296 np0000005363 nova-conductor[98914]: DEBUG oslo.service.backend._threading.loopingcall [None req-c30e9797-e71f-4406-980f-331a97a529be None None] Dynamic interval looping call 'nova.service.Service.periodic_tasks' sleeping for 60.00 seconds {{(pid=98914) _run_loop /opt/stack/data/venv/lib/python3.12/site-packages/oslo_service/backend/_threading/loopingcall.py:125}}
Jul 17 17:39:16.700098 np0000005363 nova-conductor[98929]: DEBUG oslo.service.backend._threading.loopingcall [None req-a3441fb8-ae44-4d84-945a-36b96d7c6c3c None None] Dynamic interval looping call 'nova.service.Service.periodic_tasks' sleeping for 60.00 seconds {{(pid=98929) _run_loop /opt/stack/data/venv/lib/python3.12/site-packages/oslo_service/backend/_threading/loopingcall.py:125}}
Jul 17 17:39:28.618913 np0000005363 nova-conductor[98914]: DEBUG oslo_db.sqlalchemy.engines [None req-f0fb758e-1d88-4e9d-87c7-d6ed93db63e6 tempest-ServerRescueNegativeTestJSON-1609465672 tempest-ServerRescueNegativeTestJSON-1609465672-project-member] Parent process 97452 forked (98914) with an open database connection, which is being discarded and recreated. {{(pid=98914) checkout /opt/stack/data/venv/lib/python3.12/site-packages/oslo_db/sqlalchemy/engines.py:402}}
Jul 17 17:39:28.684867 np0000005363 nova-conductor[98914]: DEBUG dbcounter [-] [98914] Writer thread running {{(pid=98914) stat_writer /opt/stack/data/venv/lib/python3.12/site-packages/dbcounter.py:102}}
Jul 17 17:39:28.753825 np0000005363 nova-conductor[98933]: DEBUG dbcounter [-] [98933] Writer thread running {{(pid=98933) stat_writer /opt/stack/data/venv/lib/python3.12/site-packages/dbcounter.py:102}}
Jul 17 17:39:29.681213 np0000005363 nova-conductor[98933]: DEBUG nova.conductor.manager [None req-65163879-0b61-4a51-9ec6-174fd0828b74 tempest-ServerActionsTestOtherB-299265725 tempest-ServerActionsTestOtherB-299265725-project-member] Took 0.92 seconds to select destinations for 1 instance(s). {{(pid=98933) _schedule_instances /opt/stack/nova/nova/conductor/manager.py:968}}
Jul 17 17:39:29.710667 np0000005363 nova-conductor[98933]: DEBUG oslo_concurrency.lockutils [None req-65163879-0b61-4a51-9ec6-174fd0828b74 tempest-ServerActionsTestOtherB-299265725 tempest-ServerActionsTestOtherB-299265725-project-member] Acquiring lock "d80642d7-d4c7-4494-bd0d-ea6d49e11317" by "nova.context.set_target_cell..get_or_set_cached_cell_and_set_connections" {{(pid=98933) inner /opt/stack/data/venv/lib/python3.12/site-packages/oslo_concurrency/lockutils.py:512}}
Jul 17 17:39:29.710884 np0000005363 nova-conductor[98933]: DEBUG oslo_concurrency.lockutils [None req-65163879-0b61-4a51-9ec6-174fd0828b74 tempest-ServerActionsTestOtherB-299265725 tempest-ServerActionsTestOtherB-299265725-project-member] Lock "d80642d7-d4c7-4494-bd0d-ea6d49e11317" acquired by "nova.context.set_target_cell..get_or_set_cached_cell_and_set_connections" :: waited 0.000s {{(pid=98933) inner /opt/stack/data/venv/lib/python3.12/site-packages/oslo_concurrency/lockutils.py:525}}
Jul 17 17:39:29.712933 np0000005363 nova-conductor[98933]: DEBUG oslo_concurrency.lockutils [None req-65163879-0b61-4a51-9ec6-174fd0828b74 tempest-ServerActionsTestOtherB-299265725 tempest-ServerActionsTestOtherB-299265725-project-member] Lock "d80642d7-d4c7-4494-bd0d-ea6d49e11317" "released" by "nova.context.set_target_cell..get_or_set_cached_cell_and_set_connections" :: held 0.002s {{(pid=98933) inner /opt/stack/data/venv/lib/python3.12/site-packages/oslo_concurrency/lockutils.py:544}}
Jul 17 17:39:29.715540 np0000005363 nova-conductor[98933]: INFO dbcounter [None req-65163879-0b61-4a51-9ec6-174fd0828b74 tempest-ServerActionsTestOtherB-299265725 tempest-ServerActionsTestOtherB-299265725-project-member] Registered counter for database nova_cell1
Jul 17 17:39:29.743319 np0000005363 nova-conductor[98914]: DEBUG nova.conductor.manager [None req-f0fb758e-1d88-4e9d-87c7-d6ed93db63e6 tempest-ServerRescueNegativeTestJSON-1609465672 tempest-ServerRescueNegativeTestJSON-1609465672-project-member] Took 1.06 seconds to select destinations for 1 instance(s). {{(pid=98914) _schedule_instances /opt/stack/nova/nova/conductor/manager.py:968}}
Jul 17 17:39:29.754910 np0000005363 nova-conductor[98933]: DEBUG oslo_db.sqlalchemy.engines [None req-65163879-0b61-4a51-9ec6-174fd0828b74 tempest-ServerActionsTestOtherB-299265725 tempest-ServerActionsTestOtherB-299265725-project-member] MySQL server mode set to STRICT_TRANS_TABLES,STRICT_ALL_TABLES,NO_ZERO_IN_DATE,NO_ZERO_DATE,ERROR_FOR_DIVISION_BY_ZERO,TRADITIONAL,NO_ENGINE_SUBSTITUTION {{(pid=98933) _check_effective_sql_mode /opt/stack/data/venv/lib/python3.12/site-packages/oslo_db/sqlalchemy/engines.py:325}}
Jul 17 17:39:29.762043 np0000005363 nova-conductor[98933]: DEBUG dbcounter [-] [98933] Writer thread running {{(pid=98933) stat_writer /opt/stack/data/venv/lib/python3.12/site-packages/dbcounter.py:102}}
Jul 17 17:39:29.771675 np0000005363 nova-conductor[98914]: DEBUG oslo_concurrency.lockutils [None req-f0fb758e-1d88-4e9d-87c7-d6ed93db63e6 tempest-ServerRescueNegativeTestJSON-1609465672 tempest-ServerRescueNegativeTestJSON-1609465672-project-member] Acquiring lock "d80642d7-d4c7-4494-bd0d-ea6d49e11317" by "nova.context.set_target_cell..get_or_set_cached_cell_and_set_connections" {{(pid=98914) inner /opt/stack/data/venv/lib/python3.12/site-packages/oslo_concurrency/lockutils.py:512}}
