Jul 08 13:37:52.217276 np0000004820 systemd[1]: Starting devstack@n-api-meta.service - Devstack devstack@n-api-meta.service...
Jul 08 13:37:52.224508 np0000004820 devstack@n-api-meta.service[95833]: [uWSGI] getting INI configuration from /etc/nova/nova-metadata-uwsgi.ini
Jul 08 13:37:52.227646 np0000004820 devstack@n-api-meta.service[95833]: *** Starting uWSGI 2.0.24-debian (64bit) on [Wed Jul 8 13:37:52 2026] ***
Jul 08 13:37:52.227646 np0000004820 devstack@n-api-meta.service[95833]: compiled with version: 13.2.0 on 17 April 2024 16:23:48
Jul 08 13:37:52.227646 np0000004820 devstack@n-api-meta.service[95833]: os: Linux-6.8.0-100-generic #100-Ubuntu SMP PREEMPT_DYNAMIC Tue Jan 13 16:40:06 UTC 2026
Jul 08 13:37:52.227646 np0000004820 devstack@n-api-meta.service[95833]: nodename: np0000004820
Jul 08 13:37:52.227646 np0000004820 devstack@n-api-meta.service[95833]: machine: x86_64
Jul 08 13:37:52.227646 np0000004820 devstack@n-api-meta.service[95833]: clock source: unix
Jul 08 13:37:52.227646 np0000004820 devstack@n-api-meta.service[95833]: pcre jit disabled
Jul 08 13:37:52.227646 np0000004820 devstack@n-api-meta.service[95833]: detected number of CPU cores: 16
Jul 08 13:37:52.227646 np0000004820 devstack@n-api-meta.service[95833]: current working directory: /
Jul 08 13:37:52.227646 np0000004820 devstack@n-api-meta.service[95833]: detected binary path: /usr/bin/uwsgi-core
Jul 08 13:37:52.227646 np0000004820 devstack@n-api-meta.service[95833]: your processes number limit is 257052
Jul 08 13:37:52.227646 np0000004820 devstack@n-api-meta.service[95833]: your memory page size is 4096 bytes
Jul 08 13:37:52.227646 np0000004820 devstack@n-api-meta.service[95833]: detected max file descriptor number: 2048
Jul 08 13:37:52.228106 np0000004820 devstack@n-api-meta.service[95833]: lock engine: pthread robust mutexes
Jul 08 13:37:52.228106 np0000004820 devstack@n-api-meta.service[95833]: thunder lock: enabled
Jul 08 13:37:52.228315 np0000004820 devstack@n-api-meta.service[95833]: uWSGI http bound on 0.0.0.0:8775 fd 5
Jul 08 13:37:52.228372 np0000004820 devstack@n-api-meta.service[95833]: uwsgi socket 0 bound to TCP address 127.0.0.1:43083 (port auto-assigned) fd 4
Jul 08 13:37:52.228418 np0000004820 devstack@n-api-meta.service[95833]: Python version: 3.12.3 (main, Jun 19 2026, 12:46:00) [GCC 13.3.0]
Jul 08 13:37:52.228418 np0000004820 devstack@n-api-meta.service[95833]: PEP 405 virtualenv detected: /opt/stack/data/venv
Jul 08 13:37:52.228418 np0000004820 devstack@n-api-meta.service[95833]: Set PythonHome to /opt/stack/data/venv
Jul 08 13:37:52.266723 np0000004820 devstack@n-api-meta.service[95833]: Python main interpreter initialized at 0x70113a2a4668
Jul 08 13:37:52.266723 np0000004820 devstack@n-api-meta.service[95833]: python threads support enabled
Jul 08 13:37:52.266723 np0000004820 devstack@n-api-meta.service[95833]: your server socket listen backlog is limited to 100 connections
Jul 08 13:37:52.266723 np0000004820 devstack@n-api-meta.service[95833]: your mercy for graceful operations on workers is 80 seconds
Jul 08 13:37:52.267336 np0000004820 devstack@n-api-meta.service[95833]: mapped 671795 bytes (656 KB) for 4 cores
Jul 08 13:37:52.267482 np0000004820 devstack@n-api-meta.service[95833]: *** Operational MODE: preforking ***
Jul 08 13:37:52.267708 np0000004820 devstack@n-api-meta.service[95833]: *** uWSGI is running in multiple interpreter mode ***
Jul 08 13:37:52.267708 np0000004820 devstack@n-api-meta.service[95833]: spawned uWSGI master process (pid: 95833)
Jul 08 13:37:52.267888 np0000004820 systemd[1]: Started devstack@n-api-meta.service - Devstack devstack@n-api-meta.service.
Jul 08 13:37:52.268403 np0000004820 devstack@n-api-meta.service[95833]: spawned uWSGI worker 1 (pid: 95834, cores: 1)
Jul 08 13:37:52.269063 np0000004820 devstack@n-api-meta.service[95833]: spawned uWSGI worker 2 (pid: 95835, cores: 1)
Jul 08 13:37:52.269443 np0000004820 devstack@n-api-meta.service[95833]: spawned uWSGI worker 3 (pid: 95836, cores: 1)
Jul 08 13:37:52.269936 np0000004820 devstack@n-api-meta.service[95833]: spawned uWSGI worker 4 (pid: 95837, cores: 1)
Jul 08 13:37:52.270432 np0000004820 devstack@n-api-meta.service[95833]: spawned uWSGI http 1 (pid: 95838)
Jul 08 13:37:52.270432 np0000004820 devstack@n-api-meta.service[95833]: running "unix_signal:15 gracefully_kill_them_all" (master-start)...
Jul 08 13:37:53.944736 np0000004820 devstack@n-api-meta.service[95834]: INFO dbcounter [None req-b017b241-5629-49c4-b72f-31ef6074454c None None] Registered counter for database nova_api
Jul 08 13:37:53.974169 np0000004820 devstack@n-api-meta.service[95836]: INFO dbcounter [None req-25c8e97f-a4ff-4494-855c-2708fa1c7af0 None None] Registered counter for database nova_api
Jul 08 13:37:53.974640 np0000004820 devstack@n-api-meta.service[95837]: INFO dbcounter [None req-269d079e-d79b-44d9-9ab7-2e58346b6e98 None None] Registered counter for database nova_api
Jul 08 13:37:53.974972 np0000004820 devstack@n-api-meta.service[95835]: INFO dbcounter [None req-18b2ff3e-b670-4923-9720-0ccd250c71f4 None None] Registered counter for database nova_api
Jul 08 13:37:53.989864 np0000004820 devstack@n-api-meta.service[95834]: DEBUG oslo_db.sqlalchemy.engines [None req-b017b241-5629-49c4-b72f-31ef6074454c None None] MySQL server mode set to STRICT_TRANS_TABLES,STRICT_ALL_TABLES,NO_ZERO_IN_DATE,NO_ZERO_DATE,ERROR_FOR_DIVISION_BY_ZERO,TRADITIONAL,NO_ENGINE_SUBSTITUTION {{(pid=95834) _check_effective_sql_mode /opt/stack/data/venv/lib/python3.12/site-packages/oslo_db/sqlalchemy/engines.py:325}}
Jul 08 13:37:54.020175 np0000004820 devstack@n-api-meta.service[95835]: DEBUG oslo_db.sqlalchemy.engines [None req-18b2ff3e-b670-4923-9720-0ccd250c71f4 None None] MySQL server mode set to STRICT_TRANS_TABLES,STRICT_ALL_TABLES,NO_ZERO_IN_DATE,NO_ZERO_DATE,ERROR_FOR_DIVISION_BY_ZERO,TRADITIONAL,NO_ENGINE_SUBSTITUTION {{(pid=95835) _check_effective_sql_mode /opt/stack/data/venv/lib/python3.12/site-packages/oslo_db/sqlalchemy/engines.py:325}}
Jul 08 13:37:54.022826 np0000004820 devstack@n-api-meta.service[95834]: DEBUG dbcounter [-] [95834] Writer thread running {{(pid=95834) stat_writer /opt/stack/data/venv/lib/python3.12/site-packages/dbcounter.py:102}}
Jul 08 13:37:54.023210 np0000004820 devstack@n-api-meta.service[95836]: DEBUG oslo_db.sqlalchemy.engines [None req-25c8e97f-a4ff-4494-855c-2708fa1c7af0 None None] MySQL server mode set to STRICT_TRANS_TABLES,STRICT_ALL_TABLES,NO_ZERO_IN_DATE,NO_ZERO_DATE,ERROR_FOR_DIVISION_BY_ZERO,TRADITIONAL,NO_ENGINE_SUBSTITUTION {{(pid=95836) _check_effective_sql_mode /opt/stack/data/venv/lib/python3.12/site-packages/oslo_db/sqlalchemy/engines.py:325}}
Jul 08 13:37:54.025260 np0000004820 devstack@n-api-meta.service[95834]: DEBUG nova.context [None req-b017b241-5629-49c4-b72f-31ef6074454c None None] Found 2 cells: 00000000-0000-0000-0000-000000000000(cell0),d0279f8f-8d9e-4848-9148-fa31f305393e(cell1) {{(pid=95834) load_cells /opt/stack/nova/nova/context.py:509}}
Jul 08 13:37:54.025426 np0000004820 devstack@n-api-meta.service[95834]: INFO nova.utils [None req-b017b241-5629-49c4-b72f-31ef6074454c None None] The cell worker thread pool MainProcess.cell_worker is initialized
Jul 08 13:37:54.026410 np0000004820 devstack@n-api-meta.service[95837]: DEBUG oslo_db.sqlalchemy.engines [None req-269d079e-d79b-44d9-9ab7-2e58346b6e98 None None] MySQL server mode set to STRICT_TRANS_TABLES,STRICT_ALL_TABLES,NO_ZERO_IN_DATE,NO_ZERO_DATE,ERROR_FOR_DIVISION_BY_ZERO,TRADITIONAL,NO_ENGINE_SUBSTITUTION {{(pid=95837) _check_effective_sql_mode /opt/stack/data/venv/lib/python3.12/site-packages/oslo_db/sqlalchemy/engines.py:325}}
Jul 08 13:37:54.027036 np0000004820 devstack@n-api-meta.service[95834]: DEBUG oslo_concurrency.lockutils [None req-b017b241-5629-49c4-b72f-31ef6074454c None None] Acquiring lock "00000000-0000-0000-0000-000000000000" by "nova.context.set_target_cell..get_or_set_cached_cell_and_set_connections" {{(pid=95834) inner /opt/stack/data/venv/lib/python3.12/site-packages/oslo_concurrency/lockutils.py:511}}
Jul 08 13:37:54.027190 np0000004820 devstack@n-api-meta.service[95834]: DEBUG oslo_concurrency.lockutils [None req-b017b241-5629-49c4-b72f-31ef6074454c None None] Lock "00000000-0000-0000-0000-000000000000" acquired by "nova.context.set_target_cell..get_or_set_cached_cell_and_set_connections" :: waited 0.000s {{(pid=95834) inner /opt/stack/data/venv/lib/python3.12/site-packages/oslo_concurrency/lockutils.py:524}}
Jul 08 13:37:54.027533 np0000004820 devstack@n-api-meta.service[95834]: DEBUG oslo_concurrency.lockutils [None req-b017b241-5629-49c4-b72f-31ef6074454c None None] Lock "00000000-0000-0000-0000-000000000000" "released" by "nova.context.set_target_cell..get_or_set_cached_cell_and_set_connections" :: held 0.000s {{(pid=95834) inner /opt/stack/data/venv/lib/python3.12/site-packages/oslo_concurrency/lockutils.py:543}}
Jul 08 13:37:54.028221 np0000004820 devstack@n-api-meta.service[95834]: DEBUG oslo_concurrency.lockutils [None req-b017b241-5629-49c4-b72f-31ef6074454c None None] Acquiring lock "d0279f8f-8d9e-4848-9148-fa31f305393e" by "nova.context.set_target_cell..get_or_set_cached_cell_and_set_connections" {{(pid=95834) inner /opt/stack/data/venv/lib/python3.12/site-packages/oslo_concurrency/lockutils.py:511}}
Jul 08 13:37:54.028378 np0000004820 devstack@n-api-meta.service[95834]: DEBUG oslo_concurrency.lockutils [None req-b017b241-5629-49c4-b72f-31ef6074454c None None] Lock "d0279f8f-8d9e-4848-9148-fa31f305393e" acquired by "nova.context.set_target_cell..get_or_set_cached_cell_and_set_connections" :: waited 0.000s {{(pid=95834) inner /opt/stack/data/venv/lib/python3.12/site-packages/oslo_concurrency/lockutils.py:524}}
Jul 08 13:37:54.029129 np0000004820 devstack@n-api-meta.service[95834]: DEBUG oslo_concurrency.lockutils [None req-b017b241-5629-49c4-b72f-31ef6074454c None None] Lock "d0279f8f-8d9e-4848-9148-fa31f305393e" "released" by "nova.context.set_target_cell..get_or_set_cached_cell_and_set_connections" :: held 0.001s {{(pid=95834) inner /opt/stack/data/venv/lib/python3.12/site-packages/oslo_concurrency/lockutils.py:543}}
Jul 08 13:37:54.031213 np0000004820 devstack@n-api-meta.service[95834]: INFO dbcounter [None req-b017b241-5629-49c4-b72f-31ef6074454c None None] Registered counter for database nova_cell0
Jul 08 13:37:54.034189 np0000004820 devstack@n-api-meta.service[95834]: INFO dbcounter [None req-b017b241-5629-49c4-b72f-31ef6074454c None None] Registered counter for database nova_cell1
Jul 08 13:37:54.051558 np0000004820 devstack@n-api-meta.service[95835]: DEBUG dbcounter [-] [95835] Writer thread running {{(pid=95835) stat_writer /opt/stack/data/venv/lib/python3.12/site-packages/dbcounter.py:102}}
Jul 08 13:37:54.053912 np0000004820 devstack@n-api-meta.service[95836]: DEBUG dbcounter [-] [95836] Writer thread running {{(pid=95836) stat_writer /opt/stack/data/venv/lib/python3.12/site-packages/dbcounter.py:102}}
Jul 08 13:37:54.054451 np0000004820 devstack@n-api-meta.service[95835]: DEBUG nova.context [None req-18b2ff3e-b670-4923-9720-0ccd250c71f4 None None] Found 2 cells: 00000000-0000-0000-0000-000000000000(cell0),d0279f8f-8d9e-4848-9148-fa31f305393e(cell1) {{(pid=95835) load_cells /opt/stack/nova/nova/context.py:509}}
Jul 08 13:37:54.054536 np0000004820 devstack@n-api-meta.service[95835]: INFO nova.utils [None req-18b2ff3e-b670-4923-9720-0ccd250c71f4 None None] The cell worker thread pool MainProcess.cell_worker is initialized
Jul 08 13:37:54.056224 np0000004820 devstack@n-api-meta.service[95836]: DEBUG nova.context [None req-25c8e97f-a4ff-4494-855c-2708fa1c7af0 None None] Found 2 cells: 00000000-0000-0000-0000-000000000000(cell0),d0279f8f-8d9e-4848-9148-fa31f305393e(cell1) {{(pid=95836) load_cells /opt/stack/nova/nova/context.py:509}}
Jul 08 13:37:54.056451 np0000004820 devstack@n-api-meta.service[95836]: INFO nova.utils [None req-25c8e97f-a4ff-4494-855c-2708fa1c7af0 None None] The cell worker thread pool MainProcess.cell_worker is initialized
Jul 08 13:37:54.056488 np0000004820 devstack@n-api-meta.service[95835]: DEBUG oslo_concurrency.lockutils [None req-18b2ff3e-b670-4923-9720-0ccd250c71f4 None None] Acquiring lock "00000000-0000-0000-0000-000000000000" by "nova.context.set_target_cell..get_or_set_cached_cell_and_set_connections" {{(pid=95835) inner /opt/stack/data/venv/lib/python3.12/site-packages/oslo_concurrency/lockutils.py:511}}
Jul 08 13:37:54.056660 np0000004820 devstack@n-api-meta.service[95835]: DEBUG oslo_concurrency.lockutils [None req-18b2ff3e-b670-4923-9720-0ccd250c71f4 None None] Lock "00000000-0000-0000-0000-000000000000" acquired by "nova.context.set_target_cell..get_or_set_cached_cell_and_set_connections" :: waited 0.000s {{(pid=95835) inner /opt/stack/data/venv/lib/python3.12/site-packages/oslo_concurrency/lockutils.py:524}}
Jul 08 13:37:54.057082 np0000004820 devstack@n-api-meta.service[95835]: DEBUG oslo_concurrency.lockutils [None req-18b2ff3e-b670-4923-9720-0ccd250c71f4 None None] Lock "00000000-0000-0000-0000-000000000000" "released" by "nova.context.set_target_cell..get_or_set_cached_cell_and_set_connections" :: held 0.000s {{(pid=95835) inner /opt/stack/data/venv/lib/python3.12/site-packages/oslo_concurrency/lockutils.py:543}}
Jul 08 13:37:54.057681 np0000004820 devstack@n-api-meta.service[95835]: DEBUG oslo_concurrency.lockutils [None req-18b2ff3e-b670-4923-9720-0ccd250c71f4 None None] Acquiring lock "d0279f8f-8d9e-4848-9148-fa31f305393e" by "nova.context.set_target_cell..get_or_set_cached_cell_and_set_connections" {{(pid=95835) inner /opt/stack/data/venv/lib/python3.12/site-packages/oslo_concurrency/lockutils.py:511}}
Jul 08 13:37:54.057868 np0000004820 devstack@n-api-meta.service[95835]: DEBUG oslo_concurrency.lockutils [None req-18b2ff3e-b670-4923-9720-0ccd250c71f4 None None] Lock "d0279f8f-8d9e-4848-9148-fa31f305393e" acquired by "nova.context.set_target_cell..get_or_set_cached_cell_and_set_connections" :: waited 0.000s {{(pid=95835) inner /opt/stack/data/venv/lib/python3.12/site-packages/oslo_concurrency/lockutils.py:524}}
Jul 08 13:37:54.058025 np0000004820 devstack@n-api-meta.service[95836]: DEBUG oslo_concurrency.lockutils [None req-25c8e97f-a4ff-4494-855c-2708fa1c7af0 None None] Acquiring lock "00000000-0000-0000-0000-000000000000" by "nova.context.set_target_cell..get_or_set_cached_cell_and_set_connections" {{(pid=95836) inner /opt/stack/data/venv/lib/python3.12/site-packages/oslo_concurrency/lockutils.py:511}}
Jul 08 13:37:54.058179 np0000004820 devstack@n-api-meta.service[95836]: DEBUG oslo_concurrency.lockutils [None req-25c8e97f-a4ff-4494-855c-2708fa1c7af0 None None] Lock "00000000-0000-0000-0000-000000000000" acquired by "nova.context.set_target_cell..get_or_set_cached_cell_and_set_connections" :: waited 0.000s {{(pid=95836) inner /opt/stack/data/venv/lib/python3.12/site-packages/oslo_concurrency/lockutils.py:524}}
Jul 08 13:37:54.058527 np0000004820 devstack@n-api-meta.service[95836]: DEBUG oslo_concurrency.lockutils [None req-25c8e97f-a4ff-4494-855c-2708fa1c7af0 None None] Lock "00000000-0000-0000-0000-000000000000" "released" by "nova.context.set_target_cell..get_or_set_cached_cell_and_set_connections" :: held 0.000s {{(pid=95836) inner /opt/stack/data/venv/lib/python3.12/site-packages/oslo_concurrency/lockutils.py:543}}
Jul 08 13:37:54.058975 np0000004820 devstack@n-api-meta.service[95837]: DEBUG dbcounter [-] [95837] Writer thread running {{(pid=95837) stat_writer /opt/stack/data/venv/lib/python3.12/site-packages/dbcounter.py:102}}
Jul 08 13:37:54.059181 np0000004820 devstack@n-api-meta.service[95836]: DEBUG oslo_concurrency.lockutils [None req-25c8e97f-a4ff-4494-855c-2708fa1c7af0 None None] Acquiring lock "d0279f8f-8d9e-4848-9148-fa31f305393e" by "nova.context.set_target_cell..get_or_set_cached_cell_and_set_connections" {{(pid=95836) inner /opt/stack/data/venv/lib/python3.12/site-packages/oslo_concurrency/lockutils.py:511}}
Jul 08 13:37:54.059287 np0000004820 devstack@n-api-meta.service[95836]: DEBUG oslo_concurrency.lockutils [None req-25c8e97f-a4ff-4494-855c-2708fa1c7af0 None None] Lock "d0279f8f-8d9e-4848-9148-fa31f305393e" acquired by "nova.context.set_target_cell..get_or_set_cached_cell_and_set_connections" :: waited 0.000s {{(pid=95836) inner /opt/stack/data/venv/lib/python3.12/site-packages/oslo_concurrency/lockutils.py:524}}
Jul 08 13:37:54.060057 np0000004820 devstack@n-api-meta.service[95835]: INFO dbcounter [None req-18b2ff3e-b670-4923-9720-0ccd250c71f4 None None] Registered counter for database nova_cell0
Jul 08 13:37:54.060187 np0000004820 devstack@n-api-meta.service[95836]: DEBUG oslo_concurrency.lockutils [None req-25c8e97f-a4ff-4494-855c-2708fa1c7af0 None None] Lock "d0279f8f-8d9e-4848-9148-fa31f305393e" "released" by "nova.context.set_target_cell..get_or_set_cached_cell_and_set_connections" :: held 0.001s {{(pid=95836) inner /opt/stack/data/venv/lib/python3.12/site-packages/oslo_concurrency/lockutils.py:543}}
Jul 08 13:37:54.061455 np0000004820 devstack@n-api-meta.service[95835]: DEBUG oslo_concurrency.lockutils [None req-18b2ff3e-b670-4923-9720-0ccd250c71f4 None None] Lock "d0279f8f-8d9e-4848-9148-fa31f305393e" "released" by "nova.context.set_target_cell..get_or_set_cached_cell_and_set_connections" :: held 0.002s {{(pid=95835) inner /opt/stack/data/venv/lib/python3.12/site-packages/oslo_concurrency/lockutils.py:543}}
Jul 08 13:37:54.061689 np0000004820 devstack@n-api-meta.service[95837]: DEBUG nova.context [None req-269d079e-d79b-44d9-9ab7-2e58346b6e98 None None] Found 2 cells: 00000000-0000-0000-0000-000000000000(cell0),d0279f8f-8d9e-4848-9148-fa31f305393e(cell1) {{(pid=95837) load_cells /opt/stack/nova/nova/context.py:509}}
Jul 08 13:37:54.062037 np0000004820 devstack@n-api-meta.service[95837]: INFO nova.utils [None req-269d079e-d79b-44d9-9ab7-2e58346b6e98 None None] The cell worker thread pool MainProcess.cell_worker is initialized
Jul 08 13:37:54.062091 np0000004820 devstack@n-api-meta.service[95836]: INFO dbcounter [None req-25c8e97f-a4ff-4494-855c-2708fa1c7af0 None None] Registered counter for database nova_cell0
Jul 08 13:37:54.063625 np0000004820 devstack@n-api-meta.service[95835]: INFO dbcounter [None req-18b2ff3e-b670-4923-9720-0ccd250c71f4 None None] Registered counter for database nova_cell1
Jul 08 13:37:54.064083 np0000004820 devstack@n-api-meta.service[95837]: DEBUG oslo_concurrency.lockutils [None req-269d079e-d79b-44d9-9ab7-2e58346b6e98 None None] Acquiring lock "00000000-0000-0000-0000-000000000000" by "nova.context.set_target_cell..get_or_set_cached_cell_and_set_connections" {{(pid=95837) inner /opt/stack/data/venv/lib/python3.12/site-packages/oslo_concurrency/lockutils.py:511}}
Jul 08 13:37:54.064328 np0000004820 devstack@n-api-meta.service[95837]: DEBUG oslo_concurrency.lockutils [None req-269d079e-d79b-44d9-9ab7-2e58346b6e98 None None] Lock "00000000-0000-0000-0000-000000000000" acquired by "nova.context.set_target_cell..get_or_set_cached_cell_and_set_connections" :: waited 0.000s {{(pid=95837) inner /opt/stack/data/venv/lib/python3.12/site-packages/oslo_concurrency/lockutils.py:524}}
Jul 08 13:37:54.064737 np0000004820 devstack@n-api-meta.service[95837]: DEBUG oslo_concurrency.lockutils [None req-269d079e-d79b-44d9-9ab7-2e58346b6e98 None None] Lock "00000000-0000-0000-0000-000000000000" "released" by "nova.context.set_target_cell..get_or_set_cached_cell_and_set_connections" :: held 0.000s {{(pid=95837) inner /opt/stack/data/venv/lib/python3.12/site-packages/oslo_concurrency/lockutils.py:543}}
Jul 08 13:37:54.064901 np0000004820 devstack@n-api-meta.service[95836]: INFO dbcounter [None req-25c8e97f-a4ff-4494-855c-2708fa1c7af0 None None] Registered counter for database nova_cell1
Jul 08 13:37:54.065551 np0000004820 devstack@n-api-meta.service[95837]: DEBUG oslo_concurrency.lockutils [None req-269d079e-d79b-44d9-9ab7-2e58346b6e98 None None] Acquiring lock "d0279f8f-8d9e-4848-9148-fa31f305393e" by "nova.context.set_target_cell..get_or_set_cached_cell_and_set_connections" {{(pid=95837) inner /opt/stack/data/venv/lib/python3.12/site-packages/oslo_concurrency/lockutils.py:511}}
Jul 08 13:37:54.065700 np0000004820 devstack@n-api-meta.service[95837]: DEBUG oslo_concurrency.lockutils [None req-269d079e-d79b-44d9-9ab7-2e58346b6e98 None None] Lock "d0279f8f-8d9e-4848-9148-fa31f305393e" acquired by "nova.context.set_target_cell..get_or_set_cached_cell_and_set_connections" :: waited 0.000s {{(pid=95837) inner /opt/stack/data/venv/lib/python3.12/site-packages/oslo_concurrency/lockutils.py:524}}
Jul 08 13:37:54.066558 np0000004820 devstack@n-api-meta.service[95837]: DEBUG oslo_concurrency.lockutils [None req-269d079e-d79b-44d9-9ab7-2e58346b6e98 None None] Lock "d0279f8f-8d9e-4848-9148-fa31f305393e" "released" by "nova.context.set_target_cell..get_or_set_cached_cell_and_set_connections" :: held 0.001s {{(pid=95837) inner /opt/stack/data/venv/lib/python3.12/site-packages/oslo_concurrency/lockutils.py:543}}
Jul 08 13:37:54.068151 np0000004820 devstack@n-api-meta.service[95837]: INFO dbcounter [None req-269d079e-d79b-44d9-9ab7-2e58346b6e98 None None] Registered counter for database nova_cell0
Jul 08 13:37:54.073269 np0000004820 devstack@n-api-meta.service[95837]: INFO dbcounter [None req-269d079e-d79b-44d9-9ab7-2e58346b6e98 None None] Registered counter for database nova_cell1
Jul 08 13:37:54.086110 np0000004820 devstack@n-api-meta.service[95834]: DEBUG oslo_db.sqlalchemy.engines [None req-b017b241-5629-49c4-b72f-31ef6074454c None None] MySQL server mode set to STRICT_TRANS_TABLES,STRICT_ALL_TABLES,NO_ZERO_IN_DATE,NO_ZERO_DATE,ERROR_FOR_DIVISION_BY_ZERO,TRADITIONAL,NO_ENGINE_SUBSTITUTION {{(pid=95834) _check_effective_sql_mode /opt/stack/data/venv/lib/python3.12/site-packages/oslo_db/sqlalchemy/engines.py:325}}
Jul 08 13:37:54.105662 np0000004820 devstack@n-api-meta.service[95834]: DEBUG oslo_db.sqlalchemy.engines [None req-b017b241-5629-49c4-b72f-31ef6074454c None None] MySQL server mode set to STRICT_TRANS_TABLES,STRICT_ALL_TABLES,NO_ZERO_IN_DATE,NO_ZERO_DATE,ERROR_FOR_DIVISION_BY_ZERO,TRADITIONAL,NO_ENGINE_SUBSTITUTION {{(pid=95834) _check_effective_sql_mode /opt/stack/data/venv/lib/python3.12/site-packages/oslo_db/sqlalchemy/engines.py:325}}
Jul 08 13:37:54.106123 np0000004820 devstack@n-api-meta.service[95836]: DEBUG oslo_db.sqlalchemy.engines [None req-25c8e97f-a4ff-4494-855c-2708fa1c7af0 None None] MySQL server mode set to STRICT_TRANS_TABLES,STRICT_ALL_TABLES,NO_ZERO_IN_DATE,NO_ZERO_DATE,ERROR_FOR_DIVISION_BY_ZERO,TRADITIONAL,NO_ENGINE_SUBSTITUTION {{(pid=95836) _check_effective_sql_mode /opt/stack/data/venv/lib/python3.12/site-packages/oslo_db/sqlalchemy/engines.py:325}}
Jul 08 13:37:54.115636 np0000004820 devstack@n-api-meta.service[95835]: DEBUG oslo_db.sqlalchemy.engines [None req-18b2ff3e-b670-4923-9720-0ccd250c71f4 None None] MySQL server mode set to STRICT_TRANS_TABLES,STRICT_ALL_TABLES,NO_ZERO_IN_DATE,NO_ZERO_DATE,ERROR_FOR_DIVISION_BY_ZERO,TRADITIONAL,NO_ENGINE_SUBSTITUTION {{(pid=95835) _check_effective_sql_mode /opt/stack/data/venv/lib/python3.12/site-packages/oslo_db/sqlalchemy/engines.py:325}}
Jul 08 13:37:54.120218 np0000004820 devstack@n-api-meta.service[95835]: DEBUG oslo_db.sqlalchemy.engines [None req-18b2ff3e-b670-4923-9720-0ccd250c71f4 None None] MySQL server mode set to STRICT_TRANS_TABLES,STRICT_ALL_TABLES,NO_ZERO_IN_DATE,NO_ZERO_DATE,ERROR_FOR_DIVISION_BY_ZERO,TRADITIONAL,NO_ENGINE_SUBSTITUTION {{(pid=95835) _check_effective_sql_mode /opt/stack/data/venv/lib/python3.12/site-packages/oslo_db/sqlalchemy/engines.py:325}}
Jul 08 13:37:54.125749 np0000004820 devstack@n-api-meta.service[95837]: DEBUG oslo_db.sqlalchemy.engines [None req-269d079e-d79b-44d9-9ab7-2e58346b6e98 None None] MySQL server mode set to STRICT_TRANS_TABLES,STRICT_ALL_TABLES,NO_ZERO_IN_DATE,NO_ZERO_DATE,ERROR_FOR_DIVISION_BY_ZERO,TRADITIONAL,NO_ENGINE_SUBSTITUTION {{(pid=95837) _check_effective_sql_mode /opt/stack/data/venv/lib/python3.12/site-packages/oslo_db/sqlalchemy/engines.py:325}}
Jul 08 13:37:54.143098 np0000004820 devstack@n-api-meta.service[95837]: DEBUG oslo_db.sqlalchemy.engines [None req-269d079e-d79b-44d9-9ab7-2e58346b6e98 None None] MySQL server mode set to STRICT_TRANS_TABLES,STRICT_ALL_TABLES,NO_ZERO_IN_DATE,NO_ZERO_DATE,ERROR_FOR_DIVISION_BY_ZERO,TRADITIONAL,NO_ENGINE_SUBSTITUTION {{(pid=95837) _check_effective_sql_mode /opt/stack/data/venv/lib/python3.12/site-packages/oslo_db/sqlalchemy/engines.py:325}}
Jul 08 13:37:54.147199 np0000004820 devstack@n-api-meta.service[95836]: DEBUG oslo_db.sqlalchemy.engines [None req-25c8e97f-a4ff-4494-855c-2708fa1c7af0 None None] MySQL server mode set to STRICT_TRANS_TABLES,STRICT_ALL_TABLES,NO_ZERO_IN_DATE,NO_ZERO_DATE,ERROR_FOR_DIVISION_BY_ZERO,TRADITIONAL,NO_ENGINE_SUBSTITUTION {{(pid=95836) _check_effective_sql_mode /opt/stack/data/venv/lib/python3.12/site-packages/oslo_db/sqlalchemy/engines.py:325}}
Jul 08 13:37:54.175616 np0000004820 devstack@n-api-meta.service[95834]: DEBUG dbcounter [-] [95834] Writer thread running {{(pid=95834) stat_writer /opt/stack/data/venv/lib/python3.12/site-packages/dbcounter.py:102}}
Jul 08 13:37:54.182482 np0000004820 devstack@n-api-meta.service[95834]: DEBUG dbcounter [-] [95834] Writer thread running {{(pid=95834) stat_writer /opt/stack/data/venv/lib/python3.12/site-packages/dbcounter.py:102}}
Jul 08 13:37:54.186498 np0000004820 devstack@n-api-meta.service[95834]: INFO dbcounter [None req-b017b241-5629-49c4-b72f-31ef6074454c None None] Registered counter for database nova_cell0
Jul 08 13:37:54.201048 np0000004820 devstack@n-api-meta.service[95836]: DEBUG dbcounter [-] [95836] Writer thread running {{(pid=95836) stat_writer /opt/stack/data/venv/lib/python3.12/site-packages/dbcounter.py:102}}
Jul 08 13:37:54.207168 np0000004820 devstack@n-api-meta.service[95836]: DEBUG dbcounter [-] [95836] Writer thread running {{(pid=95836) stat_writer /opt/stack/data/venv/lib/python3.12/site-packages/dbcounter.py:102}}
Jul 08 13:37:54.211359 np0000004820 devstack@n-api-meta.service[95837]: DEBUG dbcounter [-] [95837] Writer thread running {{(pid=95837) stat_writer /opt/stack/data/venv/lib/python3.12/site-packages/dbcounter.py:102}}
Jul 08 13:37:54.212214 np0000004820 devstack@n-api-meta.service[95836]: INFO dbcounter [None req-25c8e97f-a4ff-4494-855c-2708fa1c7af0 None None] Registered counter for database nova_cell0
Jul 08 13:37:54.213940 np0000004820 devstack@n-api-meta.service[95835]: DEBUG dbcounter [-] [95835] Writer thread running {{(pid=95835) stat_writer /opt/stack/data/venv/lib/python3.12/site-packages/dbcounter.py:102}}
Jul 08 13:37:54.217374 np0000004820 devstack@n-api-meta.service[95837]: DEBUG dbcounter [-] [95837] Writer thread running {{(pid=95837) stat_writer /opt/stack/data/venv/lib/python3.12/site-packages/dbcounter.py:102}}
Jul 08 13:37:54.218029 np0000004820 devstack@n-api-meta.service[95835]: DEBUG dbcounter [-] [95835] Writer thread running {{(pid=95835) stat_writer /opt/stack/data/venv/lib/python3.12/site-packages/dbcounter.py:102}}
Jul 08 13:37:54.220449 np0000004820 devstack@n-api-meta.service[95837]: INFO dbcounter [None req-269d079e-d79b-44d9-9ab7-2e58346b6e98 None None] Registered counter for database nova_cell0
Jul 08 13:37:54.221313 np0000004820 devstack@n-api-meta.service[95835]: INFO dbcounter [None req-18b2ff3e-b670-4923-9720-0ccd250c71f4 None None] Registered counter for database nova_cell0
Jul 08 13:37:54.223091 np0000004820 devstack@n-api-meta.service[95834]: DEBUG oslo_db.sqlalchemy.engines [None req-b017b241-5629-49c4-b72f-31ef6074454c None None] MySQL server mode set to STRICT_TRANS_TABLES,STRICT_ALL_TABLES,NO_ZERO_IN_DATE,NO_ZERO_DATE,ERROR_FOR_DIVISION_BY_ZERO,TRADITIONAL,NO_ENGINE_SUBSTITUTION {{(pid=95834) _check_effective_sql_mode /opt/stack/data/venv/lib/python3.12/site-packages/oslo_db/sqlalchemy/engines.py:325}}
Jul 08 13:37:54.229817 np0000004820 devstack@n-api-meta.service[95834]: DEBUG dbcounter [-] [95834] Writer thread running {{(pid=95834) stat_writer /opt/stack/data/venv/lib/python3.12/site-packages/dbcounter.py:102}}
Jul 08 13:37:54.259058 np0000004820 devstack@n-api-meta.service[95836]: DEBUG oslo_db.sqlalchemy.engines [None req-25c8e97f-a4ff-4494-855c-2708fa1c7af0 None None] MySQL server mode set to STRICT_TRANS_TABLES,STRICT_ALL_TABLES,NO_ZERO_IN_DATE,NO_ZERO_DATE,ERROR_FOR_DIVISION_BY_ZERO,TRADITIONAL,NO_ENGINE_SUBSTITUTION {{(pid=95836) _check_effective_sql_mode /opt/stack/data/venv/lib/python3.12/site-packages/oslo_db/sqlalchemy/engines.py:325}}
Jul 08 13:37:54.262665 np0000004820 devstack@n-api-meta.service[95837]: DEBUG oslo_db.sqlalchemy.engines [None req-269d079e-d79b-44d9-9ab7-2e58346b6e98 None None] MySQL server mode set to STRICT_TRANS_TABLES,STRICT_ALL_TABLES,NO_ZERO_IN_DATE,NO_ZERO_DATE,ERROR_FOR_DIVISION_BY_ZERO,TRADITIONAL,NO_ENGINE_SUBSTITUTION {{(pid=95837) _check_effective_sql_mode /opt/stack/data/venv/lib/python3.12/site-packages/oslo_db/sqlalchemy/engines.py:325}}
Jul 08 13:37:54.266540 np0000004820 devstack@n-api-meta.service[95836]: DEBUG dbcounter [-] [95836] Writer thread running {{(pid=95836) stat_writer /opt/stack/data/venv/lib/python3.12/site-packages/dbcounter.py:102}}
Jul 08 13:37:54.270695 np0000004820 devstack@n-api-meta.service[95837]: DEBUG dbcounter [-] [95837] Writer thread running {{(pid=95837) stat_writer /opt/stack/data/venv/lib/python3.12/site-packages/dbcounter.py:102}}
Jul 08 13:37:54.272362 np0000004820 devstack@n-api-meta.service[95835]: DEBUG oslo_db.sqlalchemy.engines [None req-18b2ff3e-b670-4923-9720-0ccd250c71f4 None None] MySQL server mode set to STRICT_TRANS_TABLES,STRICT_ALL_TABLES,NO_ZERO_IN_DATE,NO_ZERO_DATE,ERROR_FOR_DIVISION_BY_ZERO,TRADITIONAL,NO_ENGINE_SUBSTITUTION {{(pid=95835) _check_effective_sql_mode /opt/stack/data/venv/lib/python3.12/site-packages/oslo_db/sqlalchemy/engines.py:325}}
Jul 08 13:37:54.272514 np0000004820 devstack@n-api-meta.service[95834]: WARNING nova.api.metadata.handler [None req-b017b241-5629-49c4-b72f-31ef6074454c None None] metadata_proxy_shared_secret is not configured, the metadata information returned by the proxy cannot be trusted
Jul 08 13:37:54.275319 np0000004820 devstack@n-api-meta.service[95834]: DEBUG nova.api.openstack.wsgi_app [None req-b017b241-5629-49c4-b72f-31ef6074454c None None] ******************************************************************************** {{(pid=95834) log_opt_values /opt/stack/data/venv/lib/python3.12/site-packages/oslo_config/cfg.py:3226}}
Jul 08 13:37:54.275440 np0000004820 devstack@n-api-meta.service[95834]: DEBUG nova.api.openstack.wsgi_app [None req-b017b241-5629-49c4-b72f-31ef6074454c None None] Configuration options gathered from: {{(pid=95834) log_opt_values /opt/stack/data/venv/lib/python3.12/site-packages/oslo_config/cfg.py:3227}}
Jul 08 13:37:54.275594 np0000004820 devstack@n-api-meta.service[95834]: DEBUG nova.api.openstack.wsgi_app [None req-b017b241-5629-49c4-b72f-31ef6074454c None None] command line args: [] {{(pid=95834) log_opt_values /opt/stack/data/venv/lib/python3.12/site-packages/oslo_config/cfg.py:3228}}
Jul 08 13:37:54.275745 np0000004820 devstack@n-api-meta.service[95834]: DEBUG nova.api.openstack.wsgi_app [None req-b017b241-5629-49c4-b72f-31ef6074454c None None] config files: ['/etc/nova/api-paste.ini', '/etc/nova/nova.conf'] {{(pid=95834) log_opt_values /opt/stack/data/venv/lib/python3.12/site-packages/oslo_config/cfg.py:3229}}
Jul 08 13:37:54.275877 np0000004820 devstack@n-api-meta.service[95834]: DEBUG nova.api.openstack.wsgi_app [None req-b017b241-5629-49c4-b72f-31ef6074454c None None] ================================================================================ {{(pid=95834) log_opt_values /opt/stack/data/venv/lib/python3.12/site-packages/oslo_config/cfg.py:3234}}
Jul 08 13:37:54.276030 np0000004820 devstack@n-api-meta.service[95834]: DEBUG nova.api.openstack.wsgi_app [None req-b017b241-5629-49c4-b72f-31ef6074454c None None] allow_resize_to_same_host = True {{(pid=95834) log_opt_values /opt/stack/data/venv/lib/python3.12/site-packages/oslo_config/cfg.py:3242}}
Jul 08 13:37:54.276217 np0000004820 devstack@n-api-meta.service[95834]: DEBUG nova.api.openstack.wsgi_app [None req-b017b241-5629-49c4-b72f-31ef6074454c None None] arq_binding_timeout = 300 {{(pid=95834) log_opt_values /opt/stack/data/venv/lib/python3.12/site-packages/oslo_config/cfg.py:3242}}
Jul 08 13:37:54.276408 np0000004820 devstack@n-api-meta.service[95834]: DEBUG nova.api.openstack.wsgi_app [None req-b017b241-5629-49c4-b72f-31ef6074454c None None] block_device_allocate_retries = 60 {{(pid=95834) log_opt_values /opt/stack/data/venv/lib/python3.12/site-packages/oslo_config/cfg.py:3242}}
Jul 08 13:37:54.276579 np0000004820 devstack@n-api-meta.service[95834]: DEBUG nova.api.openstack.wsgi_app [None req-b017b241-5629-49c4-b72f-31ef6074454c None None] block_device_allocate_retries_interval = 3 {{(pid=95834) log_opt_values /opt/stack/data/venv/lib/python3.12/site-packages/oslo_config/cfg.py:3242}}
Jul 08 13:37:54.276733 np0000004820 devstack@n-api-meta.service[95834]: DEBUG nova.api.openstack.wsgi_app [None req-b017b241-5629-49c4-b72f-31ef6074454c None None] cell_worker_thread_pool_size = 5 {{(pid=95834) log_opt_values /opt/stack/data/venv/lib/python3.12/site-packages/oslo_config/cfg.py:3242}}
Jul 08 13:37:54.276910 np0000004820 devstack@n-api-meta.service[95834]: DEBUG nova.api.openstack.wsgi_app [None req-b017b241-5629-49c4-b72f-31ef6074454c None None] cert = self.pem {{(pid=95834) log_opt_values /opt/stack/data/venv/lib/python3.12/site-packages/oslo_config/cfg.py:3242}}
Jul 08 13:37:54.277741 np0000004820 devstack@n-api-meta.service[95834]: DEBUG nova.api.openstack.wsgi_app [None req-b017b241-5629-49c4-b72f-31ef6074454c None None] compute_driver = libvirt.LibvirtDriver {{(pid=95834) log_opt_values /opt/stack/data/venv/lib/python3.12/site-packages/oslo_config/cfg.py:3242}}
Jul 08 13:37:54.277741 np0000004820 devstack@n-api-meta.service[95834]: DEBUG nova.api.openstack.wsgi_app [None req-b017b241-5629-49c4-b72f-31ef6074454c None None] compute_monitors = [] {{(pid=95834) log_opt_values /opt/stack/data/venv/lib/python3.12/site-packages/oslo_config/cfg.py:3242}}
Jul 08 13:37:54.277741 np0000004820 devstack@n-api-meta.service[95834]: DEBUG nova.api.openstack.wsgi_app [None req-b017b241-5629-49c4-b72f-31ef6074454c None None] concurrency_backend = auto {{(pid=95834) log_opt_values /opt/stack/data/venv/lib/python3.12/site-packages/oslo_config/cfg.py:3242}}
Jul 08 13:37:54.277741 np0000004820 devstack@n-api-meta.service[95834]: DEBUG nova.api.openstack.wsgi_app [None req-b017b241-5629-49c4-b72f-31ef6074454c None None] config_dir = [] {{(pid=95834) log_opt_values /opt/stack/data/venv/lib/python3.12/site-packages/oslo_config/cfg.py:3242}}
Jul 08 13:37:54.277869 np0000004820 devstack@n-api-meta.service[95834]: DEBUG nova.api.openstack.wsgi_app [None req-b017b241-5629-49c4-b72f-31ef6074454c None None] config_drive_format = iso9660 {{(pid=95834) log_opt_values /opt/stack/data/venv/lib/python3.12/site-packages/oslo_config/cfg.py:3242}}
Jul 08 13:37:54.277909 np0000004820 devstack@n-api-meta.service[95834]: DEBUG nova.api.openstack.wsgi_app [None req-b017b241-5629-49c4-b72f-31ef6074454c None None] config_file = ['/etc/nova/api-paste.ini', '/etc/nova/nova.conf'] {{(pid=95834) log_opt_values /opt/stack/data/venv/lib/python3.12/site-packages/oslo_config/cfg.py:3242}}
Jul 08 13:37:54.278019 np0000004820 devstack@n-api-meta.service[95834]: DEBUG nova.api.openstack.wsgi_app [None req-b017b241-5629-49c4-b72f-31ef6074454c None None] config_source = [] {{(pid=95834) log_opt_values /opt/stack/data/venv/lib/python3.12/site-packages/oslo_config/cfg.py:3242}}
Jul 08 13:37:54.278134 np0000004820 devstack@n-api-meta.service[95834]: DEBUG nova.api.openstack.wsgi_app [None req-b017b241-5629-49c4-b72f-31ef6074454c None None] console_host = np0000004820 {{(pid=95834) log_opt_values /opt/stack/data/venv/lib/python3.12/site-packages/oslo_config/cfg.py:3242}}
Jul 08 13:37:54.278264 np0000004820 devstack@n-api-meta.service[95834]: DEBUG nova.api.openstack.wsgi_app [None req-b017b241-5629-49c4-b72f-31ef6074454c None None] control_exchange = nova {{(pid=95834) log_opt_values /opt/stack/data/venv/lib/python3.12/site-packages/oslo_config/cfg.py:3242}}
Jul 08 13:37:54.278350 np0000004820 devstack@n-api-meta.service[95835]: DEBUG dbcounter [-] [95835] Writer thread running {{(pid=95835) stat_writer /opt/stack/data/venv/lib/python3.12/site-packages/dbcounter.py:102}}
Jul 08 13:37:54.278389 np0000004820 devstack@n-api-meta.service[95834]: DEBUG nova.api.openstack.wsgi_app [None req-b017b241-5629-49c4-b72f-31ef6074454c None None] cpu_allocation_ratio = None {{(pid=95834) log_opt_values /opt/stack/data/venv/lib/python3.12/site-packages/oslo_config/cfg.py:3242}}
Jul 08 13:37:54.278485 np0000004820 devstack@n-api-meta.service[95834]: DEBUG nova.api.openstack.wsgi_app [None req-b017b241-5629-49c4-b72f-31ef6074454c None None] daemon = False {{(pid=95834) log_opt_values /opt/stack/data/venv/lib/python3.12/site-packages/oslo_config/cfg.py:3242}}
Jul 08 13:37:54.278615 np0000004820 devstack@n-api-meta.service[95834]: DEBUG nova.api.openstack.wsgi_app [None req-b017b241-5629-49c4-b72f-31ef6074454c None None] debug = True {{(pid=95834) log_opt_values /opt/stack/data/venv/lib/python3.12/site-packages/oslo_config/cfg.py:3242}}
Jul 08 13:37:54.278727 np0000004820 devstack@n-api-meta.service[95834]: DEBUG nova.api.openstack.wsgi_app [None req-b017b241-5629-49c4-b72f-31ef6074454c None None] default_access_ip_network_name = None {{(pid=95834) log_opt_values /opt/stack/data/venv/lib/python3.12/site-packages/oslo_config/cfg.py:3242}}
Jul 08 13:37:54.278862 np0000004820 devstack@n-api-meta.service[95834]: DEBUG nova.api.openstack.wsgi_app [None req-b017b241-5629-49c4-b72f-31ef6074454c None None] default_availability_zone = nova {{(pid=95834) log_opt_values /opt/stack/data/venv/lib/python3.12/site-packages/oslo_config/cfg.py:3242}}
Jul 08 13:37:54.279028 np0000004820 devstack@n-api-meta.service[95834]: DEBUG nova.api.openstack.wsgi_app [None req-b017b241-5629-49c4-b72f-31ef6074454c None None] default_ephemeral_format = ext4 {{(pid=95834) log_opt_values /opt/stack/data/venv/lib/python3.12/site-packages/oslo_config/cfg.py:3242}}
Jul 08 13:37:54.279197 np0000004820 devstack@n-api-meta.service[95834]: DEBUG nova.api.openstack.wsgi_app [None req-b017b241-5629-49c4-b72f-31ef6074454c None None] default_green_pool_size = 1000 {{(pid=95834) log_opt_values /opt/stack/data/venv/lib/python3.12/site-packages/oslo_config/cfg.py:3242}}
Jul 08 13:37:54.279506 np0000004820 devstack@n-api-meta.service[95834]: DEBUG nova.api.openstack.wsgi_app [None req-b017b241-5629-49c4-b72f-31ef6074454c None None] default_log_levels = ['amqp=WARN', 'boto=WARN', 'sqlalchemy=WARN', 'suds=INFO', 'oslo.messaging=INFO', 'oslo_messaging=INFO', 'iso8601=WARN', 'requests.packages.urllib3.connectionpool=WARN', 'urllib3.connectionpool=WARN', 'websocket=WARN', 'requests.packages.urllib3.util.retry=WARN', 'urllib3.util.retry=WARN', 'keystonemiddleware=WARN', 'routes.middleware=WARN', 'stevedore=WARN', 'taskflow=WARN', 'keystoneauth=WARN', 'oslo.cache=INFO', 'oslo_policy=INFO', 'dogpile.core.dogpile=INFO', 'glanceclient=WARN', 'oslo.privsep.daemon=INFO'] {{(pid=95834) log_opt_values /opt/stack/data/venv/lib/python3.12/site-packages/oslo_config/cfg.py:3242}}
Jul 08 13:37:54.279681 np0000004820 devstack@n-api-meta.service[95834]: DEBUG nova.api.openstack.wsgi_app [None req-b017b241-5629-49c4-b72f-31ef6074454c None None] default_schedule_zone = None {{(pid=95834) log_opt_values /opt/stack/data/venv/lib/python3.12/site-packages/oslo_config/cfg.py:3242}}
Jul 08 13:37:54.279858 np0000004820 devstack@n-api-meta.service[95834]: DEBUG nova.api.openstack.wsgi_app [None req-b017b241-5629-49c4-b72f-31ef6074454c None None] default_thread_pool_size = 10 {{(pid=95834) log_opt_values /opt/stack/data/venv/lib/python3.12/site-packages/oslo_config/cfg.py:3242}}
Jul 08 13:37:54.280027 np0000004820 devstack@n-api-meta.service[95834]: DEBUG nova.api.openstack.wsgi_app [None req-b017b241-5629-49c4-b72f-31ef6074454c None None] disk_allocation_ratio = None {{(pid=95834) log_opt_values /opt/stack/data/venv/lib/python3.12/site-packages/oslo_config/cfg.py:3242}}
Jul 08 13:37:54.280191 np0000004820 devstack@n-api-meta.service[95834]: DEBUG nova.api.openstack.wsgi_app [None req-b017b241-5629-49c4-b72f-31ef6074454c None None] enable_new_services = True {{(pid=95834) log_opt_values /opt/stack/data/venv/lib/python3.12/site-packages/oslo_config/cfg.py:3242}}
Jul 08 13:37:54.280326 np0000004820 devstack@n-api-meta.service[95834]: DEBUG nova.api.openstack.wsgi_app [None req-b017b241-5629-49c4-b72f-31ef6074454c None None] flat_injected = False {{(pid=95834) log_opt_values /opt/stack/data/venv/lib/python3.12/site-packages/oslo_config/cfg.py:3242}}
Jul 08 13:37:54.280453 np0000004820 devstack@n-api-meta.service[95834]: DEBUG nova.api.openstack.wsgi_app [None req-b017b241-5629-49c4-b72f-31ef6074454c None None] force_config_drive = True {{(pid=95834) log_opt_values /opt/stack/data/venv/lib/python3.12/site-packages/oslo_config/cfg.py:3242}}
Jul 08 13:37:54.280566 np0000004820 devstack@n-api-meta.service[95834]: DEBUG nova.api.openstack.wsgi_app [None req-b017b241-5629-49c4-b72f-31ef6074454c None None] force_raw_images = True {{(pid=95834) log_opt_values /opt/stack/data/venv/lib/python3.12/site-packages/oslo_config/cfg.py:3242}}
Jul 08 13:37:54.280688 np0000004820 devstack@n-api-meta.service[95834]: DEBUG nova.api.openstack.wsgi_app [None req-b017b241-5629-49c4-b72f-31ef6074454c None None] graceful_shutdown_timeout = 5 {{(pid=95834) log_opt_values /opt/stack/data/venv/lib/python3.12/site-packages/oslo_config/cfg.py:3242}}
Jul 08 13:37:54.280805 np0000004820 devstack@n-api-meta.service[95834]: DEBUG nova.api.openstack.wsgi_app [None req-b017b241-5629-49c4-b72f-31ef6074454c None None] heal_instance_info_cache_interval = -1 {{(pid=95834) log_opt_values /opt/stack/data/venv/lib/python3.12/site-packages/oslo_config/cfg.py:3242}}
Jul 08 13:37:54.281015 np0000004820 devstack@n-api-meta.service[95834]: DEBUG nova.api.openstack.wsgi_app [None req-b017b241-5629-49c4-b72f-31ef6074454c None None] host = np0000004820 {{(pid=95834) log_opt_values /opt/stack/data/venv/lib/python3.12/site-packages/oslo_config/cfg.py:3242}}
Jul 08 13:37:54.281159 np0000004820 devstack@n-api-meta.service[95834]: DEBUG nova.api.openstack.wsgi_app [None req-b017b241-5629-49c4-b72f-31ef6074454c None None] initial_cpu_allocation_ratio = 4.0 {{(pid=95834) log_opt_values /opt/stack/data/venv/lib/python3.12/site-packages/oslo_config/cfg.py:3242}}
Jul 08 13:37:54.281342 np0000004820 devstack@n-api-meta.service[95834]: DEBUG nova.api.openstack.wsgi_app [None req-b017b241-5629-49c4-b72f-31ef6074454c None None] initial_disk_allocation_ratio = 1.0 {{(pid=95834) log_opt_values /opt/stack/data/venv/lib/python3.12/site-packages/oslo_config/cfg.py:3242}}
Jul 08 13:37:54.281818 np0000004820 devstack@n-api-meta.service[95834]: DEBUG nova.api.openstack.wsgi_app [None req-b017b241-5629-49c4-b72f-31ef6074454c None None] initial_ram_allocation_ratio = 1.0 {{(pid=95834) log_opt_values /opt/stack/data/venv/lib/python3.12/site-packages/oslo_config/cfg.py:3242}}
Jul 08 13:37:54.281818 np0000004820 devstack@n-api-meta.service[95834]: DEBUG nova.api.openstack.wsgi_app [None req-b017b241-5629-49c4-b72f-31ef6074454c None None] injected_network_template = /opt/stack/nova/nova/virt/interfaces.template {{(pid=95834) log_opt_values /opt/stack/data/venv/lib/python3.12/site-packages/oslo_config/cfg.py:3242}}
Jul 08 13:37:54.282088 np0000004820 devstack@n-api-meta.service[95834]: DEBUG nova.api.openstack.wsgi_app [None req-b017b241-5629-49c4-b72f-31ef6074454c None None] instance_build_timeout = 0 {{(pid=95834) log_opt_values /opt/stack/data/venv/lib/python3.12/site-packages/oslo_config/cfg.py:3242}}
Jul 08 13:37:54.282136 np0000004820 devstack@n-api-meta.service[95834]: DEBUG nova.api.openstack.wsgi_app [None req-b017b241-5629-49c4-b72f-31ef6074454c None None] instance_delete_interval = 300 {{(pid=95834) log_opt_values /opt/stack/data/venv/lib/python3.12/site-packages/oslo_config/cfg.py:3242}}
Jul 08 13:37:54.282341 np0000004820 devstack@n-api-meta.service[95834]: DEBUG nova.api.openstack.wsgi_app [None req-b017b241-5629-49c4-b72f-31ef6074454c None None] instance_format = [instance: %(uuid)s] {{(pid=95834) log_opt_values /opt/stack/data/venv/lib/python3.12/site-packages/oslo_config/cfg.py:3242}}
Jul 08 13:37:54.282521 np0000004820 devstack@n-api-meta.service[95834]: DEBUG nova.api.openstack.wsgi_app [None req-b017b241-5629-49c4-b72f-31ef6074454c None None] instance_name_template = instance-%08x {{(pid=95834) log_opt_values /opt/stack/data/venv/lib/python3.12/site-packages/oslo_config/cfg.py:3242}}
Jul 08 13:37:54.282689 np0000004820 devstack@n-api-meta.service[95834]: DEBUG nova.api.openstack.wsgi_app [None req-b017b241-5629-49c4-b72f-31ef6074454c None None] instance_usage_audit = False {{(pid=95834) log_opt_values /opt/stack/data/venv/lib/python3.12/site-packages/oslo_config/cfg.py:3242}}
Jul 08 13:37:54.282897 np0000004820 devstack@n-api-meta.service[95834]: DEBUG nova.api.openstack.wsgi_app [None req-b017b241-5629-49c4-b72f-31ef6074454c None None] instance_usage_audit_period = month {{(pid=95834) log_opt_values /opt/stack/data/venv/lib/python3.12/site-packages/oslo_config/cfg.py:3242}}
Jul 08 13:37:54.283065 np0000004820 devstack@n-api-meta.service[95834]: DEBUG nova.api.openstack.wsgi_app [None req-b017b241-5629-49c4-b72f-31ef6074454c None None] instance_uuid_format = [instance: %(uuid)s] {{(pid=95834) log_opt_values /opt/stack/data/venv/lib/python3.12/site-packages/oslo_config/cfg.py:3242}}
Jul 08 13:37:54.283217 np0000004820 devstack@n-api-meta.service[95834]: DEBUG nova.api.openstack.wsgi_app [None req-b017b241-5629-49c4-b72f-31ef6074454c None None] instances_path = /opt/stack/data/nova/instances {{(pid=95834) log_opt_values /opt/stack/data/venv/lib/python3.12/site-packages/oslo_config/cfg.py:3242}}
Jul 08 13:37:54.283409 np0000004820 devstack@n-api-meta.service[95834]: DEBUG nova.api.openstack.wsgi_app [None req-b017b241-5629-49c4-b72f-31ef6074454c None None] internal_service_availability_zone = internal {{(pid=95834) log_opt_values /opt/stack/data/venv/lib/python3.12/site-packages/oslo_config/cfg.py:3242}}
Jul 08 13:37:54.283528 np0000004820 devstack@n-api-meta.service[95834]: DEBUG nova.api.openstack.wsgi_app [None req-b017b241-5629-49c4-b72f-31ef6074454c None None] key = None {{(pid=95834) log_opt_values /opt/stack/data/venv/lib/python3.12/site-packages/oslo_config/cfg.py:3242}}
Jul 08 13:37:54.283642 np0000004820 devstack@n-api-meta.service[95834]: DEBUG nova.api.openstack.wsgi_app [None req-b017b241-5629-49c4-b72f-31ef6074454c None None] live_migration_retry_count = 30 {{(pid=95834) log_opt_values /opt/stack/data/venv/lib/python3.12/site-packages/oslo_config/cfg.py:3242}}
Jul 08 13:37:54.283809 np0000004820 devstack@n-api-meta.service[95834]: DEBUG nova.api.openstack.wsgi_app [None req-b017b241-5629-49c4-b72f-31ef6074454c None None] log_color = False {{(pid=95834) log_opt_values /opt/stack/data/venv/lib/python3.12/site-packages/oslo_config/cfg.py:3242}}
Jul 08 13:37:54.283982 np0000004820 devstack@n-api-meta.service[95834]: DEBUG nova.api.openstack.wsgi_app [None req-b017b241-5629-49c4-b72f-31ef6074454c None None] log_config_append = None {{(pid=95834) log_opt_values /opt/stack/data/venv/lib/python3.12/site-packages/oslo_config/cfg.py:3242}}
Jul 08 13:37:54.284110 np0000004820 devstack@n-api-meta.service[95834]: DEBUG nova.api.openstack.wsgi_app [None req-b017b241-5629-49c4-b72f-31ef6074454c None None] log_date_format = %Y-%m-%d %H:%M:%S {{(pid=95834) log_opt_values /opt/stack/data/venv/lib/python3.12/site-packages/oslo_config/cfg.py:3242}}
Jul 08 13:37:54.284224 np0000004820 devstack@n-api-meta.service[95834]: DEBUG nova.api.openstack.wsgi_app [None req-b017b241-5629-49c4-b72f-31ef6074454c None None] log_dir = None {{(pid=95834) log_opt_values /opt/stack/data/venv/lib/python3.12/site-packages/oslo_config/cfg.py:3242}}
Jul 08 13:37:54.284352 np0000004820 devstack@n-api-meta.service[95834]: DEBUG nova.api.openstack.wsgi_app [None req-b017b241-5629-49c4-b72f-31ef6074454c None None] log_file = None {{(pid=95834) log_opt_values /opt/stack/data/venv/lib/python3.12/site-packages/oslo_config/cfg.py:3242}}
Jul 08 13:37:54.284486 np0000004820 devstack@n-api-meta.service[95834]: DEBUG nova.api.openstack.wsgi_app [None req-b017b241-5629-49c4-b72f-31ef6074454c None None] log_options = True {{(pid=95834) log_opt_values /opt/stack/data/venv/lib/python3.12/site-packages/oslo_config/cfg.py:3242}}
Jul 08 13:37:54.284666 np0000004820 devstack@n-api-meta.service[95834]: DEBUG nova.api.openstack.wsgi_app [None req-b017b241-5629-49c4-b72f-31ef6074454c None None] log_rotate_interval = 1 {{(pid=95834) log_opt_values /opt/stack/data/venv/lib/python3.12/site-packages/oslo_config/cfg.py:3242}}
Jul 08 13:37:54.284870 np0000004820 devstack@n-api-meta.service[95834]: DEBUG nova.api.openstack.wsgi_app [None req-b017b241-5629-49c4-b72f-31ef6074454c None None] log_rotate_interval_type = days {{(pid=95834) log_opt_values /opt/stack/data/venv/lib/python3.12/site-packages/oslo_config/cfg.py:3242}}
Jul 08 13:37:54.285038 np0000004820 devstack@n-api-meta.service[95834]: DEBUG nova.api.openstack.wsgi_app [None req-b017b241-5629-49c4-b72f-31ef6074454c None None] log_rotation_type = none {{(pid=95834) log_opt_values /opt/stack/data/venv/lib/python3.12/site-packages/oslo_config/cfg.py:3242}}
Jul 08 13:37:54.285153 np0000004820 devstack@n-api-meta.service[95834]: DEBUG nova.api.openstack.wsgi_app [None req-b017b241-5629-49c4-b72f-31ef6074454c None None] logging_context_format_string = %(color)s%(levelname)s %(name)s [%(global_request_id)s %(request_id)s %(project_name)s %(user_name)s%(color)s] %(instance)s%(color)s%(message)s {{(pid=95834) log_opt_values /opt/stack/data/venv/lib/python3.12/site-packages/oslo_config/cfg.py:3242}}
