Jul 08 13:37:59.017972 np0000004820 nova-conductor[98858]: DEBUG cotyledon.oslo_config_glue [-] oslo_versionedobjects.fatal_exception_format_errors = False {{(pid=98858) log_opt_values /opt/stack/data/venv/lib/python3.12/site-packages/oslo_config/cfg.py:3253}}
Jul 08 13:37:59.018213 np0000004820 nova-conductor[98858]: DEBUG cotyledon.oslo_config_glue [-] oslo_middleware.http_basic_auth_user_file = /etc/htpasswd {{(pid=98858) log_opt_values /opt/stack/data/venv/lib/python3.12/site-packages/oslo_config/cfg.py:3253}}
Jul 08 13:37:59.018213 np0000004820 nova-conductor[98858]: DEBUG cotyledon.oslo_config_glue [-] profiler.connection_string = messaging:// {{(pid=98858) log_opt_values /opt/stack/data/venv/lib/python3.12/site-packages/oslo_config/cfg.py:3253}}
Jul 08 13:37:59.018213 np0000004820 nova-conductor[98858]: DEBUG cotyledon.oslo_config_glue [-] profiler.enabled = False {{(pid=98858) log_opt_values /opt/stack/data/venv/lib/python3.12/site-packages/oslo_config/cfg.py:3253}}
Jul 08 13:37:59.018213 np0000004820 nova-conductor[98858]: DEBUG cotyledon.oslo_config_glue [-] profiler.es_doc_type = notification {{(pid=98858) log_opt_values /opt/stack/data/venv/lib/python3.12/site-packages/oslo_config/cfg.py:3253}}
Jul 08 13:37:59.018213 np0000004820 nova-conductor[98858]: DEBUG cotyledon.oslo_config_glue [-] profiler.es_scroll_size = 10000 {{(pid=98858) log_opt_values /opt/stack/data/venv/lib/python3.12/site-packages/oslo_config/cfg.py:3253}}
Jul 08 13:37:59.018213 np0000004820 nova-conductor[98858]: DEBUG cotyledon.oslo_config_glue [-] profiler.es_scroll_time = 2m {{(pid=98858) log_opt_values /opt/stack/data/venv/lib/python3.12/site-packages/oslo_config/cfg.py:3253}}
Jul 08 13:37:59.018213 np0000004820 nova-conductor[98858]: DEBUG cotyledon.oslo_config_glue [-] profiler.filter_error_trace = False {{(pid=98858) log_opt_values /opt/stack/data/venv/lib/python3.12/site-packages/oslo_config/cfg.py:3253}}
Jul 08 13:37:59.018213 np0000004820 nova-conductor[98858]: DEBUG cotyledon.oslo_config_glue [-] profiler.hmac_keys = **** {{(pid=98858) log_opt_values /opt/stack/data/venv/lib/python3.12/site-packages/oslo_config/cfg.py:3253}}
Jul 08 13:37:59.018213 np0000004820 nova-conductor[98858]: DEBUG cotyledon.oslo_config_glue [-] profiler.sentinel_service_name = mymaster {{(pid=98858) log_opt_values /opt/stack/data/venv/lib/python3.12/site-packages/oslo_config/cfg.py:3253}}
Jul 08 13:37:59.018398 np0000004820 nova-conductor[98858]: DEBUG cotyledon.oslo_config_glue [-] profiler.socket_timeout = 0.1 {{(pid=98858) log_opt_values /opt/stack/data/venv/lib/python3.12/site-packages/oslo_config/cfg.py:3253}}
Jul 08 13:37:59.018398 np0000004820 nova-conductor[98858]: DEBUG cotyledon.oslo_config_glue [-] profiler.trace_requests = False {{(pid=98858) log_opt_values /opt/stack/data/venv/lib/python3.12/site-packages/oslo_config/cfg.py:3253}}
Jul 08 13:37:59.018398 np0000004820 nova-conductor[98858]: DEBUG cotyledon.oslo_config_glue [-] profiler.trace_sqlalchemy = False {{(pid=98858) log_opt_values /opt/stack/data/venv/lib/python3.12/site-packages/oslo_config/cfg.py:3253}}
Jul 08 13:37:59.018398 np0000004820 nova-conductor[98858]: DEBUG cotyledon.oslo_config_glue [-] profiler_jaeger.process_tags = {} {{(pid=98858) log_opt_values /opt/stack/data/venv/lib/python3.12/site-packages/oslo_config/cfg.py:3253}}
Jul 08 13:37:59.018398 np0000004820 nova-conductor[98858]: DEBUG cotyledon.oslo_config_glue [-] profiler_jaeger.service_name_prefix = None {{(pid=98858) log_opt_values /opt/stack/data/venv/lib/python3.12/site-packages/oslo_config/cfg.py:3253}}
Jul 08 13:37:59.018398 np0000004820 nova-conductor[98858]: DEBUG cotyledon.oslo_config_glue [-] profiler_otlp.service_name_prefix = None {{(pid=98858) log_opt_values /opt/stack/data/venv/lib/python3.12/site-packages/oslo_config/cfg.py:3253}}
Jul 08 13:37:59.018398 np0000004820 nova-conductor[98858]: DEBUG cotyledon.oslo_config_glue [-] oslo_messaging_rabbit.amqp_auto_delete = False {{(pid=98858) log_opt_values /opt/stack/data/venv/lib/python3.12/site-packages/oslo_config/cfg.py:3253}}
Jul 08 13:37:59.018398 np0000004820 nova-conductor[98858]: DEBUG cotyledon.oslo_config_glue [-] oslo_messaging_rabbit.amqp_durable_queues = False {{(pid=98858) log_opt_values /opt/stack/data/venv/lib/python3.12/site-packages/oslo_config/cfg.py:3253}}
Jul 08 13:37:59.018398 np0000004820 nova-conductor[98858]: DEBUG cotyledon.oslo_config_glue [-] oslo_messaging_rabbit.conn_pool_min_size = 2 {{(pid=98858) log_opt_values /opt/stack/data/venv/lib/python3.12/site-packages/oslo_config/cfg.py:3253}}
Jul 08 13:37:59.018565 np0000004820 nova-conductor[98858]: DEBUG cotyledon.oslo_config_glue [-] oslo_messaging_rabbit.conn_pool_ttl = 1200 {{(pid=98858) log_opt_values /opt/stack/data/venv/lib/python3.12/site-packages/oslo_config/cfg.py:3253}}
Jul 08 13:37:59.018565 np0000004820 nova-conductor[98858]: DEBUG cotyledon.oslo_config_glue [-] oslo_messaging_rabbit.direct_mandatory_flag = True {{(pid=98858) log_opt_values /opt/stack/data/venv/lib/python3.12/site-packages/oslo_config/cfg.py:3253}}
Jul 08 13:37:59.018565 np0000004820 nova-conductor[98858]: DEBUG cotyledon.oslo_config_glue [-] oslo_messaging_rabbit.enable_cancel_on_failover = False {{(pid=98858) log_opt_values /opt/stack/data/venv/lib/python3.12/site-packages/oslo_config/cfg.py:3253}}
Jul 08 13:37:59.018565 np0000004820 nova-conductor[98858]: DEBUG cotyledon.oslo_config_glue [-] oslo_messaging_rabbit.heartbeat_rate = 3 {{(pid=98858) log_opt_values /opt/stack/data/venv/lib/python3.12/site-packages/oslo_config/cfg.py:3253}}
Jul 08 13:37:59.018565 np0000004820 nova-conductor[98858]: DEBUG cotyledon.oslo_config_glue [-] oslo_messaging_rabbit.heartbeat_timeout_threshold = 60 {{(pid=98858) log_opt_values /opt/stack/data/venv/lib/python3.12/site-packages/oslo_config/cfg.py:3253}}
Jul 08 13:37:59.018565 np0000004820 nova-conductor[98858]: DEBUG cotyledon.oslo_config_glue [-] oslo_messaging_rabbit.hostname = np0000004820 {{(pid=98858) log_opt_values /opt/stack/data/venv/lib/python3.12/site-packages/oslo_config/cfg.py:3253}}
Jul 08 13:37:59.018565 np0000004820 nova-conductor[98858]: DEBUG cotyledon.oslo_config_glue [-] oslo_messaging_rabbit.kombu_compression = None {{(pid=98858) log_opt_values /opt/stack/data/venv/lib/python3.12/site-packages/oslo_config/cfg.py:3253}}
Jul 08 13:37:59.018565 np0000004820 nova-conductor[98858]: DEBUG cotyledon.oslo_config_glue [-] oslo_messaging_rabbit.kombu_failover_strategy = round-robin {{(pid=98858) log_opt_values /opt/stack/data/venv/lib/python3.12/site-packages/oslo_config/cfg.py:3253}}
Jul 08 13:37:59.018565 np0000004820 nova-conductor[98858]: DEBUG cotyledon.oslo_config_glue [-] oslo_messaging_rabbit.kombu_missing_consumer_retry_timeout = 60 {{(pid=98858) log_opt_values /opt/stack/data/venv/lib/python3.12/site-packages/oslo_config/cfg.py:3253}}
Jul 08 13:37:59.018811 np0000004820 nova-conductor[98858]: DEBUG cotyledon.oslo_config_glue [-] oslo_messaging_rabbit.kombu_reconnect_delay = 1.0 {{(pid=98858) log_opt_values /opt/stack/data/venv/lib/python3.12/site-packages/oslo_config/cfg.py:3253}}
Jul 08 13:37:59.018811 np0000004820 nova-conductor[98858]: DEBUG cotyledon.oslo_config_glue [-] oslo_messaging_rabbit.kombu_reconnect_splay = 0.0 {{(pid=98858) log_opt_values /opt/stack/data/venv/lib/python3.12/site-packages/oslo_config/cfg.py:3253}}
Jul 08 13:37:59.018811 np0000004820 nova-conductor[98858]: DEBUG cotyledon.oslo_config_glue [-] oslo_messaging_rabbit.processname = nova-conductor {{(pid=98858) log_opt_values /opt/stack/data/venv/lib/python3.12/site-packages/oslo_config/cfg.py:3253}}
Jul 08 13:37:59.018811 np0000004820 nova-conductor[98858]: DEBUG cotyledon.oslo_config_glue [-] oslo_messaging_rabbit.rabbit_ha_queues = False {{(pid=98858) log_opt_values /opt/stack/data/venv/lib/python3.12/site-packages/oslo_config/cfg.py:3253}}
Jul 08 13:37:59.018811 np0000004820 nova-conductor[98858]: DEBUG cotyledon.oslo_config_glue [-] oslo_messaging_rabbit.rabbit_interval_max = 30 {{(pid=98858) log_opt_values /opt/stack/data/venv/lib/python3.12/site-packages/oslo_config/cfg.py:3253}}
Jul 08 13:37:59.018811 np0000004820 nova-conductor[98858]: DEBUG cotyledon.oslo_config_glue [-] oslo_messaging_rabbit.rabbit_login_method = AMQPLAIN {{(pid=98858) log_opt_values /opt/stack/data/venv/lib/python3.12/site-packages/oslo_config/cfg.py:3253}}
Jul 08 13:37:59.018811 np0000004820 nova-conductor[98858]: DEBUG cotyledon.oslo_config_glue [-] oslo_messaging_rabbit.rabbit_qos_prefetch_count = 0 {{(pid=98858) log_opt_values /opt/stack/data/venv/lib/python3.12/site-packages/oslo_config/cfg.py:3253}}
Jul 08 13:37:59.018811 np0000004820 nova-conductor[98858]: DEBUG cotyledon.oslo_config_glue [-] oslo_messaging_rabbit.rabbit_quorum_delivery_limit = 0 {{(pid=98858) log_opt_values /opt/stack/data/venv/lib/python3.12/site-packages/oslo_config/cfg.py:3253}}
Jul 08 13:37:59.018811 np0000004820 nova-conductor[98858]: DEBUG cotyledon.oslo_config_glue [-] oslo_messaging_rabbit.rabbit_quorum_max_memory_bytes = 0 {{(pid=98858) log_opt_values /opt/stack/data/venv/lib/python3.12/site-packages/oslo_config/cfg.py:3253}}
Jul 08 13:37:59.019033 np0000004820 nova-conductor[98858]: DEBUG cotyledon.oslo_config_glue [-] oslo_messaging_rabbit.rabbit_quorum_max_memory_length = 0 {{(pid=98858) log_opt_values /opt/stack/data/venv/lib/python3.12/site-packages/oslo_config/cfg.py:3253}}
Jul 08 13:37:59.019033 np0000004820 nova-conductor[98858]: DEBUG cotyledon.oslo_config_glue [-] oslo_messaging_rabbit.rabbit_quorum_queue = False {{(pid=98858) log_opt_values /opt/stack/data/venv/lib/python3.12/site-packages/oslo_config/cfg.py:3253}}
Jul 08 13:37:59.019033 np0000004820 nova-conductor[98858]: DEBUG cotyledon.oslo_config_glue [-] oslo_messaging_rabbit.rabbit_retry_backoff = 2 {{(pid=98858) log_opt_values /opt/stack/data/venv/lib/python3.12/site-packages/oslo_config/cfg.py:3253}}
Jul 08 13:37:59.019033 np0000004820 nova-conductor[98858]: DEBUG cotyledon.oslo_config_glue [-] oslo_messaging_rabbit.rabbit_retry_interval = 1 {{(pid=98858) log_opt_values /opt/stack/data/venv/lib/python3.12/site-packages/oslo_config/cfg.py:3253}}
Jul 08 13:37:59.019033 np0000004820 nova-conductor[98858]: DEBUG cotyledon.oslo_config_glue [-] oslo_messaging_rabbit.rabbit_stream_fanout = False {{(pid=98858) log_opt_values /opt/stack/data/venv/lib/python3.12/site-packages/oslo_config/cfg.py:3253}}
Jul 08 13:37:59.019033 np0000004820 nova-conductor[98858]: DEBUG cotyledon.oslo_config_glue [-] oslo_messaging_rabbit.rabbit_transient_queues_ttl = 1800 {{(pid=98858) log_opt_values /opt/stack/data/venv/lib/python3.12/site-packages/oslo_config/cfg.py:3253}}
Jul 08 13:37:59.019033 np0000004820 nova-conductor[98858]: DEBUG cotyledon.oslo_config_glue [-] oslo_messaging_rabbit.rabbit_transient_quorum_queue = False {{(pid=98858) log_opt_values /opt/stack/data/venv/lib/python3.12/site-packages/oslo_config/cfg.py:3253}}
Jul 08 13:37:59.019033 np0000004820 nova-conductor[98858]: DEBUG cotyledon.oslo_config_glue [-] oslo_messaging_rabbit.rpc_conn_pool_size = 30 {{(pid=98858) log_opt_values /opt/stack/data/venv/lib/python3.12/site-packages/oslo_config/cfg.py:3253}}
Jul 08 13:37:59.019033 np0000004820 nova-conductor[98858]: DEBUG cotyledon.oslo_config_glue [-] oslo_messaging_rabbit.ssl = False {{(pid=98858) log_opt_values /opt/stack/data/venv/lib/python3.12/site-packages/oslo_config/cfg.py:3253}}
Jul 08 13:37:59.019206 np0000004820 nova-conductor[98858]: DEBUG cotyledon.oslo_config_glue [-] oslo_messaging_rabbit.ssl_ca_file = {{(pid=98858) log_opt_values /opt/stack/data/venv/lib/python3.12/site-packages/oslo_config/cfg.py:3253}}
Jul 08 13:37:59.019206 np0000004820 nova-conductor[98858]: DEBUG cotyledon.oslo_config_glue [-] oslo_messaging_rabbit.ssl_cert_file = {{(pid=98858) log_opt_values /opt/stack/data/venv/lib/python3.12/site-packages/oslo_config/cfg.py:3253}}
Jul 08 13:37:59.019206 np0000004820 nova-conductor[98858]: DEBUG cotyledon.oslo_config_glue [-] oslo_messaging_rabbit.ssl_enforce_fips_mode = False {{(pid=98858) log_opt_values /opt/stack/data/venv/lib/python3.12/site-packages/oslo_config/cfg.py:3253}}
Jul 08 13:37:59.019206 np0000004820 nova-conductor[98858]: DEBUG cotyledon.oslo_config_glue [-] oslo_messaging_rabbit.ssl_enforce_hostname_verification = True {{(pid=98858) log_opt_values /opt/stack/data/venv/lib/python3.12/site-packages/oslo_config/cfg.py:3253}}
Jul 08 13:37:59.019206 np0000004820 nova-conductor[98858]: DEBUG cotyledon.oslo_config_glue [-] oslo_messaging_rabbit.ssl_key_file = {{(pid=98858) log_opt_values /opt/stack/data/venv/lib/python3.12/site-packages/oslo_config/cfg.py:3253}}
Jul 08 13:37:59.019206 np0000004820 nova-conductor[98858]: DEBUG cotyledon.oslo_config_glue [-] oslo_messaging_rabbit.ssl_version = {{(pid=98858) log_opt_values /opt/stack/data/venv/lib/python3.12/site-packages/oslo_config/cfg.py:3253}}
Jul 08 13:37:59.019206 np0000004820 nova-conductor[98858]: DEBUG cotyledon.oslo_config_glue [-] oslo_messaging_rabbit.use_queue_manager = False {{(pid=98858) log_opt_values /opt/stack/data/venv/lib/python3.12/site-packages/oslo_config/cfg.py:3253}}
Jul 08 13:37:59.019206 np0000004820 nova-conductor[98858]: DEBUG cotyledon.oslo_config_glue [-] oslo_messaging_notifications.driver = ['messagingv2'] {{(pid=98858) log_opt_values /opt/stack/data/venv/lib/python3.12/site-packages/oslo_config/cfg.py:3253}}
Jul 08 13:37:59.019206 np0000004820 nova-conductor[98858]: DEBUG cotyledon.oslo_config_glue [-] oslo_messaging_notifications.retry = -1 {{(pid=98858) log_opt_values /opt/stack/data/venv/lib/python3.12/site-packages/oslo_config/cfg.py:3253}}
Jul 08 13:37:59.019384 np0000004820 nova-conductor[98858]: DEBUG cotyledon.oslo_config_glue [-] oslo_messaging_notifications.topics = ['notifications'] {{(pid=98858) log_opt_values /opt/stack/data/venv/lib/python3.12/site-packages/oslo_config/cfg.py:3253}}
Jul 08 13:37:59.019384 np0000004820 nova-conductor[98858]: DEBUG cotyledon.oslo_config_glue [-] oslo_messaging_notifications.transport_url = **** {{(pid=98858) log_opt_values /opt/stack/data/venv/lib/python3.12/site-packages/oslo_config/cfg.py:3253}}
Jul 08 13:37:59.019384 np0000004820 nova-conductor[98858]: DEBUG cotyledon.oslo_config_glue [-] oslo_limit.auth_section = None {{(pid=98858) log_opt_values /opt/stack/data/venv/lib/python3.12/site-packages/oslo_config/cfg.py:3253}}
Jul 08 13:37:59.019384 np0000004820 nova-conductor[98858]: DEBUG cotyledon.oslo_config_glue [-] oslo_limit.auth_type = None {{(pid=98858) log_opt_values /opt/stack/data/venv/lib/python3.12/site-packages/oslo_config/cfg.py:3253}}
Jul 08 13:37:59.019384 np0000004820 nova-conductor[98858]: DEBUG cotyledon.oslo_config_glue [-] oslo_limit.cafile = None {{(pid=98858) log_opt_values /opt/stack/data/venv/lib/python3.12/site-packages/oslo_config/cfg.py:3253}}
Jul 08 13:37:59.019384 np0000004820 nova-conductor[98858]: DEBUG cotyledon.oslo_config_glue [-] oslo_limit.certfile = None {{(pid=98858) log_opt_values /opt/stack/data/venv/lib/python3.12/site-packages/oslo_config/cfg.py:3253}}
Jul 08 13:37:59.019384 np0000004820 nova-conductor[98858]: DEBUG cotyledon.oslo_config_glue [-] oslo_limit.collect_timing = False {{(pid=98858) log_opt_values /opt/stack/data/venv/lib/python3.12/site-packages/oslo_config/cfg.py:3253}}
Jul 08 13:37:59.019384 np0000004820 nova-conductor[98858]: DEBUG cotyledon.oslo_config_glue [-] oslo_limit.connect_retries = None {{(pid=98858) log_opt_values /opt/stack/data/venv/lib/python3.12/site-packages/oslo_config/cfg.py:3253}}
Jul 08 13:37:59.019384 np0000004820 nova-conductor[98858]: DEBUG cotyledon.oslo_config_glue [-] oslo_limit.connect_retry_delay = None {{(pid=98858) log_opt_values /opt/stack/data/venv/lib/python3.12/site-packages/oslo_config/cfg.py:3253}}
Jul 08 13:37:59.019554 np0000004820 nova-conductor[98858]: DEBUG cotyledon.oslo_config_glue [-] oslo_limit.endpoint_id = None {{(pid=98858) log_opt_values /opt/stack/data/venv/lib/python3.12/site-packages/oslo_config/cfg.py:3253}}
Jul 08 13:37:59.019554 np0000004820 nova-conductor[98858]: DEBUG cotyledon.oslo_config_glue [-] oslo_limit.endpoint_interface = public {{(pid=98858) log_opt_values /opt/stack/data/venv/lib/python3.12/site-packages/oslo_config/cfg.py:3253}}
Jul 08 13:37:59.019554 np0000004820 nova-conductor[98858]: DEBUG cotyledon.oslo_config_glue [-] oslo_limit.endpoint_override = None {{(pid=98858) log_opt_values /opt/stack/data/venv/lib/python3.12/site-packages/oslo_config/cfg.py:3253}}
Jul 08 13:37:59.019554 np0000004820 nova-conductor[98858]: DEBUG cotyledon.oslo_config_glue [-] oslo_limit.endpoint_region_name = None {{(pid=98858) log_opt_values /opt/stack/data/venv/lib/python3.12/site-packages/oslo_config/cfg.py:3253}}
Jul 08 13:37:59.019554 np0000004820 nova-conductor[98858]: DEBUG cotyledon.oslo_config_glue [-] oslo_limit.endpoint_service_name = None {{(pid=98858) log_opt_values /opt/stack/data/venv/lib/python3.12/site-packages/oslo_config/cfg.py:3253}}
Jul 08 13:37:59.019554 np0000004820 nova-conductor[98858]: DEBUG cotyledon.oslo_config_glue [-] oslo_limit.endpoint_service_type = None {{(pid=98858) log_opt_values /opt/stack/data/venv/lib/python3.12/site-packages/oslo_config/cfg.py:3253}}
Jul 08 13:37:59.019554 np0000004820 nova-conductor[98858]: DEBUG cotyledon.oslo_config_glue [-] oslo_limit.insecure = False {{(pid=98858) log_opt_values /opt/stack/data/venv/lib/python3.12/site-packages/oslo_config/cfg.py:3253}}
Jul 08 13:37:59.019554 np0000004820 nova-conductor[98858]: DEBUG cotyledon.oslo_config_glue [-] oslo_limit.keyfile = None {{(pid=98858) log_opt_values /opt/stack/data/venv/lib/python3.12/site-packages/oslo_config/cfg.py:3253}}
Jul 08 13:37:59.019554 np0000004820 nova-conductor[98858]: DEBUG cotyledon.oslo_config_glue [-] oslo_limit.max_version = None {{(pid=98858) log_opt_values /opt/stack/data/venv/lib/python3.12/site-packages/oslo_config/cfg.py:3253}}
Jul 08 13:37:59.019724 np0000004820 nova-conductor[98858]: DEBUG cotyledon.oslo_config_glue [-] oslo_limit.min_version = None {{(pid=98858) log_opt_values /opt/stack/data/venv/lib/python3.12/site-packages/oslo_config/cfg.py:3253}}
Jul 08 13:37:59.019724 np0000004820 nova-conductor[98858]: DEBUG cotyledon.oslo_config_glue [-] oslo_limit.region_name = None {{(pid=98858) log_opt_values /opt/stack/data/venv/lib/python3.12/site-packages/oslo_config/cfg.py:3253}}
Jul 08 13:37:59.019724 np0000004820 nova-conductor[98858]: DEBUG cotyledon.oslo_config_glue [-] oslo_limit.retriable_status_codes = None {{(pid=98858) log_opt_values /opt/stack/data/venv/lib/python3.12/site-packages/oslo_config/cfg.py:3253}}
Jul 08 13:37:59.019724 np0000004820 nova-conductor[98858]: DEBUG cotyledon.oslo_config_glue [-] oslo_limit.service_name = None {{(pid=98858) log_opt_values /opt/stack/data/venv/lib/python3.12/site-packages/oslo_config/cfg.py:3253}}
Jul 08 13:37:59.019724 np0000004820 nova-conductor[98858]: DEBUG cotyledon.oslo_config_glue [-] oslo_limit.service_type = None {{(pid=98858) log_opt_values /opt/stack/data/venv/lib/python3.12/site-packages/oslo_config/cfg.py:3253}}
Jul 08 13:37:59.019724 np0000004820 nova-conductor[98858]: DEBUG cotyledon.oslo_config_glue [-] oslo_limit.split_loggers = False {{(pid=98858) log_opt_values /opt/stack/data/venv/lib/python3.12/site-packages/oslo_config/cfg.py:3253}}
Jul 08 13:37:59.019724 np0000004820 nova-conductor[98858]: DEBUG cotyledon.oslo_config_glue [-] oslo_limit.status_code_retries = None {{(pid=98858) log_opt_values /opt/stack/data/venv/lib/python3.12/site-packages/oslo_config/cfg.py:3253}}
Jul 08 13:37:59.019724 np0000004820 nova-conductor[98858]: DEBUG cotyledon.oslo_config_glue [-] oslo_limit.status_code_retry_delay = None {{(pid=98858) log_opt_values /opt/stack/data/venv/lib/python3.12/site-packages/oslo_config/cfg.py:3253}}
Jul 08 13:37:59.019724 np0000004820 nova-conductor[98858]: DEBUG cotyledon.oslo_config_glue [-] oslo_limit.timeout = None {{(pid=98858) log_opt_values /opt/stack/data/venv/lib/python3.12/site-packages/oslo_config/cfg.py:3253}}
Jul 08 13:37:59.019914 np0000004820 nova-conductor[98858]: DEBUG cotyledon.oslo_config_glue [-] oslo_limit.valid_interfaces = None {{(pid=98858) log_opt_values /opt/stack/data/venv/lib/python3.12/site-packages/oslo_config/cfg.py:3253}}
Jul 08 13:37:59.019914 np0000004820 nova-conductor[98858]: DEBUG cotyledon.oslo_config_glue [-] oslo_limit.version = None {{(pid=98858) log_opt_values /opt/stack/data/venv/lib/python3.12/site-packages/oslo_config/cfg.py:3253}}
Jul 08 13:37:59.019914 np0000004820 nova-conductor[98858]: DEBUG cotyledon.oslo_config_glue [-] oslo_reports.file_event_handler = None {{(pid=98858) log_opt_values /opt/stack/data/venv/lib/python3.12/site-packages/oslo_config/cfg.py:3253}}
Jul 08 13:37:59.019914 np0000004820 nova-conductor[98858]: DEBUG cotyledon.oslo_config_glue [-] oslo_reports.file_event_handler_interval = 1 {{(pid=98858) log_opt_values /opt/stack/data/venv/lib/python3.12/site-packages/oslo_config/cfg.py:3253}}
Jul 08 13:37:59.019914 np0000004820 nova-conductor[98858]: DEBUG cotyledon.oslo_config_glue [-] oslo_reports.log_dir = None {{(pid=98858) log_opt_values /opt/stack/data/venv/lib/python3.12/site-packages/oslo_config/cfg.py:3253}}
Jul 08 13:37:59.019914 np0000004820 nova-conductor[98858]: DEBUG cotyledon.oslo_config_glue [-] ******************************************************************************** {{(pid=98858) log_opt_values /opt/stack/data/venv/lib/python3.12/site-packages/oslo_config/cfg.py:3260}}
Jul 08 13:37:59.019914 np0000004820 nova-conductor[98858]: DEBUG cotyledon._service_worker [-] Run service ServiceWrapper(3) [98858] {{(pid=98858) wait_forever /opt/stack/data/venv/lib/python3.12/site-packages/cotyledon/_service_worker.py:218}}
Jul 08 13:37:59.019914 np0000004820 nova-conductor[98858]: INFO nova.service [-] Starting conductor node (version 33.1.0)
Jul 08 13:37:59.019914 np0000004820 nova-conductor[98858]: INFO dbcounter [None req-2c07f8ef-0d1e-4bed-b4fe-82e02889d917 None None] Registered counter for database nova_cell0
Jul 08 13:37:59.025905 np0000004820 nova-conductor[98833]: DEBUG oslo_db.sqlalchemy.engines [None req-1cd490d8-bb36-4545-b8bd-2dcf97bbcbd8 None None] MySQL server mode set to STRICT_TRANS_TABLES,STRICT_ALL_TABLES,NO_ZERO_IN_DATE,NO_ZERO_DATE,ERROR_FOR_DIVISION_BY_ZERO,TRADITIONAL,NO_ENGINE_SUBSTITUTION {{(pid=98833) _check_effective_sql_mode /opt/stack/data/venv/lib/python3.12/site-packages/oslo_db/sqlalchemy/engines.py:325}}
Jul 08 13:37:59.031379 np0000004820 nova-conductor[98840]: DEBUG oslo_db.sqlalchemy.engines [None req-f69135e4-cd7a-495d-9d30-e0cdea1a3edf None None] MySQL server mode set to STRICT_TRANS_TABLES,STRICT_ALL_TABLES,NO_ZERO_IN_DATE,NO_ZERO_DATE,ERROR_FOR_DIVISION_BY_ZERO,TRADITIONAL,NO_ENGINE_SUBSTITUTION {{(pid=98840) _check_effective_sql_mode /opt/stack/data/venv/lib/python3.12/site-packages/oslo_db/sqlalchemy/engines.py:325}}
Jul 08 13:37:59.035151 np0000004820 nova-conductor[98845]: DEBUG oslo_db.sqlalchemy.engines [None req-dfd1a281-8bcd-4f7a-9d6d-02405ebaf79e None None] MySQL server mode set to STRICT_TRANS_TABLES,STRICT_ALL_TABLES,NO_ZERO_IN_DATE,NO_ZERO_DATE,ERROR_FOR_DIVISION_BY_ZERO,TRADITIONAL,NO_ENGINE_SUBSTITUTION {{(pid=98845) _check_effective_sql_mode /opt/stack/data/venv/lib/python3.12/site-packages/oslo_db/sqlalchemy/engines.py:325}}
Jul 08 13:37:59.038183 np0000004820 nova-conductor[98833]: DEBUG dbcounter [-] [98833] Writer thread running {{(pid=98833) stat_writer /opt/stack/data/venv/lib/python3.12/site-packages/dbcounter.py:102}}
Jul 08 13:37:59.042684 np0000004820 nova-conductor[98840]: DEBUG dbcounter [-] [98840] Writer thread running {{(pid=98840) stat_writer /opt/stack/data/venv/lib/python3.12/site-packages/dbcounter.py:102}}
Jul 08 13:37:59.044400 np0000004820 nova-conductor[98845]: DEBUG dbcounter [-] [98845] Writer thread running {{(pid=98845) stat_writer /opt/stack/data/venv/lib/python3.12/site-packages/dbcounter.py:102}}
Jul 08 13:37:59.047569 np0000004820 nova-conductor[98858]: DEBUG oslo_db.sqlalchemy.engines [None req-2c07f8ef-0d1e-4bed-b4fe-82e02889d917 None None] MySQL server mode set to STRICT_TRANS_TABLES,STRICT_ALL_TABLES,NO_ZERO_IN_DATE,NO_ZERO_DATE,ERROR_FOR_DIVISION_BY_ZERO,TRADITIONAL,NO_ENGINE_SUBSTITUTION {{(pid=98858) _check_effective_sql_mode /opt/stack/data/venv/lib/python3.12/site-packages/oslo_db/sqlalchemy/engines.py:325}}
Jul 08 13:37:59.056190 np0000004820 nova-conductor[98833]: DEBUG nova.service [None req-1cd490d8-bb36-4545-b8bd-2dcf97bbcbd8 None None] Creating RPC server for service: nova-conductor on topic: conductor {{(pid=98833) start /opt/stack/nova/nova/service.py:196}}
Jul 08 13:37:59.056368 np0000004820 nova-conductor[98858]: DEBUG dbcounter [-] [98858] Writer thread running {{(pid=98858) stat_writer /opt/stack/data/venv/lib/python3.12/site-packages/dbcounter.py:102}}
Jul 08 13:37:59.059241 np0000004820 nova-conductor[98858]: DEBUG nova.service [None req-2c07f8ef-0d1e-4bed-b4fe-82e02889d917 None None] Creating RPC server for service: nova-conductor on topic: conductor {{(pid=98858) start /opt/stack/nova/nova/service.py:196}}
Jul 08 13:37:59.059978 np0000004820 nova-conductor[98845]: DEBUG nova.service [None req-dfd1a281-8bcd-4f7a-9d6d-02405ebaf79e None None] Creating RPC server for service: nova-conductor on topic: conductor {{(pid=98845) start /opt/stack/nova/nova/service.py:196}}
Jul 08 13:37:59.060909 np0000004820 nova-conductor[98840]: DEBUG nova.service [None req-f69135e4-cd7a-495d-9d30-e0cdea1a3edf None None] Creating RPC server for service: nova-conductor on topic: conductor {{(pid=98840) start /opt/stack/nova/nova/service.py:196}}
Jul 08 13:37:59.080560 np0000004820 nova-conductor[98845]: DEBUG nova.service [None req-dfd1a281-8bcd-4f7a-9d6d-02405ebaf79e None None] Join ServiceGroup membership for this service conductor {{(pid=98845) start /opt/stack/nova/nova/service.py:222}}
Jul 08 13:37:59.080642 np0000004820 nova-conductor[98858]: DEBUG nova.service [None req-2c07f8ef-0d1e-4bed-b4fe-82e02889d917 None None] Join ServiceGroup membership for this service conductor {{(pid=98858) start /opt/stack/nova/nova/service.py:222}}
Jul 08 13:37:59.080769 np0000004820 nova-conductor[98845]: DEBUG nova.servicegroup.drivers.db [None req-dfd1a281-8bcd-4f7a-9d6d-02405ebaf79e None None] DB_Driver: join new ServiceGroup member np0000004820 to the conductor group, service = {{(pid=98845) join /opt/stack/nova/nova/servicegroup/drivers/db.py:44}}
Jul 08 13:37:59.080826 np0000004820 nova-conductor[98858]: DEBUG nova.servicegroup.drivers.db [None req-2c07f8ef-0d1e-4bed-b4fe-82e02889d917 None None] DB_Driver: join new ServiceGroup member np0000004820 to the conductor group, service = {{(pid=98858) join /opt/stack/nova/nova/servicegroup/drivers/db.py:44}}
Jul 08 13:37:59.084418 np0000004820 nova-conductor[98833]: DEBUG nova.service [None req-1cd490d8-bb36-4545-b8bd-2dcf97bbcbd8 None None] Join ServiceGroup membership for this service conductor {{(pid=98833) start /opt/stack/nova/nova/service.py:222}}
Jul 08 13:37:59.084640 np0000004820 nova-conductor[98833]: DEBUG nova.servicegroup.drivers.db [None req-1cd490d8-bb36-4545-b8bd-2dcf97bbcbd8 None None] DB_Driver: join new ServiceGroup member np0000004820 to the conductor group, service = {{(pid=98833) join /opt/stack/nova/nova/servicegroup/drivers/db.py:44}}
Jul 08 13:37:59.087575 np0000004820 nova-conductor[98840]: DEBUG nova.service [None req-f69135e4-cd7a-495d-9d30-e0cdea1a3edf None None] Join ServiceGroup membership for this service conductor {{(pid=98840) start /opt/stack/nova/nova/service.py:222}}
Jul 08 13:37:59.087756 np0000004820 nova-conductor[98840]: DEBUG nova.servicegroup.drivers.db [None req-f69135e4-cd7a-495d-9d30-e0cdea1a3edf None None] DB_Driver: join new ServiceGroup member np0000004820 to the conductor group, service = {{(pid=98840) join /opt/stack/nova/nova/servicegroup/drivers/db.py:44}}
Jul 08 13:38:04.098242 np0000004820 nova-conductor[98845]: DEBUG oslo.service.backend._threading.loopingcall [-] Fixed interval looping call 'nova.servicegroup.drivers.db.DbDriver._report_state' sleeping for 119.98 seconds {{(pid=98845) _run_loop /opt/stack/data/venv/lib/python3.12/site-packages/oslo_service/backend/_threading/loopingcall.py:125}}
Jul 08 13:38:04.099412 np0000004820 nova-conductor[98858]: DEBUG oslo.service.backend._threading.loopingcall [-] Fixed interval looping call 'nova.servicegroup.drivers.db.DbDriver._report_state' sleeping for 119.98 seconds {{(pid=98858) _run_loop /opt/stack/data/venv/lib/python3.12/site-packages/oslo_service/backend/_threading/loopingcall.py:125}}
Jul 08 13:38:04.099679 np0000004820 nova-conductor[98833]: DEBUG oslo.service.backend._threading.loopingcall [-] Fixed interval looping call 'nova.servicegroup.drivers.db.DbDriver._report_state' sleeping for 119.99 seconds {{(pid=98833) _run_loop /opt/stack/data/venv/lib/python3.12/site-packages/oslo_service/backend/_threading/loopingcall.py:125}}
Jul 08 13:38:04.100268 np0000004820 nova-conductor[98840]: DEBUG oslo.service.backend._threading.loopingcall [-] Fixed interval looping call 'nova.servicegroup.drivers.db.DbDriver._report_state' sleeping for 119.99 seconds {{(pid=98840) _run_loop /opt/stack/data/venv/lib/python3.12/site-packages/oslo_service/backend/_threading/loopingcall.py:125}}
Jul 08 13:38:07.647772 np0000004820 nova-conductor[97364]: DEBUG dbcounter [-] [97364] Writing DB stats nova_api:SELECT=1 {{(pid=97364) stat_writer /opt/stack/data/venv/lib/python3.12/site-packages/dbcounter.py:115}}
Jul 08 13:38:07.774510 np0000004820 nova-conductor[97364]: DEBUG dbcounter [-] [97364] Writing DB stats nova_cell1:SELECT=1 {{(pid=97364) stat_writer /opt/stack/data/venv/lib/python3.12/site-packages/dbcounter.py:115}}
Jul 08 13:38:07.783274 np0000004820 nova-conductor[97364]: DEBUG dbcounter [-] [97364] Writing DB stats nova_cell0:SELECT=1 {{(pid=97364) stat_writer /opt/stack/data/venv/lib/python3.12/site-packages/dbcounter.py:115}}
Jul 08 13:38:14.089780 np0000004820 nova-conductor[98845]: DEBUG dbcounter [-] [98845] Writing DB stats nova_cell0:SELECT=5,nova_cell0:INSERT=1,nova_cell0:UPDATE=1 {{(pid=98845) stat_writer /opt/stack/data/venv/lib/python3.12/site-packages/dbcounter.py:115}}
Jul 08 13:38:14.093414 np0000004820 nova-conductor[98858]: DEBUG dbcounter [-] [98858] Writing DB stats nova_cell0:SELECT=3,nova_cell0:UPDATE=1 {{(pid=98858) stat_writer /opt/stack/data/venv/lib/python3.12/site-packages/dbcounter.py:115}}
Jul 08 13:38:14.095828 np0000004820 nova-conductor[98833]: DEBUG dbcounter [-] [98833] Writing DB stats nova_cell0:SELECT=4,nova_cell0:INSERT=1,nova_cell0:UPDATE=1 {{(pid=98833) stat_writer /opt/stack/data/venv/lib/python3.12/site-packages/dbcounter.py:115}}
Jul 08 13:38:14.096085 np0000004820 nova-conductor[98840]: DEBUG dbcounter [-] [98840] Writing DB stats nova_cell0:SELECT=5,nova_cell0:INSERT=1,nova_cell0:UPDATE=1 {{(pid=98840) stat_writer /opt/stack/data/venv/lib/python3.12/site-packages/dbcounter.py:115}}
Jul 08 13:38:18.086639 np0000004820 nova-conductor[98833]: DEBUG oslo.service.backend._threading.loopingcall [None req-23a24827-fba8-42b1-9aa9-2bc6c072c6a6 None None] Dynamic interval looping call 'nova.service.Service.periodic_tasks' sleeping for 60.00 seconds {{(pid=98833) _run_loop /opt/stack/data/venv/lib/python3.12/site-packages/oslo_service/backend/_threading/loopingcall.py:125}}
Jul 08 13:38:20.082611 np0000004820 nova-conductor[98858]: DEBUG oslo.service.backend._threading.loopingcall [None req-39af0116-b8a7-47e2-b2b1-bd0f00de5dc9 None None] Dynamic interval looping call 'nova.service.Service.periodic_tasks' sleeping for 60.00 seconds {{(pid=98858) _run_loop /opt/stack/data/venv/lib/python3.12/site-packages/oslo_service/backend/_threading/loopingcall.py:125}}
Jul 08 13:38:23.089898 np0000004820 nova-conductor[98840]: DEBUG oslo.service.backend._threading.loopingcall [None req-90f6ddae-131a-4bfe-bc6b-65a264f93c1d None None] Dynamic interval looping call 'nova.service.Service.periodic_tasks' sleeping for 60.00 seconds {{(pid=98840) _run_loop /opt/stack/data/venv/lib/python3.12/site-packages/oslo_service/backend/_threading/loopingcall.py:125}}
Jul 08 13:38:41.083158 np0000004820 nova-conductor[98845]: DEBUG oslo.service.backend._threading.loopingcall [None req-c32b7b83-98e8-4d8d-95f0-519393bea641 None None] Dynamic interval looping call 'nova.service.Service.periodic_tasks' sleeping for 60.00 seconds {{(pid=98845) _run_loop /opt/stack/data/venv/lib/python3.12/site-packages/oslo_service/backend/_threading/loopingcall.py:125}}
Jul 08 13:39:18.087295 np0000004820 nova-conductor[98833]: DEBUG oslo.service.backend._threading.loopingcall [None req-23a24827-fba8-42b1-9aa9-2bc6c072c6a6 None None] Dynamic interval looping call 'nova.service.Service.periodic_tasks' sleeping for 60.00 seconds {{(pid=98833) _run_loop /opt/stack/data/venv/lib/python3.12/site-packages/oslo_service/backend/_threading/loopingcall.py:125}}
Jul 08 13:39:20.083139 np0000004820 nova-conductor[98858]: DEBUG oslo.service.backend._threading.loopingcall [None req-39af0116-b8a7-47e2-b2b1-bd0f00de5dc9 None None] Dynamic interval looping call 'nova.service.Service.periodic_tasks' sleeping for 60.00 seconds {{(pid=98858) _run_loop /opt/stack/data/venv/lib/python3.12/site-packages/oslo_service/backend/_threading/loopingcall.py:125}}
Jul 08 13:39:23.090503 np0000004820 nova-conductor[98840]: DEBUG oslo.service.backend._threading.loopingcall [None req-90f6ddae-131a-4bfe-bc6b-65a264f93c1d None None] Dynamic interval looping call 'nova.service.Service.periodic_tasks' sleeping for 60.00 seconds {{(pid=98840) _run_loop /opt/stack/data/venv/lib/python3.12/site-packages/oslo_service/backend/_threading/loopingcall.py:125}}
Jul 08 13:39:41.083729 np0000004820 nova-conductor[98845]: DEBUG oslo.service.backend._threading.loopingcall [None req-c32b7b83-98e8-4d8d-95f0-519393bea641 None None] Dynamic interval looping call 'nova.service.Service.periodic_tasks' sleeping for 60.00 seconds {{(pid=98845) _run_loop /opt/stack/data/venv/lib/python3.12/site-packages/oslo_service/backend/_threading/loopingcall.py:125}}
Jul 08 13:40:04.089097 np0000004820 nova-conductor[98845]: DEBUG oslo.service.backend._threading.loopingcall [-] Fixed interval looping call 'nova.servicegroup.drivers.db.DbDriver._report_state' sleeping for 119.99 seconds {{(pid=98845) _run_loop /opt/stack/data/venv/lib/python3.12/site-packages/oslo_service/backend/_threading/loopingcall.py:125}}
Jul 08 13:40:04.089720 np0000004820 nova-conductor[98858]: DEBUG oslo.service.backend._threading.loopingcall [-] Fixed interval looping call 'nova.servicegroup.drivers.db.DbDriver._report_state' sleeping for 119.99 seconds {{(pid=98858) _run_loop /opt/stack/data/venv/lib/python3.12/site-packages/oslo_service/backend/_threading/loopingcall.py:125}}
Jul 08 13:40:04.095223 np0000004820 nova-conductor[98833]: DEBUG oslo.service.backend._threading.loopingcall [-] Fixed interval looping call 'nova.servicegroup.drivers.db.DbDriver._report_state' sleeping for 120.00 seconds {{(pid=98833) _run_loop /opt/stack/data/venv/lib/python3.12/site-packages/oslo_service/backend/_threading/loopingcall.py:125}}
Jul 08 13:40:04.098121 np0000004820 nova-conductor[98840]: DEBUG oslo.service.backend._threading.loopingcall [-] Fixed interval looping call 'nova.servicegroup.drivers.db.DbDriver._report_state' sleeping for 119.99 seconds {{(pid=98840) _run_loop /opt/stack/data/venv/lib/python3.12/site-packages/oslo_service/backend/_threading/loopingcall.py:125}}
Jul 08 13:40:14.318055 np0000004820 nova-conductor[98845]: DEBUG dbcounter [-] [98845] Writing DB stats nova_cell0:SELECT=1,nova_cell0:UPDATE=1 {{(pid=98845) stat_writer /opt/stack/data/venv/lib/python3.12/site-packages/dbcounter.py:115}}
Jul 08 13:40:14.319152 np0000004820 nova-conductor[98858]: DEBUG dbcounter [-] [98858] Writing DB stats nova_cell0:SELECT=1,nova_cell0:UPDATE=1 {{(pid=98858) stat_writer /opt/stack/data/venv/lib/python3.12/site-packages/dbcounter.py:115}}
Jul 08 13:40:14.319924 np0000004820 nova-conductor[98833]: DEBUG dbcounter [-] [98833] Writing DB stats nova_cell0:SELECT=1 {{(pid=98833) stat_writer /opt/stack/data/venv/lib/python3.12/site-packages/dbcounter.py:115}}
Jul 08 13:40:14.320447 np0000004820 nova-conductor[98840]: DEBUG dbcounter [-] [98840] Writing DB stats nova_cell0:SELECT=1 {{(pid=98840) stat_writer /opt/stack/data/venv/lib/python3.12/site-packages/dbcounter.py:115}}
Jul 08 13:40:18.088761 np0000004820 nova-conductor[98833]: DEBUG oslo.service.backend._threading.loopingcall [None req-23a24827-fba8-42b1-9aa9-2bc6c072c6a6 None None] Dynamic interval looping call 'nova.service.Service.periodic_tasks' sleeping for 60.00 seconds {{(pid=98833) _run_loop /opt/stack/data/venv/lib/python3.12/site-packages/oslo_service/backend/_threading/loopingcall.py:125}}
Jul 08 13:40:20.083673 np0000004820 nova-conductor[98858]: DEBUG oslo.service.backend._threading.loopingcall [None req-39af0116-b8a7-47e2-b2b1-bd0f00de5dc9 None None] Dynamic interval looping call 'nova.service.Service.periodic_tasks' sleeping for 60.00 seconds {{(pid=98858) _run_loop /opt/stack/data/venv/lib/python3.12/site-packages/oslo_service/backend/_threading/loopingcall.py:125}}
Jul 08 13:40:23.091346 np0000004820 nova-conductor[98840]: DEBUG oslo.service.backend._threading.loopingcall [None req-90f6ddae-131a-4bfe-bc6b-65a264f93c1d None None] Dynamic interval looping call 'nova.service.Service.periodic_tasks' sleeping for 60.00 seconds {{(pid=98840) _run_loop /opt/stack/data/venv/lib/python3.12/site-packages/oslo_service/backend/_threading/loopingcall.py:125}}
Jul 08 13:40:25.614140 np0000004820 nova-conductor[98858]: DEBUG oslo_db.sqlalchemy.engines [None req-eccac1a1-882b-48ce-95a0-9dafd6523a27 tempest-ServerBootFromVolumeStableRescueTest-540871071 tempest-ServerBootFromVolumeStableRescueTest-540871071-project-member] Parent process 97364 forked (98858) with an open database connection, which is being discarded and recreated. {{(pid=98858) checkout /opt/stack/data/venv/lib/python3.12/site-packages/oslo_db/sqlalchemy/engines.py:402}}
Jul 08 13:40:25.665326 np0000004820 nova-conductor[98858]: DEBUG dbcounter [-] [98858] Writer thread running {{(pid=98858) stat_writer /opt/stack/data/venv/lib/python3.12/site-packages/dbcounter.py:102}}
Jul 08 13:40:27.213279 np0000004820 nova-conductor[98858]: DEBUG nova.conductor.manager [None req-eccac1a1-882b-48ce-95a0-9dafd6523a27 tempest-ServerBootFromVolumeStableRescueTest-540871071 tempest-ServerBootFromVolumeStableRescueTest-540871071-project-member] Took 1.53 seconds to select destinations for 1 instance(s). {{(pid=98858) _schedule_instances /opt/stack/nova/nova/conductor/manager.py:968}}
Jul 08 13:40:27.281912 np0000004820 nova-conductor[98858]: DEBUG oslo_concurrency.lockutils [None req-eccac1a1-882b-48ce-95a0-9dafd6523a27 tempest-ServerBootFromVolumeStableRescueTest-540871071 tempest-ServerBootFromVolumeStableRescueTest-540871071-project-member] Acquiring lock "d0279f8f-8d9e-4848-9148-fa31f305393e" by "nova.context.set_target_cell..get_or_set_cached_cell_and_set_connections" {{(pid=98858) inner /opt/stack/data/venv/lib/python3.12/site-packages/oslo_concurrency/lockutils.py:511}}
Jul 08 13:40:27.285108 np0000004820 nova-conductor[98858]: DEBUG oslo_concurrency.lockutils [None req-eccac1a1-882b-48ce-95a0-9dafd6523a27 tempest-ServerBootFromVolumeStableRescueTest-540871071 tempest-ServerBootFromVolumeStableRescueTest-540871071-project-member] Lock "d0279f8f-8d9e-4848-9148-fa31f305393e" acquired by "nova.context.set_target_cell..get_or_set_cached_cell_and_set_connections" :: waited 0.000s {{(pid=98858) inner /opt/stack/data/venv/lib/python3.12/site-packages/oslo_concurrency/lockutils.py:524}}
Jul 08 13:40:27.285108 np0000004820 nova-conductor[98858]: DEBUG oslo_concurrency.lockutils [None req-eccac1a1-882b-48ce-95a0-9dafd6523a27 tempest-ServerBootFromVolumeStableRescueTest-540871071 tempest-ServerBootFromVolumeStableRescueTest-540871071-project-member] Lock "d0279f8f-8d9e-4848-9148-fa31f305393e" "released" by "nova.context.set_target_cell..get_or_set_cached_cell_and_set_connections" :: held 0.002s {{(pid=98858) inner /opt/stack/data/venv/lib/python3.12/site-packages/oslo_concurrency/lockutils.py:543}}
Jul 08 13:40:27.285717 np0000004820 nova-conductor[98858]: INFO dbcounter [None req-eccac1a1-882b-48ce-95a0-9dafd6523a27 tempest-ServerBootFromVolumeStableRescueTest-540871071 tempest-ServerBootFromVolumeStableRescueTest-540871071-project-member] Registered counter for database nova_cell1
Jul 08 13:40:27.326538 np0000004820 nova-conductor[98858]: DEBUG oslo_db.sqlalchemy.engines [None req-eccac1a1-882b-48ce-95a0-9dafd6523a27 tempest-ServerBootFromVolumeStableRescueTest-540871071 tempest-ServerBootFromVolumeStableRescueTest-540871071-project-member] MySQL server mode set to STRICT_TRANS_TABLES,STRICT_ALL_TABLES,NO_ZERO_IN_DATE,NO_ZERO_DATE,ERROR_FOR_DIVISION_BY_ZERO,TRADITIONAL,NO_ENGINE_SUBSTITUTION {{(pid=98858) _check_effective_sql_mode /opt/stack/data/venv/lib/python3.12/site-packages/oslo_db/sqlalchemy/engines.py:325}}
Jul 08 13:40:27.332725 np0000004820 nova-conductor[98858]: DEBUG dbcounter [-] [98858] Writer thread running {{(pid=98858) stat_writer /opt/stack/data/venv/lib/python3.12/site-packages/dbcounter.py:102}}
Jul 08 13:40:27.623518 np0000004820 nova-conductor[98858]: INFO nova.utils [None req-eccac1a1-882b-48ce-95a0-9dafd6523a27 tempest-ServerBootFromVolumeStableRescueTest-540871071 tempest-ServerBootFromVolumeStableRescueTest-540871071-project-member] The cell worker thread pool ForkProcess-4.cell_worker is initialized
Jul 08 13:40:27.623870 np0000004820 nova-conductor[98858]: DEBUG oslo_concurrency.lockutils [None req-eccac1a1-882b-48ce-95a0-9dafd6523a27 tempest-ServerBootFromVolumeStableRescueTest-540871071 tempest-ServerBootFromVolumeStableRescueTest-540871071-project-member] Acquiring lock "00000000-0000-0000-0000-000000000000" by "nova.context.set_target_cell..get_or_set_cached_cell_and_set_connections" {{(pid=98858) inner /opt/stack/data/venv/lib/python3.12/site-packages/oslo_concurrency/lockutils.py:511}}
Jul 08 13:40:27.624038 np0000004820 nova-conductor[98858]: DEBUG oslo_concurrency.lockutils [None req-eccac1a1-882b-48ce-95a0-9dafd6523a27 tempest-ServerBootFromVolumeStableRescueTest-540871071 tempest-ServerBootFromVolumeStableRescueTest-540871071-project-member] Lock "00000000-0000-0000-0000-000000000000" acquired by "nova.context.set_target_cell..get_or_set_cached_cell_and_set_connections" :: waited 0.000s {{(pid=98858) inner /opt/stack/data/venv/lib/python3.12/site-packages/oslo_concurrency/lockutils.py:524}}
Jul 08 13:40:27.624380 np0000004820 nova-conductor[98858]: DEBUG oslo_concurrency.lockutils [None req-eccac1a1-882b-48ce-95a0-9dafd6523a27 tempest-ServerBootFromVolumeStableRescueTest-540871071 tempest-ServerBootFromVolumeStableRescueTest-540871071-project-member] Lock "00000000-0000-0000-0000-000000000000" "released" by "nova.context.set_target_cell..get_or_set_cached_cell_and_set_connections" :: held 0.000s {{(pid=98858) inner /opt/stack/data/venv/lib/python3.12/site-packages/oslo_concurrency/lockutils.py:543}}
Jul 08 13:40:27.625401 np0000004820 nova-conductor[98858]: DEBUG oslo_concurrency.lockutils [None req-eccac1a1-882b-48ce-95a0-9dafd6523a27 tempest-ServerBootFromVolumeStableRescueTest-540871071 tempest-ServerBootFromVolumeStableRescueTest-540871071-project-member] Acquiring lock "d0279f8f-8d9e-4848-9148-fa31f305393e" by "nova.context.set_target_cell..get_or_set_cached_cell_and_set_connections" {{(pid=98858) inner /opt/stack/data/venv/lib/python3.12/site-packages/oslo_concurrency/lockutils.py:511}}
Jul 08 13:40:27.625533 np0000004820 nova-conductor[98858]: DEBUG oslo_concurrency.lockutils [None req-eccac1a1-882b-48ce-95a0-9dafd6523a27 tempest-ServerBootFromVolumeStableRescueTest-540871071 tempest-ServerBootFromVolumeStableRescueTest-540871071-project-member] Lock "d0279f8f-8d9e-4848-9148-fa31f305393e" acquired by "nova.context.set_target_cell..get_or_set_cached_cell_and_set_connections" :: waited 0.000s {{(pid=98858) inner /opt/stack/data/venv/lib/python3.12/site-packages/oslo_concurrency/lockutils.py:524}}
Jul 08 13:40:27.625589 np0000004820 nova-conductor[98858]: DEBUG oslo_concurrency.lockutils [None req-eccac1a1-882b-48ce-95a0-9dafd6523a27 tempest-ServerBootFromVolumeStableRescueTest-540871071 tempest-ServerBootFromVolumeStableRescueTest-540871071-project-member] Lock "d0279f8f-8d9e-4848-9148-fa31f305393e" "released" by "nova.context.set_target_cell..get_or_set_cached_cell_and_set_connections" :: held 0.000s {{(pid=98858) inner /opt/stack/data/venv/lib/python3.12/site-packages/oslo_concurrency/lockutils.py:543}}
Jul 08 13:40:27.627567 np0000004820 nova-conductor[98858]: INFO dbcounter [None req-eccac1a1-882b-48ce-95a0-9dafd6523a27 tempest-ServerBootFromVolumeStableRescueTest-540871071 tempest-ServerBootFromVolumeStableRescueTest-540871071-project-member] Registered counter for database nova_cell0
Jul 08 13:40:27.675763 np0000004820 nova-conductor[98858]: DEBUG oslo_db.sqlalchemy.engines [None req-eccac1a1-882b-48ce-95a0-9dafd6523a27 tempest-ServerBootFromVolumeStableRescueTest-540871071 tempest-ServerBootFromVolumeStableRescueTest-540871071-project-member] MySQL server mode set to STRICT_TRANS_TABLES,STRICT_ALL_TABLES,NO_ZERO_IN_DATE,NO_ZERO_DATE,ERROR_FOR_DIVISION_BY_ZERO,TRADITIONAL,NO_ENGINE_SUBSTITUTION {{(pid=98858) _check_effective_sql_mode /opt/stack/data/venv/lib/python3.12/site-packages/oslo_db/sqlalchemy/engines.py:325}}
Jul 08 13:40:27.680514 np0000004820 nova-conductor[98858]: DEBUG dbcounter [-] [98858] Writer thread running {{(pid=98858) stat_writer /opt/stack/data/venv/lib/python3.12/site-packages/dbcounter.py:102}}
Jul 08 13:40:27.721855 np0000004820 nova-conductor[98858]: DEBUG nova.quota [None req-eccac1a1-882b-48ce-95a0-9dafd6523a27 tempest-ServerBootFromVolumeStableRescueTest-540871071 tempest-ServerBootFromVolumeStableRescueTest-540871071-project-member] Getting quotas for project e8b4b58a938d408b99a6ab34feafbb27. Resources: {'cores', 'instances', 'ram'} {{(pid=98858) _get_quotas /opt/stack/nova/nova/quota.py:389}}
Jul 08 13:40:27.739439 np0000004820 nova-conductor[98858]: DEBUG nova.quota [None req-eccac1a1-882b-48ce-95a0-9dafd6523a27 tempest-ServerBootFromVolumeStableRescueTest-540871071 tempest-ServerBootFromVolumeStableRescueTest-540871071-project-member] Getting quotas for user f99be34a1b1f46a3bf069bad45783d3e and project e8b4b58a938d408b99a6ab34feafbb27. Resources: {'cores', 'instances', 'ram'} {{(pid=98858) _get_quotas /opt/stack/nova/nova/quota.py:379}}
Jul 08 13:40:27.746962 np0000004820 nova-conductor[98858]: DEBUG nova.conductor.manager [None req-eccac1a1-882b-48ce-95a0-9dafd6523a27 tempest-ServerBootFromVolumeStableRescueTest-540871071 tempest-ServerBootFromVolumeStableRescueTest-540871071-project-member] [instance: 36d5adf1-4f72-4156-82d9-f7f74e9d2416] Selected host: np0000004820; Selected node: np0000004820; Alternates: [] {{(pid=98858) schedule_and_build_instances /opt/stack/nova/nova/conductor/manager.py:1784}}
Jul 08 13:40:27.747554 np0000004820 nova-conductor[98858]: DEBUG oslo_concurrency.lockutils [None req-eccac1a1-882b-48ce-95a0-9dafd6523a27 tempest-ServerBootFromVolumeStableRescueTest-540871071 tempest-ServerBootFromVolumeStableRescueTest-540871071-project-member] Acquiring lock "d0279f8f-8d9e-4848-9148-fa31f305393e" by "nova.context.set_target_cell..get_or_set_cached_cell_and_set_connections" {{(pid=98858) inner /opt/stack/data/venv/lib/python3.12/site-packages/oslo_concurrency/lockutils.py:511}}
Jul 08 13:40:27.747731 np0000004820 nova-conductor[98858]: DEBUG oslo_concurrency.lockutils [None req-eccac1a1-882b-48ce-95a0-9dafd6523a27 tempest-ServerBootFromVolumeStableRescueTest-540871071 tempest-ServerBootFromVolumeStableRescueTest-540871071-project-member] Lock "d0279f8f-8d9e-4848-9148-fa31f305393e" acquired by "nova.context.set_target_cell..get_or_set_cached_cell_and_set_connections" :: waited 0.000s {{(pid=98858) inner /opt/stack/data/venv/lib/python3.12/site-packages/oslo_concurrency/lockutils.py:524}}
Jul 08 13:40:27.747821 np0000004820 nova-conductor[98858]: DEBUG oslo_concurrency.lockutils [None req-eccac1a1-882b-48ce-95a0-9dafd6523a27 tempest-ServerBootFromVolumeStableRescueTest-540871071 tempest-ServerBootFromVolumeStableRescueTest-540871071-project-member] Lock "d0279f8f-8d9e-4848-9148-fa31f305393e" "released" by "nova.context.set_target_cell..get_or_set_cached_cell_and_set_connections" :: held 0.000s {{(pid=98858) inner /opt/stack/data/venv/lib/python3.12/site-packages/oslo_concurrency/lockutils.py:543}}
Jul 08 13:40:27.786694 np0000004820 nova-conductor[98858]: DEBUG nova.conductor.manager [None req-eccac1a1-882b-48ce-95a0-9dafd6523a27 tempest-ServerBootFromVolumeStableRescueTest-540871071 tempest-ServerBootFromVolumeStableRescueTest-540871071-project-member] [instance: 36d5adf1-4f72-4156-82d9-f7f74e9d2416] block_device_mapping [BlockDeviceMapping(attachment_id=,boot_index=0,connection_info=None,created_at=,delete_on_termination=True,deleted=,deleted_at=,destination_type='local',device_name=None,device_type='disk',disk_bus=None,encrypted=False,encryption_format=None,encryption_options=None,encryption_secret_uuid=None,guest_format=None,id=,image_id='4d8c4f10-6b27-4025-a962-1f67abbf5e4a',instance=,instance_uuid=,no_device=False,snapshot_id=None,source_type='image',tag=None,updated_at=,uuid=,volume_id=None,volume_size=None,volume_type=None)] {{(pid=98858) _create_block_device_mapping /opt/stack/nova/nova/conductor/manager.py:1529}}
Jul 08 13:40:27.787962 np0000004820 nova-conductor[98858]: DEBUG oslo_concurrency.lockutils [None req-eccac1a1-882b-48ce-95a0-9dafd6523a27 tempest-ServerBootFromVolumeStableRescueTest-540871071 tempest-ServerBootFromVolumeStableRescueTest-540871071-project-member] Acquiring lock "d0279f8f-8d9e-4848-9148-fa31f305393e" by "nova.context.set_target_cell..get_or_set_cached_cell_and_set_connections" {{(pid=98858) inner /opt/stack/data/venv/lib/python3.12/site-packages/oslo_concurrency/lockutils.py:511}}
