Jul 08 13:37:54.400415 np0000004820 devstack@neutron-api.service[90569]: DEBUG ovsdbapp.backend.ovs_idl.transaction [None req-db61427c-cb82-458f-99d0-237dadc5f9c3 None None] Running txn n=1 command(idx=2): SetLRouterPortInLSwitchPortCommand(_result=None, lswitch_port=62a54ce9-63fc-452a-ae5d-297b4444de8d, lrouter_port=lrp-62a54ce9-63fc-452a-ae5d-297b4444de8d, is_gw_port=False, if_exists=True, lsp_address=router) {{(pid=90569) do_commit /opt/stack/data/venv/lib/python3.12/site-packages/ovsdbapp/backend/ovs_idl/transaction.py:89}}
Jul 08 13:37:54.403128 np0000004820 devstack@neutron-api.service[90569]: DEBUG neutron.plugins.ml2.drivers.ovn.mech_driver.ovsdb.ovsdb_monitor [None req-db61427c-cb82-458f-99d0-237dadc5f9c3 None None] Touching Hash Ring node "0230a53c645453bb9daa5a7b2bd73a39" from IDL notify handler {{(pid=90569) notify /opt/stack/neutron/neutron/plugins/ml2/drivers/ovn/mech_driver/ovsdb/ovsdb_monitor.py:1007}}
Jul 08 13:37:54.408630 np0000004820 devstack@neutron-api.service[90569]: DEBUG neutron.plugins.ml2.drivers.ovn.mech_driver.ovsdb.ovsdb_monitor [None req-af239bbb-0b93-415a-a4e3-ce8266cc32be None None] Touching Hash Ring node "0230a53c645453bb9daa5a7b2bd73a39" from IDL notify handler {{(pid=90569) notify /opt/stack/neutron/neutron/plugins/ml2/drivers/ovn/mech_driver/ovsdb/ovsdb_monitor.py:1007}}
Jul 08 13:37:54.411403 np0000004820 devstack@neutron-api.service[90569]: DEBUG neutron.plugins.ml2.drivers.ovn.mech_driver.ovsdb.ovsdb_monitor [None req-db61427c-cb82-458f-99d0-237dadc5f9c3 None None] Hash Ring: Node 0230a53c645453bb9daa5a7b2bd73a39 (host: np0000004820) handling event "update" for row c348406b-c4e2-4b4d-845a-656cd9410039 (table: Logical_Router_Port) {{(pid=90569) notify /opt/stack/neutron/neutron/plugins/ml2/drivers/ovn/mech_driver/ovsdb/ovsdb_monitor.py:1015}}
Jul 08 13:37:54.414016 np0000004820 devstack@neutron-api.service[90569]: DEBUG neutron.plugins.ml2.drivers.ovn.mech_driver.ovsdb.ovsdb_monitor [None req-af239bbb-0b93-415a-a4e3-ce8266cc32be None None] Hash Ring: Node 0230a53c645453bb9daa5a7b2bd73a39 (host: np0000004820) handling event "update" for row 266361d4-5ece-4a55-9298-7ed3ab58a760 (table: Port_Binding) {{(pid=90569) notify /opt/stack/neutron/neutron/plugins/ml2/drivers/ovn/mech_driver/ovsdb/ovsdb_monitor.py:1015}}
Jul 08 13:37:54.435490 np0000004820 devstack@neutron-api.service[90569]: INFO neutron.db.ovn_revision_numbers_db [None req-9b13c878-947e-4df0-b77a-0c222a79c722 None None] Successfully bumped revision number for resource 62a54ce9-63fc-452a-ae5d-297b4444de8d (type: router_ports) to 2
Jul 08 13:37:54.462621 np0000004820 devstack@neutron-api.service[90569]: INFO neutron.common.ovn.utils [None req-9b13c878-947e-4df0-b77a-0c222a79c722 None None] HA Chassis Group neutron-dd878401-198c-4257-9cbe-bced25d3fe19 synchronized; highest priority chassis f8b9c637-89b5-42f7-8d87-dcaad92b9d52
Jul 08 13:37:54.463057 np0000004820 devstack@neutron-api.service[90569]: DEBUG ovsdbapp.backend.ovs_idl.transaction [None req-db61427c-cb82-458f-99d0-237dadc5f9c3 None None] Running txn n=1 command(idx=0): DbSetCommand(_result=None, table=HA_Chassis_Group, record=neutron-dd878401-198c-4257-9cbe-bced25d3fe19, col_values=(('external_ids', {'neutron:availability_zone_hints': '', 'neutron:network_id': 'dd878401-198c-4257-9cbe-bced25d3fe19', 'neutron:router_id': 'a7f1ac97-982d-40af-aa80-35f901a38558'}),), if_exists=True) {{(pid=90569) do_commit /opt/stack/data/venv/lib/python3.12/site-packages/ovsdbapp/backend/ovs_idl/transaction.py:89}}
Jul 08 13:37:54.463265 np0000004820 devstack@neutron-api.service[90569]: DEBUG ovsdbapp.backend.ovs_idl.transaction [None req-db61427c-cb82-458f-99d0-237dadc5f9c3 None None] Running txn n=1 command(idx=1): HAChassisGroupAddChassisCommand(_result=None, hcg=neutron-dd878401-198c-4257-9cbe-bced25d3fe19, chassis=f8b9c637-89b5-42f7-8d87-dcaad92b9d52, priority=1, columns={}) {{(pid=90569) do_commit /opt/stack/data/venv/lib/python3.12/site-packages/ovsdbapp/backend/ovs_idl/transaction.py:89}}
Jul 08 13:37:54.463474 np0000004820 devstack@neutron-api.service[90569]: DEBUG ovsdbapp.backend.ovs_idl.transaction [None req-db61427c-cb82-458f-99d0-237dadc5f9c3 None None] Transaction caused no change {{(pid=90569) do_commit /opt/stack/data/venv/lib/python3.12/site-packages/ovsdbapp/backend/ovs_idl/transaction.py:129}}
Jul 08 13:37:54.490837 np0000004820 devstack@neutron-api.service[90569]: INFO neutron.common.ovn.utils [None req-9b13c878-947e-4df0-b77a-0c222a79c722 None None] HA Chassis Group neutron-dd878401-198c-4257-9cbe-bced25d3fe19 synchronized; highest priority chassis f8b9c637-89b5-42f7-8d87-dcaad92b9d52
Jul 08 13:37:54.491282 np0000004820 devstack@neutron-api.service[90569]: DEBUG ovsdbapp.backend.ovs_idl.transaction [None req-db61427c-cb82-458f-99d0-237dadc5f9c3 None None] Running txn n=1 command(idx=0): DbSetCommand(_result=None, table=HA_Chassis_Group, record=neutron-dd878401-198c-4257-9cbe-bced25d3fe19, col_values=(('external_ids', {'neutron:availability_zone_hints': '', 'neutron:network_id': 'dd878401-198c-4257-9cbe-bced25d3fe19', 'neutron:router_id': 'a7f1ac97-982d-40af-aa80-35f901a38558'}),), if_exists=True) {{(pid=90569) do_commit /opt/stack/data/venv/lib/python3.12/site-packages/ovsdbapp/backend/ovs_idl/transaction.py:89}}
Jul 08 13:37:54.491497 np0000004820 devstack@neutron-api.service[90569]: DEBUG ovsdbapp.backend.ovs_idl.transaction [None req-db61427c-cb82-458f-99d0-237dadc5f9c3 None None] Running txn n=1 command(idx=1): HAChassisGroupAddChassisCommand(_result=None, hcg=neutron-dd878401-198c-4257-9cbe-bced25d3fe19, chassis=f8b9c637-89b5-42f7-8d87-dcaad92b9d52, priority=1, columns={}) {{(pid=90569) do_commit /opt/stack/data/venv/lib/python3.12/site-packages/ovsdbapp/backend/ovs_idl/transaction.py:89}}
Jul 08 13:37:54.491711 np0000004820 devstack@neutron-api.service[90569]: DEBUG ovsdbapp.backend.ovs_idl.transaction [None req-db61427c-cb82-458f-99d0-237dadc5f9c3 None None] Transaction caused no change {{(pid=90569) do_commit /opt/stack/data/venv/lib/python3.12/site-packages/ovsdbapp/backend/ovs_idl/transaction.py:129}}
Jul 08 13:37:54.548330 np0000004820 devstack@neutron-api.service[90569]: DEBUG ovsdbapp.backend.ovs_idl.transaction [None req-db61427c-cb82-458f-99d0-237dadc5f9c3 None None] Running txn n=1 command(idx=0): CheckRevisionNumberCommand(_result=None, name=lrp-62a54ce9-63fc-452a-ae5d-297b4444de8d, resource={'id': '62a54ce9-63fc-452a-ae5d-297b4444de8d', 'name': '', 'network_id': 'dd878401-198c-4257-9cbe-bced25d3fe19', 'project_id': 'cfd1c29a721b49bd89c56dc86223469e', 'mac_address': 'fa:16:3e:b9:8b:a0', 'admin_state_up': True, 'status': 'ACTIVE', 'device_id': 'a7f1ac97-982d-40af-aa80-35f901a38558', 'device_owner': 'network:router_interface', 'standard_attr_id': 24, 'fixed_ips': [{'subnet_id': '8aec7d5f-e693-4774-8836-37f856c81679', 'ip_address': 'fd8d:a081:86e5::1'}], 'allowed_address_pairs': [], 'extra_dhcp_opts': [], 'security_groups': [], 'description': '', 'binding:vnic_type': 'normal', 'binding:profile': {}, 'binding:host_id': '', 'binding:vif_type': 'unbound', 'binding:vif_details': {}, 'port_security_enabled': False, 'tags': [], 'created_at': '2026-07-08T13:37:45Z', 'updated_at': '2026-07-08T13:37:49Z', 'revision_number': 2, 'tenant_id': 'cfd1c29a721b49bd89c56dc86223469e'}, resource_type=router_ports, if_exists=True) {{(pid=90569) do_commit /opt/stack/data/venv/lib/python3.12/site-packages/ovsdbapp/backend/ovs_idl/transaction.py:89}}
Jul 08 13:37:54.548512 np0000004820 devstack@neutron-api.service[90569]: DEBUG ovsdbapp.backend.ovs_idl.transaction [None req-db61427c-cb82-458f-99d0-237dadc5f9c3 None None] Running txn n=1 command(idx=1): UpdateLRouterPortCommand(_result=None, name=lrp-62a54ce9-63fc-452a-ae5d-297b4444de8d, columns={'external_ids': {'neutron:revision_number': '2', 'neutron:subnet_ids': '8aec7d5f-e693-4774-8836-37f856c81679', 'neutron:network_name': 'neutron-dd878401-198c-4257-9cbe-bced25d3fe19', 'neutron:is_ext_gw': 'False', 'neutron:router_name': 'neutron-a7f1ac97-982d-40af-aa80-35f901a38558'}, 'options': {}, 'networks': ['fd8d:a081:86e5::1/64'], 'ipv6_ra_configs': {'address_mode': 'slaac', 'send_periodic': 'true', 'mtu': '1372'}}, if_exists=False) {{(pid=90569) do_commit /opt/stack/data/venv/lib/python3.12/site-packages/ovsdbapp/backend/ovs_idl/transaction.py:89}}
Jul 08 13:37:54.548861 np0000004820 devstack@neutron-api.service[90569]: DEBUG ovsdbapp.backend.ovs_idl.transaction [None req-db61427c-cb82-458f-99d0-237dadc5f9c3 None None] Running txn n=1 command(idx=2): SetLRouterPortInLSwitchPortCommand(_result=None, lswitch_port=62a54ce9-63fc-452a-ae5d-297b4444de8d, lrouter_port=lrp-62a54ce9-63fc-452a-ae5d-297b4444de8d, is_gw_port=False, if_exists=True, lsp_address=router) {{(pid=90569) do_commit /opt/stack/data/venv/lib/python3.12/site-packages/ovsdbapp/backend/ovs_idl/transaction.py:89}}
Jul 08 13:37:54.549145 np0000004820 devstack@neutron-api.service[90569]: DEBUG ovsdbapp.backend.ovs_idl.transaction [None req-db61427c-cb82-458f-99d0-237dadc5f9c3 None None] Transaction caused no change {{(pid=90569) do_commit /opt/stack/data/venv/lib/python3.12/site-packages/ovsdbapp/backend/ovs_idl/transaction.py:129}}
Jul 08 13:37:57.126523 np0000004820 devstack@neutron-api.service[90569]: DEBUG futurist.periodics [-] Submitting periodic callback 'neutron.plugins.ml2.drivers.ovn.mech_driver.ovsdb.maintenance.HashRingHealthCheckPeriodics.touch_hash_ring_node' {{(pid=90569) _process_scheduled /opt/stack/data/venv/lib/python3.12/site-packages/futurist/periodics.py:784}}
Jul 08 13:37:57.127053 np0000004820 devstack@neutron-api.service[90569]: DEBUG neutron.plugins.ml2.drivers.ovn.mech_driver.ovsdb.maintenance [-] Touching Hash Ring node "0230a53c645453bb9daa5a7b2bd73a39" from periodic health check thread {{(pid=90569) touch_hash_ring_node /opt/stack/neutron/neutron/plugins/ml2/drivers/ovn/mech_driver/ovsdb/maintenance.py:1419}}
Jul 08 13:37:58.045241 np0000004820 devstack@neutron-api.service[90571]: DEBUG futurist.periodics [-] Submitting periodic callback 'neutron.plugins.ml2.drivers.ovn.mech_driver.ovsdb.maintenance.HashRingHealthCheckPeriodics.touch_hash_ring_node' {{(pid=90571) _process_scheduled /opt/stack/data/venv/lib/python3.12/site-packages/futurist/periodics.py:784}}
Jul 08 13:37:58.045667 np0000004820 devstack@neutron-api.service[90571]: DEBUG neutron.plugins.ml2.drivers.ovn.mech_driver.ovsdb.maintenance [-] Touching Hash Ring node "aae3d967a59158e9a0d074af128a6a0b" from periodic health check thread {{(pid=90571) touch_hash_ring_node /opt/stack/neutron/neutron/plugins/ml2/drivers/ovn/mech_driver/ovsdb/maintenance.py:1419}}
Jul 08 13:37:58.060652 np0000004820 devstack@neutron-api.service[90572]: DEBUG futurist.periodics [-] Submitting periodic callback 'neutron.plugins.ml2.drivers.ovn.mech_driver.ovsdb.maintenance.HashRingHealthCheckPeriodics.touch_hash_ring_node' {{(pid=90572) _process_scheduled /opt/stack/data/venv/lib/python3.12/site-packages/futurist/periodics.py:784}}
Jul 08 13:37:58.061098 np0000004820 devstack@neutron-api.service[90572]: DEBUG neutron.plugins.ml2.drivers.ovn.mech_driver.ovsdb.maintenance [-] Touching Hash Ring node "4f21f1b6f7b65955b0fa34afa39e88ab" from periodic health check thread {{(pid=90572) touch_hash_ring_node /opt/stack/neutron/neutron/plugins/ml2/drivers/ovn/mech_driver/ovsdb/maintenance.py:1419}}
Jul 08 13:37:58.086569 np0000004820 devstack@neutron-api.service[90570]: DEBUG futurist.periodics [-] Submitting periodic callback 'neutron.plugins.ml2.drivers.ovn.mech_driver.ovsdb.maintenance.HashRingHealthCheckPeriodics.touch_hash_ring_node' {{(pid=90570) _process_scheduled /opt/stack/data/venv/lib/python3.12/site-packages/futurist/periodics.py:784}}
Jul 08 13:37:58.086989 np0000004820 devstack@neutron-api.service[90570]: DEBUG neutron.plugins.ml2.drivers.ovn.mech_driver.ovsdb.maintenance [-] Touching Hash Ring node "d30bcec4c6b55de7964fb7995fff5612" from periodic health check thread {{(pid=90570) touch_hash_ring_node /opt/stack/neutron/neutron/plugins/ml2/drivers/ovn/mech_driver/ovsdb/maintenance.py:1419}}
Jul 08 13:38:07.133655 np0000004820 devstack@neutron-api.service[90569]: DEBUG dbcounter [-] [90569] Writing DB stats neutron:SELECT=1742,neutron:INSERT=671,neutron:DELETE=6,neutron:UPDATE=101 {{(pid=90569) stat_writer /opt/stack/data/venv/lib/python3.12/site-packages/dbcounter.py:115}}
Jul 08 13:38:08.053930 np0000004820 devstack@neutron-api.service[90571]: DEBUG dbcounter [-] [90571] Writing DB stats neutron:SELECT=528,neutron:INSERT=35,neutron:DELETE=7,neutron:UPDATE=38 {{(pid=90571) stat_writer /opt/stack/data/venv/lib/python3.12/site-packages/dbcounter.py:115}}
Jul 08 13:38:08.069602 np0000004820 devstack@neutron-api.service[90572]: DEBUG dbcounter [-] [90572] Writing DB stats neutron:SELECT=1596,neutron:INSERT=41,neutron:DELETE=8,neutron:UPDATE=31 {{(pid=90572) stat_writer /opt/stack/data/venv/lib/python3.12/site-packages/dbcounter.py:115}}
Jul 08 13:38:08.093771 np0000004820 devstack@neutron-api.service[90570]: DEBUG dbcounter [-] [90570] Writing DB stats neutron:SELECT=1462,neutron:INSERT=58,neutron:DELETE=6,neutron:UPDATE=47 {{(pid=90570) stat_writer /opt/stack/data/venv/lib/python3.12/site-packages/dbcounter.py:115}}
Jul 08 13:38:12.127103 np0000004820 devstack@neutron-api.service[90569]: DEBUG futurist.periodics [-] Submitting periodic callback 'neutron.plugins.ml2.drivers.ovn.mech_driver.ovsdb.maintenance.HashRingHealthCheckPeriodics.touch_hash_ring_node' {{(pid=90569) _process_scheduled /opt/stack/data/venv/lib/python3.12/site-packages/futurist/periodics.py:784}}
Jul 08 13:38:12.127449 np0000004820 devstack@neutron-api.service[90569]: DEBUG neutron.plugins.ml2.drivers.ovn.mech_driver.ovsdb.maintenance [-] Touching Hash Ring node "0230a53c645453bb9daa5a7b2bd73a39" from periodic health check thread {{(pid=90569) touch_hash_ring_node /opt/stack/neutron/neutron/plugins/ml2/drivers/ovn/mech_driver/ovsdb/maintenance.py:1419}}
Jul 08 13:38:13.045818 np0000004820 devstack@neutron-api.service[90571]: DEBUG futurist.periodics [-] Submitting periodic callback 'neutron.plugins.ml2.drivers.ovn.mech_driver.ovsdb.maintenance.HashRingHealthCheckPeriodics.touch_hash_ring_node' {{(pid=90571) _process_scheduled /opt/stack/data/venv/lib/python3.12/site-packages/futurist/periodics.py:784}}
Jul 08 13:38:13.046218 np0000004820 devstack@neutron-api.service[90571]: DEBUG neutron.plugins.ml2.drivers.ovn.mech_driver.ovsdb.maintenance [-] Touching Hash Ring node "aae3d967a59158e9a0d074af128a6a0b" from periodic health check thread {{(pid=90571) touch_hash_ring_node /opt/stack/neutron/neutron/plugins/ml2/drivers/ovn/mech_driver/ovsdb/maintenance.py:1419}}
Jul 08 13:38:13.061249 np0000004820 devstack@neutron-api.service[90572]: DEBUG futurist.periodics [-] Submitting periodic callback 'neutron.plugins.ml2.drivers.ovn.mech_driver.ovsdb.maintenance.HashRingHealthCheckPeriodics.touch_hash_ring_node' {{(pid=90572) _process_scheduled /opt/stack/data/venv/lib/python3.12/site-packages/futurist/periodics.py:784}}
Jul 08 13:38:13.061614 np0000004820 devstack@neutron-api.service[90572]: DEBUG neutron.plugins.ml2.drivers.ovn.mech_driver.ovsdb.maintenance [-] Touching Hash Ring node "4f21f1b6f7b65955b0fa34afa39e88ab" from periodic health check thread {{(pid=90572) touch_hash_ring_node /opt/stack/neutron/neutron/plugins/ml2/drivers/ovn/mech_driver/ovsdb/maintenance.py:1419}}
Jul 08 13:38:13.087238 np0000004820 devstack@neutron-api.service[90570]: DEBUG futurist.periodics [-] Submitting periodic callback 'neutron.plugins.ml2.drivers.ovn.mech_driver.ovsdb.maintenance.HashRingHealthCheckPeriodics.touch_hash_ring_node' {{(pid=90570) _process_scheduled /opt/stack/data/venv/lib/python3.12/site-packages/futurist/periodics.py:784}}
Jul 08 13:38:13.087616 np0000004820 devstack@neutron-api.service[90570]: DEBUG neutron.plugins.ml2.drivers.ovn.mech_driver.ovsdb.maintenance [-] Touching Hash Ring node "d30bcec4c6b55de7964fb7995fff5612" from periodic health check thread {{(pid=90570) touch_hash_ring_node /opt/stack/neutron/neutron/plugins/ml2/drivers/ovn/mech_driver/ovsdb/maintenance.py:1419}}
Jul 08 13:38:22.137006 np0000004820 devstack@neutron-api.service[90569]: DEBUG dbcounter [-] [90569] Writing DB stats neutron:UPDATE=1,neutron:SELECT=1 {{(pid=90569) stat_writer /opt/stack/data/venv/lib/python3.12/site-packages/dbcounter.py:115}}
Jul 08 13:38:23.056475 np0000004820 devstack@neutron-api.service[90571]: DEBUG dbcounter [-] [90571] Writing DB stats neutron:UPDATE=1,neutron:SELECT=1 {{(pid=90571) stat_writer /opt/stack/data/venv/lib/python3.12/site-packages/dbcounter.py:115}}
Jul 08 13:38:23.068589 np0000004820 devstack@neutron-api.service[90572]: DEBUG dbcounter [-] [90572] Writing DB stats neutron:UPDATE=1,neutron:SELECT=1 {{(pid=90572) stat_writer /opt/stack/data/venv/lib/python3.12/site-packages/dbcounter.py:115}}
Jul 08 13:38:23.094129 np0000004820 devstack@neutron-api.service[90570]: DEBUG dbcounter [-] [90570] Writing DB stats neutron:UPDATE=1,neutron:SELECT=1 {{(pid=90570) stat_writer /opt/stack/data/venv/lib/python3.12/site-packages/dbcounter.py:115}}
Jul 08 13:38:27.127572 np0000004820 devstack@neutron-api.service[90569]: DEBUG futurist.periodics [-] Submitting periodic callback 'neutron.plugins.ml2.drivers.ovn.mech_driver.ovsdb.maintenance.HashRingHealthCheckPeriodics.touch_hash_ring_node' {{(pid=90569) _process_scheduled /opt/stack/data/venv/lib/python3.12/site-packages/futurist/periodics.py:784}}
Jul 08 13:38:27.128056 np0000004820 devstack@neutron-api.service[90569]: DEBUG neutron.plugins.ml2.drivers.ovn.mech_driver.ovsdb.maintenance [-] Touching Hash Ring node "0230a53c645453bb9daa5a7b2bd73a39" from periodic health check thread {{(pid=90569) touch_hash_ring_node /opt/stack/neutron/neutron/plugins/ml2/drivers/ovn/mech_driver/ovsdb/maintenance.py:1419}}
Jul 08 13:38:28.046322 np0000004820 devstack@neutron-api.service[90571]: DEBUG futurist.periodics [-] Submitting periodic callback 'neutron.plugins.ml2.drivers.ovn.mech_driver.ovsdb.maintenance.HashRingHealthCheckPeriodics.touch_hash_ring_node' {{(pid=90571) _process_scheduled /opt/stack/data/venv/lib/python3.12/site-packages/futurist/periodics.py:784}}
Jul 08 13:38:28.046790 np0000004820 devstack@neutron-api.service[90571]: DEBUG neutron.plugins.ml2.drivers.ovn.mech_driver.ovsdb.maintenance [-] Touching Hash Ring node "aae3d967a59158e9a0d074af128a6a0b" from periodic health check thread {{(pid=90571) touch_hash_ring_node /opt/stack/neutron/neutron/plugins/ml2/drivers/ovn/mech_driver/ovsdb/maintenance.py:1419}}
Jul 08 13:38:28.061743 np0000004820 devstack@neutron-api.service[90572]: DEBUG futurist.periodics [-] Submitting periodic callback 'neutron.plugins.ml2.drivers.ovn.mech_driver.ovsdb.maintenance.HashRingHealthCheckPeriodics.touch_hash_ring_node' {{(pid=90572) _process_scheduled /opt/stack/data/venv/lib/python3.12/site-packages/futurist/periodics.py:784}}
Jul 08 13:38:28.062101 np0000004820 devstack@neutron-api.service[90572]: DEBUG neutron.plugins.ml2.drivers.ovn.mech_driver.ovsdb.maintenance [-] Touching Hash Ring node "4f21f1b6f7b65955b0fa34afa39e88ab" from periodic health check thread {{(pid=90572) touch_hash_ring_node /opt/stack/neutron/neutron/plugins/ml2/drivers/ovn/mech_driver/ovsdb/maintenance.py:1419}}
Jul 08 13:38:28.087689 np0000004820 devstack@neutron-api.service[90570]: DEBUG futurist.periodics [-] Submitting periodic callback 'neutron.plugins.ml2.drivers.ovn.mech_driver.ovsdb.maintenance.HashRingHealthCheckPeriodics.touch_hash_ring_node' {{(pid=90570) _process_scheduled /opt/stack/data/venv/lib/python3.12/site-packages/futurist/periodics.py:784}}
Jul 08 13:38:28.088172 np0000004820 devstack@neutron-api.service[90570]: DEBUG neutron.plugins.ml2.drivers.ovn.mech_driver.ovsdb.maintenance [-] Touching Hash Ring node "d30bcec4c6b55de7964fb7995fff5612" from periodic health check thread {{(pid=90570) touch_hash_ring_node /opt/stack/neutron/neutron/plugins/ml2/drivers/ovn/mech_driver/ovsdb/maintenance.py:1419}}
Jul 08 13:38:37.133274 np0000004820 devstack@neutron-api.service[90569]: DEBUG dbcounter [-] [90569] Writing DB stats neutron:UPDATE=1,neutron:SELECT=1 {{(pid=90569) stat_writer /opt/stack/data/venv/lib/python3.12/site-packages/dbcounter.py:115}}
Jul 08 13:38:38.053204 np0000004820 devstack@neutron-api.service[90571]: DEBUG dbcounter [-] [90571] Writing DB stats neutron:UPDATE=1,neutron:SELECT=1 {{(pid=90571) stat_writer /opt/stack/data/venv/lib/python3.12/site-packages/dbcounter.py:115}}
Jul 08 13:38:38.068298 np0000004820 devstack@neutron-api.service[90572]: DEBUG dbcounter [-] [90572] Writing DB stats neutron:UPDATE=1,neutron:SELECT=1 {{(pid=90572) stat_writer /opt/stack/data/venv/lib/python3.12/site-packages/dbcounter.py:115}}
Jul 08 13:38:38.094755 np0000004820 devstack@neutron-api.service[90570]: DEBUG dbcounter [-] [90570] Writing DB stats neutron:UPDATE=1,neutron:SELECT=1 {{(pid=90570) stat_writer /opt/stack/data/venv/lib/python3.12/site-packages/dbcounter.py:115}}
Jul 08 13:38:42.128157 np0000004820 devstack@neutron-api.service[90569]: DEBUG futurist.periodics [-] Submitting periodic callback 'neutron.plugins.ml2.drivers.ovn.mech_driver.ovsdb.maintenance.HashRingHealthCheckPeriodics.touch_hash_ring_node' {{(pid=90569) _process_scheduled /opt/stack/data/venv/lib/python3.12/site-packages/futurist/periodics.py:784}}
Jul 08 13:38:42.128567 np0000004820 devstack@neutron-api.service[90569]: DEBUG neutron.plugins.ml2.drivers.ovn.mech_driver.ovsdb.maintenance [-] Touching Hash Ring node "0230a53c645453bb9daa5a7b2bd73a39" from periodic health check thread {{(pid=90569) touch_hash_ring_node /opt/stack/neutron/neutron/plugins/ml2/drivers/ovn/mech_driver/ovsdb/maintenance.py:1419}}
Jul 08 13:38:43.046908 np0000004820 devstack@neutron-api.service[90571]: DEBUG futurist.periodics [-] Submitting periodic callback 'neutron.plugins.ml2.drivers.ovn.mech_driver.ovsdb.maintenance.HashRingHealthCheckPeriodics.touch_hash_ring_node' {{(pid=90571) _process_scheduled /opt/stack/data/venv/lib/python3.12/site-packages/futurist/periodics.py:784}}
Jul 08 13:38:43.047332 np0000004820 devstack@neutron-api.service[90571]: DEBUG neutron.plugins.ml2.drivers.ovn.mech_driver.ovsdb.maintenance [-] Touching Hash Ring node "aae3d967a59158e9a0d074af128a6a0b" from periodic health check thread {{(pid=90571) touch_hash_ring_node /opt/stack/neutron/neutron/plugins/ml2/drivers/ovn/mech_driver/ovsdb/maintenance.py:1419}}
Jul 08 13:38:43.062148 np0000004820 devstack@neutron-api.service[90572]: DEBUG futurist.periodics [-] Submitting periodic callback 'neutron.plugins.ml2.drivers.ovn.mech_driver.ovsdb.maintenance.HashRingHealthCheckPeriodics.touch_hash_ring_node' {{(pid=90572) _process_scheduled /opt/stack/data/venv/lib/python3.12/site-packages/futurist/periodics.py:784}}
Jul 08 13:38:43.062398 np0000004820 devstack@neutron-api.service[90572]: DEBUG neutron.plugins.ml2.drivers.ovn.mech_driver.ovsdb.maintenance [-] Touching Hash Ring node "4f21f1b6f7b65955b0fa34afa39e88ab" from periodic health check thread {{(pid=90572) touch_hash_ring_node /opt/stack/neutron/neutron/plugins/ml2/drivers/ovn/mech_driver/ovsdb/maintenance.py:1419}}
Jul 08 13:38:43.088181 np0000004820 devstack@neutron-api.service[90570]: DEBUG futurist.periodics [-] Submitting periodic callback 'neutron.plugins.ml2.drivers.ovn.mech_driver.ovsdb.maintenance.HashRingHealthCheckPeriodics.touch_hash_ring_node' {{(pid=90570) _process_scheduled /opt/stack/data/venv/lib/python3.12/site-packages/futurist/periodics.py:784}}
Jul 08 13:38:43.089183 np0000004820 devstack@neutron-api.service[90570]: DEBUG neutron.plugins.ml2.drivers.ovn.mech_driver.ovsdb.maintenance [-] Touching Hash Ring node "d30bcec4c6b55de7964fb7995fff5612" from periodic health check thread {{(pid=90570) touch_hash_ring_node /opt/stack/neutron/neutron/plugins/ml2/drivers/ovn/mech_driver/ovsdb/maintenance.py:1419}}
Jul 08 13:38:47.229552 np0000004820 devstack@neutron-api.service[90569]: DEBUG neutron.api.wsgi [None req-15b479fc-89d7-409b-92b7-6117b3fe90fa admin admin] Missing Content-Type {{(pid=90569) get_content_type /opt/stack/neutron/neutron/api/wsgi.py:80}}
Jul 08 13:38:47.229960 np0000004820 devstack@neutron-api.service[90569]: DEBUG neutron.api.wsgi [None req-15b479fc-89d7-409b-92b7-6117b3fe90fa admin admin] https://10.4.3.62/networking/v2.0/extensions returned with HTTP 200 {{(pid=90569) __call__ /opt/stack/neutron/neutron/api/wsgi.py:540}}
Jul 08 13:38:47.230285 np0000004820 devstack@neutron-api.service[90569]: [pid: 90569|app: 0|req: 10/34] 10.4.3.62 () {64 vars in 1285 bytes} [Wed Jul 8 13:38:47 2026] GET /networking/v2.0/extensions => generated 16171 bytes in 3 msecs (HTTP/1.1 200) 4 headers in 159 bytes (1 switches on core 0)
Jul 08 13:38:47.481174 np0000004820 devstack@neutron-api.service[90572]: INFO neutron.pecan_wsgi.hooks.translation [None req-a6be0157-fbb3-438b-9c3f-1649e669dc39 admin admin] GET failed (client error): The resource could not be found.
Jul 08 13:38:47.481713 np0000004820 devstack@neutron-api.service[90572]: [pid: 90572|app: 0|req: 9/35] 10.4.3.62 () {64 vars in 1287 bytes} [Wed Jul 8 13:38:47 2026] GET /networking/v2.0/networks/public => generated 108 bytes in 7 msecs (HTTP/1.1 404) 4 headers in 164 bytes (1 switches on core 0)
Jul 08 13:38:47.524463 np0000004820 devstack@neutron-api.service[90571]: DEBUG neutron.pecan_wsgi.hooks.policy_enforcement [None req-af38fb95-7e52-45c2-971d-0a120988579a admin admin] Attributes excluded by policy engine: ['standard_attr_id'] {{(pid=90571) _exclude_attributes_by_policy /opt/stack/neutron/neutron/pecan_wsgi/hooks/policy_enforcement.py:259}}
Jul 08 13:38:47.525483 np0000004820 devstack@neutron-api.service[90571]: [pid: 90571|app: 0|req: 9/36] 10.4.3.62 () {64 vars in 1302 bytes} [Wed Jul 8 13:38:47 2026] GET /networking/v2.0/networks?name=public => generated 759 bytes in 38 msecs (HTTP/1.1 200) 4 headers in 157 bytes (1 switches on core 0)
Jul 08 13:38:47.697328 np0000004820 devstack@neutron-api.service[90570]: DEBUG neutron.api.v2.base [None req-35e59d25-24bb-4f4b-9a12-75dbdda77ac0 admin admin] Request body: {'network': {'admin_state_up': True, 'name': 'shared', 'shared': True}} {{(pid=90570) prepare_request_body /opt/stack/neutron/neutron/api/v2/base.py:727}}
Jul 08 13:38:47.710543 np0000004820 devstack@neutron-api.service[90570]: DEBUG neutron.pecan_wsgi.hooks.quota_enforcement [None req-35e59d25-24bb-4f4b-9a12-75dbdda77ac0 admin admin] Made reservation on behalf of cfd1c29a721b49bd89c56dc86223469e for: {'network': 1} {{(pid=90570) before /opt/stack/neutron/neutron/pecan_wsgi/hooks/quota_enforcement.py:66}}
Jul 08 13:38:47.713670 np0000004820 devstack@neutron-api.service[90570]: DEBUG neutron_lib.callbacks.manager [None req-35e59d25-24bb-4f4b-9a12-75dbdda77ac0 admin admin] Publish callbacks ['neutron.plugins.ml2.plugin.SecurityGroupDbMixin._ensure_default_security_group_handler-97659'] for network (None), before_create {{(pid=90570) _notify_loop /opt/stack/data/venv/lib/python3.12/site-packages/neutron_lib/callbacks/manager.py:184}}
Jul 08 13:38:47.739834 np0000004820 devstack@neutron-api.service[90570]: WARNING neutron.services.revisions.revision_plugin [None req-35e59d25-24bb-4f4b-9a12-75dbdda77ac0 admin admin] Could not find related network for resource to bump revision.
Jul 08 13:38:47.765436 np0000004820 devstack@neutron-api.service[90570]: DEBUG neutron.plugins.ml2.drivers.helpers [None req-35e59d25-24bb-4f4b-9a12-75dbdda77ac0 admin admin] geneve segment allocate from pool success with {'geneve_vni': 58402} {{(pid=90570) allocate_partially_specified_segment /opt/stack/neutron/neutron/plugins/ml2/drivers/helpers.py:142}}
Jul 08 13:38:47.772299 np0000004820 devstack@neutron-api.service[90570]: DEBUG neutron_lib.callbacks.manager [None req-35e59d25-24bb-4f4b-9a12-75dbdda77ac0 admin admin] Publish callbacks ['neutron.services.segments.db._add_segment_host_mapping_for_segment-8119706323328', 'neutron.plugins.ml2.plugin.Ml2Plugin._handle_segment_change-346559'] for segment (164631f3-5f8a-4c0b-95af-b371d1113f7f), precommit_create {{(pid=90570) _notify_loop /opt/stack/data/venv/lib/python3.12/site-packages/neutron_lib/callbacks/manager.py:184}}
Jul 08 13:38:47.772468 np0000004820 devstack@neutron-api.service[90570]: INFO neutron.db.segments_db [None req-35e59d25-24bb-4f4b-9a12-75dbdda77ac0 admin admin] Added segment 164631f3-5f8a-4c0b-95af-b371d1113f7f of type geneve for network d3f0f69a-919f-4c73-8e98-976b9fe28e90
Jul 08 13:38:47.784865 np0000004820 devstack@neutron-api.service[90570]: DEBUG neutron_lib.callbacks.manager [None req-35e59d25-24bb-4f4b-9a12-75dbdda77ac0 admin admin] Publish callbacks ['neutron.services.auto_allocate.db._ensure_external_network_default_value_callback-8119705053164'] for network (d3f0f69a-919f-4c73-8e98-976b9fe28e90), precommit_create {{(pid=90570) _notify_loop /opt/stack/data/venv/lib/python3.12/site-packages/neutron_lib/callbacks/manager.py:184}}
Jul 08 13:38:47.795238 np0000004820 devstack@neutron-api.service[90570]: DEBUG neutron.plugins.ml2.drivers.ovn.mech_driver.mech_driver [None req-35e59d25-24bb-4f4b-9a12-75dbdda77ac0 admin admin] Validating network segment with type geneve, segmentation ID 58402, physical network None {{(pid=90570) _validate_network_segments /opt/stack/neutron/neutron/plugins/ml2/drivers/ovn/mech_driver/mech_driver.py:646}}
Jul 08 13:38:47.795397 np0000004820 devstack@neutron-api.service[90570]: DEBUG neutron.db.ovn_revision_numbers_db [None req-35e59d25-24bb-4f4b-9a12-75dbdda77ac0 admin admin] create_initial_revision uuid=d3f0f69a-919f-4c73-8e98-976b9fe28e90, type=networks, rev=-1 {{(pid=90570) create_initial_revision /opt/stack/neutron/neutron/db/ovn_revision_numbers_db.py:98}}
Jul 08 13:38:47.803857 np0000004820 devstack@neutron-api.service[90570]: DEBUG neutron_lib.callbacks.manager [None req-35e59d25-24bb-4f4b-9a12-75dbdda77ac0 admin admin] Publish callbacks ['neutron.plugins.ml2.ovo_rpc._ObjectChangeHandler.handle_event-2992652'] for network (d3f0f69a-919f-4c73-8e98-976b9fe28e90), after_create {{(pid=90570) _notify_loop /opt/stack/data/venv/lib/python3.12/site-packages/neutron_lib/callbacks/manager.py:184}}
Jul 08 13:38:47.815999 np0000004820 devstack@neutron-api.service[90570]: DEBUG neutron.api.rpc.handlers.resources_rpc [None req-35e59d25-24bb-4f4b-9a12-75dbdda77ac0 admin admin] Pushing event updated for resources: {'Network': ['ID=d3f0f69a-919f-4c73-8e98-976b9fe28e90,revision_number=1']} {{(pid=90570) push /opt/stack/neutron/neutron/api/rpc/handlers/resources_rpc.py:237}}
Jul 08 13:38:47.819697 np0000004820 devstack@neutron-api.service[90570]: DEBUG ovsdbapp.backend.ovs_idl.transaction [None req-9ba5c0fa-4ad5-40fb-9d1a-a6a108b6e73d None None] Running txn n=1 command(idx=0): CheckLivenessCommand(_result=None) {{(pid=90570) do_commit /opt/stack/data/venv/lib/python3.12/site-packages/ovsdbapp/backend/ovs_idl/transaction.py:89}}
Jul 08 13:38:47.832186 np0000004820 devstack@neutron-api.service[90570]: DEBUG neutron.plugins.ml2.drivers.ovn.mech_driver.ovsdb.ovsdb_monitor [None req-94e584d7-874c-4b06-9e28-0c3511154f95 None None] ChassisAgentWriteEvent : Matched Chassis_Private, update, None None {{(pid=90570) matches /opt/stack/neutron/neutron/plugins/ml2/drivers/ovn/mech_driver/ovsdb/ovsdb_monitor.py:64}}
Jul 08 13:38:47.833193 np0000004820 devstack@neutron-api.service[90572]: DEBUG neutron.plugins.ml2.drivers.ovn.mech_driver.ovsdb.ovsdb_monitor [-] ChassisAgentWriteEvent : Matched Chassis_Private, update, None None {{(pid=90572) matches /opt/stack/neutron/neutron/plugins/ml2/drivers/ovn/mech_driver/ovsdb/ovsdb_monitor.py:64}}
Jul 08 13:38:47.833618 np0000004820 devstack@neutron-api.service[90571]: DEBUG neutron.plugins.ml2.drivers.ovn.mech_driver.ovsdb.ovsdb_monitor [None req-d945c040-072b-4bee-ba11-3b7f8a64d17b None None] ChassisAgentWriteEvent : Matched Chassis_Private, update, None None {{(pid=90571) matches /opt/stack/neutron/neutron/plugins/ml2/drivers/ovn/mech_driver/ovsdb/ovsdb_monitor.py:64}}
Jul 08 13:38:47.833689 np0000004820 devstack@neutron-api.service[90569]: DEBUG neutron.plugins.ml2.drivers.ovn.mech_driver.ovsdb.ovsdb_monitor [None req-af239bbb-0b93-415a-a4e3-ce8266cc32be None None] ChassisAgentWriteEvent : Matched Chassis_Private, update, None None {{(pid=90569) matches /opt/stack/neutron/neutron/plugins/ml2/drivers/ovn/mech_driver/ovsdb/ovsdb_monitor.py:64}}
Jul 08 13:38:47.838872 np0000004820 devstack@neutron-api.service[90570]: DEBUG neutron.common.ovn.hash_ring_manager [None req-9ba5c0fa-4ad5-40fb-9d1a-a6a108b6e73d None None] Hash Ring loaded. 4 active nodes. 0 offline nodes {{(pid=90570) _load_hash_ring /opt/stack/neutron/neutron/common/ovn/hash_ring_manager.py:110}}
Jul 08 13:38:47.839172 np0000004820 devstack@neutron-api.service[90570]: DEBUG neutron.plugins.ml2.drivers.ovn.mech_driver.ovsdb.ovsdb_monitor [None req-9ba5c0fa-4ad5-40fb-9d1a-a6a108b6e73d None None] Hash Ring: Node d30bcec4c6b55de7964fb7995fff5612 (host: np0000004820) handling event "update" for row d1c12241-5d45-492a-94c7-25d8d5ea6a5f (table: NB_Global) {{(pid=90570) notify /opt/stack/neutron/neutron/plugins/ml2/drivers/ovn/mech_driver/ovsdb/ovsdb_monitor.py:1015}}
Jul 08 13:38:47.840046 np0000004820 devstack@neutron-api.service[90570]: DEBUG neutron.plugins.ml2.drivers.ovn.mech_driver.ovsdb.ovsdb_monitor [None req-9ba5c0fa-4ad5-40fb-9d1a-a6a108b6e73d None None] Hash Ring: Node d30bcec4c6b55de7964fb7995fff5612 (host: np0000004820) handling event "update" for row d1c12241-5d45-492a-94c7-25d8d5ea6a5f (table: NB_Global) {{(pid=90570) notify /opt/stack/neutron/neutron/plugins/ml2/drivers/ovn/mech_driver/ovsdb/ovsdb_monitor.py:1015}}
Jul 08 13:38:47.840360 np0000004820 devstack@neutron-api.service[90570]: DEBUG neutron.common.ovn.hash_ring_manager [None req-94e584d7-874c-4b06-9e28-0c3511154f95 None None] Hash Ring loaded. 4 active nodes. 0 offline nodes {{(pid=90570) _load_hash_ring /opt/stack/neutron/neutron/common/ovn/hash_ring_manager.py:110}}
Jul 08 13:38:47.840540 np0000004820 devstack@neutron-api.service[90570]: DEBUG neutron.plugins.ml2.drivers.ovn.mech_driver.ovsdb.ovsdb_monitor [None req-94e584d7-874c-4b06-9e28-0c3511154f95 None None] Hash Ring: Node d30bcec4c6b55de7964fb7995fff5612 (host: np0000004820) handling event "update" for row 2a2a92ee-2d0e-4f73-9574-6bed4cdf6bb4 (table: Chassis_Private) {{(pid=90570) notify /opt/stack/neutron/neutron/plugins/ml2/drivers/ovn/mech_driver/ovsdb/ovsdb_monitor.py:1015}}
Jul 08 13:38:47.840667 np0000004820 devstack@neutron-api.service[90572]: DEBUG neutron.common.ovn.hash_ring_manager [None req-89ed85bc-82a6-42f0-b55f-442cad7ac622 None None] Hash Ring loaded. 4 active nodes. 0 offline nodes {{(pid=90572) _load_hash_ring /opt/stack/neutron/neutron/common/ovn/hash_ring_manager.py:110}}
Jul 08 13:38:47.840743 np0000004820 devstack@neutron-api.service[90569]: DEBUG neutron.common.ovn.hash_ring_manager [None req-db61427c-cb82-458f-99d0-237dadc5f9c3 None None] Hash Ring loaded. 4 active nodes. 0 offline nodes {{(pid=90569) _load_hash_ring /opt/stack/neutron/neutron/common/ovn/hash_ring_manager.py:110}}
Jul 08 13:38:47.841194 np0000004820 devstack@neutron-api.service[90572]: DEBUG neutron.common.ovn.hash_ring_manager [-] Hash Ring loaded. 4 active nodes. 0 offline nodes {{(pid=90572) _load_hash_ring /opt/stack/neutron/neutron/common/ovn/hash_ring_manager.py:110}}
Jul 08 13:38:47.841353 np0000004820 devstack@neutron-api.service[90570]: DEBUG neutron.plugins.ml2.drivers.ovn.mech_driver.ovsdb.ovsdb_monitor [None req-9ba5c0fa-4ad5-40fb-9d1a-a6a108b6e73d None None] Hash Ring: Node d30bcec4c6b55de7964fb7995fff5612 (host: np0000004820) handling event "update" for row d1c12241-5d45-492a-94c7-25d8d5ea6a5f (table: NB_Global) {{(pid=90570) notify /opt/stack/neutron/neutron/plugins/ml2/drivers/ovn/mech_driver/ovsdb/ovsdb_monitor.py:1015}}
Jul 08 13:38:47.841682 np0000004820 devstack@neutron-api.service[90570]: DEBUG neutron.plugins.ml2.drivers.ovn.mech_driver.ovsdb.ovsdb_monitor [None req-9ba5c0fa-4ad5-40fb-9d1a-a6a108b6e73d None None] Hash Ring: Node d30bcec4c6b55de7964fb7995fff5612 (host: np0000004820) handling event "update" for row d1c12241-5d45-492a-94c7-25d8d5ea6a5f (table: NB_Global) {{(pid=90570) notify /opt/stack/neutron/neutron/plugins/ml2/drivers/ovn/mech_driver/ovsdb/ovsdb_monitor.py:1015}}
Jul 08 13:38:47.842271 np0000004820 devstack@neutron-api.service[90571]: DEBUG neutron.common.ovn.hash_ring_manager [None req-8a21793f-40f3-4a6b-9162-7c8bd531a88c None None] Hash Ring loaded. 4 active nodes. 0 offline nodes {{(pid=90571) _load_hash_ring /opt/stack/neutron/neutron/common/ovn/hash_ring_manager.py:110}}
Jul 08 13:38:47.843462 np0000004820 devstack@neutron-api.service[90571]: DEBUG neutron.common.ovn.hash_ring_manager [None req-d945c040-072b-4bee-ba11-3b7f8a64d17b None None] Hash Ring loaded. 4 active nodes. 0 offline nodes {{(pid=90571) _load_hash_ring /opt/stack/neutron/neutron/common/ovn/hash_ring_manager.py:110}}
Jul 08 13:38:47.843858 np0000004820 devstack@neutron-api.service[90570]: DEBUG neutron.api.rpc.callbacks.version_manager [None req-35e59d25-24bb-4f4b-9a12-75dbdda77ac0 admin admin] Tracked resource versions report:
Jul 08 13:38:47.843858 np0000004820 devstack@neutron-api.service[90570]: pushed versions:
Jul 08 13:38:47.843858 np0000004820 devstack@neutron-api.service[90570]: { 'AddressGroup': {'1.2'},
Jul 08 13:38:47.843858 np0000004820 devstack@neutron-api.service[90570]: 'Agent': {'1.1'},
Jul 08 13:38:47.843858 np0000004820 devstack@neutron-api.service[90570]: 'ConntrackHelper': {'1.0'},
Jul 08 13:38:47.843858 np0000004820 devstack@neutron-api.service[90570]: 'LocalIPAssociation': {'1.0'},
Jul 08 13:38:47.843858 np0000004820 devstack@neutron-api.service[90570]: 'Log': {'1.0'},
Jul 08 13:38:47.843858 np0000004820 devstack@neutron-api.service[90570]: 'NDPProxy': {'1.0'},
Jul 08 13:38:47.843858 np0000004820 devstack@neutron-api.service[90570]: 'Network': {'1.3'},
Jul 08 13:38:47.843858 np0000004820 devstack@neutron-api.service[90570]: 'Port': {'1.11'},
Jul 08 13:38:47.843858 np0000004820 devstack@neutron-api.service[90570]: 'PortForwarding': {'1.3'},
Jul 08 13:38:47.843858 np0000004820 devstack@neutron-api.service[90570]: 'QosPolicy': {'1.10'},
Jul 08 13:38:47.843858 np0000004820 devstack@neutron-api.service[90570]: 'SecurityGroup': {'1.6'},
Jul 08 13:38:47.843858 np0000004820 devstack@neutron-api.service[90570]: 'SecurityGroupRule': {'1.3'},
Jul 08 13:38:47.843858 np0000004820 devstack@neutron-api.service[90570]: 'SubPort': {'1.0'},
Jul 08 13:38:47.843858 np0000004820 devstack@neutron-api.service[90570]: 'Subnet': {'1.2'},
Jul 08 13:38:47.843858 np0000004820 devstack@neutron-api.service[90570]: 'Trunk': {'1.1'}}
Jul 08 13:38:47.843858 np0000004820 devstack@neutron-api.service[90570]: consumer versions:
Jul 08 13:38:47.843858 np0000004820 devstack@neutron-api.service[90570]: { OVN Controller Gateway agent@np0000004820: {},
Jul 08 13:38:47.843858 np0000004820 devstack@neutron-api.service[90570]: OVN Neutron agent@np0000004820: {}}
Jul 08 13:38:47.843858 np0000004820 devstack@neutron-api.service[90570]: {{(pid=90570) report /opt/stack/neutron/neutron/api/rpc/callbacks/version_manager.py:183}}
Jul 08 13:38:47.844245 np0000004820 devstack@neutron-api.service[90569]: DEBUG neutron.common.ovn.hash_ring_manager [None req-af239bbb-0b93-415a-a4e3-ce8266cc32be None None] Hash Ring loaded. 4 active nodes. 0 offline nodes {{(pid=90569) _load_hash_ring /opt/stack/neutron/neutron/common/ovn/hash_ring_manager.py:110}}
Jul 08 13:38:47.851666 np0000004820 devstack@neutron-api.service[90570]: DEBUG ovsdbapp.backend.ovs_idl.transaction [None req-9ba5c0fa-4ad5-40fb-9d1a-a6a108b6e73d None None] Running txn n=1 command(idx=0): AddNetworkCommand(_result=None, network_uuid=d3f0f69a-919f-4c73-8e98-976b9fe28e90, may_exist=True, columns={'external_ids': {'neutron:network_name': 'shared', 'neutron:mtu': '1372', 'neutron:revision_number': '1', 'neutron:availability_zone_hints': '', 'neutron:provnet-network-type': 'geneve'}, 'other_config': {'mcast_snoop': 'false', 'mcast_flood_unregistered': 'false', 'vlan-passthru': 'false'}}) {{(pid=90570) do_commit /opt/stack/data/venv/lib/python3.12/site-packages/ovsdbapp/backend/ovs_idl/transaction.py:89}}
Jul 08 13:38:47.854832 np0000004820 devstack@neutron-api.service[90572]: DEBUG neutron.plugins.ml2.drivers.ovn.mech_driver.ovsdb.ovsdb_monitor [None req-89ed85bc-82a6-42f0-b55f-442cad7ac622 None None] Hash Ring: Node 4f21f1b6f7b65955b0fa34afa39e88ab (host: np0000004820) handling event "create" for row d3f0f69a-919f-4c73-8e98-976b9fe28e90 (table: Logical_Switch) {{(pid=90572) notify /opt/stack/neutron/neutron/plugins/ml2/drivers/ovn/mech_driver/ovsdb/ovsdb_monitor.py:1015}}
Jul 08 13:38:47.856610 np0000004820 devstack@neutron-api.service[90569]: DEBUG neutron.plugins.ml2.drivers.ovn.mech_driver.ovsdb.ovsdb_monitor [None req-af239bbb-0b93-415a-a4e3-ce8266cc32be None None] Hash Ring: Node 0230a53c645453bb9daa5a7b2bd73a39 (host: np0000004820) handling event "create" for row 29d16de4-1db0-4ba1-9c73-26076dcd6943 (table: Datapath_Binding) {{(pid=90569) notify /opt/stack/neutron/neutron/plugins/ml2/drivers/ovn/mech_driver/ovsdb/ovsdb_monitor.py:1015}}
Jul 08 13:38:47.878065 np0000004820 devstack@neutron-api.service[90570]: INFO neutron.db.ovn_revision_numbers_db [None req-35e59d25-24bb-4f4b-9a12-75dbdda77ac0 admin admin] Successfully bumped revision number for resource d3f0f69a-919f-4c73-8e98-976b9fe28e90 (type: networks) to 1
Jul 08 13:38:47.888070 np0000004820 devstack@neutron-api.service[90570]: DEBUG neutron_lib.callbacks.manager [None req-35e59d25-24bb-4f4b-9a12-75dbdda77ac0 admin admin] Publish callbacks ['neutron.plugins.ml2.plugin.SecurityGroupDbMixin._ensure_default_security_group_handler-97659'] for port (None), before_create {{(pid=90570) _notify_loop /opt/stack/data/venv/lib/python3.12/site-packages/neutron_lib/callbacks/manager.py:184}}
Jul 08 13:38:47.942029 np0000004820 devstack@neutron-api.service[90570]: DEBUG neutron_lib.callbacks.manager [None req-35e59d25-24bb-4f4b-9a12-75dbdda77ac0 admin admin] Publish callbacks ['neutron.plugins.ml2.drivers.ovn.mech_driver.mech_driver.OVNMechanismDriver._validate_allowed_address_pairs-1819133'] for allowed_address_pair (5706066c-4fc6-4aab-aaa4-43341c3b087a), before_create {{(pid=90570) _notify_loop /opt/stack/data/venv/lib/python3.12/site-packages/neutron_lib/callbacks/manager.py:184}}
Jul 08 13:38:47.942526 np0000004820 devstack@neutron-api.service[90570]: DEBUG neutron_lib.callbacks.manager [None req-35e59d25-24bb-4f4b-9a12-75dbdda77ac0 admin admin] Publish callbacks [] for port (5706066c-4fc6-4aab-aaa4-43341c3b087a), precommit_create {{(pid=90570) _notify_loop /opt/stack/data/venv/lib/python3.12/site-packages/neutron_lib/callbacks/manager.py:184}}
Jul 08 13:38:47.942685 np0000004820 devstack@neutron-api.service[90570]: DEBUG neutron.plugins.ml2.drivers.ovn.mech_driver.mech_driver [None req-35e59d25-24bb-4f4b-9a12-75dbdda77ac0 admin admin] No provisioning block for port 5706066c-4fc6-4aab-aaa4-43341c3b087a since it does not have a host {{(pid=90570) _is_port_provisioning_required /opt/stack/neutron/neutron/plugins/ml2/drivers/ovn/mech_driver/mech_driver.py:899}}
Jul 08 13:38:47.942804 np0000004820 devstack@neutron-api.service[90570]: DEBUG neutron.db.ovn_revision_numbers_db [None req-35e59d25-24bb-4f4b-9a12-75dbdda77ac0 admin admin] create_initial_revision uuid=5706066c-4fc6-4aab-aaa4-43341c3b087a, type=ports, rev=-1 {{(pid=90570) create_initial_revision /opt/stack/neutron/neutron/db/ovn_revision_numbers_db.py:98}}
Jul 08 13:38:47.967963 np0000004820 devstack@neutron-api.service[90570]: DEBUG neutron_lib.callbacks.manager [None req-35e59d25-24bb-4f4b-9a12-75dbdda77ac0 admin admin] Publish callbacks ['neutron.plugins.ml2.ovo_rpc._ObjectChangeHandler.handle_event-2992676'] for port (5706066c-4fc6-4aab-aaa4-43341c3b087a), after_create {{(pid=90570) _notify_loop /opt/stack/data/venv/lib/python3.12/site-packages/neutron_lib/callbacks/manager.py:184}}
Jul 08 13:38:47.992376 np0000004820 devstack@neutron-api.service[90570]: DEBUG neutron.api.rpc.handlers.resources_rpc [None req-35e59d25-24bb-4f4b-9a12-75dbdda77ac0 admin admin] Pushing event updated for resources: {'Port': ['ID=5706066c-4fc6-4aab-aaa4-43341c3b087a,revision_number=1']} {{(pid=90570) push /opt/stack/neutron/neutron/api/rpc/handlers/resources_rpc.py:237}}
Jul 08 13:38:47.997016 np0000004820 devstack@neutron-api.service[90570]: DEBUG neutron.plugins.ml2.drivers.ovn.mech_driver.ovsdb.commands [None req-35e59d25-24bb-4f4b-9a12-75dbdda77ac0 admin admin] Converting tag [] to a tag_request {{(pid=90570) _tag_column_to_tag_request /opt/stack/neutron/neutron/plugins/ml2/drivers/ovn/mech_driver/ovsdb/commands.py:205}}
Jul 08 13:38:47.997476 np0000004820 devstack@neutron-api.service[90570]: DEBUG ovsdbapp.backend.ovs_idl.transaction [None req-9ba5c0fa-4ad5-40fb-9d1a-a6a108b6e73d None None] Running txn n=1 command(idx=0): AddLSwitchPortCommand(_result=None, lport=5706066c-4fc6-4aab-aaa4-43341c3b087a, lswitch=neutron-d3f0f69a-919f-4c73-8e98-976b9fe28e90, may_exist=True, network_uuid=d3f0f69a-919f-4c73-8e98-976b9fe28e90, columns={'addresses': ['fa:16:3e:da:f6:80'], 'external_ids': {'neutron:port_name': '', 'neutron:device_id': 'ovnmeta-d3f0f69a-919f-4c73-8e98-976b9fe28e90', 'neutron:project_id': 'cfd1c29a721b49bd89c56dc86223469e', 'neutron:cidrs': '', 'neutron:device_owner': 'network:distributed', 'neutron:subnet_pool_addr_scope4': '', 'neutron:subnet_pool_addr_scope6': '', 'neutron:network_name': 'neutron-d3f0f69a-919f-4c73-8e98-976b9fe28e90', 'neutron:security_group_ids': '', 'neutron:revision_number': '1', 'neutron:vnic_type': 'normal', 'neutron:port_capabilities': '', 'neutron:mtu': '1372'}, 'parent_name': [], 'enabled': True, 'options': {}, 'type': 'localport', 'port_security': [], 'dhcpv4_options': [], 'dhcpv6_options': [], 'tag_request': []}) {{(pid=90570) do_commit /opt/stack/data/venv/lib/python3.12/site-packages/ovsdbapp/backend/ovs_idl/transaction.py:89}}
Jul 08 13:38:47.997876 np0000004820 devstack@neutron-api.service[90570]: DEBUG ovsdbapp.backend.ovs_idl.transaction [None req-9ba5c0fa-4ad5-40fb-9d1a-a6a108b6e73d None None] Running txn n=1 command(idx=1): QoSDelCommand(_result=None, switch=neutron-d3f0f69a-919f-4c73-8e98-976b9fe28e90, conditions=[('direction', '=', 'to-lport'), ('priority', '=', 2002), ('match', '=', 'outport == "5706066c-4fc6-4aab-aaa4-43341c3b087a"')], if_exists=True) {{(pid=90570) do_commit /opt/stack/data/venv/lib/python3.12/site-packages/ovsdbapp/backend/ovs_idl/transaction.py:89}}
Jul 08 13:38:47.998038 np0000004820 devstack@neutron-api.service[90570]: DEBUG ovsdbapp.backend.ovs_idl.transaction [None req-9ba5c0fa-4ad5-40fb-9d1a-a6a108b6e73d None None] Running txn n=1 command(idx=2): QoSDelCommand(_result=None, switch=neutron-d3f0f69a-919f-4c73-8e98-976b9fe28e90, conditions=[('direction', '=', 'from-lport'), ('priority', '=', 2002), ('match', '=', 'inport == "5706066c-4fc6-4aab-aaa4-43341c3b087a"')], if_exists=True) {{(pid=90570) do_commit /opt/stack/data/venv/lib/python3.12/site-packages/ovsdbapp/backend/ovs_idl/transaction.py:89}}
Jul 08 13:38:48.001559 np0000004820 devstack@neutron-api.service[90572]: DEBUG neutron.plugins.ml2.drivers.ovn.mech_driver.ovsdb.ovsdb_monitor [None req-89ed85bc-82a6-42f0-b55f-442cad7ac622 None None] Hash Ring: Node 4f21f1b6f7b65955b0fa34afa39e88ab (host: np0000004820) handling event "update" for row d3f0f69a-919f-4c73-8e98-976b9fe28e90 (table: Logical_Switch) {{(pid=90572) notify /opt/stack/neutron/neutron/plugins/ml2/drivers/ovn/mech_driver/ovsdb/ovsdb_monitor.py:1015}}
Jul 08 13:38:48.002099 np0000004820 devstack@neutron-api.service[90571]: DEBUG neutron.plugins.ml2.drivers.ovn.mech_driver.ovsdb.ovsdb_monitor [None req-8a21793f-40f3-4a6b-9162-7c8bd531a88c None None] Hash Ring: Node aae3d967a59158e9a0d074af128a6a0b (host: np0000004820) handling event "create" for row 5f1fd17a-c7c7-446a-ac97-5da9f8e38459 (table: Logical_Switch_Port) {{(pid=90571) notify /opt/stack/neutron/neutron/plugins/ml2/drivers/ovn/mech_driver/ovsdb/ovsdb_monitor.py:1015}}
Jul 08 13:38:48.003186 np0000004820 devstack@neutron-api.service[90571]: DEBUG ovsdbapp.backend.ovs_idl.event [None req-8a21793f-40f3-4a6b-9162-7c8bd531a88c None None] Matched CREATE: LogicalSwitchPortCreateEvent(events=('create',), table='Logical_Switch_Port', conditions=[], old_conditions=None), priority=20 to row=Logical_Switch_Port(uuid=5f1fd17a-c7c7-446a-ac97-5da9f8e38459, addresses=['fa:16:3e:da:f6:80'], dhcpv4_options=[], dhcpv6_options=[], dynamic_addresses=[], enabled=True, external_ids={'neutron:cidrs': '', 'neutron:device_id': 'ovnmeta-d3f0f69a-919f-4c73-8e98-976b9fe28e90', 'neutron:device_owner': 'network:distributed', 'neutron:mtu': '1372', 'neutron:network_name': 'neutron-d3f0f69a-919f-4c73-8e98-976b9fe28e90', 'neutron:port_capabilities': '', 'neutron:port_name': '', 'neutron:project_id': 'cfd1c29a721b49bd89c56dc86223469e', 'neutron:revision_number': '1', 'neutron:security_group_ids': '', 'neutron:subnet_pool_addr_scope4': '', 'neutron:subnet_pool_addr_scope6': '', 'neutron:vnic_type': 'normal'}, ha_chassis_group=[], mirror_rules=[], name='5706066c-4fc6-4aab-aaa4-43341c3b087a', options={}, parent_name=[], port_security=[], tag=[], tag_request=[], type='localport', up=[]) old= {{(pid=90571) matches /opt/stack/data/venv/lib/python3.12/site-packages/ovsdbapp/backend/ovs_idl/event.py:55}}
Jul 08 13:38:48.003866 np0000004820 devstack@neutron-api.service[90571]: INFO neutron.plugins.ml2.drivers.ovn.mech_driver.mech_driver [-] OVN reports status down for port: 5706066c-4fc6-4aab-aaa4-43341c3b087a
Jul 08 13:38:48.005437 np0000004820 devstack@neutron-api.service[90571]: DEBUG neutron.plugins.ml2.drivers.ovn.mech_driver.ovsdb.ovsdb_monitor [None req-8a21793f-40f3-4a6b-9162-7c8bd531a88c None None] Hash Ring: Node aae3d967a59158e9a0d074af128a6a0b (host: np0000004820) handling event "update" for row 5f1fd17a-c7c7-446a-ac97-5da9f8e38459 (table: Logical_Switch_Port) {{(pid=90571) notify /opt/stack/neutron/neutron/plugins/ml2/drivers/ovn/mech_driver/ovsdb/ovsdb_monitor.py:1015}}
