Jul 31 12:34:34.590356 np0000006221 devstack@g-api.service[99742]: DEBUG glance_store.location [-] Registering scheme swift with {'store': , 'location_class': , 'store_entry': 'swift'} {{(pid=99742) register_scheme_map /opt/stack/data/venv/lib/python3.12/site-packages/glance_store/location.py:146}}
Jul 31 12:34:34.590356 np0000006221 devstack@g-api.service[99742]: DEBUG glance_store.location [-] Registering scheme swift+http with {'store': , 'location_class': , 'store_entry': 'swift'} {{(pid=99742) register_scheme_map /opt/stack/data/venv/lib/python3.12/site-packages/glance_store/location.py:146}}
Jul 31 12:34:34.590418 np0000006221 devstack@g-api.service[99741]: DEBUG glance_store.location [-] Registering scheme swift+https with {'store': , 'location_class': , 'store_entry': 'swift'} {{(pid=99741) register_scheme_map /opt/stack/data/venv/lib/python3.12/site-packages/glance_store/location.py:146}}
Jul 31 12:34:34.590465 np0000006221 devstack@g-api.service[99742]: DEBUG glance_store.location [-] Registering scheme swift+config with {'store': , 'location_class': , 'store_entry': 'swift'} {{(pid=99742) register_scheme_map /opt/stack/data/venv/lib/python3.12/site-packages/glance_store/location.py:146}}
Jul 31 12:34:34.590507 np0000006221 devstack@g-api.service[99741]: DEBUG glance_store.location [-] Registering scheme swift with {'store': , 'location_class': , 'store_entry': 'swift'} {{(pid=99741) register_scheme_map /opt/stack/data/venv/lib/python3.12/site-packages/glance_store/location.py:146}}
Jul 31 12:34:34.590507 np0000006221 devstack@g-api.service[99741]: DEBUG glance_store.location [-] Registering scheme swift+http with {'store': , 'location_class': , 'store_entry': 'swift'} {{(pid=99741) register_scheme_map /opt/stack/data/venv/lib/python3.12/site-packages/glance_store/location.py:146}}
Jul 31 12:34:34.590563 np0000006221 devstack@g-api.service[99742]: DEBUG glance_store.backend [-] Attempting to import store swift {{(pid=99742) _load_store /opt/stack/data/venv/lib/python3.12/site-packages/glance_store/backend.py:215}}
Jul 31 12:34:34.590593 np0000006221 devstack@g-api.service[99741]: DEBUG glance_store.location [-] Registering scheme swift+https with {'store': , 'location_class': , 'store_entry': 'swift'} {{(pid=99741) register_scheme_map /opt/stack/data/venv/lib/python3.12/site-packages/glance_store/location.py:146}}
Jul 31 12:34:34.590593 np0000006221 devstack@g-api.service[99741]: DEBUG glance_store.location [-] Registering scheme swift with {'store': , 'location_class': , 'store_entry': 'swift'} {{(pid=99741) register_scheme_map /opt/stack/data/venv/lib/python3.12/site-packages/glance_store/location.py:146}}
Jul 31 12:34:34.590593 np0000006221 devstack@g-api.service[99741]: DEBUG glance_store.location [-] Registering scheme swift+http with {'store': , 'location_class': , 'store_entry': 'swift'} {{(pid=99741) register_scheme_map /opt/stack/data/venv/lib/python3.12/site-packages/glance_store/location.py:146}}
Jul 31 12:34:34.590593 np0000006221 devstack@g-api.service[99741]: DEBUG glance_store.location [-] Registering scheme swift+config with {'store': , 'location_class': , 'store_entry': 'swift'} {{(pid=99741) register_scheme_map /opt/stack/data/venv/lib/python3.12/site-packages/glance_store/location.py:146}}
Jul 31 12:34:34.590698 np0000006221 devstack@g-api.service[99741]: DEBUG glance.sqlite_migration [-] SQLite caching database not located, skipping migration {{(pid=99741) get_db_path /opt/stack/glance/glance/sqlite_migration.py:68}}
Jul 31 12:34:34.590933 np0000006221 devstack@g-api.service[99741]: WARNING glance.common.wsgi_app [-] Import methods are enabled but staging directory /tmp/staging/ does not exist; Imports will fail!
Jul 31 12:34:34.591178 np0000006221 devstack@g-api.service[99742]: DEBUG glance_store.capabilities [-] Store glance_store._drivers.swift.store.SingleTenantStore doesn't support updating dynamic storage capabilities. Please overwrite 'update_capabilities' method of the store to implement updating logics if needed. {{(pid=99742) update_capabilities /opt/stack/data/venv/lib/python3.12/site-packages/glance_store/capabilities.py:91}}
Jul 31 12:34:34.591240 np0000006221 devstack@g-api.service[99742]: DEBUG glance_store.driver [-] Late loading location class glance_store._drivers.swift.store.StoreLocation {{(pid=99742) get_store_location_class /opt/stack/data/venv/lib/python3.12/site-packages/glance_store/driver.py:134}}
Jul 31 12:34:34.591304 np0000006221 devstack@g-api.service[99742]: DEBUG glance_store.location [-] Registering scheme swift+https with {'store': , 'location_class': , 'store_entry': 'swift'} {{(pid=99742) register_scheme_map /opt/stack/data/venv/lib/python3.12/site-packages/glance_store/location.py:146}}
Jul 31 12:34:34.591359 np0000006221 devstack@g-api.service[99742]: DEBUG glance_store.location [-] Registering scheme swift+https with {'store': , 'location_class': , 'store_entry': 'swift'} {{(pid=99742) register_scheme_map /opt/stack/data/venv/lib/python3.12/site-packages/glance_store/location.py:146}}
Jul 31 12:34:34.591403 np0000006221 devstack@g-api.service[99742]: DEBUG glance_store.location [-] Registering scheme swift with {'store': , 'location_class': , 'store_entry': 'swift'} {{(pid=99742) register_scheme_map /opt/stack/data/venv/lib/python3.12/site-packages/glance_store/location.py:146}}
Jul 31 12:34:34.591478 np0000006221 devstack@g-api.service[99742]: DEBUG glance_store.location [-] Registering scheme swift+https with {'store': , 'location_class': , 'store_entry': 'swift'} {{(pid=99742) register_scheme_map /opt/stack/data/venv/lib/python3.12/site-packages/glance_store/location.py:146}}
Jul 31 12:34:34.591531 np0000006221 devstack@g-api.service[99742]: DEBUG glance_store.location [-] Registering scheme swift with {'store': , 'location_class': , 'store_entry': 'swift'} {{(pid=99742) register_scheme_map /opt/stack/data/venv/lib/python3.12/site-packages/glance_store/location.py:146}}
Jul 31 12:34:34.591582 np0000006221 devstack@g-api.service[99742]: DEBUG glance_store.location [-] Registering scheme swift+http with {'store': , 'location_class': , 'store_entry': 'swift'} {{(pid=99742) register_scheme_map /opt/stack/data/venv/lib/python3.12/site-packages/glance_store/location.py:146}}
Jul 31 12:34:34.591628 np0000006221 devstack@g-api.service[99742]: DEBUG glance_store.location [-] Registering scheme swift+https with {'store': , 'location_class': , 'store_entry': 'swift'} {{(pid=99742) register_scheme_map /opt/stack/data/venv/lib/python3.12/site-packages/glance_store/location.py:146}}
Jul 31 12:34:34.591677 np0000006221 devstack@g-api.service[99742]: DEBUG glance_store.location [-] Registering scheme swift with {'store': , 'location_class': , 'store_entry': 'swift'} {{(pid=99742) register_scheme_map /opt/stack/data/venv/lib/python3.12/site-packages/glance_store/location.py:146}}
Jul 31 12:34:34.591728 np0000006221 devstack@g-api.service[99742]: DEBUG glance_store.location [-] Registering scheme swift+http with {'store': , 'location_class': , 'store_entry': 'swift'} {{(pid=99742) register_scheme_map /opt/stack/data/venv/lib/python3.12/site-packages/glance_store/location.py:146}}
Jul 31 12:34:34.591770 np0000006221 devstack@g-api.service[99742]: DEBUG glance_store.location [-] Registering scheme swift+config with {'store': , 'location_class': , 'store_entry': 'swift'} {{(pid=99742) register_scheme_map /opt/stack/data/venv/lib/python3.12/site-packages/glance_store/location.py:146}}
Jul 31 12:34:34.592043 np0000006221 devstack@g-api.service[99742]: DEBUG glance.sqlite_migration [-] SQLite caching database not located, skipping migration {{(pid=99742) get_db_path /opt/stack/glance/glance/sqlite_migration.py:68}}
Jul 31 12:34:34.592227 np0000006221 devstack@g-api.service[99742]: WARNING glance.common.wsgi_app [-] Import methods are enabled but staging directory /tmp/staging/ does not exist; Imports will fail!
Jul 31 12:34:34.719131 np0000006221 devstack@g-api.service[99740]: DEBUG glance.common.config [None req-9e706519-fdc8-47f5-9e03-8a1ba8f49af6 None None] Loading glance-api-keystone+cachemanagement from /etc/glance/glance-api-paste.ini {{(pid=99740) load_paste_app /opt/stack/glance/glance/common/config.py:765}}
Jul 31 12:34:34.719619 np0000006221 devstack@g-api.service[99741]: DEBUG glance.common.config [None req-63319c61-cd82-4a17-a8e6-0c34cb81dcd9 None None] Loading glance-api-keystone+cachemanagement from /etc/glance/glance-api-paste.ini {{(pid=99741) load_paste_app /opt/stack/glance/glance/common/config.py:765}}
Jul 31 12:34:34.720558 np0000006221 devstack@g-api.service[99742]: DEBUG glance.common.config [None req-c427ccc9-ee78-456f-8f7b-dd0c2cdf5ebf None None] Loading glance-api-keystone+cachemanagement from /etc/glance/glance-api-paste.ini {{(pid=99742) load_paste_app /opt/stack/glance/glance/common/config.py:765}}
Jul 31 12:34:35.325837 np0000006221 devstack@g-api.service[99742]: INFO glance.image_cache [None req-c427ccc9-ee78-456f-8f7b-dd0c2cdf5ebf None None] Image cache loaded driver 'centralized_db'.
Jul 31 12:34:35.328443 np0000006221 devstack@g-api.service[99740]: INFO glance.image_cache [None req-9e706519-fdc8-47f5-9e03-8a1ba8f49af6 None None] Image cache loaded driver 'centralized_db'.
Jul 31 12:34:35.333672 np0000006221 devstack@g-api.service[99741]: INFO glance.image_cache [None req-63319c61-cd82-4a17-a8e6-0c34cb81dcd9 None None] Image cache loaded driver 'centralized_db'.
Jul 31 12:34:35.373414 np0000006221 devstack@g-api.service[99742]: INFO dbcounter [None req-c427ccc9-ee78-456f-8f7b-dd0c2cdf5ebf None None] Registered counter for database glance
Jul 31 12:34:35.375049 np0000006221 devstack@g-api.service[99740]: INFO dbcounter [None req-9e706519-fdc8-47f5-9e03-8a1ba8f49af6 None None] Registered counter for database glance
Jul 31 12:34:35.380731 np0000006221 devstack@g-api.service[99741]: INFO dbcounter [None req-63319c61-cd82-4a17-a8e6-0c34cb81dcd9 None None] Registered counter for database glance
Jul 31 12:34:35.408719 np0000006221 devstack@g-api.service[99742]: DEBUG oslo_db.sqlalchemy.engines [None req-c427ccc9-ee78-456f-8f7b-dd0c2cdf5ebf None None] MySQL server mode set to STRICT_TRANS_TABLES,STRICT_ALL_TABLES,NO_ZERO_IN_DATE,NO_ZERO_DATE,ERROR_FOR_DIVISION_BY_ZERO,TRADITIONAL,NO_ENGINE_SUBSTITUTION {{(pid=99742) _check_effective_sql_mode /opt/stack/data/venv/lib/python3.12/site-packages/oslo_db/sqlalchemy/engines.py:325}}
Jul 31 12:34:35.411207 np0000006221 devstack@g-api.service[99740]: DEBUG oslo_db.sqlalchemy.engines [None req-9e706519-fdc8-47f5-9e03-8a1ba8f49af6 None None] MySQL server mode set to STRICT_TRANS_TABLES,STRICT_ALL_TABLES,NO_ZERO_IN_DATE,NO_ZERO_DATE,ERROR_FOR_DIVISION_BY_ZERO,TRADITIONAL,NO_ENGINE_SUBSTITUTION {{(pid=99740) _check_effective_sql_mode /opt/stack/data/venv/lib/python3.12/site-packages/oslo_db/sqlalchemy/engines.py:325}}
Jul 31 12:34:35.419928 np0000006221 devstack@g-api.service[99741]: DEBUG oslo_db.sqlalchemy.engines [None req-63319c61-cd82-4a17-a8e6-0c34cb81dcd9 None None] MySQL server mode set to STRICT_TRANS_TABLES,STRICT_ALL_TABLES,NO_ZERO_IN_DATE,NO_ZERO_DATE,ERROR_FOR_DIVISION_BY_ZERO,TRADITIONAL,NO_ENGINE_SUBSTITUTION {{(pid=99741) _check_effective_sql_mode /opt/stack/data/venv/lib/python3.12/site-packages/oslo_db/sqlalchemy/engines.py:325}}
Jul 31 12:34:35.521216 np0000006221 devstack@g-api.service[99740]: DEBUG dbcounter [-] [99740] Writer thread running {{(pid=99740) stat_writer /opt/stack/data/venv/lib/python3.12/site-packages/dbcounter.py:102}}
Jul 31 12:34:35.526204 np0000006221 devstack@g-api.service[99742]: DEBUG dbcounter [-] [99742] Writer thread running {{(pid=99742) stat_writer /opt/stack/data/venv/lib/python3.12/site-packages/dbcounter.py:102}}
Jul 31 12:34:35.529309 np0000006221 devstack@g-api.service[99742]: DEBUG glance.image_cache.drivers.centralized_db [None req-c427ccc9-ee78-456f-8f7b-dd0c2cdf5ebf None None] Node reference is already recorded, ignoring it {{(pid=99742) configure /opt/stack/glance/glance/image_cache/drivers/centralized_db.py:71}}
Jul 31 12:34:35.532136 np0000006221 devstack@g-api.service[99740]: INFO glance.image_cache [None req-9e706519-fdc8-47f5-9e03-8a1ba8f49af6 None None] Image cache loaded driver 'centralized_db'.
Jul 31 12:34:35.534275 np0000006221 devstack@g-api.service[99742]: INFO glance.image_cache [None req-c427ccc9-ee78-456f-8f7b-dd0c2cdf5ebf None None] Image cache loaded driver 'centralized_db'.
Jul 31 12:34:35.537738 np0000006221 devstack@g-api.service[99741]: DEBUG dbcounter [-] [99741] Writer thread running {{(pid=99741) stat_writer /opt/stack/data/venv/lib/python3.12/site-packages/dbcounter.py:102}}
Jul 31 12:34:35.538537 np0000006221 devstack@g-api.service[99740]: DEBUG glance.image_cache.drivers.centralized_db [None req-9e706519-fdc8-47f5-9e03-8a1ba8f49af6 None None] Node reference is already recorded, ignoring it {{(pid=99740) configure /opt/stack/glance/glance/image_cache/drivers/centralized_db.py:71}}
Jul 31 12:34:35.540758 np0000006221 devstack@g-api.service[99741]: DEBUG glance.image_cache.drivers.centralized_db [None req-63319c61-cd82-4a17-a8e6-0c34cb81dcd9 None None] Node reference is already recorded, ignoring it {{(pid=99741) configure /opt/stack/glance/glance/image_cache/drivers/centralized_db.py:71}}
Jul 31 12:34:35.541386 np0000006221 devstack@g-api.service[99742]: DEBUG glance.image_cache.drivers.centralized_db [None req-c427ccc9-ee78-456f-8f7b-dd0c2cdf5ebf None None] Node reference is already recorded, ignoring it {{(pid=99742) configure /opt/stack/glance/glance/image_cache/drivers/centralized_db.py:71}}
Jul 31 12:34:35.542957 np0000006221 devstack@g-api.service[99740]: DEBUG glance.api.v2.cached_images [None req-9e706519-fdc8-47f5-9e03-8a1ba8f49af6 None None] Started cache worker thread {{(pid=99740) __init__ /opt/stack/glance/glance/api/v2/cached_images.py:71}}
Jul 31 12:34:35.543666 np0000006221 devstack@g-api.service[99740]: INFO glance.image_cache [None req-9e706519-fdc8-47f5-9e03-8a1ba8f49af6 None None] Image cache loaded driver 'centralized_db'.
Jul 31 12:34:35.546074 np0000006221 devstack@g-api.service[99742]: DEBUG glance.api.v2.cached_images [None req-c427ccc9-ee78-456f-8f7b-dd0c2cdf5ebf None None] Started cache worker thread {{(pid=99742) __init__ /opt/stack/glance/glance/api/v2/cached_images.py:71}}
Jul 31 12:34:35.547007 np0000006221 devstack@g-api.service[99742]: INFO glance.image_cache [None req-c427ccc9-ee78-456f-8f7b-dd0c2cdf5ebf None None] Image cache loaded driver 'centralized_db'.
Jul 31 12:34:35.547672 np0000006221 devstack@g-api.service[99741]: INFO glance.image_cache [None req-63319c61-cd82-4a17-a8e6-0c34cb81dcd9 None None] Image cache loaded driver 'centralized_db'.
Jul 31 12:34:35.550414 np0000006221 devstack@g-api.service[99740]: DEBUG glance.image_cache.drivers.centralized_db [None req-9e706519-fdc8-47f5-9e03-8a1ba8f49af6 None None] Node reference is already recorded, ignoring it {{(pid=99740) configure /opt/stack/glance/glance/image_cache/drivers/centralized_db.py:71}}
Jul 31 12:34:35.554912 np0000006221 devstack@g-api.service[99741]: DEBUG glance.image_cache.drivers.centralized_db [None req-63319c61-cd82-4a17-a8e6-0c34cb81dcd9 None None] Node reference is already recorded, ignoring it {{(pid=99741) configure /opt/stack/glance/glance/image_cache/drivers/centralized_db.py:71}}
Jul 31 12:34:35.555028 np0000006221 devstack@g-api.service[99740]: INFO glance.api.middleware.cache_manage [None req-9e706519-fdc8-47f5-9e03-8a1ba8f49af6 None None] Initialized image cache management middleware
Jul 31 12:34:35.555028 np0000006221 devstack@g-api.service[99740]: INFO glance.image_cache [None req-9e706519-fdc8-47f5-9e03-8a1ba8f49af6 None None] Image cache loaded driver 'centralized_db'.
Jul 31 12:34:35.556134 np0000006221 devstack@g-api.service[99742]: DEBUG glance.image_cache.drivers.centralized_db [None req-c427ccc9-ee78-456f-8f7b-dd0c2cdf5ebf None None] Node reference is already recorded, ignoring it {{(pid=99742) configure /opt/stack/glance/glance/image_cache/drivers/centralized_db.py:71}}
Jul 31 12:34:35.559199 np0000006221 devstack@g-api.service[99741]: DEBUG glance.api.v2.cached_images [None req-63319c61-cd82-4a17-a8e6-0c34cb81dcd9 None None] Started cache worker thread {{(pid=99741) __init__ /opt/stack/glance/glance/api/v2/cached_images.py:71}}
Jul 31 12:34:35.559816 np0000006221 devstack@g-api.service[99741]: INFO glance.image_cache [None req-63319c61-cd82-4a17-a8e6-0c34cb81dcd9 None None] Image cache loaded driver 'centralized_db'.
Jul 31 12:34:35.562688 np0000006221 devstack@g-api.service[99740]: DEBUG glance.image_cache.drivers.centralized_db [None req-9e706519-fdc8-47f5-9e03-8a1ba8f49af6 None None] Node reference is already recorded, ignoring it {{(pid=99740) configure /opt/stack/glance/glance/image_cache/drivers/centralized_db.py:71}}
Jul 31 12:34:35.565551 np0000006221 devstack@g-api.service[99742]: INFO glance.api.middleware.cache_manage [None req-c427ccc9-ee78-456f-8f7b-dd0c2cdf5ebf None None] Initialized image cache management middleware
Jul 31 12:34:35.565765 np0000006221 devstack@g-api.service[99742]: INFO glance.image_cache [None req-c427ccc9-ee78-456f-8f7b-dd0c2cdf5ebf None None] Image cache loaded driver 'centralized_db'.
Jul 31 12:34:35.566260 np0000006221 devstack@g-api.service[99740]: INFO glance.api.middleware.cache [None req-9e706519-fdc8-47f5-9e03-8a1ba8f49af6 None None] Initialized image cache middleware
Jul 31 12:34:35.566386 np0000006221 devstack@g-api.service[99741]: DEBUG glance.image_cache.drivers.centralized_db [None req-63319c61-cd82-4a17-a8e6-0c34cb81dcd9 None None] Node reference is already recorded, ignoring it {{(pid=99741) configure /opt/stack/glance/glance/image_cache/drivers/centralized_db.py:71}}
Jul 31 12:34:35.571955 np0000006221 devstack@g-api.service[99741]: INFO glance.api.middleware.cache_manage [None req-63319c61-cd82-4a17-a8e6-0c34cb81dcd9 None None] Initialized image cache management middleware
Jul 31 12:34:35.572097 np0000006221 devstack@g-api.service[99741]: INFO glance.image_cache [None req-63319c61-cd82-4a17-a8e6-0c34cb81dcd9 None None] Image cache loaded driver 'centralized_db'.
Jul 31 12:34:35.574812 np0000006221 devstack@g-api.service[99742]: DEBUG glance.image_cache.drivers.centralized_db [None req-c427ccc9-ee78-456f-8f7b-dd0c2cdf5ebf None None] Node reference is already recorded, ignoring it {{(pid=99742) configure /opt/stack/glance/glance/image_cache/drivers/centralized_db.py:71}}
Jul 31 12:34:35.576782 np0000006221 devstack@g-api.service[99740]: DEBUG glance.common.config [None req-9e706519-fdc8-47f5-9e03-8a1ba8f49af6 None None] ******************************************************************************** {{(pid=99740) log_opt_values /opt/stack/data/venv/lib/python3.12/site-packages/oslo_config/cfg.py:3226}}
Jul 31 12:34:35.576846 np0000006221 devstack@g-api.service[99740]: DEBUG glance.common.config [None req-9e706519-fdc8-47f5-9e03-8a1ba8f49af6 None None] Configuration options gathered from: {{(pid=99740) log_opt_values /opt/stack/data/venv/lib/python3.12/site-packages/oslo_config/cfg.py:3227}}
Jul 31 12:34:35.577156 np0000006221 devstack@g-api.service[99740]: DEBUG glance.common.config [None req-9e706519-fdc8-47f5-9e03-8a1ba8f49af6 None None] command line args: [] {{(pid=99740) log_opt_values /opt/stack/data/venv/lib/python3.12/site-packages/oslo_config/cfg.py:3228}}
Jul 31 12:34:35.577281 np0000006221 devstack@g-api.service[99740]: DEBUG glance.common.config [None req-9e706519-fdc8-47f5-9e03-8a1ba8f49af6 None None] config files: ['/etc/glance/glance-image-import.conf', '/etc/glance/glance-api.conf'] {{(pid=99740) log_opt_values /opt/stack/data/venv/lib/python3.12/site-packages/oslo_config/cfg.py:3229}}
Jul 31 12:34:35.577351 np0000006221 devstack@g-api.service[99740]: DEBUG glance.common.config [None req-9e706519-fdc8-47f5-9e03-8a1ba8f49af6 None None] ================================================================================ {{(pid=99740) log_opt_values /opt/stack/data/venv/lib/python3.12/site-packages/oslo_config/cfg.py:3234}}
Jul 31 12:34:35.577490 np0000006221 devstack@g-api.service[99740]: DEBUG glance.common.config [None req-9e706519-fdc8-47f5-9e03-8a1ba8f49af6 None None] allow_anonymous_access = False {{(pid=99740) log_opt_values /opt/stack/data/venv/lib/python3.12/site-packages/oslo_config/cfg.py:3242}}
Jul 31 12:34:35.577591 np0000006221 devstack@g-api.service[99740]: DEBUG glance.common.config [None req-9e706519-fdc8-47f5-9e03-8a1ba8f49af6 None None] api_limit_max = 1000 {{(pid=99740) log_opt_values /opt/stack/data/venv/lib/python3.12/site-packages/oslo_config/cfg.py:3242}}
Jul 31 12:34:35.577689 np0000006221 devstack@g-api.service[99740]: DEBUG glance.common.config [None req-9e706519-fdc8-47f5-9e03-8a1ba8f49af6 None None] config_dir = [] {{(pid=99740) log_opt_values /opt/stack/data/venv/lib/python3.12/site-packages/oslo_config/cfg.py:3242}}
Jul 31 12:34:35.577765 np0000006221 devstack@g-api.service[99740]: DEBUG glance.common.config [None req-9e706519-fdc8-47f5-9e03-8a1ba8f49af6 None None] config_file = ['/etc/glance/glance-image-import.conf', '/etc/glance/glance-api.conf'] {{(pid=99740) log_opt_values /opt/stack/data/venv/lib/python3.12/site-packages/oslo_config/cfg.py:3242}}
Jul 31 12:34:35.577872 np0000006221 devstack@g-api.service[99740]: DEBUG glance.common.config [None req-9e706519-fdc8-47f5-9e03-8a1ba8f49af6 None None] config_source = [] {{(pid=99740) log_opt_values /opt/stack/data/venv/lib/python3.12/site-packages/oslo_config/cfg.py:3242}}
Jul 31 12:34:35.578028 np0000006221 devstack@g-api.service[99740]: DEBUG glance.common.config [None req-9e706519-fdc8-47f5-9e03-8a1ba8f49af6 None None] control_exchange = glance {{(pid=99740) log_opt_values /opt/stack/data/venv/lib/python3.12/site-packages/oslo_config/cfg.py:3242}}
Jul 31 12:34:35.578113 np0000006221 devstack@g-api.service[99740]: DEBUG glance.common.config [None req-9e706519-fdc8-47f5-9e03-8a1ba8f49af6 None None] debug = True {{(pid=99740) log_opt_values /opt/stack/data/venv/lib/python3.12/site-packages/oslo_config/cfg.py:3242}}
Jul 31 12:34:35.578322 np0000006221 devstack@g-api.service[99740]: DEBUG glance.common.config [None req-9e706519-fdc8-47f5-9e03-8a1ba8f49af6 None None] default_log_levels = ['amqp=WARN', 'boto=WARN', 'sqlalchemy=WARN', 'suds=INFO', 'oslo.messaging=INFO', 'oslo_messaging=INFO', 'iso8601=WARN', 'requests.packages.urllib3.connectionpool=WARN', 'urllib3.connectionpool=WARN', 'websocket=WARN', 'requests.packages.urllib3.util.retry=WARN', 'urllib3.util.retry=WARN', 'keystonemiddleware=WARN', 'routes.middleware=WARN', 'stevedore=WARN', 'taskflow=WARN', 'keystoneauth=WARN', 'oslo.cache=INFO', 'oslo_policy=INFO', 'dogpile.core.dogpile=INFO'] {{(pid=99740) log_opt_values /opt/stack/data/venv/lib/python3.12/site-packages/oslo_config/cfg.py:3242}}
Jul 31 12:34:35.578436 np0000006221 devstack@g-api.service[99740]: DEBUG glance.common.config [None req-9e706519-fdc8-47f5-9e03-8a1ba8f49af6 None None] default_publisher_id = image.localhost {{(pid=99740) log_opt_values /opt/stack/data/venv/lib/python3.12/site-packages/oslo_config/cfg.py:3242}}
Jul 31 12:34:35.578566 np0000006221 devstack@g-api.service[99740]: DEBUG glance.common.config [None req-9e706519-fdc8-47f5-9e03-8a1ba8f49af6 None None] delayed_delete = False {{(pid=99740) log_opt_values /opt/stack/data/venv/lib/python3.12/site-packages/oslo_config/cfg.py:3242}}
Jul 31 12:34:35.578663 np0000006221 devstack@g-api.service[99740]: DEBUG glance.common.config [None req-9e706519-fdc8-47f5-9e03-8a1ba8f49af6 None None] digest_algorithm = sha256 {{(pid=99740) log_opt_values /opt/stack/data/venv/lib/python3.12/site-packages/oslo_config/cfg.py:3242}}
Jul 31 12:34:35.578699 np0000006221 devstack@g-api.service[99741]: DEBUG glance.image_cache.drivers.centralized_db [None req-63319c61-cd82-4a17-a8e6-0c34cb81dcd9 None None] Node reference is already recorded, ignoring it {{(pid=99741) configure /opt/stack/glance/glance/image_cache/drivers/centralized_db.py:71}}
Jul 31 12:34:35.578752 np0000006221 devstack@g-api.service[99740]: DEBUG glance.common.config [None req-9e706519-fdc8-47f5-9e03-8a1ba8f49af6 None None] disabled_notifications = [] {{(pid=99740) log_opt_values /opt/stack/data/venv/lib/python3.12/site-packages/oslo_config/cfg.py:3242}}
Jul 31 12:34:35.578835 np0000006221 devstack@g-api.service[99740]: DEBUG glance.common.config [None req-9e706519-fdc8-47f5-9e03-8a1ba8f49af6 None None] do_secure_hash = True {{(pid=99740) log_opt_values /opt/stack/data/venv/lib/python3.12/site-packages/oslo_config/cfg.py:3242}}
Jul 31 12:34:35.578930 np0000006221 devstack@g-api.service[99740]: DEBUG glance.common.config [None req-9e706519-fdc8-47f5-9e03-8a1ba8f49af6 None None] enabled_backends = None {{(pid=99740) log_opt_values /opt/stack/data/venv/lib/python3.12/site-packages/oslo_config/cfg.py:3242}}
Jul 31 12:34:35.579034 np0000006221 devstack@g-api.service[99740]: DEBUG glance.common.config [None req-9e706519-fdc8-47f5-9e03-8a1ba8f49af6 None None] enabled_import_methods = ['glance-direct', 'web-download', 'copy-image'] {{(pid=99740) log_opt_values /opt/stack/data/venv/lib/python3.12/site-packages/oslo_config/cfg.py:3242}}
Jul 31 12:34:35.579121 np0000006221 devstack@g-api.service[99740]: DEBUG glance.common.config [None req-9e706519-fdc8-47f5-9e03-8a1ba8f49af6 None None] fatal_deprecations = False {{(pid=99740) log_opt_values /opt/stack/data/venv/lib/python3.12/site-packages/oslo_config/cfg.py:3242}}
Jul 31 12:34:35.579209 np0000006221 devstack@g-api.service[99740]: DEBUG glance.common.config [None req-9e706519-fdc8-47f5-9e03-8a1ba8f49af6 None None] hashing_algorithm = sha512 {{(pid=99740) log_opt_values /opt/stack/data/venv/lib/python3.12/site-packages/oslo_config/cfg.py:3242}}
Jul 31 12:34:35.579292 np0000006221 devstack@g-api.service[99740]: DEBUG glance.common.config [None req-9e706519-fdc8-47f5-9e03-8a1ba8f49af6 None None] http_retries = 3 {{(pid=99740) log_opt_values /opt/stack/data/venv/lib/python3.12/site-packages/oslo_config/cfg.py:3242}}
Jul 31 12:34:35.579384 np0000006221 devstack@g-api.service[99740]: DEBUG glance.common.config [None req-9e706519-fdc8-47f5-9e03-8a1ba8f49af6 None None] image_cache_dir = /opt/stack/data/glance/cache/ {{(pid=99740) log_opt_values /opt/stack/data/venv/lib/python3.12/site-packages/oslo_config/cfg.py:3242}}
Jul 31 12:34:35.579494 np0000006221 devstack@g-api.service[99740]: DEBUG glance.common.config [None req-9e706519-fdc8-47f5-9e03-8a1ba8f49af6 None None] image_cache_driver = centralized_db {{(pid=99740) log_opt_values /opt/stack/data/venv/lib/python3.12/site-packages/oslo_config/cfg.py:3242}}
Jul 31 12:34:35.579581 np0000006221 devstack@g-api.service[99740]: DEBUG glance.common.config [None req-9e706519-fdc8-47f5-9e03-8a1ba8f49af6 None None] image_cache_max_size = 10737418240 {{(pid=99740) log_opt_values /opt/stack/data/venv/lib/python3.12/site-packages/oslo_config/cfg.py:3242}}
Jul 31 12:34:35.579670 np0000006221 devstack@g-api.service[99740]: DEBUG glance.common.config [None req-9e706519-fdc8-47f5-9e03-8a1ba8f49af6 None None] image_cache_sqlite_db = cache.db {{(pid=99740) log_opt_values /opt/stack/data/venv/lib/python3.12/site-packages/oslo_config/cfg.py:3242}}
Jul 31 12:34:35.579756 np0000006221 devstack@g-api.service[99740]: DEBUG glance.common.config [None req-9e706519-fdc8-47f5-9e03-8a1ba8f49af6 None None] image_cache_stall_time = 86400 {{(pid=99740) log_opt_values /opt/stack/data/venv/lib/python3.12/site-packages/oslo_config/cfg.py:3242}}
Jul 31 12:34:35.579859 np0000006221 devstack@g-api.service[99740]: DEBUG glance.common.config [None req-9e706519-fdc8-47f5-9e03-8a1ba8f49af6 None None] image_location_quota = 10 {{(pid=99740) log_opt_values /opt/stack/data/venv/lib/python3.12/site-packages/oslo_config/cfg.py:3242}}
Jul 31 12:34:35.579967 np0000006221 devstack@g-api.service[99740]: DEBUG glance.common.config [None req-9e706519-fdc8-47f5-9e03-8a1ba8f49af6 None None] image_member_quota = 128 {{(pid=99740) log_opt_values /opt/stack/data/venv/lib/python3.12/site-packages/oslo_config/cfg.py:3242}}
Jul 31 12:34:35.580061 np0000006221 devstack@g-api.service[99740]: DEBUG glance.common.config [None req-9e706519-fdc8-47f5-9e03-8a1ba8f49af6 None None] image_property_quota = 128 {{(pid=99740) log_opt_values /opt/stack/data/venv/lib/python3.12/site-packages/oslo_config/cfg.py:3242}}
Jul 31 12:34:35.580140 np0000006221 devstack@g-api.service[99740]: DEBUG glance.common.config [None req-9e706519-fdc8-47f5-9e03-8a1ba8f49af6 None None] image_size_cap = 1099511627776 {{(pid=99740) log_opt_values /opt/stack/data/venv/lib/python3.12/site-packages/oslo_config/cfg.py:3242}}
Jul 31 12:34:35.580222 np0000006221 devstack@g-api.service[99740]: DEBUG glance.common.config [None req-9e706519-fdc8-47f5-9e03-8a1ba8f49af6 None None] image_tag_quota = 128 {{(pid=99740) log_opt_values /opt/stack/data/venv/lib/python3.12/site-packages/oslo_config/cfg.py:3242}}
Jul 31 12:34:35.580310 np0000006221 devstack@g-api.service[99740]: DEBUG glance.common.config [None req-9e706519-fdc8-47f5-9e03-8a1ba8f49af6 None None] instance_format = [instance: %(uuid)s] {{(pid=99740) log_opt_values /opt/stack/data/venv/lib/python3.12/site-packages/oslo_config/cfg.py:3242}}
Jul 31 12:34:35.580398 np0000006221 devstack@g-api.service[99740]: DEBUG glance.common.config [None req-9e706519-fdc8-47f5-9e03-8a1ba8f49af6 None None] instance_uuid_format = [instance: %(uuid)s] {{(pid=99740) log_opt_values /opt/stack/data/venv/lib/python3.12/site-packages/oslo_config/cfg.py:3242}}
Jul 31 12:34:35.580501 np0000006221 devstack@g-api.service[99740]: DEBUG glance.common.config [None req-9e706519-fdc8-47f5-9e03-8a1ba8f49af6 None None] limit_param_default = 25 {{(pid=99740) log_opt_values /opt/stack/data/venv/lib/python3.12/site-packages/oslo_config/cfg.py:3242}}
Jul 31 12:34:35.580593 np0000006221 devstack@g-api.service[99740]: DEBUG glance.common.config [None req-9e706519-fdc8-47f5-9e03-8a1ba8f49af6 None None] log_color = False {{(pid=99740) log_opt_values /opt/stack/data/venv/lib/python3.12/site-packages/oslo_config/cfg.py:3242}}
Jul 31 12:34:35.580680 np0000006221 devstack@g-api.service[99740]: DEBUG glance.common.config [None req-9e706519-fdc8-47f5-9e03-8a1ba8f49af6 None None] log_config_append = None {{(pid=99740) log_opt_values /opt/stack/data/venv/lib/python3.12/site-packages/oslo_config/cfg.py:3242}}
Jul 31 12:34:35.580769 np0000006221 devstack@g-api.service[99740]: DEBUG glance.common.config [None req-9e706519-fdc8-47f5-9e03-8a1ba8f49af6 None None] log_date_format = %Y-%m-%d %H:%M:%S {{(pid=99740) log_opt_values /opt/stack/data/venv/lib/python3.12/site-packages/oslo_config/cfg.py:3242}}
Jul 31 12:34:35.580852 np0000006221 devstack@g-api.service[99740]: DEBUG glance.common.config [None req-9e706519-fdc8-47f5-9e03-8a1ba8f49af6 None None] log_dir = None {{(pid=99740) log_opt_values /opt/stack/data/venv/lib/python3.12/site-packages/oslo_config/cfg.py:3242}}
Jul 31 12:34:35.580945 np0000006221 devstack@g-api.service[99740]: DEBUG glance.common.config [None req-9e706519-fdc8-47f5-9e03-8a1ba8f49af6 None None] log_file = None {{(pid=99740) log_opt_values /opt/stack/data/venv/lib/python3.12/site-packages/oslo_config/cfg.py:3242}}
Jul 31 12:34:35.581033 np0000006221 devstack@g-api.service[99742]: INFO glance.api.middleware.cache [None req-c427ccc9-ee78-456f-8f7b-dd0c2cdf5ebf None None] Initialized image cache middleware
Jul 31 12:34:35.581067 np0000006221 devstack@g-api.service[99740]: DEBUG glance.common.config [None req-9e706519-fdc8-47f5-9e03-8a1ba8f49af6 None None] log_rotate_interval = 1 {{(pid=99740) log_opt_values /opt/stack/data/venv/lib/python3.12/site-packages/oslo_config/cfg.py:3242}}
Jul 31 12:34:35.581125 np0000006221 devstack@g-api.service[99740]: DEBUG glance.common.config [None req-9e706519-fdc8-47f5-9e03-8a1ba8f49af6 None None] log_rotate_interval_type = days {{(pid=99740) log_opt_values /opt/stack/data/venv/lib/python3.12/site-packages/oslo_config/cfg.py:3242}}
Jul 31 12:34:35.581212 np0000006221 devstack@g-api.service[99740]: DEBUG glance.common.config [None req-9e706519-fdc8-47f5-9e03-8a1ba8f49af6 None None] log_rotation_type = none {{(pid=99740) log_opt_values /opt/stack/data/venv/lib/python3.12/site-packages/oslo_config/cfg.py:3242}}
Jul 31 12:34:35.581276 np0000006221 devstack@g-api.service[99740]: DEBUG glance.common.config [None req-9e706519-fdc8-47f5-9e03-8a1ba8f49af6 None None] logging_context_format_string = %(color)s%(levelname)s %(name)s [%(global_request_id)s %(request_id)s %(project_name)s %(user_name)s%(color)s] %(instance)s%(color)s%(message)s {{(pid=99740) log_opt_values /opt/stack/data/venv/lib/python3.12/site-packages/oslo_config/cfg.py:3242}}
Jul 31 12:34:35.581338 np0000006221 devstack@g-api.service[99740]: DEBUG glance.common.config [None req-9e706519-fdc8-47f5-9e03-8a1ba8f49af6 None None] logging_debug_format_suffix = {{(pid=%(process)d) %(funcName)s %(pathname)s:%(lineno)d}} {{(pid=99740) log_opt_values /opt/stack/data/venv/lib/python3.12/site-packages/oslo_config/cfg.py:3242}}
Jul 31 12:34:35.581427 np0000006221 devstack@g-api.service[99740]: DEBUG glance.common.config [None req-9e706519-fdc8-47f5-9e03-8a1ba8f49af6 None None] logging_default_format_string = %(color)s%(levelname)s %(name)s [-%(color)s] %(instance)s%(color)s%(message)s {{(pid=99740) log_opt_values /opt/stack/data/venv/lib/python3.12/site-packages/oslo_config/cfg.py:3242}}
Jul 31 12:34:35.581534 np0000006221 devstack@g-api.service[99740]: DEBUG glance.common.config [None req-9e706519-fdc8-47f5-9e03-8a1ba8f49af6 None None] logging_exception_prefix = ERROR %(name)s %(instance)s {{(pid=99740) log_opt_values /opt/stack/data/venv/lib/python3.12/site-packages/oslo_config/cfg.py:3242}}
Jul 31 12:34:35.581596 np0000006221 devstack@g-api.service[99740]: DEBUG glance.common.config [None req-9e706519-fdc8-47f5-9e03-8a1ba8f49af6 None None] logging_user_identity_format = %(user)s %(project)s %(domain)s %(system_scope)s %(user_domain)s %(project_domain)s {{(pid=99740) log_opt_values /opt/stack/data/venv/lib/python3.12/site-packages/oslo_config/cfg.py:3242}}
Jul 31 12:34:35.581685 np0000006221 devstack@g-api.service[99740]: DEBUG glance.common.config [None req-9e706519-fdc8-47f5-9e03-8a1ba8f49af6 None None] max_logfile_count = 30 {{(pid=99740) log_opt_values /opt/stack/data/venv/lib/python3.12/site-packages/oslo_config/cfg.py:3242}}
Jul 31 12:34:35.581770 np0000006221 devstack@g-api.service[99740]: DEBUG glance.common.config [None req-9e706519-fdc8-47f5-9e03-8a1ba8f49af6 None None] max_logfile_size_mb = 200 {{(pid=99740) log_opt_values /opt/stack/data/venv/lib/python3.12/site-packages/oslo_config/cfg.py:3242}}
Jul 31 12:34:35.581872 np0000006221 devstack@g-api.service[99740]: DEBUG glance.common.config [None req-9e706519-fdc8-47f5-9e03-8a1ba8f49af6 None None] max_request_id_length = 64 {{(pid=99740) log_opt_values /opt/stack/data/venv/lib/python3.12/site-packages/oslo_config/cfg.py:3242}}
Jul 31 12:34:35.581984 np0000006221 devstack@g-api.service[99740]: DEBUG glance.common.config [None req-9e706519-fdc8-47f5-9e03-8a1ba8f49af6 None None] metadata_encryption_key = **** {{(pid=99740) log_opt_values /opt/stack/data/venv/lib/python3.12/site-packages/oslo_config/cfg.py:3242}}
Jul 31 12:34:35.582075 np0000006221 devstack@g-api.service[99740]: DEBUG glance.common.config [None req-9e706519-fdc8-47f5-9e03-8a1ba8f49af6 None None] node_staging_uri = file:///tmp/staging/ {{(pid=99740) log_opt_values /opt/stack/data/venv/lib/python3.12/site-packages/oslo_config/cfg.py:3242}}
Jul 31 12:34:35.582126 np0000006221 devstack@g-api.service[99741]: INFO glance.api.middleware.cache [None req-63319c61-cd82-4a17-a8e6-0c34cb81dcd9 None None] Initialized image cache middleware
Jul 31 12:34:35.582161 np0000006221 devstack@g-api.service[99740]: DEBUG glance.common.config [None req-9e706519-fdc8-47f5-9e03-8a1ba8f49af6 None None] property_protection_file = None {{(pid=99740) log_opt_values /opt/stack/data/venv/lib/python3.12/site-packages/oslo_config/cfg.py:3242}}
Jul 31 12:34:35.582244 np0000006221 devstack@g-api.service[99740]: DEBUG glance.common.config [None req-9e706519-fdc8-47f5-9e03-8a1ba8f49af6 None None] property_protection_rule_format = roles {{(pid=99740) log_opt_values /opt/stack/data/venv/lib/python3.12/site-packages/oslo_config/cfg.py:3242}}
Jul 31 12:34:35.582332 np0000006221 devstack@g-api.service[99740]: DEBUG glance.common.config [None req-9e706519-fdc8-47f5-9e03-8a1ba8f49af6 None None] public_endpoint = https://10.4.3.162/image {{(pid=99740) log_opt_values /opt/stack/data/venv/lib/python3.12/site-packages/oslo_config/cfg.py:3242}}
Jul 31 12:34:35.582415 np0000006221 devstack@g-api.service[99740]: DEBUG glance.common.config [None req-9e706519-fdc8-47f5-9e03-8a1ba8f49af6 None None] publish_errors = False {{(pid=99740) log_opt_values /opt/stack/data/venv/lib/python3.12/site-packages/oslo_config/cfg.py:3242}}
Jul 31 12:34:35.582519 np0000006221 devstack@g-api.service[99740]: DEBUG glance.common.config [None req-9e706519-fdc8-47f5-9e03-8a1ba8f49af6 None None] pydev_worker_debug_host = None {{(pid=99740) log_opt_values /opt/stack/data/venv/lib/python3.12/site-packages/oslo_config/cfg.py:3242}}
Jul 31 12:34:35.582613 np0000006221 devstack@g-api.service[99740]: DEBUG glance.common.config [None req-9e706519-fdc8-47f5-9e03-8a1ba8f49af6 None None] pydev_worker_debug_port = 5678 {{(pid=99740) log_opt_values /opt/stack/data/venv/lib/python3.12/site-packages/oslo_config/cfg.py:3242}}
Jul 31 12:34:35.582698 np0000006221 devstack@g-api.service[99740]: DEBUG glance.common.config [None req-9e706519-fdc8-47f5-9e03-8a1ba8f49af6 None None] rate_limit_burst = 0 {{(pid=99740) log_opt_values /opt/stack/data/venv/lib/python3.12/site-packages/oslo_config/cfg.py:3242}}
Jul 31 12:34:35.582787 np0000006221 devstack@g-api.service[99740]: DEBUG glance.common.config [None req-9e706519-fdc8-47f5-9e03-8a1ba8f49af6 None None] rate_limit_except_level = CRITICAL {{(pid=99740) log_opt_values /opt/stack/data/venv/lib/python3.12/site-packages/oslo_config/cfg.py:3242}}
Jul 31 12:34:35.582870 np0000006221 devstack@g-api.service[99740]: DEBUG glance.common.config [None req-9e706519-fdc8-47f5-9e03-8a1ba8f49af6 None None] rate_limit_interval = 0 {{(pid=99740) log_opt_values /opt/stack/data/venv/lib/python3.12/site-packages/oslo_config/cfg.py:3242}}
Jul 31 12:34:35.582965 np0000006221 devstack@g-api.service[99740]: DEBUG glance.common.config [None req-9e706519-fdc8-47f5-9e03-8a1ba8f49af6 None None] scrub_pool_size = 1 {{(pid=99740) log_opt_values /opt/stack/data/venv/lib/python3.12/site-packages/oslo_config/cfg.py:3242}}
Jul 31 12:34:35.583049 np0000006221 devstack@g-api.service[99740]: DEBUG glance.common.config [None req-9e706519-fdc8-47f5-9e03-8a1ba8f49af6 None None] scrub_time = 0 {{(pid=99740) log_opt_values /opt/stack/data/venv/lib/python3.12/site-packages/oslo_config/cfg.py:3242}}
Jul 31 12:34:35.583130 np0000006221 devstack@g-api.service[99740]: DEBUG glance.common.config [None req-9e706519-fdc8-47f5-9e03-8a1ba8f49af6 None None] shell_completion = None {{(pid=99740) log_opt_values /opt/stack/data/venv/lib/python3.12/site-packages/oslo_config/cfg.py:3242}}
Jul 31 12:34:35.583218 np0000006221 devstack@g-api.service[99740]: DEBUG glance.common.config [None req-9e706519-fdc8-47f5-9e03-8a1ba8f49af6 None None] show_image_direct_url = False {{(pid=99740) log_opt_values /opt/stack/data/venv/lib/python3.12/site-packages/oslo_config/cfg.py:3242}}
Jul 31 12:34:35.583404 np0000006221 devstack@g-api.service[99740]: WARNING oslo_config.cfg [None req-9e706519-fdc8-47f5-9e03-8a1ba8f49af6 None None] Deprecated: Option "show_multiple_locations" from group "DEFAULT" is deprecated for removal (Use of this option, deprecated since Newton, is a security risk and will be removed once we figure out a way to satisfy those use cases that currently require it. An earlier announcement that the same functionality can be achieved with greater granularity by using policies is incorrect. You cannot work around this option via policy configuration at the present time, though that is the direction we believe the fix will take. Please keep an eye on the Glance release notes to stay up to date on progress in addressing this issue.). Its value may be silently ignored in the future.
Jul 31 12:34:35.583521 np0000006221 devstack@g-api.service[99740]: DEBUG glance.common.config [None req-9e706519-fdc8-47f5-9e03-8a1ba8f49af6 None None] show_multiple_locations = False {{(pid=99740) log_opt_values /opt/stack/data/venv/lib/python3.12/site-packages/oslo_config/cfg.py:3242}}
Jul 31 12:34:35.583614 np0000006221 devstack@g-api.service[99740]: DEBUG glance.common.config [None req-9e706519-fdc8-47f5-9e03-8a1ba8f49af6 None None] syslog_log_facility = LOG_USER {{(pid=99740) log_opt_values /opt/stack/data/venv/lib/python3.12/site-packages/oslo_config/cfg.py:3242}}
Jul 31 12:34:35.583705 np0000006221 devstack@g-api.service[99740]: DEBUG glance.common.config [None req-9e706519-fdc8-47f5-9e03-8a1ba8f49af6 None None] transport_url = **** {{(pid=99740) log_opt_values /opt/stack/data/venv/lib/python3.12/site-packages/oslo_config/cfg.py:3242}}
Jul 31 12:34:35.583790 np0000006221 devstack@g-api.service[99740]: DEBUG glance.common.config [None req-9e706519-fdc8-47f5-9e03-8a1ba8f49af6 None None] use_journal = False {{(pid=99740) log_opt_values /opt/stack/data/venv/lib/python3.12/site-packages/oslo_config/cfg.py:3242}}
Jul 31 12:34:35.583911 np0000006221 devstack@g-api.service[99740]: DEBUG glance.common.config [None req-9e706519-fdc8-47f5-9e03-8a1ba8f49af6 None None] use_json = False {{(pid=99740) log_opt_values /opt/stack/data/venv/lib/python3.12/site-packages/oslo_config/cfg.py:3242}}
Jul 31 12:34:35.584010 np0000006221 devstack@g-api.service[99740]: DEBUG glance.common.config [None req-9e706519-fdc8-47f5-9e03-8a1ba8f49af6 None None] use_keystone_limits = True {{(pid=99740) log_opt_values /opt/stack/data/venv/lib/python3.12/site-packages/oslo_config/cfg.py:3242}}
Jul 31 12:34:35.584097 np0000006221 devstack@g-api.service[99740]: DEBUG glance.common.config [None req-9e706519-fdc8-47f5-9e03-8a1ba8f49af6 None None] use_stderr = False {{(pid=99740) log_opt_values /opt/stack/data/venv/lib/python3.12/site-packages/oslo_config/cfg.py:3242}}
Jul 31 12:34:35.584186 np0000006221 devstack@g-api.service[99740]: DEBUG glance.common.config [None req-9e706519-fdc8-47f5-9e03-8a1ba8f49af6 None None] use_syslog = False {{(pid=99740) log_opt_values /opt/stack/data/venv/lib/python3.12/site-packages/oslo_config/cfg.py:3242}}
Jul 31 12:34:35.584272 np0000006221 devstack@g-api.service[99740]: DEBUG glance.common.config [None req-9e706519-fdc8-47f5-9e03-8a1ba8f49af6 None None] user_storage_quota = 0 {{(pid=99740) log_opt_values /opt/stack/data/venv/lib/python3.12/site-packages/oslo_config/cfg.py:3242}}
Jul 31 12:34:35.584358 np0000006221 devstack@g-api.service[99740]: DEBUG glance.common.config [None req-9e706519-fdc8-47f5-9e03-8a1ba8f49af6 None None] worker_self_reference_url = http://127.0.0.1:60999 {{(pid=99740) log_opt_values /opt/stack/data/venv/lib/python3.12/site-packages/oslo_config/cfg.py:3242}}
Jul 31 12:34:35.584470 np0000006221 devstack@g-api.service[99740]: DEBUG glance.common.config [None req-9e706519-fdc8-47f5-9e03-8a1ba8f49af6 None None] oslo_concurrency.disable_process_locking = False {{(pid=99740) log_opt_values /opt/stack/data/venv/lib/python3.12/site-packages/oslo_config/cfg.py:3253}}
Jul 31 12:34:35.584570 np0000006221 devstack@g-api.service[99740]: DEBUG glance.common.config [None req-9e706519-fdc8-47f5-9e03-8a1ba8f49af6 None None] oslo_concurrency.lock_path = /opt/stack/data/glance/locks {{(pid=99740) log_opt_values /opt/stack/data/venv/lib/python3.12/site-packages/oslo_config/cfg.py:3253}}
Jul 31 12:34:35.584666 np0000006221 devstack@g-api.service[99740]: DEBUG glance.common.config [None req-9e706519-fdc8-47f5-9e03-8a1ba8f49af6 None None] oslo_middleware.enable_proxy_headers_parsing = False {{(pid=99740) log_opt_values /opt/stack/data/venv/lib/python3.12/site-packages/oslo_config/cfg.py:3253}}
Jul 31 12:34:35.584756 np0000006221 devstack@g-api.service[99740]: DEBUG glance.common.config [None req-9e706519-fdc8-47f5-9e03-8a1ba8f49af6 None None] oslo_middleware.http_basic_auth_user_file = /etc/htpasswd {{(pid=99740) log_opt_values /opt/stack/data/venv/lib/python3.12/site-packages/oslo_config/cfg.py:3253}}
Jul 31 12:34:35.584844 np0000006221 devstack@g-api.service[99740]: DEBUG glance.common.config [None req-9e706519-fdc8-47f5-9e03-8a1ba8f49af6 None None] paste_deploy.config_file = None {{(pid=99740) log_opt_values /opt/stack/data/venv/lib/python3.12/site-packages/oslo_config/cfg.py:3253}}
Jul 31 12:34:35.584942 np0000006221 devstack@g-api.service[99740]: DEBUG glance.common.config [None req-9e706519-fdc8-47f5-9e03-8a1ba8f49af6 None None] paste_deploy.flavor = keystone+cachemanagement {{(pid=99740) log_opt_values /opt/stack/data/venv/lib/python3.12/site-packages/oslo_config/cfg.py:3253}}
Jul 31 12:34:35.585064 np0000006221 devstack@g-api.service[99740]: DEBUG glance.common.config [None req-9e706519-fdc8-47f5-9e03-8a1ba8f49af6 None None] image_format.container_formats = ['ami', 'ari', 'aki', 'bare', 'ovf', 'ova', 'docker', 'compressed'] {{(pid=99740) log_opt_values /opt/stack/data/venv/lib/python3.12/site-packages/oslo_config/cfg.py:3253}}
Jul 31 12:34:35.585189 np0000006221 devstack@g-api.service[99740]: DEBUG glance.common.config [None req-9e706519-fdc8-47f5-9e03-8a1ba8f49af6 None None] image_format.disk_formats = ['ami', 'ari', 'aki', 'vhd', 'vhdx', 'vmdk', 'raw', 'qcow2', 'vdi', 'iso', 'ploop'] {{(pid=99740) log_opt_values /opt/stack/data/venv/lib/python3.12/site-packages/oslo_config/cfg.py:3253}}
Jul 31 12:34:35.585278 np0000006221 devstack@g-api.service[99740]: DEBUG glance.common.config [None req-9e706519-fdc8-47f5-9e03-8a1ba8f49af6 None None] image_format.gpt_safety_checks_nonfatal = [] {{(pid=99740) log_opt_values /opt/stack/data/venv/lib/python3.12/site-packages/oslo_config/cfg.py:3253}}
Jul 31 12:34:35.585371 np0000006221 devstack@g-api.service[99740]: DEBUG glance.common.config [None req-9e706519-fdc8-47f5-9e03-8a1ba8f49af6 None None] image_format.require_image_format_match = True {{(pid=99740) log_opt_values /opt/stack/data/venv/lib/python3.12/site-packages/oslo_config/cfg.py:3253}}
Jul 31 12:34:35.585486 np0000006221 devstack@g-api.service[99740]: DEBUG glance.common.config [None req-9e706519-fdc8-47f5-9e03-8a1ba8f49af6 None None] image_format.vmdk_allowed_types = ['streamOptimized', 'monolithicSparse'] {{(pid=99740) log_opt_values /opt/stack/data/venv/lib/python3.12/site-packages/oslo_config/cfg.py:3253}}
Jul 31 12:34:35.585586 np0000006221 devstack@g-api.service[99740]: DEBUG glance.common.config [None req-9e706519-fdc8-47f5-9e03-8a1ba8f49af6 None None] task.task_executor = taskflow {{(pid=99740) log_opt_values /opt/stack/data/venv/lib/python3.12/site-packages/oslo_config/cfg.py:3253}}
Jul 31 12:34:35.585675 np0000006221 devstack@g-api.service[99740]: DEBUG glance.common.config [None req-9e706519-fdc8-47f5-9e03-8a1ba8f49af6 None None] task.task_time_to_live = 48 {{(pid=99740) log_opt_values /opt/stack/data/venv/lib/python3.12/site-packages/oslo_config/cfg.py:3253}}
Jul 31 12:34:35.585762 np0000006221 devstack@g-api.service[99740]: DEBUG glance.common.config [None req-9e706519-fdc8-47f5-9e03-8a1ba8f49af6 None None] task.work_dir = None {{(pid=99740) log_opt_values /opt/stack/data/venv/lib/python3.12/site-packages/oslo_config/cfg.py:3253}}
Jul 31 12:34:35.585876 np0000006221 devstack@g-api.service[99740]: DEBUG glance.common.config [None req-9e706519-fdc8-47f5-9e03-8a1ba8f49af6 None None] wsgi.python_interpreter = /opt/stack/data/venv/bin/python3 {{(pid=99740) log_opt_values /opt/stack/data/venv/lib/python3.12/site-packages/oslo_config/cfg.py:3253}}
Jul 31 12:34:35.585988 np0000006221 devstack@g-api.service[99740]: DEBUG glance.common.config [None req-9e706519-fdc8-47f5-9e03-8a1ba8f49af6 None None] wsgi.task_pool_threads = 16 {{(pid=99740) log_opt_values /opt/stack/data/venv/lib/python3.12/site-packages/oslo_config/cfg.py:3253}}
Jul 31 12:34:35.586083 np0000006221 devstack@g-api.service[99740]: DEBUG glance.common.config [None req-9e706519-fdc8-47f5-9e03-8a1ba8f49af6 None None] import_filtering_opts.allowed_hosts = [] {{(pid=99740) log_opt_values /opt/stack/data/venv/lib/python3.12/site-packages/oslo_config/cfg.py:3253}}
Jul 31 12:34:35.586175 np0000006221 devstack@g-api.service[99740]: DEBUG glance.common.config [None req-9e706519-fdc8-47f5-9e03-8a1ba8f49af6 None None] import_filtering_opts.allowed_ports = [80, 443] {{(pid=99740) log_opt_values /opt/stack/data/venv/lib/python3.12/site-packages/oslo_config/cfg.py:3253}}
Jul 31 12:34:35.586275 np0000006221 devstack@g-api.service[99740]: DEBUG glance.common.config [None req-9e706519-fdc8-47f5-9e03-8a1ba8f49af6 None None] import_filtering_opts.allowed_schemes = ['http', 'https'] {{(pid=99740) log_opt_values /opt/stack/data/venv/lib/python3.12/site-packages/oslo_config/cfg.py:3253}}
Jul 31 12:34:35.586361 np0000006221 devstack@g-api.service[99740]: DEBUG glance.common.config [None req-9e706519-fdc8-47f5-9e03-8a1ba8f49af6 None None] import_filtering_opts.disallowed_hosts = [] {{(pid=99740) log_opt_values /opt/stack/data/venv/lib/python3.12/site-packages/oslo_config/cfg.py:3253}}
Jul 31 12:34:35.586475 np0000006221 devstack@g-api.service[99740]: DEBUG glance.common.config [None req-9e706519-fdc8-47f5-9e03-8a1ba8f49af6 None None] import_filtering_opts.disallowed_ports = [] {{(pid=99740) log_opt_values /opt/stack/data/venv/lib/python3.12/site-packages/oslo_config/cfg.py:3253}}
Jul 31 12:34:35.586555 np0000006221 devstack@g-api.service[99740]: DEBUG glance.common.config [None req-9e706519-fdc8-47f5-9e03-8a1ba8f49af6 None None] import_filtering_opts.disallowed_schemes = [] {{(pid=99740) log_opt_values /opt/stack/data/venv/lib/python3.12/site-packages/oslo_config/cfg.py:3253}}
