Jul 31 12:34:13.049505 np0000006221 nova-scheduler[93485]: DEBUG cotyledon.oslo_config_glue [-] oslo_messaging_rabbit.rabbit_quorum_max_memory_bytes = 0 {{(pid=93485) log_opt_values /opt/stack/data/venv/lib/python3.12/site-packages/oslo_config/cfg.py:3253}}
Jul 31 12:34:13.049505 np0000006221 nova-scheduler[93485]: DEBUG cotyledon.oslo_config_glue [-] oslo_messaging_rabbit.rabbit_quorum_max_memory_length = 0 {{(pid=93485) log_opt_values /opt/stack/data/venv/lib/python3.12/site-packages/oslo_config/cfg.py:3253}}
Jul 31 12:34:13.049505 np0000006221 nova-scheduler[93485]: DEBUG cotyledon.oslo_config_glue [-] oslo_messaging_rabbit.rabbit_quorum_queue = False {{(pid=93485) log_opt_values /opt/stack/data/venv/lib/python3.12/site-packages/oslo_config/cfg.py:3253}}
Jul 31 12:34:13.049666 np0000006221 nova-scheduler[93485]: DEBUG cotyledon.oslo_config_glue [-] oslo_messaging_rabbit.rabbit_retry_backoff = 2 {{(pid=93485) log_opt_values /opt/stack/data/venv/lib/python3.12/site-packages/oslo_config/cfg.py:3253}}
Jul 31 12:34:13.049666 np0000006221 nova-scheduler[93485]: DEBUG cotyledon.oslo_config_glue [-] oslo_messaging_rabbit.rabbit_retry_interval = 1 {{(pid=93485) log_opt_values /opt/stack/data/venv/lib/python3.12/site-packages/oslo_config/cfg.py:3253}}
Jul 31 12:34:13.049666 np0000006221 nova-scheduler[93485]: DEBUG cotyledon.oslo_config_glue [-] oslo_messaging_rabbit.rabbit_stream_fanout = False {{(pid=93485) log_opt_values /opt/stack/data/venv/lib/python3.12/site-packages/oslo_config/cfg.py:3253}}
Jul 31 12:34:13.049666 np0000006221 nova-scheduler[93485]: DEBUG cotyledon.oslo_config_glue [-] oslo_messaging_rabbit.rabbit_transient_queues_ttl = 1800 {{(pid=93485) log_opt_values /opt/stack/data/venv/lib/python3.12/site-packages/oslo_config/cfg.py:3253}}
Jul 31 12:34:13.049666 np0000006221 nova-scheduler[93485]: DEBUG cotyledon.oslo_config_glue [-] oslo_messaging_rabbit.rabbit_transient_quorum_queue = False {{(pid=93485) log_opt_values /opt/stack/data/venv/lib/python3.12/site-packages/oslo_config/cfg.py:3253}}
Jul 31 12:34:13.049666 np0000006221 nova-scheduler[93485]: DEBUG cotyledon.oslo_config_glue [-] oslo_messaging_rabbit.rpc_conn_pool_size = 30 {{(pid=93485) log_opt_values /opt/stack/data/venv/lib/python3.12/site-packages/oslo_config/cfg.py:3253}}
Jul 31 12:34:13.049666 np0000006221 nova-scheduler[93485]: DEBUG cotyledon.oslo_config_glue [-] oslo_messaging_rabbit.ssl = False {{(pid=93485) log_opt_values /opt/stack/data/venv/lib/python3.12/site-packages/oslo_config/cfg.py:3253}}
Jul 31 12:34:13.049666 np0000006221 nova-scheduler[93485]: DEBUG cotyledon.oslo_config_glue [-] oslo_messaging_rabbit.ssl_ca_file = {{(pid=93485) log_opt_values /opt/stack/data/venv/lib/python3.12/site-packages/oslo_config/cfg.py:3253}}
Jul 31 12:34:13.049666 np0000006221 nova-scheduler[93485]: DEBUG cotyledon.oslo_config_glue [-] oslo_messaging_rabbit.ssl_cert_file = {{(pid=93485) log_opt_values /opt/stack/data/venv/lib/python3.12/site-packages/oslo_config/cfg.py:3253}}
Jul 31 12:34:13.049818 np0000006221 nova-scheduler[93485]: DEBUG cotyledon.oslo_config_glue [-] oslo_messaging_rabbit.ssl_enforce_fips_mode = False {{(pid=93485) log_opt_values /opt/stack/data/venv/lib/python3.12/site-packages/oslo_config/cfg.py:3253}}
Jul 31 12:34:13.049818 np0000006221 nova-scheduler[93485]: DEBUG cotyledon.oslo_config_glue [-] oslo_messaging_rabbit.ssl_enforce_hostname_verification = True {{(pid=93485) log_opt_values /opt/stack/data/venv/lib/python3.12/site-packages/oslo_config/cfg.py:3253}}
Jul 31 12:34:13.049818 np0000006221 nova-scheduler[93485]: DEBUG cotyledon.oslo_config_glue [-] oslo_messaging_rabbit.ssl_key_file = {{(pid=93485) log_opt_values /opt/stack/data/venv/lib/python3.12/site-packages/oslo_config/cfg.py:3253}}
Jul 31 12:34:13.049818 np0000006221 nova-scheduler[93485]: DEBUG cotyledon.oslo_config_glue [-] oslo_messaging_rabbit.ssl_version = {{(pid=93485) log_opt_values /opt/stack/data/venv/lib/python3.12/site-packages/oslo_config/cfg.py:3253}}
Jul 31 12:34:13.049818 np0000006221 nova-scheduler[93485]: DEBUG cotyledon.oslo_config_glue [-] oslo_messaging_rabbit.use_queue_manager = False {{(pid=93485) log_opt_values /opt/stack/data/venv/lib/python3.12/site-packages/oslo_config/cfg.py:3253}}
Jul 31 12:34:13.049818 np0000006221 nova-scheduler[93485]: DEBUG cotyledon.oslo_config_glue [-] oslo_messaging_notifications.driver = ['messagingv2'] {{(pid=93485) log_opt_values /opt/stack/data/venv/lib/python3.12/site-packages/oslo_config/cfg.py:3253}}
Jul 31 12:34:13.049818 np0000006221 nova-scheduler[93485]: DEBUG cotyledon.oslo_config_glue [-] oslo_messaging_notifications.retry = -1 {{(pid=93485) log_opt_values /opt/stack/data/venv/lib/python3.12/site-packages/oslo_config/cfg.py:3253}}
Jul 31 12:34:13.049818 np0000006221 nova-scheduler[93485]: DEBUG cotyledon.oslo_config_glue [-] oslo_messaging_notifications.topics = ['notifications'] {{(pid=93485) log_opt_values /opt/stack/data/venv/lib/python3.12/site-packages/oslo_config/cfg.py:3253}}
Jul 31 12:34:13.049818 np0000006221 nova-scheduler[93485]: DEBUG cotyledon.oslo_config_glue [-] oslo_messaging_notifications.transport_url = **** {{(pid=93485) log_opt_values /opt/stack/data/venv/lib/python3.12/site-packages/oslo_config/cfg.py:3253}}
Jul 31 12:34:13.049975 np0000006221 nova-scheduler[93485]: DEBUG cotyledon.oslo_config_glue [-] oslo_limit.auth_section = None {{(pid=93485) log_opt_values /opt/stack/data/venv/lib/python3.12/site-packages/oslo_config/cfg.py:3253}}
Jul 31 12:34:13.049975 np0000006221 nova-scheduler[93485]: DEBUG cotyledon.oslo_config_glue [-] oslo_limit.auth_type = None {{(pid=93485) log_opt_values /opt/stack/data/venv/lib/python3.12/site-packages/oslo_config/cfg.py:3253}}
Jul 31 12:34:13.049975 np0000006221 nova-scheduler[93485]: DEBUG cotyledon.oslo_config_glue [-] oslo_limit.cafile = None {{(pid=93485) log_opt_values /opt/stack/data/venv/lib/python3.12/site-packages/oslo_config/cfg.py:3253}}
Jul 31 12:34:13.049975 np0000006221 nova-scheduler[93485]: DEBUG cotyledon.oslo_config_glue [-] oslo_limit.certfile = None {{(pid=93485) log_opt_values /opt/stack/data/venv/lib/python3.12/site-packages/oslo_config/cfg.py:3253}}
Jul 31 12:34:13.049975 np0000006221 nova-scheduler[93485]: DEBUG cotyledon.oslo_config_glue [-] oslo_limit.collect_timing = False {{(pid=93485) log_opt_values /opt/stack/data/venv/lib/python3.12/site-packages/oslo_config/cfg.py:3253}}
Jul 31 12:34:13.049975 np0000006221 nova-scheduler[93485]: DEBUG cotyledon.oslo_config_glue [-] oslo_limit.connect_retries = None {{(pid=93485) log_opt_values /opt/stack/data/venv/lib/python3.12/site-packages/oslo_config/cfg.py:3253}}
Jul 31 12:34:13.049975 np0000006221 nova-scheduler[93485]: DEBUG cotyledon.oslo_config_glue [-] oslo_limit.connect_retry_delay = None {{(pid=93485) log_opt_values /opt/stack/data/venv/lib/python3.12/site-packages/oslo_config/cfg.py:3253}}
Jul 31 12:34:13.049975 np0000006221 nova-scheduler[93485]: DEBUG cotyledon.oslo_config_glue [-] oslo_limit.endpoint_id = None {{(pid=93485) log_opt_values /opt/stack/data/venv/lib/python3.12/site-packages/oslo_config/cfg.py:3253}}
Jul 31 12:34:13.049975 np0000006221 nova-scheduler[93485]: DEBUG cotyledon.oslo_config_glue [-] oslo_limit.endpoint_interface = public {{(pid=93485) log_opt_values /opt/stack/data/venv/lib/python3.12/site-packages/oslo_config/cfg.py:3253}}
Jul 31 12:34:13.050135 np0000006221 nova-scheduler[93485]: DEBUG cotyledon.oslo_config_glue [-] oslo_limit.endpoint_override = None {{(pid=93485) log_opt_values /opt/stack/data/venv/lib/python3.12/site-packages/oslo_config/cfg.py:3253}}
Jul 31 12:34:13.050135 np0000006221 nova-scheduler[93485]: DEBUG cotyledon.oslo_config_glue [-] oslo_limit.endpoint_region_name = None {{(pid=93485) log_opt_values /opt/stack/data/venv/lib/python3.12/site-packages/oslo_config/cfg.py:3253}}
Jul 31 12:34:13.050135 np0000006221 nova-scheduler[93485]: DEBUG cotyledon.oslo_config_glue [-] oslo_limit.endpoint_service_name = None {{(pid=93485) log_opt_values /opt/stack/data/venv/lib/python3.12/site-packages/oslo_config/cfg.py:3253}}
Jul 31 12:34:13.050135 np0000006221 nova-scheduler[93485]: DEBUG cotyledon.oslo_config_glue [-] oslo_limit.endpoint_service_type = None {{(pid=93485) log_opt_values /opt/stack/data/venv/lib/python3.12/site-packages/oslo_config/cfg.py:3253}}
Jul 31 12:34:13.050135 np0000006221 nova-scheduler[93485]: DEBUG cotyledon.oslo_config_glue [-] oslo_limit.insecure = False {{(pid=93485) log_opt_values /opt/stack/data/venv/lib/python3.12/site-packages/oslo_config/cfg.py:3253}}
Jul 31 12:34:13.050135 np0000006221 nova-scheduler[93485]: DEBUG cotyledon.oslo_config_glue [-] oslo_limit.keyfile = None {{(pid=93485) log_opt_values /opt/stack/data/venv/lib/python3.12/site-packages/oslo_config/cfg.py:3253}}
Jul 31 12:34:13.050135 np0000006221 nova-scheduler[93485]: DEBUG cotyledon.oslo_config_glue [-] oslo_limit.max_version = None {{(pid=93485) log_opt_values /opt/stack/data/venv/lib/python3.12/site-packages/oslo_config/cfg.py:3253}}
Jul 31 12:34:13.050135 np0000006221 nova-scheduler[93485]: DEBUG cotyledon.oslo_config_glue [-] oslo_limit.min_version = None {{(pid=93485) log_opt_values /opt/stack/data/venv/lib/python3.12/site-packages/oslo_config/cfg.py:3253}}
Jul 31 12:34:13.050135 np0000006221 nova-scheduler[93485]: DEBUG cotyledon.oslo_config_glue [-] oslo_limit.region_name = None {{(pid=93485) log_opt_values /opt/stack/data/venv/lib/python3.12/site-packages/oslo_config/cfg.py:3253}}
Jul 31 12:34:13.050284 np0000006221 nova-scheduler[93485]: DEBUG cotyledon.oslo_config_glue [-] oslo_limit.retriable_status_codes = None {{(pid=93485) log_opt_values /opt/stack/data/venv/lib/python3.12/site-packages/oslo_config/cfg.py:3253}}
Jul 31 12:34:13.050284 np0000006221 nova-scheduler[93485]: DEBUG cotyledon.oslo_config_glue [-] oslo_limit.service_name = None {{(pid=93485) log_opt_values /opt/stack/data/venv/lib/python3.12/site-packages/oslo_config/cfg.py:3253}}
Jul 31 12:34:13.050284 np0000006221 nova-scheduler[93485]: DEBUG cotyledon.oslo_config_glue [-] oslo_limit.service_type = None {{(pid=93485) log_opt_values /opt/stack/data/venv/lib/python3.12/site-packages/oslo_config/cfg.py:3253}}
Jul 31 12:34:13.050284 np0000006221 nova-scheduler[93485]: DEBUG cotyledon.oslo_config_glue [-] oslo_limit.split_loggers = False {{(pid=93485) log_opt_values /opt/stack/data/venv/lib/python3.12/site-packages/oslo_config/cfg.py:3253}}
Jul 31 12:34:13.050284 np0000006221 nova-scheduler[93485]: DEBUG cotyledon.oslo_config_glue [-] oslo_limit.status_code_retries = None {{(pid=93485) log_opt_values /opt/stack/data/venv/lib/python3.12/site-packages/oslo_config/cfg.py:3253}}
Jul 31 12:34:13.050284 np0000006221 nova-scheduler[93485]: DEBUG cotyledon.oslo_config_glue [-] oslo_limit.status_code_retry_delay = None {{(pid=93485) log_opt_values /opt/stack/data/venv/lib/python3.12/site-packages/oslo_config/cfg.py:3253}}
Jul 31 12:34:13.050284 np0000006221 nova-scheduler[93485]: DEBUG cotyledon.oslo_config_glue [-] oslo_limit.timeout = None {{(pid=93485) log_opt_values /opt/stack/data/venv/lib/python3.12/site-packages/oslo_config/cfg.py:3253}}
Jul 31 12:34:13.050284 np0000006221 nova-scheduler[93485]: DEBUG cotyledon.oslo_config_glue [-] oslo_limit.valid_interfaces = None {{(pid=93485) log_opt_values /opt/stack/data/venv/lib/python3.12/site-packages/oslo_config/cfg.py:3253}}
Jul 31 12:34:13.050284 np0000006221 nova-scheduler[93485]: DEBUG cotyledon.oslo_config_glue [-] oslo_limit.version = None {{(pid=93485) log_opt_values /opt/stack/data/venv/lib/python3.12/site-packages/oslo_config/cfg.py:3253}}
Jul 31 12:34:13.050439 np0000006221 nova-scheduler[93485]: DEBUG cotyledon.oslo_config_glue [-] oslo_reports.file_event_handler = None {{(pid=93485) log_opt_values /opt/stack/data/venv/lib/python3.12/site-packages/oslo_config/cfg.py:3253}}
Jul 31 12:34:13.050439 np0000006221 nova-scheduler[93485]: DEBUG cotyledon.oslo_config_glue [-] oslo_reports.file_event_handler_interval = 1 {{(pid=93485) log_opt_values /opt/stack/data/venv/lib/python3.12/site-packages/oslo_config/cfg.py:3253}}
Jul 31 12:34:13.050439 np0000006221 nova-scheduler[93485]: DEBUG cotyledon.oslo_config_glue [-] oslo_reports.log_dir = None {{(pid=93485) log_opt_values /opt/stack/data/venv/lib/python3.12/site-packages/oslo_config/cfg.py:3253}}
Jul 31 12:34:13.050439 np0000006221 nova-scheduler[93485]: DEBUG cotyledon.oslo_config_glue [-] ******************************************************************************** {{(pid=93485) log_opt_values /opt/stack/data/venv/lib/python3.12/site-packages/oslo_config/cfg.py:3260}}
Jul 31 12:34:13.050439 np0000006221 nova-scheduler[93485]: DEBUG cotyledon._service_worker [-] Run service ServiceWrapper(2) [93485] {{(pid=93485) wait_forever /opt/stack/data/venv/lib/python3.12/site-packages/cotyledon/_service_worker.py:218}}
Jul 31 12:34:13.050439 np0000006221 nova-scheduler[93485]: INFO nova.service [-] Starting scheduler node (version 33.1.0)
Jul 31 12:34:13.050570 np0000006221 nova-scheduler[93447]: INFO dbcounter [None req-be89fa0b-4f3c-4d6c-a3fa-c35f927fa02d None None] Registered counter for database nova_cell0
Jul 31 12:34:13.052891 np0000006221 nova-scheduler[93485]: INFO dbcounter [None req-40c711dc-57fc-4854-81ff-74e48ea84f69 None None] Registered counter for database nova_cell0
Jul 31 12:34:13.079131 np0000006221 nova-scheduler[93442]: DEBUG oslo_db.sqlalchemy.engines [None req-b3f77129-5c02-46a7-94b2-fd25c7a6e926 None None] MySQL server mode set to STRICT_TRANS_TABLES,STRICT_ALL_TABLES,NO_ZERO_IN_DATE,NO_ZERO_DATE,ERROR_FOR_DIVISION_BY_ZERO,TRADITIONAL,NO_ENGINE_SUBSTITUTION {{(pid=93442) _check_effective_sql_mode /opt/stack/data/venv/lib/python3.12/site-packages/oslo_db/sqlalchemy/engines.py:325}}
Jul 31 12:34:13.082574 np0000006221 nova-scheduler[93447]: DEBUG oslo_db.sqlalchemy.engines [None req-be89fa0b-4f3c-4d6c-a3fa-c35f927fa02d None None] MySQL server mode set to STRICT_TRANS_TABLES,STRICT_ALL_TABLES,NO_ZERO_IN_DATE,NO_ZERO_DATE,ERROR_FOR_DIVISION_BY_ZERO,TRADITIONAL,NO_ENGINE_SUBSTITUTION {{(pid=93447) _check_effective_sql_mode /opt/stack/data/venv/lib/python3.12/site-packages/oslo_db/sqlalchemy/engines.py:325}}
Jul 31 12:34:13.088060 np0000006221 nova-scheduler[93442]: DEBUG dbcounter [-] [93442] Writer thread running {{(pid=93442) stat_writer /opt/stack/data/venv/lib/python3.12/site-packages/dbcounter.py:102}}
Jul 31 12:34:13.088466 np0000006221 nova-scheduler[93485]: DEBUG oslo_db.sqlalchemy.engines [None req-40c711dc-57fc-4854-81ff-74e48ea84f69 None None] MySQL server mode set to STRICT_TRANS_TABLES,STRICT_ALL_TABLES,NO_ZERO_IN_DATE,NO_ZERO_DATE,ERROR_FOR_DIVISION_BY_ZERO,TRADITIONAL,NO_ENGINE_SUBSTITUTION {{(pid=93485) _check_effective_sql_mode /opt/stack/data/venv/lib/python3.12/site-packages/oslo_db/sqlalchemy/engines.py:325}}
Jul 31 12:34:13.091612 np0000006221 nova-scheduler[93447]: DEBUG dbcounter [-] [93447] Writer thread running {{(pid=93447) stat_writer /opt/stack/data/venv/lib/python3.12/site-packages/dbcounter.py:102}}
Jul 31 12:34:13.098772 np0000006221 nova-scheduler[93485]: DEBUG dbcounter [-] [93485] Writer thread running {{(pid=93485) stat_writer /opt/stack/data/venv/lib/python3.12/site-packages/dbcounter.py:102}}
Jul 31 12:34:13.103542 np0000006221 nova-scheduler[93442]: DEBUG nova.service [None req-b3f77129-5c02-46a7-94b2-fd25c7a6e926 None None] Creating RPC server for service: nova-scheduler on topic: scheduler {{(pid=93442) start /opt/stack/nova/nova/service.py:196}}
Jul 31 12:34:13.109395 np0000006221 nova-scheduler[93447]: DEBUG nova.service [None req-be89fa0b-4f3c-4d6c-a3fa-c35f927fa02d None None] Creating RPC server for service: nova-scheduler on topic: scheduler {{(pid=93447) start /opt/stack/nova/nova/service.py:196}}
Jul 31 12:34:13.112943 np0000006221 nova-scheduler[93485]: DEBUG nova.service [None req-40c711dc-57fc-4854-81ff-74e48ea84f69 None None] Creating RPC server for service: nova-scheduler on topic: scheduler {{(pid=93485) start /opt/stack/nova/nova/service.py:196}}
Jul 31 12:34:13.129634 np0000006221 nova-scheduler[93447]: DEBUG nova.service [None req-be89fa0b-4f3c-4d6c-a3fa-c35f927fa02d None None] Join ServiceGroup membership for this service scheduler {{(pid=93447) start /opt/stack/nova/nova/service.py:222}}
Jul 31 12:34:13.129766 np0000006221 nova-scheduler[93447]: DEBUG nova.servicegroup.drivers.db [None req-be89fa0b-4f3c-4d6c-a3fa-c35f927fa02d None None] DB_Driver: join new ServiceGroup member np0000006221 to the scheduler group, service = {{(pid=93447) join /opt/stack/nova/nova/servicegroup/drivers/db.py:44}}
Jul 31 12:34:13.130310 np0000006221 nova-scheduler[93485]: DEBUG nova.service [None req-40c711dc-57fc-4854-81ff-74e48ea84f69 None None] Join ServiceGroup membership for this service scheduler {{(pid=93485) start /opt/stack/nova/nova/service.py:222}}
Jul 31 12:34:13.130500 np0000006221 nova-scheduler[93485]: DEBUG nova.servicegroup.drivers.db [None req-40c711dc-57fc-4854-81ff-74e48ea84f69 None None] DB_Driver: join new ServiceGroup member np0000006221 to the scheduler group, service = {{(pid=93485) join /opt/stack/nova/nova/servicegroup/drivers/db.py:44}}
Jul 31 12:34:13.132470 np0000006221 nova-scheduler[93442]: DEBUG nova.service [None req-b3f77129-5c02-46a7-94b2-fd25c7a6e926 None None] Join ServiceGroup membership for this service scheduler {{(pid=93442) start /opt/stack/nova/nova/service.py:222}}
Jul 31 12:34:13.132643 np0000006221 nova-scheduler[93442]: DEBUG nova.servicegroup.drivers.db [None req-b3f77129-5c02-46a7-94b2-fd25c7a6e926 None None] DB_Driver: join new ServiceGroup member np0000006221 to the scheduler group, service = {{(pid=93442) join /opt/stack/nova/nova/servicegroup/drivers/db.py:44}}
Jul 31 12:34:18.141531 np0000006221 nova-scheduler[93447]: DEBUG oslo.service.backend._threading.loopingcall [-] Fixed interval looping call 'nova.servicegroup.drivers.db.DbDriver._report_state' sleeping for 119.99 seconds {{(pid=93447) _run_loop /opt/stack/data/venv/lib/python3.12/site-packages/oslo_service/backend/_threading/loopingcall.py:125}}
Jul 31 12:34:18.144703 np0000006221 nova-scheduler[93442]: DEBUG oslo.service.backend._threading.loopingcall [-] Fixed interval looping call 'nova.servicegroup.drivers.db.DbDriver._report_state' sleeping for 119.99 seconds {{(pid=93442) _run_loop /opt/stack/data/venv/lib/python3.12/site-packages/oslo_service/backend/_threading/loopingcall.py:125}}
Jul 31 12:34:18.147610 np0000006221 nova-scheduler[93485]: DEBUG oslo.service.backend._threading.loopingcall [-] Fixed interval looping call 'nova.servicegroup.drivers.db.DbDriver._report_state' sleeping for 119.98 seconds {{(pid=93485) _run_loop /opt/stack/data/venv/lib/python3.12/site-packages/oslo_service/backend/_threading/loopingcall.py:125}}
Jul 31 12:34:21.688427 np0000006221 nova-scheduler[92234]: DEBUG dbcounter [-] [92234] Writing DB stats nova_api:SELECT=3 {{(pid=92234) stat_writer /opt/stack/data/venv/lib/python3.12/site-packages/dbcounter.py:115}}
Jul 31 12:34:21.834432 np0000006221 nova-scheduler[92234]: DEBUG dbcounter [-] [92234] Writing DB stats nova_cell1:SELECT=1 {{(pid=92234) stat_writer /opt/stack/data/venv/lib/python3.12/site-packages/dbcounter.py:115}}
Jul 31 12:34:21.835369 np0000006221 nova-scheduler[92234]: DEBUG dbcounter [-] [92234] Writing DB stats nova_cell0:SELECT=1 {{(pid=92234) stat_writer /opt/stack/data/venv/lib/python3.12/site-packages/dbcounter.py:115}}
Jul 31 12:34:28.139055 np0000006221 nova-scheduler[93485]: DEBUG dbcounter [-] [93485] Writing DB stats nova_cell0:SELECT=4,nova_cell0:INSERT=1,nova_cell0:UPDATE=1 {{(pid=93485) stat_writer /opt/stack/data/venv/lib/python3.12/site-packages/dbcounter.py:115}}
Jul 31 12:34:28.142532 np0000006221 nova-scheduler[93442]: DEBUG dbcounter [-] [93442] Writing DB stats nova_cell0:SELECT=4,nova_cell0:INSERT=1 {{(pid=93442) stat_writer /opt/stack/data/venv/lib/python3.12/site-packages/dbcounter.py:115}}
Jul 31 12:34:28.144834 np0000006221 nova-scheduler[93447]: DEBUG dbcounter [-] [93447] Writing DB stats nova_cell0:SELECT=5,nova_cell0:INSERT=1,nova_cell0:UPDATE=1 {{(pid=93447) stat_writer /opt/stack/data/venv/lib/python3.12/site-packages/dbcounter.py:115}}
Jul 31 12:34:34.131954 np0000006221 nova-scheduler[93447]: DEBUG oslo.service.backend._threading.loopingcall [None req-abae0627-bf68-4930-a3d1-c8685637a45e None None] Dynamic interval looping call 'nova.service.Service.periodic_tasks' sleeping for 60.00 seconds {{(pid=93447) _run_loop /opt/stack/data/venv/lib/python3.12/site-packages/oslo_service/backend/_threading/loopingcall.py:125}}
Jul 31 12:34:36.132556 np0000006221 nova-scheduler[93485]: DEBUG oslo.service.backend._threading.loopingcall [None req-6b599134-78c7-4c9d-bf3f-d293f582e88e None None] Dynamic interval looping call 'nova.service.Service.periodic_tasks' sleeping for 60.00 seconds {{(pid=93485) _run_loop /opt/stack/data/venv/lib/python3.12/site-packages/oslo_service/backend/_threading/loopingcall.py:125}}
Jul 31 12:34:43.134800 np0000006221 nova-scheduler[93442]: DEBUG oslo.service.backend._threading.loopingcall [None req-60fbc6ab-f062-4d38-a8db-8b8e88fc1673 None None] Dynamic interval looping call 'nova.service.Service.periodic_tasks' sleeping for 60.00 seconds {{(pid=93442) _run_loop /opt/stack/data/venv/lib/python3.12/site-packages/oslo_service/backend/_threading/loopingcall.py:125}}
Jul 31 12:35:34.132399 np0000006221 nova-scheduler[93447]: DEBUG oslo.service.backend._threading.loopingcall [None req-abae0627-bf68-4930-a3d1-c8685637a45e None None] Dynamic interval looping call 'nova.service.Service.periodic_tasks' sleeping for 60.00 seconds {{(pid=93447) _run_loop /opt/stack/data/venv/lib/python3.12/site-packages/oslo_service/backend/_threading/loopingcall.py:125}}
Jul 31 12:35:36.133103 np0000006221 nova-scheduler[93485]: DEBUG oslo.service.backend._threading.loopingcall [None req-6b599134-78c7-4c9d-bf3f-d293f582e88e None None] Dynamic interval looping call 'nova.service.Service.periodic_tasks' sleeping for 60.00 seconds {{(pid=93485) _run_loop /opt/stack/data/venv/lib/python3.12/site-packages/oslo_service/backend/_threading/loopingcall.py:125}}
Jul 31 12:35:43.135308 np0000006221 nova-scheduler[93442]: DEBUG oslo.service.backend._threading.loopingcall [None req-60fbc6ab-f062-4d38-a8db-8b8e88fc1673 None None] Dynamic interval looping call 'nova.service.Service.periodic_tasks' sleeping for 60.00 seconds {{(pid=93442) _run_loop /opt/stack/data/venv/lib/python3.12/site-packages/oslo_service/backend/_threading/loopingcall.py:125}}
Jul 31 12:36:18.144064 np0000006221 nova-scheduler[93485]: DEBUG oslo.service.backend._threading.loopingcall [-] Fixed interval looping call 'nova.servicegroup.drivers.db.DbDriver._report_state' sleeping for 119.98 seconds {{(pid=93485) _run_loop /opt/stack/data/venv/lib/python3.12/site-packages/oslo_service/backend/_threading/loopingcall.py:125}}
Jul 31 12:36:18.145914 np0000006221 nova-scheduler[93447]: DEBUG oslo.service.backend._threading.loopingcall [-] Fixed interval looping call 'nova.servicegroup.drivers.db.DbDriver._report_state' sleeping for 119.99 seconds {{(pid=93447) _run_loop /opt/stack/data/venv/lib/python3.12/site-packages/oslo_service/backend/_threading/loopingcall.py:125}}
Jul 31 12:36:18.146533 np0000006221 nova-scheduler[93442]: DEBUG oslo.service.backend._threading.loopingcall [-] Fixed interval looping call 'nova.servicegroup.drivers.db.DbDriver._report_state' sleeping for 119.99 seconds {{(pid=93442) _run_loop /opt/stack/data/venv/lib/python3.12/site-packages/oslo_service/backend/_threading/loopingcall.py:125}}
Jul 31 12:36:25.463914 np0000006221 nova-scheduler[93447]: DEBUG nova.scheduler.manager [None req-c46f3609-6662-4e81-a0c3-d9509c381c0f tempest-ServerRescueNegativeTestJSON-577648253 tempest-ServerRescueNegativeTestJSON-577648253-project-member] Starting to schedule for instances: ['62191616-7b3f-4129-b619-e7fc62944638'] {{(pid=93447) select_destinations /opt/stack/nova/nova/scheduler/manager.py:209}}
Jul 31 12:36:25.464711 np0000006221 nova-scheduler[93447]: DEBUG nova.scheduler.request_filter [None req-c46f3609-6662-4e81-a0c3-d9509c381c0f tempest-ServerRescueNegativeTestJSON-577648253 tempest-ServerRescueNegativeTestJSON-577648253-project-member] compute_status_filter request filter added forbidden trait COMPUTE_STATUS_DISABLED {{(pid=93447) compute_status_filter /opt/stack/nova/nova/scheduler/request_filter.py:253}}
Jul 31 12:36:25.464874 np0000006221 nova-scheduler[93447]: DEBUG nova.scheduler.request_filter [None req-c46f3609-6662-4e81-a0c3-d9509c381c0f tempest-ServerRescueNegativeTestJSON-577648253 tempest-ServerRescueNegativeTestJSON-577648253-project-member] Request filter 'compute_status_filter' took 0.0 seconds {{(pid=93447) wrapper /opt/stack/nova/nova/scheduler/request_filter.py:46}}
Jul 31 12:36:25.465142 np0000006221 nova-scheduler[93447]: DEBUG nova.scheduler.request_filter [None req-c46f3609-6662-4e81-a0c3-d9509c381c0f tempest-ServerRescueNegativeTestJSON-577648253 tempest-ServerRescueNegativeTestJSON-577648253-project-member] Request filter 'accelerators_filter' took 0.0 seconds {{(pid=93447) wrapper /opt/stack/nova/nova/scheduler/request_filter.py:46}}
Jul 31 12:36:25.465398 np0000006221 nova-scheduler[93447]: DEBUG nova.scheduler.request_filter [None req-c46f3609-6662-4e81-a0c3-d9509c381c0f tempest-ServerRescueNegativeTestJSON-577648253 tempest-ServerRescueNegativeTestJSON-577648253-project-member] Request filter 'packed_virtqueue_filter' took 0.0 seconds {{(pid=93447) wrapper /opt/stack/nova/nova/scheduler/request_filter.py:46}}
Jul 31 12:36:25.465767 np0000006221 nova-scheduler[93447]: DEBUG nova.scheduler.request_filter [None req-c46f3609-6662-4e81-a0c3-d9509c381c0f tempest-ServerRescueNegativeTestJSON-577648253 tempest-ServerRescueNegativeTestJSON-577648253-project-member] Request filter 'remote_managed_ports_filter' took 0.0 seconds {{(pid=93447) wrapper /opt/stack/nova/nova/scheduler/request_filter.py:46}}
Jul 31 12:36:25.465956 np0000006221 nova-scheduler[93447]: DEBUG nova.scheduler.request_filter [None req-c46f3609-6662-4e81-a0c3-d9509c381c0f tempest-ServerRescueNegativeTestJSON-577648253 tempest-ServerRescueNegativeTestJSON-577648253-project-member] ephemeral_encryption_filter skipped {{(pid=93447) ephemeral_encryption_filter /opt/stack/nova/nova/scheduler/request_filter.py:426}}
Jul 31 12:36:25.466154 np0000006221 nova-scheduler[93447]: DEBUG nova.scheduler.request_filter [None req-c46f3609-6662-4e81-a0c3-d9509c381c0f tempest-ServerRescueNegativeTestJSON-577648253 tempest-ServerRescueNegativeTestJSON-577648253-project-member] virtio_sound_filter skipped {{(pid=93447) virtio_sound_filter /opt/stack/nova/nova/scheduler/request_filter.py:460}}
Jul 31 12:36:25.466349 np0000006221 nova-scheduler[93447]: DEBUG nova.scheduler.request_filter [None req-c46f3609-6662-4e81-a0c3-d9509c381c0f tempest-ServerRescueNegativeTestJSON-577648253 tempest-ServerRescueNegativeTestJSON-577648253-project-member] tpm_secret_security_filter skipped {{(pid=93447) tpm_secret_security_filter /opt/stack/nova/nova/scheduler/request_filter.py:477}}
Jul 31 12:36:25.996099 np0000006221 nova-scheduler[93447]: INFO nova.utils [None req-c46f3609-6662-4e81-a0c3-d9509c381c0f tempest-ServerRescueNegativeTestJSON-577648253 tempest-ServerRescueNegativeTestJSON-577648253-project-member] The cell worker thread pool ForkProcess-2.cell_worker is initialized
Jul 31 12:36:25.996416 np0000006221 nova-scheduler[93447]: DEBUG oslo_concurrency.lockutils [None req-c46f3609-6662-4e81-a0c3-d9509c381c0f tempest-ServerRescueNegativeTestJSON-577648253 tempest-ServerRescueNegativeTestJSON-577648253-project-member] Acquiring lock "68706c29-9f20-4282-b27a-0c7d4b1ab1f5" by "nova.context.set_target_cell..get_or_set_cached_cell_and_set_connections" {{(pid=93447) inner /opt/stack/data/venv/lib/python3.12/site-packages/oslo_concurrency/lockutils.py:512}}
Jul 31 12:36:25.996610 np0000006221 nova-scheduler[93447]: DEBUG oslo_concurrency.lockutils [None req-c46f3609-6662-4e81-a0c3-d9509c381c0f tempest-ServerRescueNegativeTestJSON-577648253 tempest-ServerRescueNegativeTestJSON-577648253-project-member] Lock "68706c29-9f20-4282-b27a-0c7d4b1ab1f5" acquired by "nova.context.set_target_cell..get_or_set_cached_cell_and_set_connections" :: waited 0.000s {{(pid=93447) inner /opt/stack/data/venv/lib/python3.12/site-packages/oslo_concurrency/lockutils.py:525}}
Jul 31 12:36:25.998284 np0000006221 nova-scheduler[93447]: DEBUG oslo_concurrency.lockutils [None req-c46f3609-6662-4e81-a0c3-d9509c381c0f tempest-ServerRescueNegativeTestJSON-577648253 tempest-ServerRescueNegativeTestJSON-577648253-project-member] Lock "68706c29-9f20-4282-b27a-0c7d4b1ab1f5" "released" by "nova.context.set_target_cell..get_or_set_cached_cell_and_set_connections" :: held 0.001s {{(pid=93447) inner /opt/stack/data/venv/lib/python3.12/site-packages/oslo_concurrency/lockutils.py:544}}
Jul 31 12:36:25.999467 np0000006221 nova-scheduler[93447]: INFO dbcounter [None req-c46f3609-6662-4e81-a0c3-d9509c381c0f tempest-ServerRescueNegativeTestJSON-577648253 tempest-ServerRescueNegativeTestJSON-577648253-project-member] Registered counter for database nova_cell1
Jul 31 12:36:26.031296 np0000006221 nova-scheduler[93447]: DEBUG oslo_db.sqlalchemy.engines [None req-c46f3609-6662-4e81-a0c3-d9509c381c0f tempest-ServerRescueNegativeTestJSON-577648253 tempest-ServerRescueNegativeTestJSON-577648253-project-member] MySQL server mode set to STRICT_TRANS_TABLES,STRICT_ALL_TABLES,NO_ZERO_IN_DATE,NO_ZERO_DATE,ERROR_FOR_DIVISION_BY_ZERO,TRADITIONAL,NO_ENGINE_SUBSTITUTION {{(pid=93447) _check_effective_sql_mode /opt/stack/data/venv/lib/python3.12/site-packages/oslo_db/sqlalchemy/engines.py:325}}
Jul 31 12:36:26.036353 np0000006221 nova-scheduler[93447]: DEBUG dbcounter [-] [93447] Writer thread running {{(pid=93447) stat_writer /opt/stack/data/venv/lib/python3.12/site-packages/dbcounter.py:102}}
Jul 31 12:36:26.053202 np0000006221 nova-scheduler[93447]: DEBUG oslo_db.sqlalchemy.engines [None req-c46f3609-6662-4e81-a0c3-d9509c381c0f tempest-ServerRescueNegativeTestJSON-577648253 tempest-ServerRescueNegativeTestJSON-577648253-project-member] Parent process 92234 forked (93447) with an open database connection, which is being discarded and recreated. {{(pid=93447) checkout /opt/stack/data/venv/lib/python3.12/site-packages/oslo_db/sqlalchemy/engines.py:402}}
Jul 31 12:36:26.099021 np0000006221 nova-scheduler[93447]: DEBUG dbcounter [-] [93447] Writer thread running {{(pid=93447) stat_writer /opt/stack/data/venv/lib/python3.12/site-packages/dbcounter.py:102}}
Jul 31 12:36:26.102738 np0000006221 nova-scheduler[93447]: DEBUG oslo_concurrency.lockutils [None req-c46f3609-6662-4e81-a0c3-d9509c381c0f tempest-ServerRescueNegativeTestJSON-577648253 tempest-ServerRescueNegativeTestJSON-577648253-project-member] Acquiring lock "68706c29-9f20-4282-b27a-0c7d4b1ab1f5" by "nova.context.set_target_cell..get_or_set_cached_cell_and_set_connections" {{(pid=93447) inner /opt/stack/data/venv/lib/python3.12/site-packages/oslo_concurrency/lockutils.py:512}}
Jul 31 12:36:26.102927 np0000006221 nova-scheduler[93447]: DEBUG oslo_concurrency.lockutils [None req-c46f3609-6662-4e81-a0c3-d9509c381c0f tempest-ServerRescueNegativeTestJSON-577648253 tempest-ServerRescueNegativeTestJSON-577648253-project-member] Lock "68706c29-9f20-4282-b27a-0c7d4b1ab1f5" acquired by "nova.context.set_target_cell..get_or_set_cached_cell_and_set_connections" :: waited 0.000s {{(pid=93447) inner /opt/stack/data/venv/lib/python3.12/site-packages/oslo_concurrency/lockutils.py:525}}
Jul 31 12:36:26.103043 np0000006221 nova-scheduler[93447]: DEBUG oslo_concurrency.lockutils [None req-c46f3609-6662-4e81-a0c3-d9509c381c0f tempest-ServerRescueNegativeTestJSON-577648253 tempest-ServerRescueNegativeTestJSON-577648253-project-member] Lock "68706c29-9f20-4282-b27a-0c7d4b1ab1f5" "released" by "nova.context.set_target_cell..get_or_set_cached_cell_and_set_connections" :: held 0.000s {{(pid=93447) inner /opt/stack/data/venv/lib/python3.12/site-packages/oslo_concurrency/lockutils.py:544}}
Jul 31 12:36:26.106940 np0000006221 nova-scheduler[93447]: DEBUG oslo_concurrency.lockutils [None req-c46f3609-6662-4e81-a0c3-d9509c381c0f tempest-ServerRescueNegativeTestJSON-577648253 tempest-ServerRescueNegativeTestJSON-577648253-project-member] Acquiring lock "np0000006221-np0000006221" by "nova.scheduler.host_manager.HostState.update.._locked_update" {{(pid=93447) inner /opt/stack/data/venv/lib/python3.12/site-packages/oslo_concurrency/lockutils.py:512}}
Jul 31 12:36:26.107133 np0000006221 nova-scheduler[93447]: DEBUG oslo_concurrency.lockutils [None req-c46f3609-6662-4e81-a0c3-d9509c381c0f tempest-ServerRescueNegativeTestJSON-577648253 tempest-ServerRescueNegativeTestJSON-577648253-project-member] Lock "np0000006221-np0000006221" acquired by "nova.scheduler.host_manager.HostState.update.._locked_update" :: waited 0.000s {{(pid=93447) inner /opt/stack/data/venv/lib/python3.12/site-packages/oslo_concurrency/lockutils.py:525}}
Jul 31 12:36:26.108249 np0000006221 nova-scheduler[93447]: DEBUG nova.scheduler.host_manager [None req-c46f3609-6662-4e81-a0c3-d9509c381c0f tempest-ServerRescueNegativeTestJSON-577648253 tempest-ServerRescueNegativeTestJSON-577648253-project-member] Update host state from compute node: ComputeNode(cpu_allocation_ratio=4.0,cpu_info='{"arch": "x86_64", "model": "EPYC-Milan", "vendor": "AMD", "topology": {"cells": 1, "sockets": 16, "cores": 1, "threads": 1}, "maxphysaddr": {"mode": "emulate", "bits": 40}, "features": ["wbnoinvd", "misalignsse", "osvw", "clflush", "invpcid", "topoext", "gds-no", "amd-psfd", "mtrr", "mmxext", "fma", "stibp-always-on", "lfence-always-serializing", "movbe", "null-sel-clr-base", "pfthreshold", "pni", "mca", "xsaves", "mmx", "fxsr", "cr8legacy", "lm", "erms", "amd-ssbd", "pse", "rdtscp", "no-nested-data-bp", "ssse3", "xgetbv1", "spec-ctrl", "xsave", "fpu", "hypervisor", "xsaveerptr", "xsaveopt", "sha-ni", "avx", "sse", "sse4.1", "adx", "rdseed", "perfctr_core", "arch-capabilities", "tsc", "ibrs", "popcnt", "bmi1", "svme-addr-chk", "pdpe1gb", "flushbyasid", "nx", "ssbd", "pause-filter", "3dnowprefetch", "pae", "clwb", "msr", "sep", "mce", "pse36", "clflushopt", "vme", "fsrm", "cmov", "pcid", "pclmuldq", "smep", "sse2", "pge", "arat", "de", "pat", "rdpid", "svm", "vpclmulqdq", "cx16", "v-vmsave-vmload", "bmi2", "rdrand", "vgif", "cmp_legacy", "npt", "virt-ssbd", "vmcb-clean", "smap", "lbrv", "amd-stibp", "aes", "syscall", "fsgsbase", "apic", "tsc-scale", "clzero", "fxsr_opt", "stibp", "abm", "cx8", "lahf_lm", "vaes", "mds-no", "pku", "ibpb", "rdctl-no", "tsc_adjust", "avx2", "tsc-deadline", "sse4.2", "sse4a", "x2apic", "pschange-mc-no", "f16c", "nrip-save", "skip-l1dfl-vmentry", "umip", "xsavec"]}',created_at=2026-07-31T12:34:33Z,current_workload=0,deleted=False,deleted_at=None,disk_allocation_ratio=1.0,disk_available_least=73,free_disk_gb=95,free_ram_mb=62765,host='np0000006221',host_ip=10.4.3.162,hypervisor_hostname='np0000006221',hypervisor_type='QEMU',hypervisor_version=8002002,id=1,local_gb=95,local_gb_used=0,mapped=1,memory_mb=63277,memory_mb_used=512,metrics='[]',numa_topology='{"nova_object.name": "NUMATopology", "nova_object.namespace": "nova", "nova_object.version": "1.2", "nova_object.data": {"cells": [{"nova_object.name": "NUMACell", "nova_object.namespace": "nova", "nova_object.version": "1.5", "nova_object.data": {"id": 0, "cpuset": [0, 1, 2, 3, 4, 5, 6, 7, 8, 9, 10, 11, 12, 13, 14, 15], "pcpuset": [0, 1, 2, 3, 4, 5, 6, 7, 8, 9, 10, 11, 12, 13, 14, 15], "memory": 63277, "cpu_usage": 0, "memory_usage": 0, "pinned_cpus": [], "siblings": [[6], [12], [2], [15], [5], [11], [8], [14], [4], [1], [7], [10], [0], [13], [3], [9]], "mempages": [{"nova_object.name": "NUMAPagesTopology", "nova_object.namespace": "nova", "nova_object.version": "1.1", "nova_object.data": {"size_kb": 4, "total": 16177929, "used": 0, "reserved": 0}, "nova_object.changes": ["size_kb", "used", "total", "reserved"]}, {"nova_object.name": "NUMAPagesTopology", "nova_object.namespace": "nova", "nova_object.version": "1.1", "nova_object.data": {"size_kb": 2048, "total": 41, "used": 0, "reserved": 0}, "nova_object.changes": ["size_kb", "used", "total", "reserved"]}, {"nova_object.name": "NUMAPagesTopology", "nova_object.namespace": "nova", "nova_object.version": "1.1", "nova_object.data": {"size_kb": 1048576, "total": 0, "used": 0, "reserved": 0}, "nova_object.changes": ["size_kb", "used", "total", "reserved"]}], "network_metadata": {"nova_object.name": "NetworkMetadata", "nova_object.namespace": "nova", "nova_object.version": "1.0", "nova_object.data": {"physnets": [], "tunneled": false}, "nova_object.changes": ["physnets", "tunneled"]}, "socket": null}, "nova_object.changes": ["socket", "memory", "memory_usage", "mempages", "pcpuset", "id", "cpuset", "cpu_usage", "pinned_cpus", "siblings", "network_metadata"]}]}, "nova_object.changes": ["cells"]}',pci_device_pools=PciDevicePoolList,ram_allocation_ratio=1.0,running_vms=0,service_id=3,stats={failed_builds='0',uptime=' 12:36:21 up 13 min, 2 users, load average: 2.97, 1.71, 0.89
Jul 31 12:36:26.108249 np0000006221 nova-scheduler[93447]: '},supported_hv_specs=[HVSpec,HVSpec,HVSpec,HVSpec,HVSpec,HVSpec,HVSpec,HVSpec,HVSpec,HVSpec,HVSpec,HVSpec,HVSpec,HVSpec,HVSpec,HVSpec,HVSpec,HVSpec,HVSpec,HVSpec,HVSpec,HVSpec,HVSpec,HVSpec,HVSpec],updated_at=2026-07-31T12:36:21Z,uuid=7b37d7e8-6b0f-46cb-bb40-e2e7409da091,vcpus=16,vcpus_used=0) {{(pid=93447) _locked_update /opt/stack/nova/nova/scheduler/host_manager.py:168}}
Jul 31 12:36:26.108967 np0000006221 nova-scheduler[93447]: DEBUG nova.scheduler.host_manager [None req-c46f3609-6662-4e81-a0c3-d9509c381c0f tempest-ServerRescueNegativeTestJSON-577648253 tempest-ServerRescueNegativeTestJSON-577648253-project-member] Update host state with aggregates: [] {{(pid=93447) _locked_update /opt/stack/nova/nova/scheduler/host_manager.py:171}}
Jul 31 12:36:26.109090 np0000006221 nova-scheduler[93447]: DEBUG nova.scheduler.host_manager [None req-c46f3609-6662-4e81-a0c3-d9509c381c0f tempest-ServerRescueNegativeTestJSON-577648253 tempest-ServerRescueNegativeTestJSON-577648253-project-member] Update host state with service dict: {'id': 3, 'uuid': '3e5b4079-4dc6-4ff5-b772-0cacc5512d8e', 'host': 'np0000006221', 'binary': 'nova-compute', 'topic': 'compute', 'report_count': 1, 'disabled': False, 'disabled_reason': None, 'last_seen_up': datetime.datetime(2026, 7, 31, 12, 34, 40, tzinfo=datetime.timezone.utc), 'forced_down': False, 'version': 72, 'created_at': datetime.datetime(2026, 7, 31, 12, 34, 33, tzinfo=datetime.timezone.utc), 'updated_at': datetime.datetime(2026, 7, 31, 12, 34, 40, tzinfo=datetime.timezone.utc), 'deleted_at': None, 'deleted': False} {{(pid=93447) _locked_update /opt/stack/nova/nova/scheduler/host_manager.py:174}}
Jul 31 12:36:26.109192 np0000006221 nova-scheduler[93447]: DEBUG nova.scheduler.host_manager [None req-c46f3609-6662-4e81-a0c3-d9509c381c0f tempest-ServerRescueNegativeTestJSON-577648253 tempest-ServerRescueNegativeTestJSON-577648253-project-member] Update host state with instances: [] {{(pid=93447) _locked_update /opt/stack/nova/nova/scheduler/host_manager.py:177}}
Jul 31 12:36:26.109296 np0000006221 nova-scheduler[93447]: DEBUG oslo_concurrency.lockutils [None req-c46f3609-6662-4e81-a0c3-d9509c381c0f tempest-ServerRescueNegativeTestJSON-577648253 tempest-ServerRescueNegativeTestJSON-577648253-project-member] Lock "np0000006221-np0000006221" "released" by "nova.scheduler.host_manager.HostState.update.._locked_update" :: held 0.002s {{(pid=93447) inner /opt/stack/data/venv/lib/python3.12/site-packages/oslo_concurrency/lockutils.py:544}}
Jul 31 12:36:26.109717 np0000006221 nova-scheduler[93447]: DEBUG nova.filters [None req-c46f3609-6662-4e81-a0c3-d9509c381c0f tempest-ServerRescueNegativeTestJSON-577648253 tempest-ServerRescueNegativeTestJSON-577648253-project-member] Starting with 1 host(s) {{(pid=93447) get_filtered_objects /opt/stack/nova/nova/filters.py:70}}
Jul 31 12:36:26.109916 np0000006221 nova-scheduler[93447]: DEBUG nova.filters [None req-c46f3609-6662-4e81-a0c3-d9509c381c0f tempest-ServerRescueNegativeTestJSON-577648253 tempest-ServerRescueNegativeTestJSON-577648253-project-member] Filter ComputeFilter returned 1 host(s) {{(pid=93447) get_filtered_objects /opt/stack/nova/nova/filters.py:102}}
Jul 31 12:36:26.110107 np0000006221 nova-scheduler[93447]: DEBUG nova.filters [None req-c46f3609-6662-4e81-a0c3-d9509c381c0f tempest-ServerRescueNegativeTestJSON-577648253 tempest-ServerRescueNegativeTestJSON-577648253-project-member] Filter ComputeCapabilitiesFilter returned 1 host(s) {{(pid=93447) get_filtered_objects /opt/stack/nova/nova/filters.py:102}}
Jul 31 12:36:26.111194 np0000006221 nova-scheduler[93447]: DEBUG nova.filters [None req-c46f3609-6662-4e81-a0c3-d9509c381c0f tempest-ServerRescueNegativeTestJSON-577648253 tempest-ServerRescueNegativeTestJSON-577648253-project-member] Filter ImagePropertiesFilter returned 1 host(s) {{(pid=93447) get_filtered_objects /opt/stack/nova/nova/filters.py:102}}
Jul 31 12:36:26.111194 np0000006221 nova-scheduler[93447]: DEBUG nova.filters [None req-c46f3609-6662-4e81-a0c3-d9509c381c0f tempest-ServerRescueNegativeTestJSON-577648253 tempest-ServerRescueNegativeTestJSON-577648253-project-member] Filter ServerGroupAntiAffinityFilter returned 1 host(s) {{(pid=93447) get_filtered_objects /opt/stack/nova/nova/filters.py:102}}
Jul 31 12:36:26.111194 np0000006221 nova-scheduler[93447]: DEBUG nova.filters [None req-c46f3609-6662-4e81-a0c3-d9509c381c0f tempest-ServerRescueNegativeTestJSON-577648253 tempest-ServerRescueNegativeTestJSON-577648253-project-member] Filter ServerGroupAffinityFilter returned 1 host(s) {{(pid=93447) get_filtered_objects /opt/stack/nova/nova/filters.py:102}}
Jul 31 12:36:26.111194 np0000006221 nova-scheduler[93447]: DEBUG nova.filters [None req-c46f3609-6662-4e81-a0c3-d9509c381c0f tempest-ServerRescueNegativeTestJSON-577648253 tempest-ServerRescueNegativeTestJSON-577648253-project-member] Filter SameHostFilter returned 1 host(s) {{(pid=93447) get_filtered_objects /opt/stack/nova/nova/filters.py:102}}
Jul 31 12:36:26.111194 np0000006221 nova-scheduler[93447]: DEBUG nova.filters [None req-c46f3609-6662-4e81-a0c3-d9509c381c0f tempest-ServerRescueNegativeTestJSON-577648253 tempest-ServerRescueNegativeTestJSON-577648253-project-member] Filter DifferentHostFilter returned 1 host(s) {{(pid=93447) get_filtered_objects /opt/stack/nova/nova/filters.py:102}}
Jul 31 12:36:26.111194 np0000006221 nova-scheduler[93447]: DEBUG nova.scheduler.manager [None req-c46f3609-6662-4e81-a0c3-d9509c381c0f tempest-ServerRescueNegativeTestJSON-577648253 tempest-ServerRescueNegativeTestJSON-577648253-project-member] Filtered [(np0000006221, np0000006221) ram: 62765MB disk: 74752MB io_ops: 0 instances: 0, allocation_candidates: 1] {{(pid=93447) _get_sorted_hosts /opt/stack/nova/nova/scheduler/manager.py:742}}
Jul 31 12:36:26.111194 np0000006221 nova-scheduler[93447]: DEBUG nova.scheduler.manager [None req-c46f3609-6662-4e81-a0c3-d9509c381c0f tempest-ServerRescueNegativeTestJSON-577648253 tempest-ServerRescueNegativeTestJSON-577648253-project-member] Weighed [WeighedHost [host: (np0000006221, np0000006221) ram: 62765MB disk: 74752MB io_ops: 0 instances: 0, allocation_candidates: 1, weight: 0.0]] {{(pid=93447) _get_sorted_hosts /opt/stack/nova/nova/scheduler/manager.py:764}}
Jul 31 12:36:26.111194 np0000006221 nova-scheduler[93447]: DEBUG nova.scheduler.utils [None req-c46f3609-6662-4e81-a0c3-d9509c381c0f tempest-ServerRescueNegativeTestJSON-577648253 tempest-ServerRescueNegativeTestJSON-577648253-project-member] Attempting to claim resources in the placement API for instance 62191616-7b3f-4129-b619-e7fc62944638 {{(pid=93447) claim_resources /opt/stack/nova/nova/scheduler/utils.py:1345}}
Jul 31 12:36:26.241551 np0000006221 nova-scheduler[93447]: DEBUG nova.scheduler.manager [None req-c46f3609-6662-4e81-a0c3-d9509c381c0f tempest-ServerRescueNegativeTestJSON-577648253 tempest-ServerRescueNegativeTestJSON-577648253-project-member] [instance: 62191616-7b3f-4129-b619-e7fc62944638] Selected host: (np0000006221, np0000006221) ram: 62765MB disk: 74752MB io_ops: 0 instances: 0, allocation_candidates: 1 {{(pid=93447) _consume_selected_host /opt/stack/nova/nova/scheduler/manager.py:624}}
Jul 31 12:36:26.241773 np0000006221 nova-scheduler[93447]: DEBUG oslo_concurrency.lockutils [None req-c46f3609-6662-4e81-a0c3-d9509c381c0f tempest-ServerRescueNegativeTestJSON-577648253 tempest-ServerRescueNegativeTestJSON-577648253-project-member] Acquiring lock "np0000006221-np0000006221" by "nova.scheduler.host_manager.HostState.consume_from_request.._locked" {{(pid=93447) inner /opt/stack/data/venv/lib/python3.12/site-packages/oslo_concurrency/lockutils.py:512}}
Jul 31 12:36:26.241897 np0000006221 nova-scheduler[93447]: DEBUG oslo_concurrency.lockutils [None req-c46f3609-6662-4e81-a0c3-d9509c381c0f tempest-ServerRescueNegativeTestJSON-577648253 tempest-ServerRescueNegativeTestJSON-577648253-project-member] Lock "np0000006221-np0000006221" acquired by "nova.scheduler.host_manager.HostState.consume_from_request.._locked" :: waited 0.000s {{(pid=93447) inner /opt/stack/data/venv/lib/python3.12/site-packages/oslo_concurrency/lockutils.py:525}}
Jul 31 12:36:26.242089 np0000006221 nova-scheduler[93447]: DEBUG oslo_concurrency.lockutils [None req-c46f3609-6662-4e81-a0c3-d9509c381c0f tempest-ServerRescueNegativeTestJSON-577648253 tempest-ServerRescueNegativeTestJSON-577648253-project-member] Lock "np0000006221-np0000006221" "released" by "nova.scheduler.host_manager.HostState.consume_from_request.._locked" :: held 0.000s {{(pid=93447) inner /opt/stack/data/venv/lib/python3.12/site-packages/oslo_concurrency/lockutils.py:544}}
Jul 31 12:36:28.138045 np0000006221 nova-scheduler[93485]: DEBUG dbcounter [-] [93485] Writing DB stats nova_cell0:SELECT=1,nova_cell0:UPDATE=1 {{(pid=93485) stat_writer /opt/stack/data/venv/lib/python3.12/site-packages/dbcounter.py:115}}
Jul 31 12:36:28.140728 np0000006221 nova-scheduler[93447]: DEBUG dbcounter [-] [93447] Writing DB stats nova_cell0:SELECT=1,nova_cell0:UPDATE=1 {{(pid=93447) stat_writer /opt/stack/data/venv/lib/python3.12/site-packages/dbcounter.py:115}}
Jul 31 12:36:28.141355 np0000006221 nova-scheduler[93442]: DEBUG dbcounter [-] [93442] Writing DB stats nova_cell0:SELECT=1,nova_cell0:UPDATE=1 {{(pid=93442) stat_writer /opt/stack/data/venv/lib/python3.12/site-packages/dbcounter.py:115}}
Jul 31 12:36:32.966140 np0000006221 nova-scheduler[93485]: DEBUG nova.scheduler.manager [None req-a8d3a141-d75b-4c29-8a09-a66332d1ae07 tempest-ServerRescueNegativeTestJSON-577648253 tempest-ServerRescueNegativeTestJSON-577648253-project-member] Starting to schedule for instances: ['8b3ae07f-89b4-48ba-9f2c-fe64168b36bc'] {{(pid=93485) select_destinations /opt/stack/nova/nova/scheduler/manager.py:209}}
Jul 31 12:36:32.966690 np0000006221 nova-scheduler[93485]: DEBUG nova.scheduler.request_filter [None req-a8d3a141-d75b-4c29-8a09-a66332d1ae07 tempest-ServerRescueNegativeTestJSON-577648253 tempest-ServerRescueNegativeTestJSON-577648253-project-member] compute_status_filter request filter added forbidden trait COMPUTE_STATUS_DISABLED {{(pid=93485) compute_status_filter /opt/stack/nova/nova/scheduler/request_filter.py:253}}
Jul 31 12:36:32.966788 np0000006221 nova-scheduler[93485]: DEBUG nova.scheduler.request_filter [None req-a8d3a141-d75b-4c29-8a09-a66332d1ae07 tempest-ServerRescueNegativeTestJSON-577648253 tempest-ServerRescueNegativeTestJSON-577648253-project-member] Request filter 'compute_status_filter' took 0.0 seconds {{(pid=93485) wrapper /opt/stack/nova/nova/scheduler/request_filter.py:46}}
Jul 31 12:36:32.966959 np0000006221 nova-scheduler[93485]: DEBUG nova.scheduler.request_filter [None req-a8d3a141-d75b-4c29-8a09-a66332d1ae07 tempest-ServerRescueNegativeTestJSON-577648253 tempest-ServerRescueNegativeTestJSON-577648253-project-member] Request filter 'accelerators_filter' took 0.0 seconds {{(pid=93485) wrapper /opt/stack/nova/nova/scheduler/request_filter.py:46}}
Jul 31 12:36:32.967152 np0000006221 nova-scheduler[93485]: DEBUG nova.scheduler.request_filter [None req-a8d3a141-d75b-4c29-8a09-a66332d1ae07 tempest-ServerRescueNegativeTestJSON-577648253 tempest-ServerRescueNegativeTestJSON-577648253-project-member] Request filter 'packed_virtqueue_filter' took 0.0 seconds {{(pid=93485) wrapper /opt/stack/nova/nova/scheduler/request_filter.py:46}}
Jul 31 12:36:32.967425 np0000006221 nova-scheduler[93485]: DEBUG nova.scheduler.request_filter [None req-a8d3a141-d75b-4c29-8a09-a66332d1ae07 tempest-ServerRescueNegativeTestJSON-577648253 tempest-ServerRescueNegativeTestJSON-577648253-project-member] Request filter 'remote_managed_ports_filter' took 0.0 seconds {{(pid=93485) wrapper /opt/stack/nova/nova/scheduler/request_filter.py:46}}
Jul 31 12:36:32.967803 np0000006221 nova-scheduler[93485]: DEBUG nova.scheduler.request_filter [None req-a8d3a141-d75b-4c29-8a09-a66332d1ae07 tempest-ServerRescueNegativeTestJSON-577648253 tempest-ServerRescueNegativeTestJSON-577648253-project-member] ephemeral_encryption_filter skipped {{(pid=93485) ephemeral_encryption_filter /opt/stack/nova/nova/scheduler/request_filter.py:426}}
Jul 31 12:36:32.967965 np0000006221 nova-scheduler[93485]: DEBUG nova.scheduler.request_filter [None req-a8d3a141-d75b-4c29-8a09-a66332d1ae07 tempest-ServerRescueNegativeTestJSON-577648253 tempest-ServerRescueNegativeTestJSON-577648253-project-member] virtio_sound_filter skipped {{(pid=93485) virtio_sound_filter /opt/stack/nova/nova/scheduler/request_filter.py:460}}
Jul 31 12:36:32.968111 np0000006221 nova-scheduler[93485]: DEBUG nova.scheduler.request_filter [None req-a8d3a141-d75b-4c29-8a09-a66332d1ae07 tempest-ServerRescueNegativeTestJSON-577648253 tempest-ServerRescueNegativeTestJSON-577648253-project-member] tpm_secret_security_filter skipped {{(pid=93485) tpm_secret_security_filter /opt/stack/nova/nova/scheduler/request_filter.py:477}}
