May 18 18:51:03.488894 np0000000980 devstack@g-api.service[98600]: DEBUG swiftclient [None req-4c7bb314-e8c4-410c-b9e0-d23453a88431 tempest-ServerBootFromVolumeStableRescueTest-252288463 tempest-ServerBootFromVolumeStableRescueTest-252288463-project-member] RESP STATUS: 204 No Content {{(pid=98600) http_log /opt/stack/data/venv/lib/python3.12/site-packages/swiftclient/client.py:161}}
May 18 18:51:03.489113 np0000000980 devstack@g-api.service[98600]: DEBUG swiftclient [None req-4c7bb314-e8c4-410c-b9e0-d23453a88431 tempest-ServerBootFromVolumeStableRescueTest-252288463 tempest-ServerBootFromVolumeStableRescueTest-252288463-project-member] RESP HEADERS: {'Date': 'Mon, 18 May 2026 18:51:03 GMT', 'Server': 'Apache/2.4.58 (Ubuntu)', 'Content-Type': 'text/plain; charset=utf-8', 'X-Container-Object-Count': '7', 'X-Container-Bytes-Used': '141557760', 'X-Timestamp': '1779129820.73398', 'Last-Modified': 'Mon, 18 May 2026 18:43:41 GMT', 'Accept-Ranges': 'bytes', 'X-Storage-Policy': 'Policy-0', 'X-Container-Sharding': 'False', 'Vary': 'Accept', 'X-Trans-Id': 'txc4d10dda049b4e319a177-006a0b5f97', 'X-Openstack-Request-Id': 'txc4d10dda049b4e319a177-006a0b5f97', 'Connection': 'close'} {{(pid=98600) http_log /opt/stack/data/venv/lib/python3.12/site-packages/swiftclient/client.py:162}}
May 18 18:51:03.489369 np0000000980 devstack@g-api.service[98600]: DEBUG glance_store._drivers.swift.store [None req-4c7bb314-e8c4-410c-b9e0-d23453a88431 tempest-ServerBootFromVolumeStableRescueTest-252288463 tempest-ServerBootFromVolumeStableRescueTest-252288463-project-member] Adding image object '475d7f26-ea63-489b-ac5c-10dab1244f56' to Swift {{(pid=98600) add /opt/stack/data/venv/lib/python3.12/site-packages/glance_store/_drivers/swift/store.py:978}}
May 18 18:51:03.489534 np0000000980 devstack@g-api.service[98600]: DEBUG glance_store._drivers.swift.store [None req-4c7bb314-e8c4-410c-b9e0-d23453a88431 tempest-ServerBootFromVolumeStableRescueTest-252288463 tempest-ServerBootFromVolumeStableRescueTest-252288463-project-member] Cannot determine image size because it is either not provided in the request or chunked-transfer encoding is used. Adding image as a segmented object to Swift. {{(pid=98600) add /opt/stack/data/venv/lib/python3.12/site-packages/glance_store/_drivers/swift/store.py:1002}}
May 18 18:51:03.495970 np0000000980 devstack@g-api.service[98601]: DEBUG glance.api.middleware.version_negotiation [None req-2cb2307b-eb93-4fbd-8528-9a9cfec86fad tempest-ServerBootFromVolumeStableRescueTest-252288463 tempest-ServerBootFromVolumeStableRescueTest-252288463-project-member] Determining version of request: GET /v2/images/475d7f26-ea63-489b-ac5c-10dab1244f56 Accept: application/json {{(pid=98601) process_request /opt/stack/glance/glance/api/middleware/version_negotiation.py:44}}
May 18 18:51:03.496491 np0000000980 devstack@g-api.service[98601]: DEBUG glance.api.middleware.version_negotiation [None req-2cb2307b-eb93-4fbd-8528-9a9cfec86fad tempest-ServerBootFromVolumeStableRescueTest-252288463 tempest-ServerBootFromVolumeStableRescueTest-252288463-project-member] Using url versioning {{(pid=98601) process_request /opt/stack/glance/glance/api/middleware/version_negotiation.py:57}}
May 18 18:51:03.496491 np0000000980 devstack@g-api.service[98601]: DEBUG glance.api.middleware.version_negotiation [None req-2cb2307b-eb93-4fbd-8528-9a9cfec86fad tempest-ServerBootFromVolumeStableRescueTest-252288463 tempest-ServerBootFromVolumeStableRescueTest-252288463-project-member] Matched version: v2 {{(pid=98601) process_request /opt/stack/glance/glance/api/middleware/version_negotiation.py:69}}
May 18 18:51:03.496491 np0000000980 devstack@g-api.service[98601]: DEBUG glance.api.middleware.version_negotiation [None req-2cb2307b-eb93-4fbd-8528-9a9cfec86fad tempest-ServerBootFromVolumeStableRescueTest-252288463 tempest-ServerBootFromVolumeStableRescueTest-252288463-project-member] new path /v2/images/475d7f26-ea63-489b-ac5c-10dab1244f56 {{(pid=98601) process_request /opt/stack/glance/glance/api/middleware/version_negotiation.py:70}}
May 18 18:51:03.498740 np0000000980 devstack@g-api.service[98600]: DEBUG oslo_utils.imageutils.format_inspector [None req-4c7bb314-e8c4-410c-b9e0-d23453a88431 tempest-ServerBootFromVolumeStableRescueTest-252288463 tempest-ServerBootFromVolumeStableRescueTest-252288463-project-member] Format inspector for vmdk does not match, excluding from consideration (Signature KDMV not found: b'QFI\xfb') {{(pid=98600) _process_chunk /opt/stack/data/venv/lib/python3.12/site-packages/oslo_utils/imageutils/format_inspector.py:1538}}
May 18 18:51:03.501339 np0000000980 devstack@g-api.service[98600]: DEBUG oslo_utils.imageutils.format_inspector [None req-4c7bb314-e8c4-410c-b9e0-d23453a88431 tempest-ServerBootFromVolumeStableRescueTest-252288463 tempest-ServerBootFromVolumeStableRescueTest-252288463-project-member] Format inspector for vhdx does not match, excluding from consideration (Region signature not found at 30000) {{(pid=98600) _process_chunk /opt/stack/data/venv/lib/python3.12/site-packages/oslo_utils/imageutils/format_inspector.py:1538}}
May 18 18:51:03.513177 np0000000980 devstack@g-api.service[98601]: [pid: 98601|app: 0|req: 171/316] 127.0.0.1 () {40 vars in 838 bytes} [Mon May 18 18:51:03 2026] GET /v2/images/475d7f26-ea63-489b-ac5c-10dab1244f56 => generated 1469 bytes in 17 msecs (HTTP/1.1 200) 4 headers in 158 bytes (1 switches on core 0)
May 18 18:51:03.756983 np0000000980 devstack@g-api.service[98600]: DEBUG swiftclient [None req-4c7bb314-e8c4-410c-b9e0-d23453a88431 tempest-ServerBootFromVolumeStableRescueTest-252288463 tempest-ServerBootFromVolumeStableRescueTest-252288463-project-member] REQ: curl -i https://10.4.3.136:8080/v1/AUTH_db668125585c49d586cfb25244b1bea3/glance/475d7f26-ea63-489b-ac5c-10dab1244f56-00001 -X PUT -H "X-Auth-Token: gAAAAABqC1-XLj4J..." {{(pid=98600) http_log /opt/stack/data/venv/lib/python3.12/site-packages/swiftclient/client.py:160}}
May 18 18:51:03.757487 np0000000980 devstack@g-api.service[98600]: DEBUG swiftclient [None req-4c7bb314-e8c4-410c-b9e0-d23453a88431 tempest-ServerBootFromVolumeStableRescueTest-252288463 tempest-ServerBootFromVolumeStableRescueTest-252288463-project-member] RESP STATUS: 201 Created {{(pid=98600) http_log /opt/stack/data/venv/lib/python3.12/site-packages/swiftclient/client.py:161}}
May 18 18:51:03.757487 np0000000980 devstack@g-api.service[98600]: DEBUG swiftclient [None req-4c7bb314-e8c4-410c-b9e0-d23453a88431 tempest-ServerBootFromVolumeStableRescueTest-252288463 tempest-ServerBootFromVolumeStableRescueTest-252288463-project-member] RESP HEADERS: {'Date': 'Mon, 18 May 2026 18:51:03 GMT', 'Server': 'Apache/2.4.58 (Ubuntu)', 'Content-Type': 'text/html; charset=UTF-8', 'Content-Length': '0', 'Etag': '4fa343ee581d8d2e78533191fd1ac3e1', 'Last-Modified': 'Mon, 18 May 2026 18:51:04 GMT', 'X-Trans-Id': 'tx46d2ea7fd2d746bea2681-006a0b5f97', 'X-Openstack-Request-Id': 'tx46d2ea7fd2d746bea2681-006a0b5f97', 'Connection': 'close'} {{(pid=98600) http_log /opt/stack/data/venv/lib/python3.12/site-packages/swiftclient/client.py:162}}
May 18 18:51:03.757487 np0000000980 devstack@g-api.service[98600]: DEBUG glance_store._drivers.swift.store [None req-4c7bb314-e8c4-410c-b9e0-d23453a88431 tempest-ServerBootFromVolumeStableRescueTest-252288463 tempest-ServerBootFromVolumeStableRescueTest-252288463-project-member] Wrote chunk 475d7f26-ea63-489b-ac5c-10dab1244f56-00001 (1/?) of length 23527424 to Swift returning MD5 of content: 4fa343ee581d8d2e78533191fd1ac3e1 {{(pid=98600) add /opt/stack/data/venv/lib/python3.12/site-packages/glance_store/_drivers/swift/store.py:1067}}
May 18 18:51:03.758072 np0000000980 devstack@g-api.service[98600]: DEBUG glance_store._drivers.swift.store [None req-4c7bb314-e8c4-410c-b9e0-d23453a88431 tempest-ServerBootFromVolumeStableRescueTest-252288463 tempest-ServerBootFromVolumeStableRescueTest-252288463-project-member] Not writing zero-length chunk. {{(pid=98600) add /opt/stack/data/venv/lib/python3.12/site-packages/glance_store/_drivers/swift/store.py:1036}}
May 18 18:51:03.786115 np0000000980 devstack@g-api.service[98600]: DEBUG swiftclient [None req-4c7bb314-e8c4-410c-b9e0-d23453a88431 tempest-ServerBootFromVolumeStableRescueTest-252288463 tempest-ServerBootFromVolumeStableRescueTest-252288463-project-member] REQ: curl -i https://10.4.3.136:8080/v1/AUTH_db668125585c49d586cfb25244b1bea3/glance/475d7f26-ea63-489b-ac5c-10dab1244f56 -X PUT -H "X-Object-Manifest: glance/475d7f26-ea63-489b-ac5c-10dab1244f56-" -H "X-Auth-Token: gAAAAABqC1-XLj4J..." -H "Content-Length: 0" {{(pid=98600) http_log /opt/stack/data/venv/lib/python3.12/site-packages/swiftclient/client.py:160}}
May 18 18:51:03.786227 np0000000980 devstack@g-api.service[98600]: DEBUG swiftclient [None req-4c7bb314-e8c4-410c-b9e0-d23453a88431 tempest-ServerBootFromVolumeStableRescueTest-252288463 tempest-ServerBootFromVolumeStableRescueTest-252288463-project-member] RESP STATUS: 201 Created {{(pid=98600) http_log /opt/stack/data/venv/lib/python3.12/site-packages/swiftclient/client.py:161}}
May 18 18:51:03.786520 np0000000980 devstack@g-api.service[98600]: DEBUG swiftclient [None req-4c7bb314-e8c4-410c-b9e0-d23453a88431 tempest-ServerBootFromVolumeStableRescueTest-252288463 tempest-ServerBootFromVolumeStableRescueTest-252288463-project-member] RESP HEADERS: {'Date': 'Mon, 18 May 2026 18:51:03 GMT', 'Server': 'Apache/2.4.58 (Ubuntu)', 'Content-Type': 'text/html; charset=UTF-8', 'Content-Length': '0', 'Etag': 'd41d8cd98f00b204e9800998ecf8427e', 'Last-Modified': 'Mon, 18 May 2026 18:51:04 GMT', 'X-Trans-Id': 'tx9d0640e0c85149b4a1bb4-006a0b5f97', 'X-Openstack-Request-Id': 'tx9d0640e0c85149b4a1bb4-006a0b5f97', 'Connection': 'close'} {{(pid=98600) http_log /opt/stack/data/venv/lib/python3.12/site-packages/swiftclient/client.py:162}}
May 18 18:51:03.787539 np0000000980 devstack@g-api.service[98600]: INFO glance.location [None req-4c7bb314-e8c4-410c-b9e0-d23453a88431 tempest-ServerBootFromVolumeStableRescueTest-252288463 tempest-ServerBootFromVolumeStableRescueTest-252288463-project-member] Image format matched and virtual size computed: 1073741824
May 18 18:51:03.823310 np0000000980 devstack@g-api.service[98600]: DEBUG glance_store.backend [None req-4c7bb314-e8c4-410c-b9e0-d23453a88431 tempest-ServerBootFromVolumeStableRescueTest-252288463 tempest-ServerBootFromVolumeStableRescueTest-252288463-project-member] Attempting to import store swift {{(pid=98600) _load_store /opt/stack/data/venv/lib/python3.12/site-packages/glance_store/backend.py:215}}
May 18 18:51:03.825129 np0000000980 devstack@g-api.service[98600]: DEBUG glance_store.capabilities [None req-4c7bb314-e8c4-410c-b9e0-d23453a88431 tempest-ServerBootFromVolumeStableRescueTest-252288463 tempest-ServerBootFromVolumeStableRescueTest-252288463-project-member] Store glance_store._drivers.swift.store.SingleTenantStore doesn't support updating dynamic storage capabilities. Please overwrite 'update_capabilities' method of the store to implement updating logics if needed. {{(pid=98600) update_capabilities /opt/stack/data/venv/lib/python3.12/site-packages/glance_store/capabilities.py:91}}
May 18 18:51:03.825255 np0000000980 devstack@g-api.service[98600]: DEBUG glance_store.driver [None req-4c7bb314-e8c4-410c-b9e0-d23453a88431 tempest-ServerBootFromVolumeStableRescueTest-252288463 tempest-ServerBootFromVolumeStableRescueTest-252288463-project-member] Late loading location class glance_store._drivers.swift.store.StoreLocation {{(pid=98600) get_store_location_class /opt/stack/data/venv/lib/python3.12/site-packages/glance_store/driver.py:134}}
May 18 18:51:03.825356 np0000000980 devstack@g-api.service[98600]: DEBUG glance_store.location [None req-4c7bb314-e8c4-410c-b9e0-d23453a88431 tempest-ServerBootFromVolumeStableRescueTest-252288463 tempest-ServerBootFromVolumeStableRescueTest-252288463-project-member] Registering scheme swift+https with {'store': , 'location_class': , 'store_entry': 'swift'} {{(pid=98600) register_scheme_map /opt/stack/data/venv/lib/python3.12/site-packages/glance_store/location.py:146}}
May 18 18:51:03.825493 np0000000980 devstack@g-api.service[98600]: DEBUG glance_store.location [None req-4c7bb314-e8c4-410c-b9e0-d23453a88431 tempest-ServerBootFromVolumeStableRescueTest-252288463 tempest-ServerBootFromVolumeStableRescueTest-252288463-project-member] Registering scheme swift+https with {'store': , 'location_class': , 'store_entry': 'swift'} {{(pid=98600) register_scheme_map /opt/stack/data/venv/lib/python3.12/site-packages/glance_store/location.py:146}}
May 18 18:51:03.825493 np0000000980 devstack@g-api.service[98600]: DEBUG glance_store.location [None req-4c7bb314-e8c4-410c-b9e0-d23453a88431 tempest-ServerBootFromVolumeStableRescueTest-252288463 tempest-ServerBootFromVolumeStableRescueTest-252288463-project-member] Registering scheme swift with {'store': , 'location_class': , 'store_entry': 'swift'} {{(pid=98600) register_scheme_map /opt/stack/data/venv/lib/python3.12/site-packages/glance_store/location.py:146}}
May 18 18:51:03.825663 np0000000980 devstack@g-api.service[98600]: DEBUG glance_store.location [None req-4c7bb314-e8c4-410c-b9e0-d23453a88431 tempest-ServerBootFromVolumeStableRescueTest-252288463 tempest-ServerBootFromVolumeStableRescueTest-252288463-project-member] Registering scheme swift+https with {'store': , 'location_class': , 'store_entry': 'swift'} {{(pid=98600) register_scheme_map /opt/stack/data/venv/lib/python3.12/site-packages/glance_store/location.py:146}}
May 18 18:51:03.825663 np0000000980 devstack@g-api.service[98600]: DEBUG glance_store.location [None req-4c7bb314-e8c4-410c-b9e0-d23453a88431 tempest-ServerBootFromVolumeStableRescueTest-252288463 tempest-ServerBootFromVolumeStableRescueTest-252288463-project-member] Registering scheme swift with {'store': , 'location_class': , 'store_entry': 'swift'} {{(pid=98600) register_scheme_map /opt/stack/data/venv/lib/python3.12/site-packages/glance_store/location.py:146}}
May 18 18:51:03.825750 np0000000980 devstack@g-api.service[98600]: DEBUG glance_store.location [None req-4c7bb314-e8c4-410c-b9e0-d23453a88431 tempest-ServerBootFromVolumeStableRescueTest-252288463 tempest-ServerBootFromVolumeStableRescueTest-252288463-project-member] Registering scheme swift+http with {'store': , 'location_class': , 'store_entry': 'swift'} {{(pid=98600) register_scheme_map /opt/stack/data/venv/lib/python3.12/site-packages/glance_store/location.py:146}}
May 18 18:51:03.825797 np0000000980 devstack@g-api.service[98600]: DEBUG glance_store.location [None req-4c7bb314-e8c4-410c-b9e0-d23453a88431 tempest-ServerBootFromVolumeStableRescueTest-252288463 tempest-ServerBootFromVolumeStableRescueTest-252288463-project-member] Registering scheme swift+https with {'store': , 'location_class': , 'store_entry': 'swift'} {{(pid=98600) register_scheme_map /opt/stack/data/venv/lib/python3.12/site-packages/glance_store/location.py:146}}
May 18 18:51:03.825937 np0000000980 devstack@g-api.service[98600]: DEBUG glance_store.location [None req-4c7bb314-e8c4-410c-b9e0-d23453a88431 tempest-ServerBootFromVolumeStableRescueTest-252288463 tempest-ServerBootFromVolumeStableRescueTest-252288463-project-member] Registering scheme swift with {'store': , 'location_class': , 'store_entry': 'swift'} {{(pid=98600) register_scheme_map /opt/stack/data/venv/lib/python3.12/site-packages/glance_store/location.py:146}}
May 18 18:51:03.825999 np0000000980 devstack@g-api.service[98600]: DEBUG glance_store.location [None req-4c7bb314-e8c4-410c-b9e0-d23453a88431 tempest-ServerBootFromVolumeStableRescueTest-252288463 tempest-ServerBootFromVolumeStableRescueTest-252288463-project-member] Registering scheme swift+http with {'store': , 'location_class': , 'store_entry': 'swift'} {{(pid=98600) register_scheme_map /opt/stack/data/venv/lib/python3.12/site-packages/glance_store/location.py:146}}
May 18 18:51:03.826098 np0000000980 devstack@g-api.service[98600]: DEBUG glance_store.location [None req-4c7bb314-e8c4-410c-b9e0-d23453a88431 tempest-ServerBootFromVolumeStableRescueTest-252288463 tempest-ServerBootFromVolumeStableRescueTest-252288463-project-member] Registering scheme swift+config with {'store': , 'location_class': , 'store_entry': 'swift'} {{(pid=98600) register_scheme_map /opt/stack/data/venv/lib/python3.12/site-packages/glance_store/location.py:146}}
May 18 18:51:03.826288 np0000000980 devstack@g-api.service[98600]: DEBUG glance_store.backend [None req-4c7bb314-e8c4-410c-b9e0-d23453a88431 tempest-ServerBootFromVolumeStableRescueTest-252288463 tempest-ServerBootFromVolumeStableRescueTest-252288463-project-member] Skipping store.set_acls... not implemented. {{(pid=98600) set_acls /opt/stack/data/venv/lib/python3.12/site-packages/glance_store/backend.py:507}}
May 18 18:51:03.828501 np0000000980 devstack@g-api.service[98600]: [pid: 98600|app: 0|req: 146/317] 127.0.0.1 () {46 vars in 1158 bytes} [Mon May 18 18:51:02 2026] PUT /v2/images/475d7f26-ea63-489b-ac5c-10dab1244f56/file => generated 0 bytes in 1676 msecs (HTTP/1.1 204) 4 headers in 171 bytes (1 switches on core 0)
May 18 18:51:03.879399 np0000000980 devstack@g-api.service[98601]: DEBUG glance.api.middleware.version_negotiation [None req-546d199d-0908-4a84-a508-642de530fb8a tempest-ServerBootFromVolumeStableRescueTest-252288463 tempest-ServerBootFromVolumeStableRescueTest-252288463-project-member] Determining version of request: GET /v2/images/475d7f26-ea63-489b-ac5c-10dab1244f56 Accept: */* {{(pid=98601) process_request /opt/stack/glance/glance/api/middleware/version_negotiation.py:44}}
May 18 18:51:03.879615 np0000000980 devstack@g-api.service[98601]: DEBUG glance.api.middleware.version_negotiation [None req-546d199d-0908-4a84-a508-642de530fb8a tempest-ServerBootFromVolumeStableRescueTest-252288463 tempest-ServerBootFromVolumeStableRescueTest-252288463-project-member] Using url versioning {{(pid=98601) process_request /opt/stack/glance/glance/api/middleware/version_negotiation.py:57}}
May 18 18:51:03.879946 np0000000980 devstack@g-api.service[98601]: DEBUG glance.api.middleware.version_negotiation [None req-546d199d-0908-4a84-a508-642de530fb8a tempest-ServerBootFromVolumeStableRescueTest-252288463 tempest-ServerBootFromVolumeStableRescueTest-252288463-project-member] Matched version: v2 {{(pid=98601) process_request /opt/stack/glance/glance/api/middleware/version_negotiation.py:69}}
May 18 18:51:03.879946 np0000000980 devstack@g-api.service[98601]: DEBUG glance.api.middleware.version_negotiation [None req-546d199d-0908-4a84-a508-642de530fb8a tempest-ServerBootFromVolumeStableRescueTest-252288463 tempest-ServerBootFromVolumeStableRescueTest-252288463-project-member] new path /v2/images/475d7f26-ea63-489b-ac5c-10dab1244f56 {{(pid=98601) process_request /opt/stack/glance/glance/api/middleware/version_negotiation.py:70}}
May 18 18:51:03.894086 np0000000980 devstack@g-api.service[98601]: [pid: 98601|app: 0|req: 172/318] 127.0.0.1 () {44 vars in 1115 bytes} [Mon May 18 18:51:03 2026] GET /v2/images/475d7f26-ea63-489b-ac5c-10dab1244f56 => generated 1639 bytes in 15 msecs (HTTP/1.1 200) 4 headers in 158 bytes (1 switches on core 0)
May 18 18:51:03.956614 np0000000980 devstack@g-api.service[98600]: DEBUG glance.api.middleware.version_negotiation [None req-4c7bb314-e8c4-410c-b9e0-d23453a88431 tempest-ServerBootFromVolumeStableRescueTest-252288463 tempest-ServerBootFromVolumeStableRescueTest-252288463-project-member] Determining version of request: GET /v2/schemas/image Accept: */* {{(pid=98600) process_request /opt/stack/glance/glance/api/middleware/version_negotiation.py:44}}
May 18 18:51:03.956614 np0000000980 devstack@g-api.service[98600]: DEBUG glance.api.middleware.version_negotiation [None req-4c7bb314-e8c4-410c-b9e0-d23453a88431 tempest-ServerBootFromVolumeStableRescueTest-252288463 tempest-ServerBootFromVolumeStableRescueTest-252288463-project-member] Using url versioning {{(pid=98600) process_request /opt/stack/glance/glance/api/middleware/version_negotiation.py:57}}
May 18 18:51:03.956614 np0000000980 devstack@g-api.service[98600]: DEBUG glance.api.middleware.version_negotiation [None req-4c7bb314-e8c4-410c-b9e0-d23453a88431 tempest-ServerBootFromVolumeStableRescueTest-252288463 tempest-ServerBootFromVolumeStableRescueTest-252288463-project-member] Matched version: v2 {{(pid=98600) process_request /opt/stack/glance/glance/api/middleware/version_negotiation.py:69}}
May 18 18:51:03.956614 np0000000980 devstack@g-api.service[98600]: DEBUG glance.api.middleware.version_negotiation [None req-4c7bb314-e8c4-410c-b9e0-d23453a88431 tempest-ServerBootFromVolumeStableRescueTest-252288463 tempest-ServerBootFromVolumeStableRescueTest-252288463-project-member] new path /v2/schemas/image {{(pid=98600) process_request /opt/stack/glance/glance/api/middleware/version_negotiation.py:70}}
May 18 18:51:03.959393 np0000000980 devstack@g-api.service[98600]: [pid: 98600|app: 0|req: 147/319] 127.0.0.1 () {44 vars in 1055 bytes} [Mon May 18 18:51:03 2026] GET /v2/schemas/image => generated 6083 bytes in 4 msecs (HTTP/1.1 200) 4 headers in 158 bytes (1 switches on core 0)
May 18 18:51:04.522194 np0000000980 devstack@g-api.service[98601]: DEBUG glance.api.middleware.version_negotiation [None req-4c7bb314-e8c4-410c-b9e0-d23453a88431 tempest-ServerBootFromVolumeStableRescueTest-252288463 tempest-ServerBootFromVolumeStableRescueTest-252288463-project-member] Determining version of request: GET /v2/images/475d7f26-ea63-489b-ac5c-10dab1244f56 Accept: application/json {{(pid=98601) process_request /opt/stack/glance/glance/api/middleware/version_negotiation.py:44}}
May 18 18:51:04.522194 np0000000980 devstack@g-api.service[98601]: DEBUG glance.api.middleware.version_negotiation [None req-4c7bb314-e8c4-410c-b9e0-d23453a88431 tempest-ServerBootFromVolumeStableRescueTest-252288463 tempest-ServerBootFromVolumeStableRescueTest-252288463-project-member] Using url versioning {{(pid=98601) process_request /opt/stack/glance/glance/api/middleware/version_negotiation.py:57}}
May 18 18:51:04.522734 np0000000980 devstack@g-api.service[98601]: DEBUG glance.api.middleware.version_negotiation [None req-4c7bb314-e8c4-410c-b9e0-d23453a88431 tempest-ServerBootFromVolumeStableRescueTest-252288463 tempest-ServerBootFromVolumeStableRescueTest-252288463-project-member] Matched version: v2 {{(pid=98601) process_request /opt/stack/glance/glance/api/middleware/version_negotiation.py:69}}
May 18 18:51:04.522734 np0000000980 devstack@g-api.service[98601]: DEBUG glance.api.middleware.version_negotiation [None req-4c7bb314-e8c4-410c-b9e0-d23453a88431 tempest-ServerBootFromVolumeStableRescueTest-252288463 tempest-ServerBootFromVolumeStableRescueTest-252288463-project-member] new path /v2/images/475d7f26-ea63-489b-ac5c-10dab1244f56 {{(pid=98601) process_request /opt/stack/glance/glance/api/middleware/version_negotiation.py:70}}
May 18 18:51:04.532949 np0000000980 devstack@g-api.service[98601]: [pid: 98601|app: 0|req: 173/320] 127.0.0.1 () {40 vars in 838 bytes} [Mon May 18 18:51:04 2026] GET /v2/images/475d7f26-ea63-489b-ac5c-10dab1244f56 => generated 1639 bytes in 11 msecs (HTTP/1.1 200) 4 headers in 158 bytes (1 switches on core 0)
May 18 18:51:04.540117 np0000000980 devstack@g-api.service[98600]: DEBUG glance.api.middleware.version_negotiation [None req-4c7bb314-e8c4-410c-b9e0-d23453a88431 tempest-ServerBootFromVolumeStableRescueTest-252288463 tempest-ServerBootFromVolumeStableRescueTest-252288463-project-member] Determining version of request: GET /v2/images/475d7f26-ea63-489b-ac5c-10dab1244f56 Accept: application/json {{(pid=98600) process_request /opt/stack/glance/glance/api/middleware/version_negotiation.py:44}}
May 18 18:51:04.540596 np0000000980 devstack@g-api.service[98600]: DEBUG glance.api.middleware.version_negotiation [None req-4c7bb314-e8c4-410c-b9e0-d23453a88431 tempest-ServerBootFromVolumeStableRescueTest-252288463 tempest-ServerBootFromVolumeStableRescueTest-252288463-project-member] Using url versioning {{(pid=98600) process_request /opt/stack/glance/glance/api/middleware/version_negotiation.py:57}}
May 18 18:51:04.540596 np0000000980 devstack@g-api.service[98600]: DEBUG glance.api.middleware.version_negotiation [None req-4c7bb314-e8c4-410c-b9e0-d23453a88431 tempest-ServerBootFromVolumeStableRescueTest-252288463 tempest-ServerBootFromVolumeStableRescueTest-252288463-project-member] Matched version: v2 {{(pid=98600) process_request /opt/stack/glance/glance/api/middleware/version_negotiation.py:69}}
May 18 18:51:04.540596 np0000000980 devstack@g-api.service[98600]: DEBUG glance.api.middleware.version_negotiation [None req-4c7bb314-e8c4-410c-b9e0-d23453a88431 tempest-ServerBootFromVolumeStableRescueTest-252288463 tempest-ServerBootFromVolumeStableRescueTest-252288463-project-member] new path /v2/images/475d7f26-ea63-489b-ac5c-10dab1244f56 {{(pid=98600) process_request /opt/stack/glance/glance/api/middleware/version_negotiation.py:70}}
May 18 18:51:04.550265 np0000000980 devstack@g-api.service[98600]: [pid: 98600|app: 0|req: 148/321] 127.0.0.1 () {40 vars in 838 bytes} [Mon May 18 18:51:04 2026] GET /v2/images/475d7f26-ea63-489b-ac5c-10dab1244f56 => generated 1639 bytes in 10 msecs (HTTP/1.1 200) 4 headers in 158 bytes (1 switches on core 0)
May 18 18:51:05.213574 np0000000980 devstack@g-api.service[98601]: DEBUG glance.api.middleware.version_negotiation [None req-3c0adade-7d1f-4aef-814f-39f78fde9640 tempest-ServerBootFromVolumeStableRescueTest-252288463 tempest-ServerBootFromVolumeStableRescueTest-252288463-project-member] Determining version of request: GET /v2/images/bf208656-6a19-44b0-90d4-bc46106220e3 Accept: */* {{(pid=98601) process_request /opt/stack/glance/glance/api/middleware/version_negotiation.py:44}}
May 18 18:51:05.214179 np0000000980 devstack@g-api.service[98601]: DEBUG glance.api.middleware.version_negotiation [None req-3c0adade-7d1f-4aef-814f-39f78fde9640 tempest-ServerBootFromVolumeStableRescueTest-252288463 tempest-ServerBootFromVolumeStableRescueTest-252288463-project-member] Using url versioning {{(pid=98601) process_request /opt/stack/glance/glance/api/middleware/version_negotiation.py:57}}
May 18 18:51:05.214443 np0000000980 devstack@g-api.service[98601]: DEBUG glance.api.middleware.version_negotiation [None req-3c0adade-7d1f-4aef-814f-39f78fde9640 tempest-ServerBootFromVolumeStableRescueTest-252288463 tempest-ServerBootFromVolumeStableRescueTest-252288463-project-member] Matched version: v2 {{(pid=98601) process_request /opt/stack/glance/glance/api/middleware/version_negotiation.py:69}}
May 18 18:51:05.214656 np0000000980 devstack@g-api.service[98601]: DEBUG glance.api.middleware.version_negotiation [None req-3c0adade-7d1f-4aef-814f-39f78fde9640 tempest-ServerBootFromVolumeStableRescueTest-252288463 tempest-ServerBootFromVolumeStableRescueTest-252288463-project-member] new path /v2/images/bf208656-6a19-44b0-90d4-bc46106220e3 {{(pid=98601) process_request /opt/stack/glance/glance/api/middleware/version_negotiation.py:70}}
May 18 18:51:05.229135 np0000000980 devstack@g-api.service[98601]: [pid: 98601|app: 0|req: 174/322] 127.0.0.1 () {44 vars in 1115 bytes} [Mon May 18 18:51:05 2026] GET /v2/images/bf208656-6a19-44b0-90d4-bc46106220e3 => generated 1044 bytes in 16 msecs (HTTP/1.1 200) 4 headers in 158 bytes (1 switches on core 0)
May 18 18:51:05.282226 np0000000980 devstack@g-api.service[98600]: DEBUG glance.api.middleware.version_negotiation [None req-62aa4846-6ca2-4d49-9a83-b72b23adc7a2 tempest-ServerBootFromVolumeStableRescueTest-252288463 tempest-ServerBootFromVolumeStableRescueTest-252288463-project-member] Determining version of request: GET /v2/schemas/image Accept: */* {{(pid=98600) process_request /opt/stack/glance/glance/api/middleware/version_negotiation.py:44}}
May 18 18:51:05.283241 np0000000980 devstack@g-api.service[98600]: DEBUG glance.api.middleware.version_negotiation [None req-62aa4846-6ca2-4d49-9a83-b72b23adc7a2 tempest-ServerBootFromVolumeStableRescueTest-252288463 tempest-ServerBootFromVolumeStableRescueTest-252288463-project-member] Using url versioning {{(pid=98600) process_request /opt/stack/glance/glance/api/middleware/version_negotiation.py:57}}
May 18 18:51:05.283553 np0000000980 devstack@g-api.service[98600]: DEBUG glance.api.middleware.version_negotiation [None req-62aa4846-6ca2-4d49-9a83-b72b23adc7a2 tempest-ServerBootFromVolumeStableRescueTest-252288463 tempest-ServerBootFromVolumeStableRescueTest-252288463-project-member] Matched version: v2 {{(pid=98600) process_request /opt/stack/glance/glance/api/middleware/version_negotiation.py:69}}
May 18 18:51:05.283819 np0000000980 devstack@g-api.service[98600]: DEBUG glance.api.middleware.version_negotiation [None req-62aa4846-6ca2-4d49-9a83-b72b23adc7a2 tempest-ServerBootFromVolumeStableRescueTest-252288463 tempest-ServerBootFromVolumeStableRescueTest-252288463-project-member] new path /v2/schemas/image {{(pid=98600) process_request /opt/stack/glance/glance/api/middleware/version_negotiation.py:70}}
May 18 18:51:05.286644 np0000000980 devstack@g-api.service[98600]: [pid: 98600|app: 0|req: 149/323] 127.0.0.1 () {44 vars in 1055 bytes} [Mon May 18 18:51:05 2026] GET /v2/schemas/image => generated 6083 bytes in 5 msecs (HTTP/1.1 200) 4 headers in 158 bytes (1 switches on core 0)
May 18 18:51:13.699261 np0000000980 devstack@g-api.service[98601]: DEBUG glance.api.middleware.version_negotiation [None req-0307ba33-09d9-424b-97f1-d50ebe14b161 tempest-ServerBootFromVolumeStableRescueTest-252288463 tempest-ServerBootFromVolumeStableRescueTest-252288463-project-member] Determining version of request: GET /v2/images/bf208656-6a19-44b0-90d4-bc46106220e3 Accept: */* {{(pid=98601) process_request /opt/stack/glance/glance/api/middleware/version_negotiation.py:44}}
May 18 18:51:13.699754 np0000000980 devstack@g-api.service[98601]: DEBUG glance.api.middleware.version_negotiation [None req-0307ba33-09d9-424b-97f1-d50ebe14b161 tempest-ServerBootFromVolumeStableRescueTest-252288463 tempest-ServerBootFromVolumeStableRescueTest-252288463-project-member] Using url versioning {{(pid=98601) process_request /opt/stack/glance/glance/api/middleware/version_negotiation.py:57}}
May 18 18:51:13.699754 np0000000980 devstack@g-api.service[98601]: DEBUG glance.api.middleware.version_negotiation [None req-0307ba33-09d9-424b-97f1-d50ebe14b161 tempest-ServerBootFromVolumeStableRescueTest-252288463 tempest-ServerBootFromVolumeStableRescueTest-252288463-project-member] Matched version: v2 {{(pid=98601) process_request /opt/stack/glance/glance/api/middleware/version_negotiation.py:69}}
May 18 18:51:13.699754 np0000000980 devstack@g-api.service[98601]: DEBUG glance.api.middleware.version_negotiation [None req-0307ba33-09d9-424b-97f1-d50ebe14b161 tempest-ServerBootFromVolumeStableRescueTest-252288463 tempest-ServerBootFromVolumeStableRescueTest-252288463-project-member] new path /v2/images/bf208656-6a19-44b0-90d4-bc46106220e3 {{(pid=98601) process_request /opt/stack/glance/glance/api/middleware/version_negotiation.py:70}}
May 18 18:51:13.714690 np0000000980 devstack@g-api.service[98601]: [pid: 98601|app: 0|req: 175/324] 127.0.0.1 () {44 vars in 1115 bytes} [Mon May 18 18:51:13 2026] GET /v2/images/bf208656-6a19-44b0-90d4-bc46106220e3 => generated 1044 bytes in 16 msecs (HTTP/1.1 200) 4 headers in 158 bytes (1 switches on core 0)
May 18 18:51:13.722911 np0000000980 devstack@g-api.service[98600]: DEBUG glance.api.middleware.version_negotiation [None req-0307ba33-09d9-424b-97f1-d50ebe14b161 tempest-ServerBootFromVolumeStableRescueTest-252288463 tempest-ServerBootFromVolumeStableRescueTest-252288463-project-member] Determining version of request: GET /v2/schemas/image Accept: */* {{(pid=98600) process_request /opt/stack/glance/glance/api/middleware/version_negotiation.py:44}}
May 18 18:51:13.722911 np0000000980 devstack@g-api.service[98600]: DEBUG glance.api.middleware.version_negotiation [None req-0307ba33-09d9-424b-97f1-d50ebe14b161 tempest-ServerBootFromVolumeStableRescueTest-252288463 tempest-ServerBootFromVolumeStableRescueTest-252288463-project-member] Using url versioning {{(pid=98600) process_request /opt/stack/glance/glance/api/middleware/version_negotiation.py:57}}
May 18 18:51:13.722911 np0000000980 devstack@g-api.service[98600]: DEBUG glance.api.middleware.version_negotiation [None req-0307ba33-09d9-424b-97f1-d50ebe14b161 tempest-ServerBootFromVolumeStableRescueTest-252288463 tempest-ServerBootFromVolumeStableRescueTest-252288463-project-member] Matched version: v2 {{(pid=98600) process_request /opt/stack/glance/glance/api/middleware/version_negotiation.py:69}}
May 18 18:51:13.722911 np0000000980 devstack@g-api.service[98600]: DEBUG glance.api.middleware.version_negotiation [None req-0307ba33-09d9-424b-97f1-d50ebe14b161 tempest-ServerBootFromVolumeStableRescueTest-252288463 tempest-ServerBootFromVolumeStableRescueTest-252288463-project-member] new path /v2/schemas/image {{(pid=98600) process_request /opt/stack/glance/glance/api/middleware/version_negotiation.py:70}}
May 18 18:51:13.727532 np0000000980 devstack@g-api.service[98600]: [pid: 98600|app: 0|req: 150/325] 127.0.0.1 () {44 vars in 1055 bytes} [Mon May 18 18:51:13 2026] GET /v2/schemas/image => generated 6083 bytes in 5 msecs (HTTP/1.1 200) 4 headers in 158 bytes (1 switches on core 0)
May 18 18:51:13.737266 np0000000980 devstack@g-api.service[98601]: DEBUG glance.api.middleware.version_negotiation [None req-0307ba33-09d9-424b-97f1-d50ebe14b161 tempest-ServerBootFromVolumeStableRescueTest-252288463 tempest-ServerBootFromVolumeStableRescueTest-252288463-project-member] Determining version of request: GET /v2/schemas/image Accept: */* {{(pid=98601) process_request /opt/stack/glance/glance/api/middleware/version_negotiation.py:44}}
May 18 18:51:13.737479 np0000000980 devstack@g-api.service[98601]: DEBUG glance.api.middleware.version_negotiation [None req-0307ba33-09d9-424b-97f1-d50ebe14b161 tempest-ServerBootFromVolumeStableRescueTest-252288463 tempest-ServerBootFromVolumeStableRescueTest-252288463-project-member] Using url versioning {{(pid=98601) process_request /opt/stack/glance/glance/api/middleware/version_negotiation.py:57}}
May 18 18:51:13.737984 np0000000980 devstack@g-api.service[98601]: DEBUG glance.api.middleware.version_negotiation [None req-0307ba33-09d9-424b-97f1-d50ebe14b161 tempest-ServerBootFromVolumeStableRescueTest-252288463 tempest-ServerBootFromVolumeStableRescueTest-252288463-project-member] Matched version: v2 {{(pid=98601) process_request /opt/stack/glance/glance/api/middleware/version_negotiation.py:69}}
May 18 18:51:13.737984 np0000000980 devstack@g-api.service[98601]: DEBUG glance.api.middleware.version_negotiation [None req-0307ba33-09d9-424b-97f1-d50ebe14b161 tempest-ServerBootFromVolumeStableRescueTest-252288463 tempest-ServerBootFromVolumeStableRescueTest-252288463-project-member] new path /v2/schemas/image {{(pid=98601) process_request /opt/stack/glance/glance/api/middleware/version_negotiation.py:70}}
May 18 18:51:13.740727 np0000000980 devstack@g-api.service[98601]: [pid: 98601|app: 0|req: 176/326] 127.0.0.1 () {44 vars in 1055 bytes} [Mon May 18 18:51:13 2026] GET /v2/schemas/image => generated 6083 bytes in 4 msecs (HTTP/1.1 200) 4 headers in 158 bytes (1 switches on core 0)
May 18 18:51:13.749969 np0000000980 devstack@g-api.service[98600]: DEBUG glance.api.middleware.version_negotiation [None req-0307ba33-09d9-424b-97f1-d50ebe14b161 tempest-ServerBootFromVolumeStableRescueTest-252288463 tempest-ServerBootFromVolumeStableRescueTest-252288463-project-member] Determining version of request: GET /v2/images/bf208656-6a19-44b0-90d4-bc46106220e3 Accept: */* {{(pid=98600) process_request /opt/stack/glance/glance/api/middleware/version_negotiation.py:44}}
May 18 18:51:13.749969 np0000000980 devstack@g-api.service[98600]: DEBUG glance.api.middleware.version_negotiation [None req-0307ba33-09d9-424b-97f1-d50ebe14b161 tempest-ServerBootFromVolumeStableRescueTest-252288463 tempest-ServerBootFromVolumeStableRescueTest-252288463-project-member] Using url versioning {{(pid=98600) process_request /opt/stack/glance/glance/api/middleware/version_negotiation.py:57}}
May 18 18:51:13.749969 np0000000980 devstack@g-api.service[98600]: DEBUG glance.api.middleware.version_negotiation [None req-0307ba33-09d9-424b-97f1-d50ebe14b161 tempest-ServerBootFromVolumeStableRescueTest-252288463 tempest-ServerBootFromVolumeStableRescueTest-252288463-project-member] Matched version: v2 {{(pid=98600) process_request /opt/stack/glance/glance/api/middleware/version_negotiation.py:69}}
May 18 18:51:13.749969 np0000000980 devstack@g-api.service[98600]: DEBUG glance.api.middleware.version_negotiation [None req-0307ba33-09d9-424b-97f1-d50ebe14b161 tempest-ServerBootFromVolumeStableRescueTest-252288463 tempest-ServerBootFromVolumeStableRescueTest-252288463-project-member] new path /v2/images/bf208656-6a19-44b0-90d4-bc46106220e3 {{(pid=98600) process_request /opt/stack/glance/glance/api/middleware/version_negotiation.py:70}}
May 18 18:51:13.763384 np0000000980 devstack@g-api.service[98600]: [pid: 98600|app: 0|req: 151/327] 127.0.0.1 () {44 vars in 1115 bytes} [Mon May 18 18:51:13 2026] GET /v2/images/bf208656-6a19-44b0-90d4-bc46106220e3 => generated 1044 bytes in 14 msecs (HTTP/1.1 200) 4 headers in 158 bytes (1 switches on core 0)
May 18 18:51:13.771852 np0000000980 devstack@g-api.service[98601]: DEBUG glance.api.middleware.version_negotiation [None req-0307ba33-09d9-424b-97f1-d50ebe14b161 tempest-ServerBootFromVolumeStableRescueTest-252288463 tempest-ServerBootFromVolumeStableRescueTest-252288463-project-member] Determining version of request: GET /v2/schemas/image Accept: */* {{(pid=98601) process_request /opt/stack/glance/glance/api/middleware/version_negotiation.py:44}}
May 18 18:51:13.772136 np0000000980 devstack@g-api.service[98601]: DEBUG glance.api.middleware.version_negotiation [None req-0307ba33-09d9-424b-97f1-d50ebe14b161 tempest-ServerBootFromVolumeStableRescueTest-252288463 tempest-ServerBootFromVolumeStableRescueTest-252288463-project-member] Using url versioning {{(pid=98601) process_request /opt/stack/glance/glance/api/middleware/version_negotiation.py:57}}
May 18 18:51:13.772328 np0000000980 devstack@g-api.service[98601]: DEBUG glance.api.middleware.version_negotiation [None req-0307ba33-09d9-424b-97f1-d50ebe14b161 tempest-ServerBootFromVolumeStableRescueTest-252288463 tempest-ServerBootFromVolumeStableRescueTest-252288463-project-member] Matched version: v2 {{(pid=98601) process_request /opt/stack/glance/glance/api/middleware/version_negotiation.py:69}}
May 18 18:51:13.772450 np0000000980 devstack@g-api.service[98601]: DEBUG glance.api.middleware.version_negotiation [None req-0307ba33-09d9-424b-97f1-d50ebe14b161 tempest-ServerBootFromVolumeStableRescueTest-252288463 tempest-ServerBootFromVolumeStableRescueTest-252288463-project-member] new path /v2/schemas/image {{(pid=98601) process_request /opt/stack/glance/glance/api/middleware/version_negotiation.py:70}}
May 18 18:51:13.776010 np0000000980 devstack@g-api.service[98601]: [pid: 98601|app: 0|req: 177/328] 127.0.0.1 () {44 vars in 1055 bytes} [Mon May 18 18:51:13 2026] GET /v2/schemas/image => generated 6083 bytes in 4 msecs (HTTP/1.1 200) 4 headers in 158 bytes (1 switches on core 0)
May 18 18:51:13.788887 np0000000980 devstack@g-api.service[98600]: DEBUG glance.api.middleware.version_negotiation [None req-0307ba33-09d9-424b-97f1-d50ebe14b161 tempest-ServerBootFromVolumeStableRescueTest-252288463 tempest-ServerBootFromVolumeStableRescueTest-252288463-project-member] Determining version of request: GET /v2/schemas/image Accept: */* {{(pid=98600) process_request /opt/stack/glance/glance/api/middleware/version_negotiation.py:44}}
May 18 18:51:13.788887 np0000000980 devstack@g-api.service[98600]: DEBUG glance.api.middleware.version_negotiation [None req-0307ba33-09d9-424b-97f1-d50ebe14b161 tempest-ServerBootFromVolumeStableRescueTest-252288463 tempest-ServerBootFromVolumeStableRescueTest-252288463-project-member] Using url versioning {{(pid=98600) process_request /opt/stack/glance/glance/api/middleware/version_negotiation.py:57}}
May 18 18:51:13.788887 np0000000980 devstack@g-api.service[98600]: DEBUG glance.api.middleware.version_negotiation [None req-0307ba33-09d9-424b-97f1-d50ebe14b161 tempest-ServerBootFromVolumeStableRescueTest-252288463 tempest-ServerBootFromVolumeStableRescueTest-252288463-project-member] Matched version: v2 {{(pid=98600) process_request /opt/stack/glance/glance/api/middleware/version_negotiation.py:69}}
May 18 18:51:13.788887 np0000000980 devstack@g-api.service[98600]: DEBUG glance.api.middleware.version_negotiation [None req-0307ba33-09d9-424b-97f1-d50ebe14b161 tempest-ServerBootFromVolumeStableRescueTest-252288463 tempest-ServerBootFromVolumeStableRescueTest-252288463-project-member] new path /v2/schemas/image {{(pid=98600) process_request /opt/stack/glance/glance/api/middleware/version_negotiation.py:70}}
May 18 18:51:13.791873 np0000000980 devstack@g-api.service[98600]: [pid: 98600|app: 0|req: 152/329] 127.0.0.1 () {44 vars in 1055 bytes} [Mon May 18 18:51:13 2026] GET /v2/schemas/image => generated 6083 bytes in 4 msecs (HTTP/1.1 200) 4 headers in 158 bytes (1 switches on core 0)
May 18 18:51:13.823897 np0000000980 devstack@g-api.service[98601]: DEBUG glance.api.middleware.version_negotiation [None req-0307ba33-09d9-424b-97f1-d50ebe14b161 tempest-ServerBootFromVolumeStableRescueTest-252288463 tempest-ServerBootFromVolumeStableRescueTest-252288463-project-member] Determining version of request: GET /v2/images/bf208656-6a19-44b0-90d4-bc46106220e3 Accept: */* {{(pid=98601) process_request /opt/stack/glance/glance/api/middleware/version_negotiation.py:44}}
May 18 18:51:13.824206 np0000000980 devstack@g-api.service[98601]: DEBUG glance.api.middleware.version_negotiation [None req-0307ba33-09d9-424b-97f1-d50ebe14b161 tempest-ServerBootFromVolumeStableRescueTest-252288463 tempest-ServerBootFromVolumeStableRescueTest-252288463-project-member] Using url versioning {{(pid=98601) process_request /opt/stack/glance/glance/api/middleware/version_negotiation.py:57}}
May 18 18:51:13.824407 np0000000980 devstack@g-api.service[98601]: DEBUG glance.api.middleware.version_negotiation [None req-0307ba33-09d9-424b-97f1-d50ebe14b161 tempest-ServerBootFromVolumeStableRescueTest-252288463 tempest-ServerBootFromVolumeStableRescueTest-252288463-project-member] Matched version: v2 {{(pid=98601) process_request /opt/stack/glance/glance/api/middleware/version_negotiation.py:69}}
May 18 18:51:13.824619 np0000000980 devstack@g-api.service[98601]: DEBUG glance.api.middleware.version_negotiation [None req-0307ba33-09d9-424b-97f1-d50ebe14b161 tempest-ServerBootFromVolumeStableRescueTest-252288463 tempest-ServerBootFromVolumeStableRescueTest-252288463-project-member] new path /v2/images/bf208656-6a19-44b0-90d4-bc46106220e3 {{(pid=98601) process_request /opt/stack/glance/glance/api/middleware/version_negotiation.py:70}}
May 18 18:51:13.837651 np0000000980 devstack@g-api.service[98601]: [pid: 98601|app: 0|req: 178/330] 127.0.0.1 () {44 vars in 1115 bytes} [Mon May 18 18:51:13 2026] GET /v2/images/bf208656-6a19-44b0-90d4-bc46106220e3 => generated 1044 bytes in 14 msecs (HTTP/1.1 200) 4 headers in 158 bytes (1 switches on core 0)
May 18 18:51:13.856011 np0000000980 devstack@g-api.service[98600]: DEBUG glance.api.middleware.version_negotiation [None req-0307ba33-09d9-424b-97f1-d50ebe14b161 tempest-ServerBootFromVolumeStableRescueTest-252288463 tempest-ServerBootFromVolumeStableRescueTest-252288463-project-member] Determining version of request: GET /v2/schemas/image Accept: */* {{(pid=98600) process_request /opt/stack/glance/glance/api/middleware/version_negotiation.py:44}}
May 18 18:51:13.856011 np0000000980 devstack@g-api.service[98600]: DEBUG glance.api.middleware.version_negotiation [None req-0307ba33-09d9-424b-97f1-d50ebe14b161 tempest-ServerBootFromVolumeStableRescueTest-252288463 tempest-ServerBootFromVolumeStableRescueTest-252288463-project-member] Using url versioning {{(pid=98600) process_request /opt/stack/glance/glance/api/middleware/version_negotiation.py:57}}
May 18 18:51:13.856011 np0000000980 devstack@g-api.service[98600]: DEBUG glance.api.middleware.version_negotiation [None req-0307ba33-09d9-424b-97f1-d50ebe14b161 tempest-ServerBootFromVolumeStableRescueTest-252288463 tempest-ServerBootFromVolumeStableRescueTest-252288463-project-member] Matched version: v2 {{(pid=98600) process_request /opt/stack/glance/glance/api/middleware/version_negotiation.py:69}}
May 18 18:51:13.856011 np0000000980 devstack@g-api.service[98600]: DEBUG glance.api.middleware.version_negotiation [None req-0307ba33-09d9-424b-97f1-d50ebe14b161 tempest-ServerBootFromVolumeStableRescueTest-252288463 tempest-ServerBootFromVolumeStableRescueTest-252288463-project-member] new path /v2/schemas/image {{(pid=98600) process_request /opt/stack/glance/glance/api/middleware/version_negotiation.py:70}}
May 18 18:51:13.858652 np0000000980 devstack@g-api.service[98600]: [pid: 98600|app: 0|req: 153/331] 127.0.0.1 () {44 vars in 1055 bytes} [Mon May 18 18:51:13 2026] GET /v2/schemas/image => generated 6083 bytes in 4 msecs (HTTP/1.1 200) 4 headers in 158 bytes (1 switches on core 0)
May 18 18:51:14.266175 np0000000980 devstack@g-api.service[98601]: DEBUG glance.api.middleware.version_negotiation [None req-0307ba33-09d9-424b-97f1-d50ebe14b161 tempest-ServerBootFromVolumeStableRescueTest-252288463 tempest-ServerBootFromVolumeStableRescueTest-252288463-project-member] Determining version of request: GET /versions Accept: */* {{(pid=98601) process_request /opt/stack/glance/glance/api/middleware/version_negotiation.py:44}}
May 18 18:51:14.267100 np0000000980 devstack@g-api.service[98601]: [pid: 98601|app: 0|req: 179/332] 127.0.0.1 () {44 vars in 1039 bytes} [Mon May 18 18:51:14 2026] GET /versions => generated 1407 bytes in 1 msecs (HTTP/1.1 200) 3 headers in 92 bytes (1 switches on core 0)
May 18 18:51:14.276347 np0000000980 devstack@g-api.service[98600]: DEBUG glance.api.middleware.version_negotiation [None req-0307ba33-09d9-424b-97f1-d50ebe14b161 tempest-ServerBootFromVolumeStableRescueTest-252288463 tempest-ServerBootFromVolumeStableRescueTest-252288463-project-member] Determining version of request: GET /v2/images/bf208656-6a19-44b0-90d4-bc46106220e3/locations Accept: */* {{(pid=98600) process_request /opt/stack/glance/glance/api/middleware/version_negotiation.py:44}}
May 18 18:51:14.276647 np0000000980 devstack@g-api.service[98600]: DEBUG glance.api.middleware.version_negotiation [None req-0307ba33-09d9-424b-97f1-d50ebe14b161 tempest-ServerBootFromVolumeStableRescueTest-252288463 tempest-ServerBootFromVolumeStableRescueTest-252288463-project-member] Using url versioning {{(pid=98600) process_request /opt/stack/glance/glance/api/middleware/version_negotiation.py:57}}
May 18 18:51:14.277310 np0000000980 devstack@g-api.service[98600]: DEBUG glance.api.middleware.version_negotiation [None req-0307ba33-09d9-424b-97f1-d50ebe14b161 tempest-ServerBootFromVolumeStableRescueTest-252288463 tempest-ServerBootFromVolumeStableRescueTest-252288463-project-member] Matched version: v2 {{(pid=98600) process_request /opt/stack/glance/glance/api/middleware/version_negotiation.py:69}}
May 18 18:51:14.277514 np0000000980 devstack@g-api.service[98600]: DEBUG glance.api.middleware.version_negotiation [None req-0307ba33-09d9-424b-97f1-d50ebe14b161 tempest-ServerBootFromVolumeStableRescueTest-252288463 tempest-ServerBootFromVolumeStableRescueTest-252288463-project-member] new path /v2/images/bf208656-6a19-44b0-90d4-bc46106220e3/locations {{(pid=98600) process_request /opt/stack/glance/glance/api/middleware/version_negotiation.py:70}}
May 18 18:51:14.390960 np0000000980 devstack@g-api.service[98600]: [pid: 98600|app: 0|req: 154/333] 127.0.0.1 () {44 vars in 1135 bytes} [Mon May 18 18:51:14 2026] GET /v2/images/bf208656-6a19-44b0-90d4-bc46106220e3/locations => generated 92 bytes in 115 msecs (HTTP/1.1 200) 4 headers in 156 bytes (1 switches on core 0)
May 18 18:51:14.402055 np0000000980 devstack@g-api.service[98601]: DEBUG glance.api.middleware.version_negotiation [None req-0307ba33-09d9-424b-97f1-d50ebe14b161 tempest-ServerBootFromVolumeStableRescueTest-252288463 tempest-ServerBootFromVolumeStableRescueTest-252288463-project-member] Determining version of request: GET /v2/images/bf208656-6a19-44b0-90d4-bc46106220e3 Accept: */* {{(pid=98601) process_request /opt/stack/glance/glance/api/middleware/version_negotiation.py:44}}
May 18 18:51:14.402205 np0000000980 devstack@g-api.service[98601]: DEBUG glance.api.middleware.version_negotiation [None req-0307ba33-09d9-424b-97f1-d50ebe14b161 tempest-ServerBootFromVolumeStableRescueTest-252288463 tempest-ServerBootFromVolumeStableRescueTest-252288463-project-member] Using url versioning {{(pid=98601) process_request /opt/stack/glance/glance/api/middleware/version_negotiation.py:57}}
May 18 18:51:14.402360 np0000000980 devstack@g-api.service[98601]: DEBUG glance.api.middleware.version_negotiation [None req-0307ba33-09d9-424b-97f1-d50ebe14b161 tempest-ServerBootFromVolumeStableRescueTest-252288463 tempest-ServerBootFromVolumeStableRescueTest-252288463-project-member] Matched version: v2 {{(pid=98601) process_request /opt/stack/glance/glance/api/middleware/version_negotiation.py:69}}
May 18 18:51:14.402522 np0000000980 devstack@g-api.service[98601]: DEBUG glance.api.middleware.version_negotiation [None req-0307ba33-09d9-424b-97f1-d50ebe14b161 tempest-ServerBootFromVolumeStableRescueTest-252288463 tempest-ServerBootFromVolumeStableRescueTest-252288463-project-member] new path /v2/images/bf208656-6a19-44b0-90d4-bc46106220e3 {{(pid=98601) process_request /opt/stack/glance/glance/api/middleware/version_negotiation.py:70}}
May 18 18:51:14.418307 np0000000980 devstack@g-api.service[98601]: [pid: 98601|app: 0|req: 180/334] 127.0.0.1 () {44 vars in 1115 bytes} [Mon May 18 18:51:14 2026] GET /v2/images/bf208656-6a19-44b0-90d4-bc46106220e3 => generated 1044 bytes in 16 msecs (HTTP/1.1 200) 4 headers in 158 bytes (1 switches on core 0)
