May 18 18:42:50.575189 np0000000980 neutron-periodic-workers[88706]: DEBUG cotyledon.oslo_config_glue [-] ovn.bfd_mult = 3 {{(pid=88706) log_opt_values /opt/stack/data/venv/lib/python3.12/site-packages/oslo_config/cfg.py:3006}}
May 18 18:42:50.575282 np0000000980 neutron-periodic-workers[88706]: DEBUG cotyledon.oslo_config_glue [-] ovn.broadcast_arps_to_all_routers = True {{(pid=88706) log_opt_values /opt/stack/data/venv/lib/python3.12/site-packages/oslo_config/cfg.py:3006}}
May 18 18:42:50.575370 np0000000980 neutron-periodic-workers[88706]: DEBUG cotyledon.oslo_config_glue [-] ovn.dhcp_default_lease_time = 43200 {{(pid=88706) log_opt_values /opt/stack/data/venv/lib/python3.12/site-packages/oslo_config/cfg.py:3006}}
May 18 18:42:50.575441 np0000000980 neutron-periodic-workers[88706]: DEBUG cotyledon.oslo_config_glue [-] ovn.disable_ovn_dhcp_for_baremetal_ports = False {{(pid=88706) log_opt_values /opt/stack/data/venv/lib/python3.12/site-packages/oslo_config/cfg.py:3006}}
May 18 18:42:50.575507 np0000000980 neutron-periodic-workers[88706]: DEBUG cotyledon.oslo_config_glue [-] ovn.dns_records_ovn_owned = False {{(pid=88706) log_opt_values /opt/stack/data/venv/lib/python3.12/site-packages/oslo_config/cfg.py:3006}}
May 18 18:42:50.575574 np0000000980 neutron-periodic-workers[88706]: DEBUG cotyledon.oslo_config_glue [-] ovn.dns_servers = [] {{(pid=88706) log_opt_values /opt/stack/data/venv/lib/python3.12/site-packages/oslo_config/cfg.py:3006}}
May 18 18:42:50.575681 np0000000980 neutron-periodic-workers[88706]: DEBUG cotyledon.oslo_config_glue [-] ovn.enable_distributed_floating_ip = False {{(pid=88706) log_opt_values /opt/stack/data/venv/lib/python3.12/site-packages/oslo_config/cfg.py:3006}}
May 18 18:42:50.575757 np0000000980 neutron-periodic-workers[88706]: DEBUG cotyledon.oslo_config_glue [-] ovn.fdb_age_threshold = 300 {{(pid=88706) log_opt_values /opt/stack/data/venv/lib/python3.12/site-packages/oslo_config/cfg.py:3006}}
May 18 18:42:50.575825 np0000000980 neutron-periodic-workers[88706]: DEBUG cotyledon.oslo_config_glue [-] ovn.ha_failover_strategy = normal {{(pid=88706) log_opt_values /opt/stack/data/venv/lib/python3.12/site-packages/oslo_config/cfg.py:3006}}
May 18 18:42:50.575891 np0000000980 neutron-periodic-workers[88706]: DEBUG cotyledon.oslo_config_glue [-] ovn.live_migration_activation_strategy = rarp {{(pid=88706) log_opt_values /opt/stack/data/venv/lib/python3.12/site-packages/oslo_config/cfg.py:3006}}
May 18 18:42:50.575957 np0000000980 neutron-periodic-workers[88706]: DEBUG cotyledon.oslo_config_glue [-] ovn.localnet_learn_fdb = False {{(pid=88706) log_opt_values /opt/stack/data/venv/lib/python3.12/site-packages/oslo_config/cfg.py:3006}}
May 18 18:42:50.576031 np0000000980 neutron-periodic-workers[88706]: DEBUG cotyledon.oslo_config_glue [-] ovn.mac_binding_age_threshold = 300 {{(pid=88706) log_opt_values /opt/stack/data/venv/lib/python3.12/site-packages/oslo_config/cfg.py:3006}}
May 18 18:42:50.576108 np0000000980 neutron-periodic-workers[88706]: DEBUG cotyledon.oslo_config_glue [-] ovn.neutron_sync_mode = log {{(pid=88706) log_opt_values /opt/stack/data/venv/lib/python3.12/site-packages/oslo_config/cfg.py:3006}}
May 18 18:42:50.576179 np0000000980 neutron-periodic-workers[88706]: DEBUG cotyledon.oslo_config_glue [-] ovn.ovn_dhcp4_global_options = {} {{(pid=88706) log_opt_values /opt/stack/data/venv/lib/python3.12/site-packages/oslo_config/cfg.py:3006}}
May 18 18:42:50.576243 np0000000980 neutron-periodic-workers[88706]: DEBUG cotyledon.oslo_config_glue [-] ovn.ovn_dhcp6_global_options = {} {{(pid=88706) log_opt_values /opt/stack/data/venv/lib/python3.12/site-packages/oslo_config/cfg.py:3006}}
May 18 18:42:50.576311 np0000000980 neutron-periodic-workers[88706]: DEBUG cotyledon.oslo_config_glue [-] ovn.ovn_l3_scheduler = leastloaded {{(pid=88706) log_opt_values /opt/stack/data/venv/lib/python3.12/site-packages/oslo_config/cfg.py:3006}}
May 18 18:42:50.576386 np0000000980 neutron-periodic-workers[88706]: DEBUG cotyledon.oslo_config_glue [-] ovn.ovn_metadata_enabled = True {{(pid=88706) log_opt_values /opt/stack/data/venv/lib/python3.12/site-packages/oslo_config/cfg.py:3006}}
May 18 18:42:50.576465 np0000000980 neutron-periodic-workers[88706]: DEBUG cotyledon.oslo_config_glue [-] ovn.ovn_nb_ca_cert = /opt/stack/data/CA/int-ca/ca-chain.pem {{(pid=88706) log_opt_values /opt/stack/data/venv/lib/python3.12/site-packages/oslo_config/cfg.py:3006}}
May 18 18:42:50.576545 np0000000980 neutron-periodic-workers[88706]: DEBUG cotyledon.oslo_config_glue [-] ovn.ovn_nb_certificate = /opt/stack/data/CA/int-ca/devstack-cert.crt {{(pid=88706) log_opt_values /opt/stack/data/venv/lib/python3.12/site-packages/oslo_config/cfg.py:3006}}
May 18 18:42:50.576640 np0000000980 neutron-periodic-workers[88706]: DEBUG cotyledon.oslo_config_glue [-] ovn.ovn_nb_connection = ['ssl:10.4.3.136:6641'] {{(pid=88706) log_opt_values /opt/stack/data/venv/lib/python3.12/site-packages/oslo_config/cfg.py:3006}}
May 18 18:42:50.576728 np0000000980 neutron-periodic-workers[88706]: DEBUG cotyledon.oslo_config_glue [-] ovn.ovn_nb_private_key = /opt/stack/data/CA/int-ca/private/devstack-cert.key {{(pid=88706) log_opt_values /opt/stack/data/venv/lib/python3.12/site-packages/oslo_config/cfg.py:3006}}
May 18 18:42:50.576796 np0000000980 neutron-periodic-workers[88706]: DEBUG cotyledon.oslo_config_glue [-] ovn.ovn_router_indirect_snat = False {{(pid=88706) log_opt_values /opt/stack/data/venv/lib/python3.12/site-packages/oslo_config/cfg.py:3006}}
May 18 18:42:50.576862 np0000000980 neutron-periodic-workers[88706]: DEBUG cotyledon.oslo_config_glue [-] ovn.ovn_sb_ca_cert = /opt/stack/data/CA/int-ca/ca-chain.pem {{(pid=88706) log_opt_values /opt/stack/data/venv/lib/python3.12/site-packages/oslo_config/cfg.py:3006}}
May 18 18:42:50.576902 np0000000980 neutron-periodic-workers[88706]: DEBUG cotyledon.oslo_config_glue [-] ovn.ovn_sb_certificate = /opt/stack/data/CA/int-ca/devstack-cert.crt {{(pid=88706) log_opt_values /opt/stack/data/venv/lib/python3.12/site-packages/oslo_config/cfg.py:3006}}
May 18 18:42:50.577000 np0000000980 neutron-periodic-workers[88706]: DEBUG cotyledon.oslo_config_glue [-] ovn.ovn_sb_connection = ['ssl:10.4.3.136:6642'] {{(pid=88706) log_opt_values /opt/stack/data/venv/lib/python3.12/site-packages/oslo_config/cfg.py:3006}}
May 18 18:42:50.577066 np0000000980 neutron-periodic-workers[88706]: DEBUG cotyledon.oslo_config_glue [-] ovn.ovn_sb_private_key = /opt/stack/data/CA/int-ca/private/devstack-cert.key {{(pid=88706) log_opt_values /opt/stack/data/venv/lib/python3.12/site-packages/oslo_config/cfg.py:3006}}
May 18 18:42:50.577133 np0000000980 neutron-periodic-workers[88706]: DEBUG cotyledon.oslo_config_glue [-] ovn.ovs_create_tap = False {{(pid=88706) log_opt_values /opt/stack/data/venv/lib/python3.12/site-packages/oslo_config/cfg.py:3006}}
May 18 18:42:50.577201 np0000000980 neutron-periodic-workers[88706]: DEBUG cotyledon.oslo_config_glue [-] ovn.ovsdb_connection_timeout = 180 {{(pid=88706) log_opt_values /opt/stack/data/venv/lib/python3.12/site-packages/oslo_config/cfg.py:3006}}
May 18 18:42:50.577278 np0000000980 neutron-periodic-workers[88706]: DEBUG cotyledon.oslo_config_glue [-] ovn.ovsdb_log_level = INFO {{(pid=88706) log_opt_values /opt/stack/data/venv/lib/python3.12/site-packages/oslo_config/cfg.py:3006}}
May 18 18:42:50.577348 np0000000980 neutron-periodic-workers[88706]: DEBUG cotyledon.oslo_config_glue [-] ovn.ovsdb_probe_interval = 60000 {{(pid=88706) log_opt_values /opt/stack/data/venv/lib/python3.12/site-packages/oslo_config/cfg.py:3006}}
May 18 18:42:50.577415 np0000000980 neutron-periodic-workers[88706]: DEBUG cotyledon.oslo_config_glue [-] ovn.ovsdb_retry_max_interval = 180 {{(pid=88706) log_opt_values /opt/stack/data/venv/lib/python3.12/site-packages/oslo_config/cfg.py:3006}}
May 18 18:42:50.577482 np0000000980 neutron-periodic-workers[88706]: DEBUG cotyledon.oslo_config_glue [-] ovn.stateless_nat_enabled = False {{(pid=88706) log_opt_values /opt/stack/data/venv/lib/python3.12/site-packages/oslo_config/cfg.py:3006}}
May 18 18:42:50.577558 np0000000980 neutron-periodic-workers[88706]: DEBUG cotyledon.oslo_config_glue [-] ovn.vhost_sock_dir = /var/run/openvswitch {{(pid=88706) log_opt_values /opt/stack/data/venv/lib/python3.12/site-packages/oslo_config/cfg.py:3006}}
May 18 18:42:50.577684 np0000000980 neutron-periodic-workers[88706]: DEBUG cotyledon.oslo_config_glue [-] OVS.bridge_mac_table_size = 50000 {{(pid=88706) log_opt_values /opt/stack/data/venv/lib/python3.12/site-packages/oslo_config/cfg.py:3006}}
May 18 18:42:50.577767 np0000000980 neutron-periodic-workers[88706]: DEBUG cotyledon.oslo_config_glue [-] OVS.igmp_flood = False {{(pid=88706) log_opt_values /opt/stack/data/venv/lib/python3.12/site-packages/oslo_config/cfg.py:3006}}
May 18 18:42:50.577835 np0000000980 neutron-periodic-workers[88706]: DEBUG cotyledon.oslo_config_glue [-] OVS.igmp_flood_reports = True {{(pid=88706) log_opt_values /opt/stack/data/venv/lib/python3.12/site-packages/oslo_config/cfg.py:3006}}
May 18 18:42:50.577910 np0000000980 neutron-periodic-workers[88706]: DEBUG cotyledon.oslo_config_glue [-] OVS.igmp_flood_unregistered = False {{(pid=88706) log_opt_values /opt/stack/data/venv/lib/python3.12/site-packages/oslo_config/cfg.py:3006}}
May 18 18:42:50.577987 np0000000980 neutron-periodic-workers[88706]: DEBUG cotyledon.oslo_config_glue [-] OVS.igmp_snooping_enable = False {{(pid=88706) log_opt_values /opt/stack/data/venv/lib/python3.12/site-packages/oslo_config/cfg.py:3006}}
May 18 18:42:50.578061 np0000000980 neutron-periodic-workers[88706]: DEBUG cotyledon.oslo_config_glue [-] OVS.ovsdb_timeout = 10 {{(pid=88706) log_opt_values /opt/stack/data/venv/lib/python3.12/site-packages/oslo_config/cfg.py:3006}}
May 18 18:42:50.578144 np0000000980 neutron-periodic-workers[88706]: DEBUG cotyledon.oslo_config_glue [-] ovn_nb_global.fdb_removal_limit = 0 {{(pid=88706) log_opt_values /opt/stack/data/venv/lib/python3.12/site-packages/oslo_config/cfg.py:3006}}
May 18 18:42:50.578218 np0000000980 neutron-periodic-workers[88706]: DEBUG cotyledon.oslo_config_glue [-] ovn_nb_global.ignore_lsp_down = False {{(pid=88706) log_opt_values /opt/stack/data/venv/lib/python3.12/site-packages/oslo_config/cfg.py:3006}}
May 18 18:42:50.578284 np0000000980 neutron-periodic-workers[88706]: DEBUG cotyledon.oslo_config_glue [-] ovn_nb_global.mac_binding_removal_limit = 0 {{(pid=88706) log_opt_values /opt/stack/data/venv/lib/python3.12/site-packages/oslo_config/cfg.py:3006}}
May 18 18:42:50.578462 np0000000980 neutron-periodic-workers[88706]: DEBUG cotyledon.oslo_config_glue [-] ******************************************************************************** {{(pid=88706) log_opt_values /opt/stack/data/venv/lib/python3.12/site-packages/oslo_config/cfg.py:3013}}
May 18 18:42:50.578667 np0000000980 neutron-periodic-workers[88706]: DEBUG cotyledon._service_worker [-] Run service ServiceWrapper(0) [88706] {{(pid=88706) wait_forever /opt/stack/data/venv/lib/python3.12/site-packages/cotyledon/_service_worker.py:218}}
May 18 18:43:00.205751 np0000000980 neutron-periodic-workers[87676]: DEBUG dbcounter [-] [87676] Writing DB stats neutron:SELECT=4 {{(pid=87676) stat_writer /opt/stack/data/venv/lib/python3.12/site-packages/dbcounter.py:115}}
May 18 18:43:35.535088 np0000000980 neutron-periodic-workers[88702]: DEBUG oslo_db.sqlalchemy.engines [None req-51c2ddc8-a20c-47ac-9551-c1af91dc5f0c None None] Parent process 87676 forked (88702) with an open database connection, which is being discarded and recreated. {{(pid=88702) checkout /opt/stack/data/venv/lib/python3.12/site-packages/oslo_db/sqlalchemy/engines.py:402}}
May 18 18:43:35.540881 np0000000980 neutron-periodic-workers[88702]: DEBUG dbcounter [-] [88702] Writer thread running {{(pid=88702) stat_writer /opt/stack/data/venv/lib/python3.12/site-packages/dbcounter.py:102}}
May 18 18:43:35.548623 np0000000980 neutron-periodic-workers[88702]: DEBUG oslo.service.backend._threading.loopingcall [None req-51c2ddc8-a20c-47ac-9551-c1af91dc5f0c None None] Fixed interval looping call 'neutron.plugins.ml2.plugin.DhcpAgentSchedulerDbMixin.remove_networks_from_down_agents' sleeping for 36.98 seconds {{(pid=88702) _run_loop /opt/stack/data/venv/lib/python3.12/site-packages/oslo_service/backend/_threading/loopingcall.py:125}}
May 18 18:43:40.591035 np0000000980 neutron-periodic-workers[88706]: DEBUG dbcounter [-] [88706] Writer thread running {{(pid=88706) stat_writer /opt/stack/data/venv/lib/python3.12/site-packages/dbcounter.py:102}}
May 18 18:43:40.593816 np0000000980 neutron-periodic-workers[88706]: DEBUG neutron.db.agents_db [None req-0f1cd018-f818-4080-acf8-b8a90d73f2fb None None] Agent healthcheck: found 0 active agents {{(pid=88706) agent_health_check /opt/stack/neutron/neutron/db/agents_db.py:322}}
May 18 18:43:40.593974 np0000000980 neutron-periodic-workers[88706]: DEBUG oslo.service.backend._threading.loopingcall [None req-0f1cd018-f818-4080-acf8-b8a90d73f2fb None None] Fixed interval looping call 'neutron.plugins.ml2.plugin.AgentDbMixin.agent_health_check' sleeping for 36.99 seconds {{(pid=88706) _run_loop /opt/stack/data/venv/lib/python3.12/site-packages/oslo_service/backend/_threading/loopingcall.py:125}}
May 18 18:43:45.547672 np0000000980 neutron-periodic-workers[88702]: DEBUG dbcounter [-] [88702] Writing DB stats neutron:SELECT=3 {{(pid=88702) stat_writer /opt/stack/data/venv/lib/python3.12/site-packages/dbcounter.py:115}}
May 18 18:43:50.591482 np0000000980 neutron-periodic-workers[88706]: DEBUG dbcounter [-] [88706] Writing DB stats neutron:SELECT=1 {{(pid=88706) stat_writer /opt/stack/data/venv/lib/python3.12/site-packages/dbcounter.py:115}}
May 18 18:44:12.534481 np0000000980 neutron-periodic-workers[88702]: DEBUG oslo.service.backend._threading.loopingcall [None req-51c2ddc8-a20c-47ac-9551-c1af91dc5f0c None None] Fixed interval looping call 'neutron.plugins.ml2.plugin.DhcpAgentSchedulerDbMixin.remove_networks_from_down_agents' sleeping for 36.99 seconds {{(pid=88702) _run_loop /opt/stack/data/venv/lib/python3.12/site-packages/oslo_service/backend/_threading/loopingcall.py:125}}
May 18 18:44:17.587891 np0000000980 neutron-periodic-workers[88706]: DEBUG neutron.db.agents_db [None req-0f1cd018-f818-4080-acf8-b8a90d73f2fb None None] Agent healthcheck: found 0 active agents {{(pid=88706) agent_health_check /opt/stack/neutron/neutron/db/agents_db.py:322}}
May 18 18:44:17.587891 np0000000980 neutron-periodic-workers[88706]: DEBUG oslo.service.backend._threading.loopingcall [None req-0f1cd018-f818-4080-acf8-b8a90d73f2fb None None] Fixed interval looping call 'neutron.plugins.ml2.plugin.AgentDbMixin.agent_health_check' sleeping for 37.00 seconds {{(pid=88706) _run_loop /opt/stack/data/venv/lib/python3.12/site-packages/oslo_service/backend/_threading/loopingcall.py:125}}
May 18 18:44:22.533680 np0000000980 neutron-periodic-workers[88702]: DEBUG dbcounter [-] [88702] Writing DB stats neutron:SELECT=3 {{(pid=88702) stat_writer /opt/stack/data/venv/lib/python3.12/site-packages/dbcounter.py:115}}
May 18 18:44:27.586210 np0000000980 neutron-periodic-workers[88706]: DEBUG dbcounter [-] [88706] Writing DB stats neutron:SELECT=1 {{(pid=88706) stat_writer /opt/stack/data/venv/lib/python3.12/site-packages/dbcounter.py:115}}
May 18 18:44:49.529812 np0000000980 neutron-periodic-workers[88702]: DEBUG oslo.service.backend._threading.loopingcall [None req-51c2ddc8-a20c-47ac-9551-c1af91dc5f0c None None] Fixed interval looping call 'neutron.plugins.ml2.plugin.DhcpAgentSchedulerDbMixin.remove_networks_from_down_agents' sleeping for 37.00 seconds {{(pid=88702) _run_loop /opt/stack/data/venv/lib/python3.12/site-packages/oslo_service/backend/_threading/loopingcall.py:125}}
May 18 18:44:50.565872 np0000000980 neutron-periodic-workers[88710]: DEBUG dbcounter [-] [88710] Writer thread running {{(pid=88710) stat_writer /opt/stack/data/venv/lib/python3.12/site-packages/dbcounter.py:102}}
May 18 18:44:50.567298 np0000000980 neutron-periodic-workers[88710]: DEBUG oslo.service.backend._threading.loopingcall [None req-ece866cf-8971-4935-95a0-c67717b240bb None None] Fixed interval looping call 'neutron.db.quota.driver_nolock.DbQuotaNoLockDriver._remove_expired_reservations' sleeping for 119.99 seconds {{(pid=88710) _run_loop /opt/stack/data/venv/lib/python3.12/site-packages/oslo_service/backend/_threading/loopingcall.py:125}}
May 18 18:44:54.591318 np0000000980 neutron-periodic-workers[88706]: DEBUG neutron.db.agents_db [None req-0f1cd018-f818-4080-acf8-b8a90d73f2fb None None] Agent healthcheck: found 0 active agents {{(pid=88706) agent_health_check /opt/stack/neutron/neutron/db/agents_db.py:322}}
May 18 18:44:54.591942 np0000000980 neutron-periodic-workers[88706]: DEBUG oslo.service.backend._threading.loopingcall [None req-0f1cd018-f818-4080-acf8-b8a90d73f2fb None None] Fixed interval looping call 'neutron.plugins.ml2.plugin.AgentDbMixin.agent_health_check' sleeping for 37.00 seconds {{(pid=88706) _run_loop /opt/stack/data/venv/lib/python3.12/site-packages/oslo_service/backend/_threading/loopingcall.py:125}}
May 18 18:44:59.529133 np0000000980 neutron-periodic-workers[88702]: DEBUG dbcounter [-] [88702] Writing DB stats neutron:SELECT=3 {{(pid=88702) stat_writer /opt/stack/data/venv/lib/python3.12/site-packages/dbcounter.py:115}}
May 18 18:45:00.566276 np0000000980 neutron-periodic-workers[88710]: DEBUG dbcounter [-] [88710] Writing DB stats neutron:DELETE=1 {{(pid=88710) stat_writer /opt/stack/data/venv/lib/python3.12/site-packages/dbcounter.py:115}}
May 18 18:45:04.590664 np0000000980 neutron-periodic-workers[88706]: DEBUG dbcounter [-] [88706] Writing DB stats neutron:SELECT=1 {{(pid=88706) stat_writer /opt/stack/data/venv/lib/python3.12/site-packages/dbcounter.py:115}}
May 18 18:45:26.534899 np0000000980 neutron-periodic-workers[88702]: DEBUG oslo.service.backend._threading.loopingcall [None req-51c2ddc8-a20c-47ac-9551-c1af91dc5f0c None None] Fixed interval looping call 'neutron.plugins.ml2.plugin.DhcpAgentSchedulerDbMixin.remove_networks_from_down_agents' sleeping for 37.00 seconds {{(pid=88702) _run_loop /opt/stack/data/venv/lib/python3.12/site-packages/oslo_service/backend/_threading/loopingcall.py:125}}
May 18 18:45:31.594232 np0000000980 neutron-periodic-workers[88706]: DEBUG neutron.db.agents_db [None req-0f1cd018-f818-4080-acf8-b8a90d73f2fb None None] Agent healthcheck: found 0 active agents {{(pid=88706) agent_health_check /opt/stack/neutron/neutron/db/agents_db.py:322}}
May 18 18:45:31.594707 np0000000980 neutron-periodic-workers[88706]: DEBUG oslo.service.backend._threading.loopingcall [None req-0f1cd018-f818-4080-acf8-b8a90d73f2fb None None] Fixed interval looping call 'neutron.plugins.ml2.plugin.AgentDbMixin.agent_health_check' sleeping for 37.00 seconds {{(pid=88706) _run_loop /opt/stack/data/venv/lib/python3.12/site-packages/oslo_service/backend/_threading/loopingcall.py:125}}
May 18 18:45:36.534247 np0000000980 neutron-periodic-workers[88702]: DEBUG dbcounter [-] [88702] Writing DB stats neutron:SELECT=3 {{(pid=88702) stat_writer /opt/stack/data/venv/lib/python3.12/site-packages/dbcounter.py:115}}
May 18 18:45:41.593660 np0000000980 neutron-periodic-workers[88706]: DEBUG dbcounter [-] [88706] Writing DB stats neutron:SELECT=1 {{(pid=88706) stat_writer /opt/stack/data/venv/lib/python3.12/site-packages/dbcounter.py:115}}
May 18 18:46:03.543349 np0000000980 neutron-periodic-workers[88702]: DEBUG oslo.service.backend._threading.loopingcall [None req-51c2ddc8-a20c-47ac-9551-c1af91dc5f0c None None] Fixed interval looping call 'neutron.plugins.ml2.plugin.DhcpAgentSchedulerDbMixin.remove_networks_from_down_agents' sleeping for 36.99 seconds {{(pid=88702) _run_loop /opt/stack/data/venv/lib/python3.12/site-packages/oslo_service/backend/_threading/loopingcall.py:125}}
May 18 18:46:08.598034 np0000000980 neutron-periodic-workers[88706]: DEBUG neutron.db.agents_db [None req-0f1cd018-f818-4080-acf8-b8a90d73f2fb None None] Agent healthcheck: found 0 active agents {{(pid=88706) agent_health_check /opt/stack/neutron/neutron/db/agents_db.py:322}}
May 18 18:46:08.598413 np0000000980 neutron-periodic-workers[88706]: DEBUG oslo.service.backend._threading.loopingcall [None req-0f1cd018-f818-4080-acf8-b8a90d73f2fb None None] Fixed interval looping call 'neutron.plugins.ml2.plugin.AgentDbMixin.agent_health_check' sleeping for 37.00 seconds {{(pid=88706) _run_loop /opt/stack/data/venv/lib/python3.12/site-packages/oslo_service/backend/_threading/loopingcall.py:125}}
May 18 18:46:13.542804 np0000000980 neutron-periodic-workers[88702]: DEBUG dbcounter [-] [88702] Writing DB stats neutron:SELECT=3 {{(pid=88702) stat_writer /opt/stack/data/venv/lib/python3.12/site-packages/dbcounter.py:115}}
May 18 18:46:18.596984 np0000000980 neutron-periodic-workers[88706]: DEBUG dbcounter [-] [88706] Writing DB stats neutron:SELECT=1 {{(pid=88706) stat_writer /opt/stack/data/venv/lib/python3.12/site-packages/dbcounter.py:115}}
May 18 18:46:40.541673 np0000000980 neutron-periodic-workers[88702]: DEBUG oslo.service.backend._threading.loopingcall [None req-51c2ddc8-a20c-47ac-9551-c1af91dc5f0c None None] Fixed interval looping call 'neutron.plugins.ml2.plugin.DhcpAgentSchedulerDbMixin.remove_networks_from_down_agents' sleeping for 36.99 seconds {{(pid=88702) _run_loop /opt/stack/data/venv/lib/python3.12/site-packages/oslo_service/backend/_threading/loopingcall.py:125}}
May 18 18:46:45.602716 np0000000980 neutron-periodic-workers[88706]: DEBUG neutron.db.agents_db [None req-0f1cd018-f818-4080-acf8-b8a90d73f2fb None None] Agent healthcheck: found 0 active agents {{(pid=88706) agent_health_check /opt/stack/neutron/neutron/db/agents_db.py:322}}
May 18 18:46:45.603129 np0000000980 neutron-periodic-workers[88706]: DEBUG oslo.service.backend._threading.loopingcall [None req-0f1cd018-f818-4080-acf8-b8a90d73f2fb None None] Fixed interval looping call 'neutron.plugins.ml2.plugin.AgentDbMixin.agent_health_check' sleeping for 37.00 seconds {{(pid=88706) _run_loop /opt/stack/data/venv/lib/python3.12/site-packages/oslo_service/backend/_threading/loopingcall.py:125}}
May 18 18:46:50.543202 np0000000980 neutron-periodic-workers[88702]: DEBUG dbcounter [-] [88702] Writing DB stats neutron:SELECT=3 {{(pid=88702) stat_writer /opt/stack/data/venv/lib/python3.12/site-packages/dbcounter.py:115}}
May 18 18:46:50.562372 np0000000980 neutron-periodic-workers[88710]: DEBUG oslo.service.backend._threading.loopingcall [None req-ece866cf-8971-4935-95a0-c67717b240bb None None] Fixed interval looping call 'neutron.db.quota.driver_nolock.DbQuotaNoLockDriver._remove_expired_reservations' sleeping for 120.00 seconds {{(pid=88710) _run_loop /opt/stack/data/venv/lib/python3.12/site-packages/oslo_service/backend/_threading/loopingcall.py:125}}
May 18 18:46:55.600486 np0000000980 neutron-periodic-workers[88706]: DEBUG dbcounter [-] [88706] Writing DB stats neutron:SELECT=1 {{(pid=88706) stat_writer /opt/stack/data/venv/lib/python3.12/site-packages/dbcounter.py:115}}
May 18 18:47:00.561949 np0000000980 neutron-periodic-workers[88710]: DEBUG dbcounter [-] [88710] Writing DB stats neutron:DELETE=1 {{(pid=88710) stat_writer /opt/stack/data/venv/lib/python3.12/site-packages/dbcounter.py:115}}
May 18 18:47:17.544699 np0000000980 neutron-periodic-workers[88702]: DEBUG oslo.service.backend._threading.loopingcall [None req-51c2ddc8-a20c-47ac-9551-c1af91dc5f0c None None] Fixed interval looping call 'neutron.plugins.ml2.plugin.DhcpAgentSchedulerDbMixin.remove_networks_from_down_agents' sleeping for 36.99 seconds {{(pid=88702) _run_loop /opt/stack/data/venv/lib/python3.12/site-packages/oslo_service/backend/_threading/loopingcall.py:125}}
May 18 18:47:22.606733 np0000000980 neutron-periodic-workers[88706]: DEBUG neutron.db.agents_db [None req-0f1cd018-f818-4080-acf8-b8a90d73f2fb None None] Agent healthcheck: found 0 active agents {{(pid=88706) agent_health_check /opt/stack/neutron/neutron/db/agents_db.py:322}}
May 18 18:47:22.607269 np0000000980 neutron-periodic-workers[88706]: DEBUG oslo.service.backend._threading.loopingcall [None req-0f1cd018-f818-4080-acf8-b8a90d73f2fb None None] Fixed interval looping call 'neutron.plugins.ml2.plugin.AgentDbMixin.agent_health_check' sleeping for 37.00 seconds {{(pid=88706) _run_loop /opt/stack/data/venv/lib/python3.12/site-packages/oslo_service/backend/_threading/loopingcall.py:125}}
May 18 18:47:23.578789 np0000000980 neutron-periodic-workers[88695]: DEBUG dbcounter [-] [88695] Writer thread running {{(pid=88695) stat_writer /opt/stack/data/venv/lib/python3.12/site-packages/dbcounter.py:102}}
May 18 18:47:23.594956 np0000000980 neutron-periodic-workers[88695]: DEBUG oslo.service.backend._threading.loopingcall [None req-bb00455b-57ea-45ac-8157-54f31308bf58 None None] Fixed interval looping call 'neutron.services.ovn_l3.plugin.L3_NAT_dbonly_mixin._clean_garbage' sleeping for 299.94 seconds {{(pid=88695) _run_loop /opt/stack/data/venv/lib/python3.12/site-packages/oslo_service/backend/_threading/loopingcall.py:125}}
May 18 18:47:27.539324 np0000000980 neutron-periodic-workers[88702]: DEBUG dbcounter [-] [88702] Writing DB stats neutron:SELECT=3 {{(pid=88702) stat_writer /opt/stack/data/venv/lib/python3.12/site-packages/dbcounter.py:115}}
May 18 18:47:32.605959 np0000000980 neutron-periodic-workers[88706]: DEBUG dbcounter [-] [88706] Writing DB stats neutron:SELECT=1 {{(pid=88706) stat_writer /opt/stack/data/venv/lib/python3.12/site-packages/dbcounter.py:115}}
May 18 18:47:43.579265 np0000000980 neutron-periodic-workers[88695]: DEBUG dbcounter [-] [88695] Writing DB stats neutron:SELECT=1 {{(pid=88695) stat_writer /opt/stack/data/venv/lib/python3.12/site-packages/dbcounter.py:115}}
May 18 18:47:54.541475 np0000000980 neutron-periodic-workers[88702]: DEBUG oslo.service.backend._threading.loopingcall [None req-51c2ddc8-a20c-47ac-9551-c1af91dc5f0c None None] Fixed interval looping call 'neutron.plugins.ml2.plugin.DhcpAgentSchedulerDbMixin.remove_networks_from_down_agents' sleeping for 36.99 seconds {{(pid=88702) _run_loop /opt/stack/data/venv/lib/python3.12/site-packages/oslo_service/backend/_threading/loopingcall.py:125}}
May 18 18:47:59.616284 np0000000980 neutron-periodic-workers[88706]: DEBUG neutron.db.agents_db [None req-0f1cd018-f818-4080-acf8-b8a90d73f2fb None None] Agent healthcheck: found 0 active agents {{(pid=88706) agent_health_check /opt/stack/neutron/neutron/db/agents_db.py:322}}
May 18 18:47:59.617413 np0000000980 neutron-periodic-workers[88706]: DEBUG oslo.service.backend._threading.loopingcall [None req-0f1cd018-f818-4080-acf8-b8a90d73f2fb None None] Fixed interval looping call 'neutron.plugins.ml2.plugin.AgentDbMixin.agent_health_check' sleeping for 36.99 seconds {{(pid=88706) _run_loop /opt/stack/data/venv/lib/python3.12/site-packages/oslo_service/backend/_threading/loopingcall.py:125}}
May 18 18:48:04.540484 np0000000980 neutron-periodic-workers[88702]: DEBUG dbcounter [-] [88702] Writing DB stats neutron:SELECT=3 {{(pid=88702) stat_writer /opt/stack/data/venv/lib/python3.12/site-packages/dbcounter.py:115}}
May 18 18:48:09.612650 np0000000980 neutron-periodic-workers[88706]: DEBUG dbcounter [-] [88706] Writing DB stats neutron:SELECT=1 {{(pid=88706) stat_writer /opt/stack/data/venv/lib/python3.12/site-packages/dbcounter.py:115}}
May 18 18:48:31.543758 np0000000980 neutron-periodic-workers[88702]: DEBUG oslo.service.backend._threading.loopingcall [None req-51c2ddc8-a20c-47ac-9551-c1af91dc5f0c None None] Fixed interval looping call 'neutron.plugins.ml2.plugin.DhcpAgentSchedulerDbMixin.remove_networks_from_down_agents' sleeping for 36.99 seconds {{(pid=88702) _run_loop /opt/stack/data/venv/lib/python3.12/site-packages/oslo_service/backend/_threading/loopingcall.py:125}}
May 18 18:48:36.617457 np0000000980 neutron-periodic-workers[88706]: DEBUG neutron.db.agents_db [None req-0f1cd018-f818-4080-acf8-b8a90d73f2fb None None] Agent healthcheck: found 0 active agents {{(pid=88706) agent_health_check /opt/stack/neutron/neutron/db/agents_db.py:322}}
May 18 18:48:36.618049 np0000000980 neutron-periodic-workers[88706]: DEBUG oslo.service.backend._threading.loopingcall [None req-0f1cd018-f818-4080-acf8-b8a90d73f2fb None None] Fixed interval looping call 'neutron.plugins.ml2.plugin.AgentDbMixin.agent_health_check' sleeping for 36.99 seconds {{(pid=88706) _run_loop /opt/stack/data/venv/lib/python3.12/site-packages/oslo_service/backend/_threading/loopingcall.py:125}}
May 18 18:48:41.542338 np0000000980 neutron-periodic-workers[88702]: DEBUG dbcounter [-] [88702] Writing DB stats neutron:SELECT=3 {{(pid=88702) stat_writer /opt/stack/data/venv/lib/python3.12/site-packages/dbcounter.py:115}}
May 18 18:48:46.614706 np0000000980 neutron-periodic-workers[88706]: DEBUG dbcounter [-] [88706] Writing DB stats neutron:SELECT=1 {{(pid=88706) stat_writer /opt/stack/data/venv/lib/python3.12/site-packages/dbcounter.py:115}}
May 18 18:48:50.565389 np0000000980 neutron-periodic-workers[88710]: DEBUG oslo.service.backend._threading.loopingcall [None req-ece866cf-8971-4935-95a0-c67717b240bb None None] Fixed interval looping call 'neutron.db.quota.driver_nolock.DbQuotaNoLockDriver._remove_expired_reservations' sleeping for 120.00 seconds {{(pid=88710) _run_loop /opt/stack/data/venv/lib/python3.12/site-packages/oslo_service/backend/_threading/loopingcall.py:125}}
May 18 18:49:00.565792 np0000000980 neutron-periodic-workers[88710]: DEBUG dbcounter [-] [88710] Writing DB stats neutron:DELETE=1 {{(pid=88710) stat_writer /opt/stack/data/venv/lib/python3.12/site-packages/dbcounter.py:115}}
May 18 18:49:08.542181 np0000000980 neutron-periodic-workers[88702]: DEBUG oslo.service.backend._threading.loopingcall [None req-51c2ddc8-a20c-47ac-9551-c1af91dc5f0c None None] Fixed interval looping call 'neutron.plugins.ml2.plugin.DhcpAgentSchedulerDbMixin.remove_networks_from_down_agents' sleeping for 36.99 seconds {{(pid=88702) _run_loop /opt/stack/data/venv/lib/python3.12/site-packages/oslo_service/backend/_threading/loopingcall.py:125}}
May 18 18:49:13.615980 np0000000980 neutron-periodic-workers[88706]: DEBUG neutron.db.agents_db [None req-0f1cd018-f818-4080-acf8-b8a90d73f2fb None None] Agent healthcheck: found 0 active agents {{(pid=88706) agent_health_check /opt/stack/neutron/neutron/db/agents_db.py:322}}
May 18 18:49:13.616466 np0000000980 neutron-periodic-workers[88706]: DEBUG oslo.service.backend._threading.loopingcall [None req-0f1cd018-f818-4080-acf8-b8a90d73f2fb None None] Fixed interval looping call 'neutron.plugins.ml2.plugin.AgentDbMixin.agent_health_check' sleeping for 36.99 seconds {{(pid=88706) _run_loop /opt/stack/data/venv/lib/python3.12/site-packages/oslo_service/backend/_threading/loopingcall.py:125}}
May 18 18:49:18.541819 np0000000980 neutron-periodic-workers[88702]: DEBUG dbcounter [-] [88702] Writing DB stats neutron:SELECT=3 {{(pid=88702) stat_writer /opt/stack/data/venv/lib/python3.12/site-packages/dbcounter.py:115}}
May 18 18:49:23.610955 np0000000980 neutron-periodic-workers[88706]: DEBUG dbcounter [-] [88706] Writing DB stats neutron:SELECT=1 {{(pid=88706) stat_writer /opt/stack/data/venv/lib/python3.12/site-packages/dbcounter.py:115}}
May 18 18:49:45.543477 np0000000980 neutron-periodic-workers[88702]: DEBUG oslo.service.backend._threading.loopingcall [None req-51c2ddc8-a20c-47ac-9551-c1af91dc5f0c None None] Fixed interval looping call 'neutron.plugins.ml2.plugin.DhcpAgentSchedulerDbMixin.remove_networks_from_down_agents' sleeping for 36.99 seconds {{(pid=88702) _run_loop /opt/stack/data/venv/lib/python3.12/site-packages/oslo_service/backend/_threading/loopingcall.py:125}}
May 18 18:49:50.614341 np0000000980 neutron-periodic-workers[88706]: DEBUG neutron.db.agents_db [None req-0f1cd018-f818-4080-acf8-b8a90d73f2fb None None] Agent healthcheck: found 0 active agents {{(pid=88706) agent_health_check /opt/stack/neutron/neutron/db/agents_db.py:322}}
May 18 18:49:50.614928 np0000000980 neutron-periodic-workers[88706]: DEBUG oslo.service.backend._threading.loopingcall [None req-0f1cd018-f818-4080-acf8-b8a90d73f2fb None None] Fixed interval looping call 'neutron.plugins.ml2.plugin.AgentDbMixin.agent_health_check' sleeping for 36.99 seconds {{(pid=88706) _run_loop /opt/stack/data/venv/lib/python3.12/site-packages/oslo_service/backend/_threading/loopingcall.py:125}}
May 18 18:49:55.541841 np0000000980 neutron-periodic-workers[88702]: DEBUG dbcounter [-] [88702] Writing DB stats neutron:SELECT=3 {{(pid=88702) stat_writer /opt/stack/data/venv/lib/python3.12/site-packages/dbcounter.py:115}}
May 18 18:50:00.613717 np0000000980 neutron-periodic-workers[88706]: DEBUG dbcounter [-] [88706] Writing DB stats neutron:SELECT=1 {{(pid=88706) stat_writer /opt/stack/data/venv/lib/python3.12/site-packages/dbcounter.py:115}}
May 18 18:50:22.539756 np0000000980 neutron-periodic-workers[88702]: DEBUG oslo.service.backend._threading.loopingcall [None req-51c2ddc8-a20c-47ac-9551-c1af91dc5f0c None None] Fixed interval looping call 'neutron.plugins.ml2.plugin.DhcpAgentSchedulerDbMixin.remove_networks_from_down_agents' sleeping for 36.99 seconds {{(pid=88702) _run_loop /opt/stack/data/venv/lib/python3.12/site-packages/oslo_service/backend/_threading/loopingcall.py:125}}
May 18 18:50:27.608325 np0000000980 neutron-periodic-workers[88706]: DEBUG neutron.db.agents_db [None req-0f1cd018-f818-4080-acf8-b8a90d73f2fb None None] Agent healthcheck: found 0 active agents {{(pid=88706) agent_health_check /opt/stack/neutron/neutron/db/agents_db.py:322}}
May 18 18:50:27.608779 np0000000980 neutron-periodic-workers[88706]: DEBUG oslo.service.backend._threading.loopingcall [None req-0f1cd018-f818-4080-acf8-b8a90d73f2fb None None] Fixed interval looping call 'neutron.plugins.ml2.plugin.AgentDbMixin.agent_health_check' sleeping for 37.00 seconds {{(pid=88706) _run_loop /opt/stack/data/venv/lib/python3.12/site-packages/oslo_service/backend/_threading/loopingcall.py:125}}
May 18 18:50:32.539061 np0000000980 neutron-periodic-workers[88702]: DEBUG dbcounter [-] [88702] Writing DB stats neutron:SELECT=3 {{(pid=88702) stat_writer /opt/stack/data/venv/lib/python3.12/site-packages/dbcounter.py:115}}
May 18 18:50:37.608155 np0000000980 neutron-periodic-workers[88706]: DEBUG dbcounter [-] [88706] Writing DB stats neutron:SELECT=1 {{(pid=88706) stat_writer /opt/stack/data/venv/lib/python3.12/site-packages/dbcounter.py:115}}
May 18 18:50:50.572072 np0000000980 neutron-periodic-workers[88710]: DEBUG oslo.service.backend._threading.loopingcall [None req-ece866cf-8971-4935-95a0-c67717b240bb None None] Fixed interval looping call 'neutron.db.quota.driver_nolock.DbQuotaNoLockDriver._remove_expired_reservations' sleeping for 119.99 seconds {{(pid=88710) _run_loop /opt/stack/data/venv/lib/python3.12/site-packages/oslo_service/backend/_threading/loopingcall.py:125}}
May 18 18:50:59.538458 np0000000980 neutron-periodic-workers[88702]: DEBUG oslo.service.backend._threading.loopingcall [None req-51c2ddc8-a20c-47ac-9551-c1af91dc5f0c None None] Fixed interval looping call 'neutron.plugins.ml2.plugin.DhcpAgentSchedulerDbMixin.remove_networks_from_down_agents' sleeping for 36.99 seconds {{(pid=88702) _run_loop /opt/stack/data/venv/lib/python3.12/site-packages/oslo_service/backend/_threading/loopingcall.py:125}}
May 18 18:51:00.573993 np0000000980 neutron-periodic-workers[88710]: DEBUG dbcounter [-] [88710] Writing DB stats neutron:DELETE=1 {{(pid=88710) stat_writer /opt/stack/data/venv/lib/python3.12/site-packages/dbcounter.py:115}}
May 18 18:51:04.612501 np0000000980 neutron-periodic-workers[88706]: DEBUG neutron.db.agents_db [None req-0f1cd018-f818-4080-acf8-b8a90d73f2fb None None] Agent healthcheck: found 0 active agents {{(pid=88706) agent_health_check /opt/stack/neutron/neutron/db/agents_db.py:322}}
May 18 18:51:04.614740 np0000000980 neutron-periodic-workers[88706]: DEBUG oslo.service.backend._threading.loopingcall [None req-0f1cd018-f818-4080-acf8-b8a90d73f2fb None None] Fixed interval looping call 'neutron.plugins.ml2.plugin.AgentDbMixin.agent_health_check' sleeping for 37.00 seconds {{(pid=88706) _run_loop /opt/stack/data/venv/lib/python3.12/site-packages/oslo_service/backend/_threading/loopingcall.py:125}}
May 18 18:51:09.538255 np0000000980 neutron-periodic-workers[88702]: DEBUG dbcounter [-] [88702] Writing DB stats neutron:SELECT=3 {{(pid=88702) stat_writer /opt/stack/data/venv/lib/python3.12/site-packages/dbcounter.py:115}}
May 18 18:51:14.610805 np0000000980 neutron-periodic-workers[88706]: DEBUG dbcounter [-] [88706] Writing DB stats neutron:SELECT=1 {{(pid=88706) stat_writer /opt/stack/data/venv/lib/python3.12/site-packages/dbcounter.py:115}}
May 18 18:51:36.541766 np0000000980 neutron-periodic-workers[88702]: DEBUG oslo.service.backend._threading.loopingcall [None req-51c2ddc8-a20c-47ac-9551-c1af91dc5f0c None None] Fixed interval looping call 'neutron.plugins.ml2.plugin.DhcpAgentSchedulerDbMixin.remove_networks_from_down_agents' sleeping for 36.99 seconds {{(pid=88702) _run_loop /opt/stack/data/venv/lib/python3.12/site-packages/oslo_service/backend/_threading/loopingcall.py:125}}
May 18 18:51:41.616083 np0000000980 neutron-periodic-workers[88706]: DEBUG neutron.db.agents_db [None req-0f1cd018-f818-4080-acf8-b8a90d73f2fb None None] Agent healthcheck: found 0 active agents {{(pid=88706) agent_health_check /opt/stack/neutron/neutron/db/agents_db.py:322}}
May 18 18:51:41.616502 np0000000980 neutron-periodic-workers[88706]: DEBUG oslo.service.backend._threading.loopingcall [None req-0f1cd018-f818-4080-acf8-b8a90d73f2fb None None] Fixed interval looping call 'neutron.plugins.ml2.plugin.AgentDbMixin.agent_health_check' sleeping for 37.00 seconds {{(pid=88706) _run_loop /opt/stack/data/venv/lib/python3.12/site-packages/oslo_service/backend/_threading/loopingcall.py:125}}
May 18 18:51:46.538881 np0000000980 neutron-periodic-workers[88702]: DEBUG dbcounter [-] [88702] Writing DB stats neutron:SELECT=3 {{(pid=88702) stat_writer /opt/stack/data/venv/lib/python3.12/site-packages/dbcounter.py:115}}
May 18 18:51:51.617878 np0000000980 neutron-periodic-workers[88706]: DEBUG dbcounter [-] [88706] Writing DB stats neutron:SELECT=1 {{(pid=88706) stat_writer /opt/stack/data/venv/lib/python3.12/site-packages/dbcounter.py:115}}
May 18 18:52:13.539578 np0000000980 neutron-periodic-workers[88702]: DEBUG oslo.service.backend._threading.loopingcall [None req-51c2ddc8-a20c-47ac-9551-c1af91dc5f0c None None] Fixed interval looping call 'neutron.plugins.ml2.plugin.DhcpAgentSchedulerDbMixin.remove_networks_from_down_agents' sleeping for 36.99 seconds {{(pid=88702) _run_loop /opt/stack/data/venv/lib/python3.12/site-packages/oslo_service/backend/_threading/loopingcall.py:125}}
May 18 18:52:18.621965 np0000000980 neutron-periodic-workers[88706]: DEBUG neutron.db.agents_db [None req-0f1cd018-f818-4080-acf8-b8a90d73f2fb None None] Agent healthcheck: found 0 active agents {{(pid=88706) agent_health_check /opt/stack/neutron/neutron/db/agents_db.py:322}}
May 18 18:52:18.622323 np0000000980 neutron-periodic-workers[88706]: DEBUG oslo.service.backend._threading.loopingcall [None req-0f1cd018-f818-4080-acf8-b8a90d73f2fb None None] Fixed interval looping call 'neutron.plugins.ml2.plugin.AgentDbMixin.agent_health_check' sleeping for 36.99 seconds {{(pid=88706) _run_loop /opt/stack/data/venv/lib/python3.12/site-packages/oslo_service/backend/_threading/loopingcall.py:125}}
May 18 18:52:23.538305 np0000000980 neutron-periodic-workers[88702]: DEBUG dbcounter [-] [88702] Writing DB stats neutron:SELECT=3 {{(pid=88702) stat_writer /opt/stack/data/venv/lib/python3.12/site-packages/dbcounter.py:115}}
May 18 18:52:23.547633 np0000000980 neutron-periodic-workers[88695]: DEBUG oslo.service.backend._threading.loopingcall [None req-bb00455b-57ea-45ac-8157-54f31308bf58 None None] Fixed interval looping call 'neutron.services.ovn_l3.plugin.L3_NAT_dbonly_mixin._clean_garbage' sleeping for 299.99 seconds {{(pid=88695) _run_loop /opt/stack/data/venv/lib/python3.12/site-packages/oslo_service/backend/_threading/loopingcall.py:125}}
May 18 18:52:28.621619 np0000000980 neutron-periodic-workers[88706]: DEBUG dbcounter [-] [88706] Writing DB stats neutron:SELECT=1 {{(pid=88706) stat_writer /opt/stack/data/venv/lib/python3.12/site-packages/dbcounter.py:115}}
May 18 18:52:33.542580 np0000000980 neutron-periodic-workers[88695]: DEBUG dbcounter [-] [88695] Writing DB stats neutron:SELECT=1 {{(pid=88695) stat_writer /opt/stack/data/venv/lib/python3.12/site-packages/dbcounter.py:115}}
May 18 18:52:50.536531 np0000000980 neutron-periodic-workers[88702]: DEBUG oslo.service.backend._threading.loopingcall [None req-51c2ddc8-a20c-47ac-9551-c1af91dc5f0c None None] Fixed interval looping call 'neutron.plugins.ml2.plugin.DhcpAgentSchedulerDbMixin.remove_networks_from_down_agents' sleeping for 36.99 seconds {{(pid=88702) _run_loop /opt/stack/data/venv/lib/python3.12/site-packages/oslo_service/backend/_threading/loopingcall.py:125}}
May 18 18:52:50.566617 np0000000980 neutron-periodic-workers[88710]: DEBUG oslo.service.backend._threading.loopingcall [None req-ece866cf-8971-4935-95a0-c67717b240bb None None] Fixed interval looping call 'neutron.db.quota.driver_nolock.DbQuotaNoLockDriver._remove_expired_reservations' sleeping for 120.00 seconds {{(pid=88710) _run_loop /opt/stack/data/venv/lib/python3.12/site-packages/oslo_service/backend/_threading/loopingcall.py:125}}
May 18 18:52:55.617376 np0000000980 neutron-periodic-workers[88706]: DEBUG neutron.db.agents_db [None req-0f1cd018-f818-4080-acf8-b8a90d73f2fb None None] Agent healthcheck: found 0 active agents {{(pid=88706) agent_health_check /opt/stack/neutron/neutron/db/agents_db.py:322}}
May 18 18:52:55.618172 np0000000980 neutron-periodic-workers[88706]: DEBUG oslo.service.backend._threading.loopingcall [None req-0f1cd018-f818-4080-acf8-b8a90d73f2fb None None] Fixed interval looping call 'neutron.plugins.ml2.plugin.AgentDbMixin.agent_health_check' sleeping for 37.00 seconds {{(pid=88706) _run_loop /opt/stack/data/venv/lib/python3.12/site-packages/oslo_service/backend/_threading/loopingcall.py:125}}
May 18 18:53:00.535717 np0000000980 neutron-periodic-workers[88702]: DEBUG dbcounter [-] [88702] Writing DB stats neutron:SELECT=3 {{(pid=88702) stat_writer /opt/stack/data/venv/lib/python3.12/site-packages/dbcounter.py:115}}
May 18 18:53:00.564140 np0000000980 neutron-periodic-workers[88710]: DEBUG dbcounter [-] [88710] Writing DB stats neutron:DELETE=1 {{(pid=88710) stat_writer /opt/stack/data/venv/lib/python3.12/site-packages/dbcounter.py:115}}
May 18 18:53:05.616174 np0000000980 neutron-periodic-workers[88706]: DEBUG dbcounter [-] [88706] Writing DB stats neutron:SELECT=1 {{(pid=88706) stat_writer /opt/stack/data/venv/lib/python3.12/site-packages/dbcounter.py:115}}
May 18 18:53:27.538473 np0000000980 neutron-periodic-workers[88702]: DEBUG oslo.service.backend._threading.loopingcall [None req-51c2ddc8-a20c-47ac-9551-c1af91dc5f0c None None] Fixed interval looping call 'neutron.plugins.ml2.plugin.DhcpAgentSchedulerDbMixin.remove_networks_from_down_agents' sleeping for 36.99 seconds {{(pid=88702) _run_loop /opt/stack/data/venv/lib/python3.12/site-packages/oslo_service/backend/_threading/loopingcall.py:125}}
May 18 18:53:32.622859 np0000000980 neutron-periodic-workers[88706]: DEBUG neutron.db.agents_db [None req-0f1cd018-f818-4080-acf8-b8a90d73f2fb None None] Agent healthcheck: found 0 active agents {{(pid=88706) agent_health_check /opt/stack/neutron/neutron/db/agents_db.py:322}}
May 18 18:53:32.623416 np0000000980 neutron-periodic-workers[88706]: DEBUG oslo.service.backend._threading.loopingcall [None req-0f1cd018-f818-4080-acf8-b8a90d73f2fb None None] Fixed interval looping call 'neutron.plugins.ml2.plugin.AgentDbMixin.agent_health_check' sleeping for 36.99 seconds {{(pid=88706) _run_loop /opt/stack/data/venv/lib/python3.12/site-packages/oslo_service/backend/_threading/loopingcall.py:125}}
May 18 18:53:37.537759 np0000000980 neutron-periodic-workers[88702]: DEBUG dbcounter [-] [88702] Writing DB stats neutron:SELECT=3 {{(pid=88702) stat_writer /opt/stack/data/venv/lib/python3.12/site-packages/dbcounter.py:115}}
May 18 18:53:42.620695 np0000000980 neutron-periodic-workers[88706]: DEBUG dbcounter [-] [88706] Writing DB stats neutron:SELECT=1 {{(pid=88706) stat_writer /opt/stack/data/venv/lib/python3.12/site-packages/dbcounter.py:115}}
May 18 18:54:04.541323 np0000000980 neutron-periodic-workers[88702]: DEBUG oslo.service.backend._threading.loopingcall [None req-51c2ddc8-a20c-47ac-9551-c1af91dc5f0c None None] Fixed interval looping call 'neutron.plugins.ml2.plugin.DhcpAgentSchedulerDbMixin.remove_networks_from_down_agents' sleeping for 36.99 seconds {{(pid=88702) _run_loop /opt/stack/data/venv/lib/python3.12/site-packages/oslo_service/backend/_threading/loopingcall.py:125}}
May 18 18:54:09.618047 np0000000980 neutron-periodic-workers[88706]: DEBUG neutron.db.agents_db [None req-0f1cd018-f818-4080-acf8-b8a90d73f2fb None None] Agent healthcheck: found 0 active agents {{(pid=88706) agent_health_check /opt/stack/neutron/neutron/db/agents_db.py:322}}
May 18 18:54:09.618458 np0000000980 neutron-periodic-workers[88706]: DEBUG oslo.service.backend._threading.loopingcall [None req-0f1cd018-f818-4080-acf8-b8a90d73f2fb None None] Fixed interval looping call 'neutron.plugins.ml2.plugin.AgentDbMixin.agent_health_check' sleeping for 37.00 seconds {{(pid=88706) _run_loop /opt/stack/data/venv/lib/python3.12/site-packages/oslo_service/backend/_threading/loopingcall.py:125}}
May 18 18:54:14.538740 np0000000980 neutron-periodic-workers[88702]: DEBUG dbcounter [-] [88702] Writing DB stats neutron:SELECT=3 {{(pid=88702) stat_writer /opt/stack/data/venv/lib/python3.12/site-packages/dbcounter.py:115}}
May 18 18:54:19.616398 np0000000980 neutron-periodic-workers[88706]: DEBUG dbcounter [-] [88706] Writing DB stats neutron:SELECT=1 {{(pid=88706) stat_writer /opt/stack/data/venv/lib/python3.12/site-packages/dbcounter.py:115}}
May 18 18:54:41.544028 np0000000980 neutron-periodic-workers[88702]: DEBUG oslo.service.backend._threading.loopingcall [None req-51c2ddc8-a20c-47ac-9551-c1af91dc5f0c None None] Fixed interval looping call 'neutron.plugins.ml2.plugin.DhcpAgentSchedulerDbMixin.remove_networks_from_down_agents' sleeping for 36.99 seconds {{(pid=88702) _run_loop /opt/stack/data/venv/lib/python3.12/site-packages/oslo_service/backend/_threading/loopingcall.py:125}}
May 18 18:54:46.623889 np0000000980 neutron-periodic-workers[88706]: DEBUG neutron.db.agents_db [None req-0f1cd018-f818-4080-acf8-b8a90d73f2fb None None] Agent healthcheck: found 0 active agents {{(pid=88706) agent_health_check /opt/stack/neutron/neutron/db/agents_db.py:322}}
May 18 18:54:46.625357 np0000000980 neutron-periodic-workers[88706]: DEBUG oslo.service.backend._threading.loopingcall [None req-0f1cd018-f818-4080-acf8-b8a90d73f2fb None None] Fixed interval looping call 'neutron.plugins.ml2.plugin.AgentDbMixin.agent_health_check' sleeping for 36.99 seconds {{(pid=88706) _run_loop /opt/stack/data/venv/lib/python3.12/site-packages/oslo_service/backend/_threading/loopingcall.py:125}}
May 18 18:54:50.571123 np0000000980 neutron-periodic-workers[88710]: DEBUG oslo.service.backend._threading.loopingcall [None req-ece866cf-8971-4935-95a0-c67717b240bb None None] Fixed interval looping call 'neutron.db.quota.driver_nolock.DbQuotaNoLockDriver._remove_expired_reservations' sleeping for 120.00 seconds {{(pid=88710) _run_loop /opt/stack/data/venv/lib/python3.12/site-packages/oslo_service/backend/_threading/loopingcall.py:125}}
May 18 18:54:51.542451 np0000000980 neutron-periodic-workers[88702]: DEBUG dbcounter [-] [88702] Writing DB stats neutron:SELECT=3 {{(pid=88702) stat_writer /opt/stack/data/venv/lib/python3.12/site-packages/dbcounter.py:115}}
May 18 18:54:56.621698 np0000000980 neutron-periodic-workers[88706]: DEBUG dbcounter [-] [88706] Writing DB stats neutron:SELECT=1 {{(pid=88706) stat_writer /opt/stack/data/venv/lib/python3.12/site-packages/dbcounter.py:115}}
May 18 18:55:00.570088 np0000000980 neutron-periodic-workers[88710]: DEBUG dbcounter [-] [88710] Writing DB stats neutron:DELETE=1 {{(pid=88710) stat_writer /opt/stack/data/venv/lib/python3.12/site-packages/dbcounter.py:115}}
May 18 18:55:18.540270 np0000000980 neutron-periodic-workers[88702]: DEBUG oslo.service.backend._threading.loopingcall [None req-51c2ddc8-a20c-47ac-9551-c1af91dc5f0c None None] Fixed interval looping call 'neutron.plugins.ml2.plugin.DhcpAgentSchedulerDbMixin.remove_networks_from_down_agents' sleeping for 36.99 seconds {{(pid=88702) _run_loop /opt/stack/data/venv/lib/python3.12/site-packages/oslo_service/backend/_threading/loopingcall.py:125}}
May 18 18:55:23.617487 np0000000980 neutron-periodic-workers[88706]: DEBUG neutron.db.agents_db [None req-0f1cd018-f818-4080-acf8-b8a90d73f2fb None None] Agent healthcheck: found 0 active agents {{(pid=88706) agent_health_check /opt/stack/neutron/neutron/db/agents_db.py:322}}
May 18 18:55:23.617956 np0000000980 neutron-periodic-workers[88706]: DEBUG oslo.service.backend._threading.loopingcall [None req-0f1cd018-f818-4080-acf8-b8a90d73f2fb None None] Fixed interval looping call 'neutron.plugins.ml2.plugin.AgentDbMixin.agent_health_check' sleeping for 37.00 seconds {{(pid=88706) _run_loop /opt/stack/data/venv/lib/python3.12/site-packages/oslo_service/backend/_threading/loopingcall.py:125}}
May 18 18:55:28.539460 np0000000980 neutron-periodic-workers[88702]: DEBUG dbcounter [-] [88702] Writing DB stats neutron:SELECT=3 {{(pid=88702) stat_writer /opt/stack/data/venv/lib/python3.12/site-packages/dbcounter.py:115}}
May 18 18:55:33.616234 np0000000980 neutron-periodic-workers[88706]: DEBUG dbcounter [-] [88706] Writing DB stats neutron:SELECT=1 {{(pid=88706) stat_writer /opt/stack/data/venv/lib/python3.12/site-packages/dbcounter.py:115}}
