Jun 30 16:23:44.345514 np0000004007 devstack@g-api.service[99479]: DEBUG glance.api.middleware.version_negotiation [None req-4a889a4e-a2a8-402c-9ecc-1e90b0e82396 tempest-ServerStableDeviceRescueTest-201714895 tempest-ServerStableDeviceRescueTest-201714895-project-member] Using url versioning {{(pid=99479) process_request /opt/stack/glance/glance/api/middleware/version_negotiation.py:57}}
Jun 30 16:23:44.345514 np0000004007 devstack@g-api.service[99479]: DEBUG glance.api.middleware.version_negotiation [None req-4a889a4e-a2a8-402c-9ecc-1e90b0e82396 tempest-ServerStableDeviceRescueTest-201714895 tempest-ServerStableDeviceRescueTest-201714895-project-member] Matched version: v2 {{(pid=99479) process_request /opt/stack/glance/glance/api/middleware/version_negotiation.py:69}}
Jun 30 16:23:44.345607 np0000004007 devstack@g-api.service[99479]: DEBUG glance.api.middleware.version_negotiation [None req-4a889a4e-a2a8-402c-9ecc-1e90b0e82396 tempest-ServerStableDeviceRescueTest-201714895 tempest-ServerStableDeviceRescueTest-201714895-project-member] new path /v2/schemas/image {{(pid=99479) process_request /opt/stack/glance/glance/api/middleware/version_negotiation.py:70}}
Jun 30 16:23:44.348467 np0000004007 devstack@g-api.service[99479]: [pid: 99479|app: 0|req: 87/256] 127.0.0.1 () {44 vars in 1051 bytes} [Tue Jun 30 16:23:44 2026] GET /v2/schemas/image => generated 6083 bytes in 3 msecs (HTTP/1.1 200) 4 headers in 158 bytes (1 switches on core 0)
Jun 30 16:23:45.452826 np0000004007 devstack@g-api.service[99480]: DEBUG glance.api.middleware.version_negotiation [None req-4a889a4e-a2a8-402c-9ecc-1e90b0e82396 tempest-ServerStableDeviceRescueTest-201714895 tempest-ServerStableDeviceRescueTest-201714895-project-member] Determining version of request: GET /v2/images/c7bf0212-03d3-4af7-9933-395d95047619 Accept: */* {{(pid=99480) process_request /opt/stack/glance/glance/api/middleware/version_negotiation.py:44}}
Jun 30 16:23:45.453292 np0000004007 devstack@g-api.service[99480]: DEBUG glance.api.middleware.version_negotiation [None req-4a889a4e-a2a8-402c-9ecc-1e90b0e82396 tempest-ServerStableDeviceRescueTest-201714895 tempest-ServerStableDeviceRescueTest-201714895-project-member] Using url versioning {{(pid=99480) process_request /opt/stack/glance/glance/api/middleware/version_negotiation.py:57}}
Jun 30 16:23:45.453292 np0000004007 devstack@g-api.service[99480]: DEBUG glance.api.middleware.version_negotiation [None req-4a889a4e-a2a8-402c-9ecc-1e90b0e82396 tempest-ServerStableDeviceRescueTest-201714895 tempest-ServerStableDeviceRescueTest-201714895-project-member] Matched version: v2 {{(pid=99480) process_request /opt/stack/glance/glance/api/middleware/version_negotiation.py:69}}
Jun 30 16:23:45.453292 np0000004007 devstack@g-api.service[99480]: DEBUG glance.api.middleware.version_negotiation [None req-4a889a4e-a2a8-402c-9ecc-1e90b0e82396 tempest-ServerStableDeviceRescueTest-201714895 tempest-ServerStableDeviceRescueTest-201714895-project-member] new path /v2/images/c7bf0212-03d3-4af7-9933-395d95047619 {{(pid=99480) process_request /opt/stack/glance/glance/api/middleware/version_negotiation.py:70}}
Jun 30 16:23:45.468161 np0000004007 devstack@g-api.service[99480]: [pid: 99480|app: 0|req: 82/257] 127.0.0.1 () {44 vars in 1111 bytes} [Tue Jun 30 16:23:45 2026] GET /v2/images/c7bf0212-03d3-4af7-9933-395d95047619 => generated 1333 bytes in 15 msecs (HTTP/1.1 200) 4 headers in 158 bytes (1 switches on core 0)
Jun 30 16:23:45.507021 np0000004007 devstack@g-api.service[99481]: DEBUG glance.api.middleware.version_negotiation [None req-4a53cf83-ebbf-4533-8bc2-80ce558c4420 tempest-ServerStableDeviceRescueTest-201714895 tempest-ServerStableDeviceRescueTest-201714895-project-member] Determining version of request: GET /v2/schemas/image Accept: */* {{(pid=99481) process_request /opt/stack/glance/glance/api/middleware/version_negotiation.py:44}}
Jun 30 16:23:45.507558 np0000004007 devstack@g-api.service[99481]: DEBUG glance.api.middleware.version_negotiation [None req-4a53cf83-ebbf-4533-8bc2-80ce558c4420 tempest-ServerStableDeviceRescueTest-201714895 tempest-ServerStableDeviceRescueTest-201714895-project-member] Using url versioning {{(pid=99481) process_request /opt/stack/glance/glance/api/middleware/version_negotiation.py:57}}
Jun 30 16:23:45.507558 np0000004007 devstack@g-api.service[99481]: DEBUG glance.api.middleware.version_negotiation [None req-4a53cf83-ebbf-4533-8bc2-80ce558c4420 tempest-ServerStableDeviceRescueTest-201714895 tempest-ServerStableDeviceRescueTest-201714895-project-member] Matched version: v2 {{(pid=99481) process_request /opt/stack/glance/glance/api/middleware/version_negotiation.py:69}}
Jun 30 16:23:45.507712 np0000004007 devstack@g-api.service[99481]: DEBUG glance.api.middleware.version_negotiation [None req-4a53cf83-ebbf-4533-8bc2-80ce558c4420 tempest-ServerStableDeviceRescueTest-201714895 tempest-ServerStableDeviceRescueTest-201714895-project-member] new path /v2/schemas/image {{(pid=99481) process_request /opt/stack/glance/glance/api/middleware/version_negotiation.py:70}}
Jun 30 16:23:45.514485 np0000004007 devstack@g-api.service[99481]: [pid: 99481|app: 0|req: 89/258] 127.0.0.1 () {44 vars in 1051 bytes} [Tue Jun 30 16:23:45 2026] GET /v2/schemas/image => generated 6083 bytes in 7 msecs (HTTP/1.1 200) 4 headers in 158 bytes (1 switches on core 0)
Jun 30 16:23:46.244266 np0000004007 devstack@g-api.service[99479]: DEBUG glance.api.middleware.version_negotiation [None req-4a53cf83-ebbf-4533-8bc2-80ce558c4420 tempest-ServerStableDeviceRescueTest-201714895 tempest-ServerStableDeviceRescueTest-201714895-project-member] Determining version of request: GET /v2/images/c7bf0212-03d3-4af7-9933-395d95047619 Accept: */* {{(pid=99479) process_request /opt/stack/glance/glance/api/middleware/version_negotiation.py:44}}
Jun 30 16:23:46.244879 np0000004007 devstack@g-api.service[99479]: DEBUG glance.api.middleware.version_negotiation [None req-4a53cf83-ebbf-4533-8bc2-80ce558c4420 tempest-ServerStableDeviceRescueTest-201714895 tempest-ServerStableDeviceRescueTest-201714895-project-member] Using url versioning {{(pid=99479) process_request /opt/stack/glance/glance/api/middleware/version_negotiation.py:57}}
Jun 30 16:23:46.244879 np0000004007 devstack@g-api.service[99479]: DEBUG glance.api.middleware.version_negotiation [None req-4a53cf83-ebbf-4533-8bc2-80ce558c4420 tempest-ServerStableDeviceRescueTest-201714895 tempest-ServerStableDeviceRescueTest-201714895-project-member] Matched version: v2 {{(pid=99479) process_request /opt/stack/glance/glance/api/middleware/version_negotiation.py:69}}
Jun 30 16:23:46.245981 np0000004007 devstack@g-api.service[99479]: DEBUG glance.api.middleware.version_negotiation [None req-4a53cf83-ebbf-4533-8bc2-80ce558c4420 tempest-ServerStableDeviceRescueTest-201714895 tempest-ServerStableDeviceRescueTest-201714895-project-member] new path /v2/images/c7bf0212-03d3-4af7-9933-395d95047619 {{(pid=99479) process_request /opt/stack/glance/glance/api/middleware/version_negotiation.py:70}}
Jun 30 16:23:46.263609 np0000004007 devstack@g-api.service[99479]: [pid: 99479|app: 0|req: 88/259] 127.0.0.1 () {44 vars in 1111 bytes} [Tue Jun 30 16:23:46 2026] GET /v2/images/c7bf0212-03d3-4af7-9933-395d95047619 => generated 1333 bytes in 19 msecs (HTTP/1.1 200) 4 headers in 158 bytes (1 switches on core 0)
Jun 30 16:23:46.328288 np0000004007 devstack@g-api.service[99480]: DEBUG glance.api.middleware.version_negotiation [None req-86ed2e9e-8241-4782-8392-fb17b8b97787 tempest-ServerStableDeviceRescueTest-201714895 tempest-ServerStableDeviceRescueTest-201714895-project-member] Determining version of request: GET /v2/schemas/image Accept: */* {{(pid=99480) process_request /opt/stack/glance/glance/api/middleware/version_negotiation.py:44}}
Jun 30 16:23:46.328490 np0000004007 devstack@g-api.service[99480]: DEBUG glance.api.middleware.version_negotiation [None req-86ed2e9e-8241-4782-8392-fb17b8b97787 tempest-ServerStableDeviceRescueTest-201714895 tempest-ServerStableDeviceRescueTest-201714895-project-member] Using url versioning {{(pid=99480) process_request /opt/stack/glance/glance/api/middleware/version_negotiation.py:57}}
Jun 30 16:23:46.328702 np0000004007 devstack@g-api.service[99480]: DEBUG glance.api.middleware.version_negotiation [None req-86ed2e9e-8241-4782-8392-fb17b8b97787 tempest-ServerStableDeviceRescueTest-201714895 tempest-ServerStableDeviceRescueTest-201714895-project-member] Matched version: v2 {{(pid=99480) process_request /opt/stack/glance/glance/api/middleware/version_negotiation.py:69}}
Jun 30 16:23:46.328755 np0000004007 devstack@g-api.service[99480]: DEBUG glance.api.middleware.version_negotiation [None req-86ed2e9e-8241-4782-8392-fb17b8b97787 tempest-ServerStableDeviceRescueTest-201714895 tempest-ServerStableDeviceRescueTest-201714895-project-member] new path /v2/schemas/image {{(pid=99480) process_request /opt/stack/glance/glance/api/middleware/version_negotiation.py:70}}
Jun 30 16:23:46.333758 np0000004007 devstack@g-api.service[99480]: [pid: 99480|app: 0|req: 83/260] 127.0.0.1 () {44 vars in 1051 bytes} [Tue Jun 30 16:23:46 2026] GET /v2/schemas/image => generated 6083 bytes in 5 msecs (HTTP/1.1 200) 4 headers in 158 bytes (1 switches on core 0)
Jun 30 16:23:46.388408 np0000004007 devstack@g-api.service[99481]: DEBUG glance.api.middleware.version_negotiation [None req-86ed2e9e-8241-4782-8392-fb17b8b97787 tempest-ServerStableDeviceRescueTest-201714895 tempest-ServerStableDeviceRescueTest-201714895-project-member] Determining version of request: GET /v2/schemas/image Accept: */* {{(pid=99481) process_request /opt/stack/glance/glance/api/middleware/version_negotiation.py:44}}
Jun 30 16:23:46.388837 np0000004007 devstack@g-api.service[99481]: DEBUG glance.api.middleware.version_negotiation [None req-86ed2e9e-8241-4782-8392-fb17b8b97787 tempest-ServerStableDeviceRescueTest-201714895 tempest-ServerStableDeviceRescueTest-201714895-project-member] Using url versioning {{(pid=99481) process_request /opt/stack/glance/glance/api/middleware/version_negotiation.py:57}}
Jun 30 16:23:46.388837 np0000004007 devstack@g-api.service[99481]: DEBUG glance.api.middleware.version_negotiation [None req-86ed2e9e-8241-4782-8392-fb17b8b97787 tempest-ServerStableDeviceRescueTest-201714895 tempest-ServerStableDeviceRescueTest-201714895-project-member] Matched version: v2 {{(pid=99481) process_request /opt/stack/glance/glance/api/middleware/version_negotiation.py:69}}
Jun 30 16:23:46.389009 np0000004007 devstack@g-api.service[99481]: DEBUG glance.api.middleware.version_negotiation [None req-86ed2e9e-8241-4782-8392-fb17b8b97787 tempest-ServerStableDeviceRescueTest-201714895 tempest-ServerStableDeviceRescueTest-201714895-project-member] new path /v2/schemas/image {{(pid=99481) process_request /opt/stack/glance/glance/api/middleware/version_negotiation.py:70}}
Jun 30 16:23:46.392112 np0000004007 devstack@g-api.service[99481]: [pid: 99481|app: 0|req: 90/261] 127.0.0.1 () {44 vars in 1051 bytes} [Tue Jun 30 16:23:46 2026] GET /v2/schemas/image => generated 6083 bytes in 4 msecs (HTTP/1.1 200) 4 headers in 158 bytes (1 switches on core 0)
Jun 30 16:23:46.437445 np0000004007 devstack@g-api.service[99479]: DEBUG glance.api.middleware.version_negotiation [None req-ca55b5e9-f161-47b2-90b0-25d32cc1ce73 tempest-ServerStableDeviceRescueTest-201714895 tempest-ServerStableDeviceRescueTest-201714895-project-member] Determining version of request: PATCH /v2/images/c7bf0212-03d3-4af7-9933-395d95047619 Accept: */* {{(pid=99479) process_request /opt/stack/glance/glance/api/middleware/version_negotiation.py:44}}
Jun 30 16:23:46.437445 np0000004007 devstack@g-api.service[99479]: DEBUG glance.api.middleware.version_negotiation [None req-ca55b5e9-f161-47b2-90b0-25d32cc1ce73 tempest-ServerStableDeviceRescueTest-201714895 tempest-ServerStableDeviceRescueTest-201714895-project-member] Using url versioning {{(pid=99479) process_request /opt/stack/glance/glance/api/middleware/version_negotiation.py:57}}
Jun 30 16:23:46.437720 np0000004007 devstack@g-api.service[99479]: DEBUG glance.api.middleware.version_negotiation [None req-ca55b5e9-f161-47b2-90b0-25d32cc1ce73 tempest-ServerStableDeviceRescueTest-201714895 tempest-ServerStableDeviceRescueTest-201714895-project-member] Matched version: v2 {{(pid=99479) process_request /opt/stack/glance/glance/api/middleware/version_negotiation.py:69}}
Jun 30 16:23:46.437955 np0000004007 devstack@g-api.service[99479]: DEBUG glance.api.middleware.version_negotiation [None req-ca55b5e9-f161-47b2-90b0-25d32cc1ce73 tempest-ServerStableDeviceRescueTest-201714895 tempest-ServerStableDeviceRescueTest-201714895-project-member] new path /v2/images/c7bf0212-03d3-4af7-9933-395d95047619 {{(pid=99479) process_request /opt/stack/glance/glance/api/middleware/version_negotiation.py:70}}
Jun 30 16:23:46.656974 np0000004007 devstack@g-api.service[99479]: [pid: 99479|app: 0|req: 89/262] 127.0.0.1 () {46 vars in 1154 bytes} [Tue Jun 30 16:23:46 2026] PATCH /v2/images/c7bf0212-03d3-4af7-9933-395d95047619 => generated 1444 bytes in 220 msecs (HTTP/1.1 200) 4 headers in 158 bytes (1 switches on core 0)
Jun 30 16:23:46.715375 np0000004007 devstack@g-api.service[99480]: DEBUG glance.api.middleware.version_negotiation [None req-ca55b5e9-f161-47b2-90b0-25d32cc1ce73 tempest-ServerStableDeviceRescueTest-201714895 tempest-ServerStableDeviceRescueTest-201714895-project-member] Determining version of request: GET /v2/images/c7bf0212-03d3-4af7-9933-395d95047619 Accept: */* {{(pid=99480) process_request /opt/stack/glance/glance/api/middleware/version_negotiation.py:44}}
Jun 30 16:23:46.715902 np0000004007 devstack@g-api.service[99480]: DEBUG glance.api.middleware.version_negotiation [None req-ca55b5e9-f161-47b2-90b0-25d32cc1ce73 tempest-ServerStableDeviceRescueTest-201714895 tempest-ServerStableDeviceRescueTest-201714895-project-member] Using url versioning {{(pid=99480) process_request /opt/stack/glance/glance/api/middleware/version_negotiation.py:57}}
Jun 30 16:23:46.715902 np0000004007 devstack@g-api.service[99480]: DEBUG glance.api.middleware.version_negotiation [None req-ca55b5e9-f161-47b2-90b0-25d32cc1ce73 tempest-ServerStableDeviceRescueTest-201714895 tempest-ServerStableDeviceRescueTest-201714895-project-member] Matched version: v2 {{(pid=99480) process_request /opt/stack/glance/glance/api/middleware/version_negotiation.py:69}}
Jun 30 16:23:46.715902 np0000004007 devstack@g-api.service[99480]: DEBUG glance.api.middleware.version_negotiation [None req-ca55b5e9-f161-47b2-90b0-25d32cc1ce73 tempest-ServerStableDeviceRescueTest-201714895 tempest-ServerStableDeviceRescueTest-201714895-project-member] new path /v2/images/c7bf0212-03d3-4af7-9933-395d95047619 {{(pid=99480) process_request /opt/stack/glance/glance/api/middleware/version_negotiation.py:70}}
Jun 30 16:23:46.728433 np0000004007 devstack@g-api.service[99480]: [pid: 99480|app: 0|req: 84/263] 127.0.0.1 () {44 vars in 1111 bytes} [Tue Jun 30 16:23:46 2026] GET /v2/images/c7bf0212-03d3-4af7-9933-395d95047619 => generated 1444 bytes in 13 msecs (HTTP/1.1 200) 4 headers in 158 bytes (1 switches on core 0)
Jun 30 16:23:46.786045 np0000004007 devstack@g-api.service[99481]: DEBUG glance.api.middleware.version_negotiation [None req-ca55b5e9-f161-47b2-90b0-25d32cc1ce73 tempest-ServerStableDeviceRescueTest-201714895 tempest-ServerStableDeviceRescueTest-201714895-project-member] Determining version of request: PUT /v2/images/c7bf0212-03d3-4af7-9933-395d95047619/file Accept: */* {{(pid=99481) process_request /opt/stack/glance/glance/api/middleware/version_negotiation.py:44}}
Jun 30 16:23:46.786739 np0000004007 devstack@g-api.service[99481]: DEBUG glance.api.middleware.version_negotiation [None req-ca55b5e9-f161-47b2-90b0-25d32cc1ce73 tempest-ServerStableDeviceRescueTest-201714895 tempest-ServerStableDeviceRescueTest-201714895-project-member] Using url versioning {{(pid=99481) process_request /opt/stack/glance/glance/api/middleware/version_negotiation.py:57}}
Jun 30 16:23:46.786739 np0000004007 devstack@g-api.service[99481]: DEBUG glance.api.middleware.version_negotiation [None req-ca55b5e9-f161-47b2-90b0-25d32cc1ce73 tempest-ServerStableDeviceRescueTest-201714895 tempest-ServerStableDeviceRescueTest-201714895-project-member] Matched version: v2 {{(pid=99481) process_request /opt/stack/glance/glance/api/middleware/version_negotiation.py:69}}
Jun 30 16:23:46.786739 np0000004007 devstack@g-api.service[99481]: DEBUG glance.api.middleware.version_negotiation [None req-ca55b5e9-f161-47b2-90b0-25d32cc1ce73 tempest-ServerStableDeviceRescueTest-201714895 tempest-ServerStableDeviceRescueTest-201714895-project-member] new path /v2/images/c7bf0212-03d3-4af7-9933-395d95047619/file {{(pid=99481) process_request /opt/stack/glance/glance/api/middleware/version_negotiation.py:70}}
Jun 30 16:23:46.795273 np0000004007 devstack@g-api.service[99479]: DEBUG glance.api.middleware.version_negotiation [None req-ca55b5e9-f161-47b2-90b0-25d32cc1ce73 tempest-ServerStableDeviceRescueTest-201714895 tempest-ServerStableDeviceRescueTest-201714895-project-member] Determining version of request: GET /v2/images/c7bf0212-03d3-4af7-9933-395d95047619 Accept: */* {{(pid=99479) process_request /opt/stack/glance/glance/api/middleware/version_negotiation.py:44}}
Jun 30 16:23:46.795452 np0000004007 devstack@g-api.service[99479]: DEBUG glance.api.middleware.version_negotiation [None req-ca55b5e9-f161-47b2-90b0-25d32cc1ce73 tempest-ServerStableDeviceRescueTest-201714895 tempest-ServerStableDeviceRescueTest-201714895-project-member] Using url versioning {{(pid=99479) process_request /opt/stack/glance/glance/api/middleware/version_negotiation.py:57}}
Jun 30 16:23:46.795651 np0000004007 devstack@g-api.service[99479]: DEBUG glance.api.middleware.version_negotiation [None req-ca55b5e9-f161-47b2-90b0-25d32cc1ce73 tempest-ServerStableDeviceRescueTest-201714895 tempest-ServerStableDeviceRescueTest-201714895-project-member] Matched version: v2 {{(pid=99479) process_request /opt/stack/glance/glance/api/middleware/version_negotiation.py:69}}
Jun 30 16:23:46.795811 np0000004007 devstack@g-api.service[99479]: DEBUG glance.api.middleware.version_negotiation [None req-ca55b5e9-f161-47b2-90b0-25d32cc1ce73 tempest-ServerStableDeviceRescueTest-201714895 tempest-ServerStableDeviceRescueTest-201714895-project-member] new path /v2/images/c7bf0212-03d3-4af7-9933-395d95047619 {{(pid=99479) process_request /opt/stack/glance/glance/api/middleware/version_negotiation.py:70}}
Jun 30 16:23:46.824640 np0000004007 devstack@g-api.service[99479]: [pid: 99479|app: 0|req: 90/264] 127.0.0.1 () {44 vars in 1111 bytes} [Tue Jun 30 16:23:46 2026] GET /v2/images/c7bf0212-03d3-4af7-9933-395d95047619 => generated 1444 bytes in 29 msecs (HTTP/1.1 200) 4 headers in 158 bytes (1 switches on core 0)
Jun 30 16:23:46.893048 np0000004007 devstack@g-api.service[99480]: DEBUG glance.api.middleware.version_negotiation [None req-ca55b5e9-f161-47b2-90b0-25d32cc1ce73 tempest-ServerStableDeviceRescueTest-201714895 tempest-ServerStableDeviceRescueTest-201714895-project-member] Determining version of request: GET /v2/schemas/image Accept: */* {{(pid=99480) process_request /opt/stack/glance/glance/api/middleware/version_negotiation.py:44}}
Jun 30 16:23:46.893210 np0000004007 devstack@g-api.service[99480]: DEBUG glance.api.middleware.version_negotiation [None req-ca55b5e9-f161-47b2-90b0-25d32cc1ce73 tempest-ServerStableDeviceRescueTest-201714895 tempest-ServerStableDeviceRescueTest-201714895-project-member] Using url versioning {{(pid=99480) process_request /opt/stack/glance/glance/api/middleware/version_negotiation.py:57}}
Jun 30 16:23:46.893360 np0000004007 devstack@g-api.service[99480]: DEBUG glance.api.middleware.version_negotiation [None req-ca55b5e9-f161-47b2-90b0-25d32cc1ce73 tempest-ServerStableDeviceRescueTest-201714895 tempest-ServerStableDeviceRescueTest-201714895-project-member] Matched version: v2 {{(pid=99480) process_request /opt/stack/glance/glance/api/middleware/version_negotiation.py:69}}
Jun 30 16:23:46.893619 np0000004007 devstack@g-api.service[99480]: DEBUG glance.api.middleware.version_negotiation [None req-ca55b5e9-f161-47b2-90b0-25d32cc1ce73 tempest-ServerStableDeviceRescueTest-201714895 tempest-ServerStableDeviceRescueTest-201714895-project-member] new path /v2/schemas/image {{(pid=99480) process_request /opt/stack/glance/glance/api/middleware/version_negotiation.py:70}}
Jun 30 16:23:46.898857 np0000004007 devstack@g-api.service[99480]: [pid: 99480|app: 0|req: 85/265] 127.0.0.1 () {44 vars in 1051 bytes} [Tue Jun 30 16:23:46 2026] GET /v2/schemas/image => generated 6083 bytes in 6 msecs (HTTP/1.1 200) 4 headers in 158 bytes (1 switches on core 0)
Jun 30 16:23:47.420003 np0000004007 devstack@g-api.service[99481]: INFO glance.api.v2.image_data [None req-ca55b5e9-f161-47b2-90b0-25d32cc1ce73 tempest-ServerStableDeviceRescueTest-201714895 tempest-ServerStableDeviceRescueTest-201714895-project-member] Unable to create trust: no such option collect_timing in group [keystone_authtoken] Use the existing user token.
Jun 30 16:23:47.987129 np0000004007 devstack@g-api.service[99479]: DEBUG glance.api.middleware.version_negotiation [None req-65c6132d-1fa6-4f07-a86a-42eac88d0919 tempest-ServerStableDeviceRescueTest-201714895 tempest-ServerStableDeviceRescueTest-201714895-project-member] Determining version of request: GET /v2/images/c7bf0212-03d3-4af7-9933-395d95047619 Accept: */* {{(pid=99479) process_request /opt/stack/glance/glance/api/middleware/version_negotiation.py:44}}
Jun 30 16:23:47.988404 np0000004007 devstack@g-api.service[99479]: DEBUG glance.api.middleware.version_negotiation [None req-65c6132d-1fa6-4f07-a86a-42eac88d0919 tempest-ServerStableDeviceRescueTest-201714895 tempest-ServerStableDeviceRescueTest-201714895-project-member] Using url versioning {{(pid=99479) process_request /opt/stack/glance/glance/api/middleware/version_negotiation.py:57}}
Jun 30 16:23:47.988404 np0000004007 devstack@g-api.service[99479]: DEBUG glance.api.middleware.version_negotiation [None req-65c6132d-1fa6-4f07-a86a-42eac88d0919 tempest-ServerStableDeviceRescueTest-201714895 tempest-ServerStableDeviceRescueTest-201714895-project-member] Matched version: v2 {{(pid=99479) process_request /opt/stack/glance/glance/api/middleware/version_negotiation.py:69}}
Jun 30 16:23:47.988404 np0000004007 devstack@g-api.service[99479]: DEBUG glance.api.middleware.version_negotiation [None req-65c6132d-1fa6-4f07-a86a-42eac88d0919 tempest-ServerStableDeviceRescueTest-201714895 tempest-ServerStableDeviceRescueTest-201714895-project-member] new path /v2/images/c7bf0212-03d3-4af7-9933-395d95047619 {{(pid=99479) process_request /opt/stack/glance/glance/api/middleware/version_negotiation.py:70}}
Jun 30 16:23:48.003353 np0000004007 devstack@g-api.service[99479]: [pid: 99479|app: 0|req: 91/266] 127.0.0.1 () {44 vars in 1111 bytes} [Tue Jun 30 16:23:47 2026] GET /v2/images/c7bf0212-03d3-4af7-9933-395d95047619 => generated 1444 bytes in 13 msecs (HTTP/1.1 200) 4 headers in 158 bytes (1 switches on core 0)
Jun 30 16:23:48.044456 np0000004007 devstack@g-api.service[99480]: DEBUG glance.api.middleware.version_negotiation [None req-65c6132d-1fa6-4f07-a86a-42eac88d0919 tempest-ServerStableDeviceRescueTest-201714895 tempest-ServerStableDeviceRescueTest-201714895-project-member] Determining version of request: GET /v2/schemas/image Accept: */* {{(pid=99480) process_request /opt/stack/glance/glance/api/middleware/version_negotiation.py:44}}
Jun 30 16:23:48.044456 np0000004007 devstack@g-api.service[99480]: DEBUG glance.api.middleware.version_negotiation [None req-65c6132d-1fa6-4f07-a86a-42eac88d0919 tempest-ServerStableDeviceRescueTest-201714895 tempest-ServerStableDeviceRescueTest-201714895-project-member] Using url versioning {{(pid=99480) process_request /opt/stack/glance/glance/api/middleware/version_negotiation.py:57}}
Jun 30 16:23:48.044456 np0000004007 devstack@g-api.service[99480]: DEBUG glance.api.middleware.version_negotiation [None req-65c6132d-1fa6-4f07-a86a-42eac88d0919 tempest-ServerStableDeviceRescueTest-201714895 tempest-ServerStableDeviceRescueTest-201714895-project-member] Matched version: v2 {{(pid=99480) process_request /opt/stack/glance/glance/api/middleware/version_negotiation.py:69}}
Jun 30 16:23:48.044895 np0000004007 devstack@g-api.service[99480]: DEBUG glance.api.middleware.version_negotiation [None req-65c6132d-1fa6-4f07-a86a-42eac88d0919 tempest-ServerStableDeviceRescueTest-201714895 tempest-ServerStableDeviceRescueTest-201714895-project-member] new path /v2/schemas/image {{(pid=99480) process_request /opt/stack/glance/glance/api/middleware/version_negotiation.py:70}}
Jun 30 16:23:48.049252 np0000004007 devstack@g-api.service[99480]: [pid: 99480|app: 0|req: 86/267] 127.0.0.1 () {44 vars in 1051 bytes} [Tue Jun 30 16:23:48 2026] GET /v2/schemas/image => generated 6083 bytes in 5 msecs (HTTP/1.1 200) 4 headers in 158 bytes (1 switches on core 0)
Jun 30 16:23:48.096100 np0000004007 devstack@g-api.service[99481]: DEBUG glance.location [None req-ca55b5e9-f161-47b2-90b0-25d32cc1ce73 tempest-ServerStableDeviceRescueTest-201714895 tempest-ServerStableDeviceRescueTest-201714895-project-member] Enabling in-flight format inspection for qcow2 {{(pid=99481) set_data /opt/stack/glance/glance/location.py:616}}
Jun 30 16:23:48.096854 np0000004007 devstack@g-api.service[99481]: DEBUG glance_store.backend [None req-ca55b5e9-f161-47b2-90b0-25d32cc1ce73 tempest-ServerStableDeviceRescueTest-201714895 tempest-ServerStableDeviceRescueTest-201714895-project-member] Attempting to import store swift {{(pid=99481) _load_store /opt/stack/data/venv/lib/python3.12/site-packages/glance_store/backend.py:215}}
Jun 30 16:23:48.098779 np0000004007 devstack@g-api.service[99481]: DEBUG glance_store.capabilities [None req-ca55b5e9-f161-47b2-90b0-25d32cc1ce73 tempest-ServerStableDeviceRescueTest-201714895 tempest-ServerStableDeviceRescueTest-201714895-project-member] Store glance_store._drivers.swift.store.SingleTenantStore doesn't support updating dynamic storage capabilities. Please overwrite 'update_capabilities' method of the store to implement updating logics if needed. {{(pid=99481) update_capabilities /opt/stack/data/venv/lib/python3.12/site-packages/glance_store/capabilities.py:91}}
Jun 30 16:23:48.098933 np0000004007 devstack@g-api.service[99481]: DEBUG glance_store.driver [None req-ca55b5e9-f161-47b2-90b0-25d32cc1ce73 tempest-ServerStableDeviceRescueTest-201714895 tempest-ServerStableDeviceRescueTest-201714895-project-member] Late loading location class glance_store._drivers.swift.store.StoreLocation {{(pid=99481) get_store_location_class /opt/stack/data/venv/lib/python3.12/site-packages/glance_store/driver.py:134}}
Jun 30 16:23:48.099084 np0000004007 devstack@g-api.service[99481]: DEBUG glance_store.location [None req-ca55b5e9-f161-47b2-90b0-25d32cc1ce73 tempest-ServerStableDeviceRescueTest-201714895 tempest-ServerStableDeviceRescueTest-201714895-project-member] Registering scheme swift+https with {'store': , 'location_class': , 'store_entry': 'swift'} {{(pid=99481) register_scheme_map /opt/stack/data/venv/lib/python3.12/site-packages/glance_store/location.py:146}}
Jun 30 16:23:48.099212 np0000004007 devstack@g-api.service[99481]: DEBUG glance_store.location [None req-ca55b5e9-f161-47b2-90b0-25d32cc1ce73 tempest-ServerStableDeviceRescueTest-201714895 tempest-ServerStableDeviceRescueTest-201714895-project-member] Registering scheme swift+https with {'store': , 'location_class': , 'store_entry': 'swift'} {{(pid=99481) register_scheme_map /opt/stack/data/venv/lib/python3.12/site-packages/glance_store/location.py:146}}
Jun 30 16:23:48.099353 np0000004007 devstack@g-api.service[99481]: DEBUG glance_store.location [None req-ca55b5e9-f161-47b2-90b0-25d32cc1ce73 tempest-ServerStableDeviceRescueTest-201714895 tempest-ServerStableDeviceRescueTest-201714895-project-member] Registering scheme swift with {'store': , 'location_class': , 'store_entry': 'swift'} {{(pid=99481) register_scheme_map /opt/stack/data/venv/lib/python3.12/site-packages/glance_store/location.py:146}}
Jun 30 16:23:48.099481 np0000004007 devstack@g-api.service[99481]: DEBUG glance_store.location [None req-ca55b5e9-f161-47b2-90b0-25d32cc1ce73 tempest-ServerStableDeviceRescueTest-201714895 tempest-ServerStableDeviceRescueTest-201714895-project-member] Registering scheme swift+https with {'store': , 'location_class': , 'store_entry': 'swift'} {{(pid=99481) register_scheme_map /opt/stack/data/venv/lib/python3.12/site-packages/glance_store/location.py:146}}
Jun 30 16:23:48.099647 np0000004007 devstack@g-api.service[99481]: DEBUG glance_store.location [None req-ca55b5e9-f161-47b2-90b0-25d32cc1ce73 tempest-ServerStableDeviceRescueTest-201714895 tempest-ServerStableDeviceRescueTest-201714895-project-member] Registering scheme swift with {'store': , 'location_class': , 'store_entry': 'swift'} {{(pid=99481) register_scheme_map /opt/stack/data/venv/lib/python3.12/site-packages/glance_store/location.py:146}}
Jun 30 16:23:48.099757 np0000004007 devstack@g-api.service[99481]: DEBUG glance_store.location [None req-ca55b5e9-f161-47b2-90b0-25d32cc1ce73 tempest-ServerStableDeviceRescueTest-201714895 tempest-ServerStableDeviceRescueTest-201714895-project-member] Registering scheme swift+http with {'store': , 'location_class': , 'store_entry': 'swift'} {{(pid=99481) register_scheme_map /opt/stack/data/venv/lib/python3.12/site-packages/glance_store/location.py:146}}
Jun 30 16:23:48.099874 np0000004007 devstack@g-api.service[99481]: DEBUG glance_store.location [None req-ca55b5e9-f161-47b2-90b0-25d32cc1ce73 tempest-ServerStableDeviceRescueTest-201714895 tempest-ServerStableDeviceRescueTest-201714895-project-member] Registering scheme swift+https with {'store': , 'location_class': , 'store_entry': 'swift'} {{(pid=99481) register_scheme_map /opt/stack/data/venv/lib/python3.12/site-packages/glance_store/location.py:146}}
Jun 30 16:23:48.099990 np0000004007 devstack@g-api.service[99481]: DEBUG glance_store.location [None req-ca55b5e9-f161-47b2-90b0-25d32cc1ce73 tempest-ServerStableDeviceRescueTest-201714895 tempest-ServerStableDeviceRescueTest-201714895-project-member] Registering scheme swift with {'store': , 'location_class': , 'store_entry': 'swift'} {{(pid=99481) register_scheme_map /opt/stack/data/venv/lib/python3.12/site-packages/glance_store/location.py:146}}
Jun 30 16:23:48.100103 np0000004007 devstack@g-api.service[99481]: DEBUG glance_store.location [None req-ca55b5e9-f161-47b2-90b0-25d32cc1ce73 tempest-ServerStableDeviceRescueTest-201714895 tempest-ServerStableDeviceRescueTest-201714895-project-member] Registering scheme swift+http with {'store': , 'location_class': , 'store_entry': 'swift'} {{(pid=99481) register_scheme_map /opt/stack/data/venv/lib/python3.12/site-packages/glance_store/location.py:146}}
Jun 30 16:23:48.100218 np0000004007 devstack@g-api.service[99481]: DEBUG glance_store.location [None req-ca55b5e9-f161-47b2-90b0-25d32cc1ce73 tempest-ServerStableDeviceRescueTest-201714895 tempest-ServerStableDeviceRescueTest-201714895-project-member] Registering scheme swift+config with {'store': , 'location_class': , 'store_entry': 'swift'} {{(pid=99481) register_scheme_map /opt/stack/data/venv/lib/python3.12/site-packages/glance_store/location.py:146}}
Jun 30 16:23:48.282032 np0000004007 devstack@g-api.service[99479]: DEBUG glance.api.middleware.version_negotiation [None req-ca9f20ec-d17d-4cac-b1f4-930258b9228a tempest-ServerStableDeviceRescueTest-201714895 tempest-ServerStableDeviceRescueTest-201714895-project-member] Determining version of request: GET /v2/images/dfc6b96c-5f3c-4c4a-8ebb-30e18b56a2be Accept: */* {{(pid=99479) process_request /opt/stack/glance/glance/api/middleware/version_negotiation.py:44}}
Jun 30 16:23:48.282032 np0000004007 devstack@g-api.service[99479]: DEBUG glance.api.middleware.version_negotiation [None req-ca9f20ec-d17d-4cac-b1f4-930258b9228a tempest-ServerStableDeviceRescueTest-201714895 tempest-ServerStableDeviceRescueTest-201714895-project-member] Using url versioning {{(pid=99479) process_request /opt/stack/glance/glance/api/middleware/version_negotiation.py:57}}
Jun 30 16:23:48.282032 np0000004007 devstack@g-api.service[99479]: DEBUG glance.api.middleware.version_negotiation [None req-ca9f20ec-d17d-4cac-b1f4-930258b9228a tempest-ServerStableDeviceRescueTest-201714895 tempest-ServerStableDeviceRescueTest-201714895-project-member] Matched version: v2 {{(pid=99479) process_request /opt/stack/glance/glance/api/middleware/version_negotiation.py:69}}
Jun 30 16:23:48.282032 np0000004007 devstack@g-api.service[99479]: DEBUG glance.api.middleware.version_negotiation [None req-ca9f20ec-d17d-4cac-b1f4-930258b9228a tempest-ServerStableDeviceRescueTest-201714895 tempest-ServerStableDeviceRescueTest-201714895-project-member] new path /v2/images/dfc6b96c-5f3c-4c4a-8ebb-30e18b56a2be {{(pid=99479) process_request /opt/stack/glance/glance/api/middleware/version_negotiation.py:70}}
Jun 30 16:23:48.314184 np0000004007 devstack@g-api.service[99479]: [pid: 99479|app: 0|req: 92/268] 127.0.0.1 () {44 vars in 1111 bytes} [Tue Jun 30 16:23:48 2026] GET /v2/images/dfc6b96c-5f3c-4c4a-8ebb-30e18b56a2be => generated 1044 bytes in 33 msecs (HTTP/1.1 200) 4 headers in 158 bytes (1 switches on core 0)
Jun 30 16:23:48.355929 np0000004007 devstack@g-api.service[99481]: DEBUG swiftclient [None req-ca55b5e9-f161-47b2-90b0-25d32cc1ce73 tempest-ServerStableDeviceRescueTest-201714895 tempest-ServerStableDeviceRescueTest-201714895-project-member] REQ: curl -i https://10.4.3.16:8080/v1/AUTH_e1e5e47fc68f42529e338981498c36e0/glance -I -H "X-Auth-Token: gAAAAABqQ-2UAwOF..." {{(pid=99481) http_log /opt/stack/data/venv/lib/python3.12/site-packages/swiftclient/client.py:160}}
Jun 30 16:23:48.355929 np0000004007 devstack@g-api.service[99481]: DEBUG swiftclient [None req-ca55b5e9-f161-47b2-90b0-25d32cc1ce73 tempest-ServerStableDeviceRescueTest-201714895 tempest-ServerStableDeviceRescueTest-201714895-project-member] RESP STATUS: 204 No Content {{(pid=99481) http_log /opt/stack/data/venv/lib/python3.12/site-packages/swiftclient/client.py:161}}
Jun 30 16:23:48.355929 np0000004007 devstack@g-api.service[99481]: DEBUG swiftclient [None req-ca55b5e9-f161-47b2-90b0-25d32cc1ce73 tempest-ServerStableDeviceRescueTest-201714895 tempest-ServerStableDeviceRescueTest-201714895-project-member] RESP HEADERS: {'Date': 'Tue, 30 Jun 2026 16:23:48 GMT', 'Server': 'Apache/2.4.58 (Ubuntu)', 'Content-Type': 'text/plain; charset=utf-8', 'X-Container-Object-Count': '7', 'X-Container-Bytes-Used': '111411200', 'X-Timestamp': '1782836293.40074', 'Last-Modified': 'Tue, 30 Jun 2026 16:18:14 GMT', 'Accept-Ranges': 'bytes', 'X-Storage-Policy': 'Policy-0', 'X-Container-Sharding': 'False', 'Vary': 'Accept', 'X-Trans-Id': 'txc06e82b60203464e84e23-006a43ed94', 'X-Openstack-Request-Id': 'txc06e82b60203464e84e23-006a43ed94', 'Connection': 'close'} {{(pid=99481) http_log /opt/stack/data/venv/lib/python3.12/site-packages/swiftclient/client.py:162}}
Jun 30 16:23:48.356130 np0000004007 devstack@g-api.service[99481]: DEBUG glance_store._drivers.swift.store [None req-ca55b5e9-f161-47b2-90b0-25d32cc1ce73 tempest-ServerStableDeviceRescueTest-201714895 tempest-ServerStableDeviceRescueTest-201714895-project-member] Adding image object 'c7bf0212-03d3-4af7-9933-395d95047619' to Swift {{(pid=99481) add /opt/stack/data/venv/lib/python3.12/site-packages/glance_store/_drivers/swift/store.py:970}}
Jun 30 16:23:48.356180 np0000004007 devstack@g-api.service[99481]: DEBUG glance_store._drivers.swift.store [None req-ca55b5e9-f161-47b2-90b0-25d32cc1ce73 tempest-ServerStableDeviceRescueTest-201714895 tempest-ServerStableDeviceRescueTest-201714895-project-member] Cannot determine image size because it is either not provided in the request or chunked-transfer encoding is used. Adding image as a segmented object to Swift. {{(pid=99481) add /opt/stack/data/venv/lib/python3.12/site-packages/glance_store/_drivers/swift/store.py:994}}
Jun 30 16:23:48.356565 np0000004007 devstack@g-api.service[99480]: DEBUG glance.api.middleware.version_negotiation [None req-ca9f20ec-d17d-4cac-b1f4-930258b9228a tempest-ServerStableDeviceRescueTest-201714895 tempest-ServerStableDeviceRescueTest-201714895-project-member] Determining version of request: GET /v2/schemas/image Accept: */* {{(pid=99480) process_request /opt/stack/glance/glance/api/middleware/version_negotiation.py:44}}
Jun 30 16:23:48.356890 np0000004007 devstack@g-api.service[99480]: DEBUG glance.api.middleware.version_negotiation [None req-ca9f20ec-d17d-4cac-b1f4-930258b9228a tempest-ServerStableDeviceRescueTest-201714895 tempest-ServerStableDeviceRescueTest-201714895-project-member] Using url versioning {{(pid=99480) process_request /opt/stack/glance/glance/api/middleware/version_negotiation.py:57}}
Jun 30 16:23:48.357139 np0000004007 devstack@g-api.service[99480]: DEBUG glance.api.middleware.version_negotiation [None req-ca9f20ec-d17d-4cac-b1f4-930258b9228a tempest-ServerStableDeviceRescueTest-201714895 tempest-ServerStableDeviceRescueTest-201714895-project-member] Matched version: v2 {{(pid=99480) process_request /opt/stack/glance/glance/api/middleware/version_negotiation.py:69}}
Jun 30 16:23:48.357296 np0000004007 devstack@g-api.service[99480]: DEBUG glance.api.middleware.version_negotiation [None req-ca9f20ec-d17d-4cac-b1f4-930258b9228a tempest-ServerStableDeviceRescueTest-201714895 tempest-ServerStableDeviceRescueTest-201714895-project-member] new path /v2/schemas/image {{(pid=99480) process_request /opt/stack/glance/glance/api/middleware/version_negotiation.py:70}}
Jun 30 16:23:48.365008 np0000004007 devstack@g-api.service[99480]: [pid: 99480|app: 0|req: 87/269] 127.0.0.1 () {44 vars in 1051 bytes} [Tue Jun 30 16:23:48 2026] GET /v2/schemas/image => generated 6083 bytes in 9 msecs (HTTP/1.1 200) 4 headers in 158 bytes (1 switches on core 0)
Jun 30 16:23:48.368041 np0000004007 devstack@g-api.service[99481]: DEBUG oslo_utils.imageutils.format_inspector [None req-ca55b5e9-f161-47b2-90b0-25d32cc1ce73 tempest-ServerStableDeviceRescueTest-201714895 tempest-ServerStableDeviceRescueTest-201714895-project-member] Format inspector for vmdk does not match, excluding from consideration (Signature KDMV not found: b'QFI\xfb') {{(pid=99481) _process_chunk /opt/stack/data/venv/lib/python3.12/site-packages/oslo_utils/imageutils/format_inspector.py:1758}}
Jun 30 16:23:48.372387 np0000004007 devstack@g-api.service[99481]: DEBUG oslo_utils.imageutils.format_inspector [None req-ca55b5e9-f161-47b2-90b0-25d32cc1ce73 tempest-ServerStableDeviceRescueTest-201714895 tempest-ServerStableDeviceRescueTest-201714895-project-member] Format inspector for vhdx does not match, excluding from consideration (Region signature not found at 30000) {{(pid=99481) _process_chunk /opt/stack/data/venv/lib/python3.12/site-packages/oslo_utils/imageutils/format_inspector.py:1758}}
Jun 30 16:23:49.122529 np0000004007 devstack@g-api.service[99481]: DEBUG swiftclient [None req-ca55b5e9-f161-47b2-90b0-25d32cc1ce73 tempest-ServerStableDeviceRescueTest-201714895 tempest-ServerStableDeviceRescueTest-201714895-project-member] REQ: curl -i https://10.4.3.16:8080/v1/AUTH_e1e5e47fc68f42529e338981498c36e0/glance/c7bf0212-03d3-4af7-9933-395d95047619-00001 -X PUT -H "X-Auth-Token: gAAAAABqQ-2UAwOF..." {{(pid=99481) http_log /opt/stack/data/venv/lib/python3.12/site-packages/swiftclient/client.py:160}}
Jun 30 16:23:49.123036 np0000004007 devstack@g-api.service[99481]: DEBUG swiftclient [None req-ca55b5e9-f161-47b2-90b0-25d32cc1ce73 tempest-ServerStableDeviceRescueTest-201714895 tempest-ServerStableDeviceRescueTest-201714895-project-member] RESP STATUS: 201 Created {{(pid=99481) http_log /opt/stack/data/venv/lib/python3.12/site-packages/swiftclient/client.py:161}}
Jun 30 16:23:49.123274 np0000004007 devstack@g-api.service[99481]: DEBUG swiftclient [None req-ca55b5e9-f161-47b2-90b0-25d32cc1ce73 tempest-ServerStableDeviceRescueTest-201714895 tempest-ServerStableDeviceRescueTest-201714895-project-member] RESP HEADERS: {'Date': 'Tue, 30 Jun 2026 16:23:49 GMT', 'Server': 'Apache/2.4.58 (Ubuntu)', 'Content-Type': 'text/html; charset=UTF-8', 'Content-Length': '0', 'Etag': '068b930d72bc808c3fd1cecfa561183c', 'Last-Modified': 'Tue, 30 Jun 2026 16:23:49 GMT', 'X-Trans-Id': 'txdfea3bc2ce764e17af512-006a43ed94', 'X-Openstack-Request-Id': 'txdfea3bc2ce764e17af512-006a43ed94', 'Connection': 'close'} {{(pid=99481) http_log /opt/stack/data/venv/lib/python3.12/site-packages/swiftclient/client.py:162}}
Jun 30 16:23:49.123274 np0000004007 devstack@g-api.service[99481]: DEBUG glance_store._drivers.swift.store [None req-ca55b5e9-f161-47b2-90b0-25d32cc1ce73 tempest-ServerStableDeviceRescueTest-201714895 tempest-ServerStableDeviceRescueTest-201714895-project-member] Wrote chunk c7bf0212-03d3-4af7-9933-395d95047619-00001 (1/?) of length 53870592 to Swift returning MD5 of content: 068b930d72bc808c3fd1cecfa561183c {{(pid=99481) add /opt/stack/data/venv/lib/python3.12/site-packages/glance_store/_drivers/swift/store.py:1059}}
Jun 30 16:23:49.123755 np0000004007 devstack@g-api.service[99481]: DEBUG glance_store._drivers.swift.store [None req-ca55b5e9-f161-47b2-90b0-25d32cc1ce73 tempest-ServerStableDeviceRescueTest-201714895 tempest-ServerStableDeviceRescueTest-201714895-project-member] Not writing zero-length chunk. {{(pid=99481) add /opt/stack/data/venv/lib/python3.12/site-packages/glance_store/_drivers/swift/store.py:1028}}
Jun 30 16:23:49.154001 np0000004007 devstack@g-api.service[99479]: DEBUG glance.api.middleware.version_negotiation [None req-3a2c5a17-d063-4a39-aba3-7afc0ac17386 tempest-TaggedBootDevicesTest_v242-844647338 tempest-TaggedBootDevicesTest_v242-844647338-project-member] Determining version of request: GET /v2/images/c7bf0212-03d3-4af7-9933-395d95047619 Accept: */* {{(pid=99479) process_request /opt/stack/glance/glance/api/middleware/version_negotiation.py:44}}
Jun 30 16:23:49.154001 np0000004007 devstack@g-api.service[99479]: DEBUG glance.api.middleware.version_negotiation [None req-3a2c5a17-d063-4a39-aba3-7afc0ac17386 tempest-TaggedBootDevicesTest_v242-844647338 tempest-TaggedBootDevicesTest_v242-844647338-project-member] Using url versioning {{(pid=99479) process_request /opt/stack/glance/glance/api/middleware/version_negotiation.py:57}}
Jun 30 16:23:49.154590 np0000004007 devstack@g-api.service[99479]: DEBUG glance.api.middleware.version_negotiation [None req-3a2c5a17-d063-4a39-aba3-7afc0ac17386 tempest-TaggedBootDevicesTest_v242-844647338 tempest-TaggedBootDevicesTest_v242-844647338-project-member] Matched version: v2 {{(pid=99479) process_request /opt/stack/glance/glance/api/middleware/version_negotiation.py:69}}
Jun 30 16:23:49.154590 np0000004007 devstack@g-api.service[99479]: DEBUG glance.api.middleware.version_negotiation [None req-3a2c5a17-d063-4a39-aba3-7afc0ac17386 tempest-TaggedBootDevicesTest_v242-844647338 tempest-TaggedBootDevicesTest_v242-844647338-project-member] new path /v2/images/c7bf0212-03d3-4af7-9933-395d95047619 {{(pid=99479) process_request /opt/stack/glance/glance/api/middleware/version_negotiation.py:70}}
Jun 30 16:23:49.166837 np0000004007 devstack@g-api.service[99479]: [pid: 99479|app: 0|req: 93/270] 127.0.0.1 () {44 vars in 1111 bytes} [Tue Jun 30 16:23:49 2026] GET /v2/images/c7bf0212-03d3-4af7-9933-395d95047619 => generated 1444 bytes in 13 msecs (HTTP/1.1 200) 4 headers in 158 bytes (1 switches on core 0)
Jun 30 16:23:49.170498 np0000004007 devstack@g-api.service[99481]: DEBUG swiftclient [None req-ca55b5e9-f161-47b2-90b0-25d32cc1ce73 tempest-ServerStableDeviceRescueTest-201714895 tempest-ServerStableDeviceRescueTest-201714895-project-member] REQ: curl -i https://10.4.3.16:8080/v1/AUTH_e1e5e47fc68f42529e338981498c36e0/glance/c7bf0212-03d3-4af7-9933-395d95047619 -X PUT -H "X-Object-Manifest: glance/c7bf0212-03d3-4af7-9933-395d95047619-" -H "X-Auth-Token: gAAAAABqQ-2UAwOF..." -H "Content-Length: 0" {{(pid=99481) http_log /opt/stack/data/venv/lib/python3.12/site-packages/swiftclient/client.py:160}}
Jun 30 16:23:49.170852 np0000004007 devstack@g-api.service[99481]: DEBUG swiftclient [None req-ca55b5e9-f161-47b2-90b0-25d32cc1ce73 tempest-ServerStableDeviceRescueTest-201714895 tempest-ServerStableDeviceRescueTest-201714895-project-member] RESP STATUS: 201 Created {{(pid=99481) http_log /opt/stack/data/venv/lib/python3.12/site-packages/swiftclient/client.py:161}}
Jun 30 16:23:49.171072 np0000004007 devstack@g-api.service[99481]: DEBUG swiftclient [None req-ca55b5e9-f161-47b2-90b0-25d32cc1ce73 tempest-ServerStableDeviceRescueTest-201714895 tempest-ServerStableDeviceRescueTest-201714895-project-member] RESP HEADERS: {'Date': 'Tue, 30 Jun 2026 16:23:49 GMT', 'Server': 'Apache/2.4.58 (Ubuntu)', 'Content-Type': 'text/html; charset=UTF-8', 'Content-Length': '0', 'Etag': 'd41d8cd98f00b204e9800998ecf8427e', 'Last-Modified': 'Tue, 30 Jun 2026 16:23:50 GMT', 'X-Trans-Id': 'tx9dbe31b1b30d41bc9160e-006a43ed95', 'X-Openstack-Request-Id': 'tx9dbe31b1b30d41bc9160e-006a43ed95', 'Connection': 'close'} {{(pid=99481) http_log /opt/stack/data/venv/lib/python3.12/site-packages/swiftclient/client.py:162}}
Jun 30 16:23:49.173347 np0000004007 devstack@g-api.service[99481]: INFO glance.location [None req-ca55b5e9-f161-47b2-90b0-25d32cc1ce73 tempest-ServerStableDeviceRescueTest-201714895 tempest-ServerStableDeviceRescueTest-201714895-project-member] Image format matched and virtual size computed: 1073741824
Jun 30 16:23:49.208088 np0000004007 devstack@g-api.service[99480]: DEBUG glance.api.middleware.version_negotiation [None req-3a2c5a17-d063-4a39-aba3-7afc0ac17386 tempest-TaggedBootDevicesTest_v242-844647338 tempest-TaggedBootDevicesTest_v242-844647338-project-member] Determining version of request: GET /v2/schemas/image Accept: */* {{(pid=99480) process_request /opt/stack/glance/glance/api/middleware/version_negotiation.py:44}}
Jun 30 16:23:49.209598 np0000004007 devstack@g-api.service[99480]: DEBUG glance.api.middleware.version_negotiation [None req-3a2c5a17-d063-4a39-aba3-7afc0ac17386 tempest-TaggedBootDevicesTest_v242-844647338 tempest-TaggedBootDevicesTest_v242-844647338-project-member] Using url versioning {{(pid=99480) process_request /opt/stack/glance/glance/api/middleware/version_negotiation.py:57}}
Jun 30 16:23:49.210717 np0000004007 devstack@g-api.service[99480]: DEBUG glance.api.middleware.version_negotiation [None req-3a2c5a17-d063-4a39-aba3-7afc0ac17386 tempest-TaggedBootDevicesTest_v242-844647338 tempest-TaggedBootDevicesTest_v242-844647338-project-member] Matched version: v2 {{(pid=99480) process_request /opt/stack/glance/glance/api/middleware/version_negotiation.py:69}}
Jun 30 16:23:49.211005 np0000004007 devstack@g-api.service[99480]: DEBUG glance.api.middleware.version_negotiation [None req-3a2c5a17-d063-4a39-aba3-7afc0ac17386 tempest-TaggedBootDevicesTest_v242-844647338 tempest-TaggedBootDevicesTest_v242-844647338-project-member] new path /v2/schemas/image {{(pid=99480) process_request /opt/stack/glance/glance/api/middleware/version_negotiation.py:70}}
Jun 30 16:23:49.216079 np0000004007 devstack@g-api.service[99480]: [pid: 99480|app: 0|req: 88/271] 127.0.0.1 () {44 vars in 1051 bytes} [Tue Jun 30 16:23:49 2026] GET /v2/schemas/image => generated 6083 bytes in 8 msecs (HTTP/1.1 200) 4 headers in 158 bytes (1 switches on core 0)
Jun 30 16:23:49.238797 np0000004007 devstack@g-api.service[99481]: DEBUG glance_store.backend [None req-ca55b5e9-f161-47b2-90b0-25d32cc1ce73 tempest-ServerStableDeviceRescueTest-201714895 tempest-ServerStableDeviceRescueTest-201714895-project-member] Attempting to import store swift {{(pid=99481) _load_store /opt/stack/data/venv/lib/python3.12/site-packages/glance_store/backend.py:215}}
Jun 30 16:23:49.241037 np0000004007 devstack@g-api.service[99481]: DEBUG glance_store.capabilities [None req-ca55b5e9-f161-47b2-90b0-25d32cc1ce73 tempest-ServerStableDeviceRescueTest-201714895 tempest-ServerStableDeviceRescueTest-201714895-project-member] Store glance_store._drivers.swift.store.SingleTenantStore doesn't support updating dynamic storage capabilities. Please overwrite 'update_capabilities' method of the store to implement updating logics if needed. {{(pid=99481) update_capabilities /opt/stack/data/venv/lib/python3.12/site-packages/glance_store/capabilities.py:91}}
Jun 30 16:23:49.241203 np0000004007 devstack@g-api.service[99481]: DEBUG glance_store.driver [None req-ca55b5e9-f161-47b2-90b0-25d32cc1ce73 tempest-ServerStableDeviceRescueTest-201714895 tempest-ServerStableDeviceRescueTest-201714895-project-member] Late loading location class glance_store._drivers.swift.store.StoreLocation {{(pid=99481) get_store_location_class /opt/stack/data/venv/lib/python3.12/site-packages/glance_store/driver.py:134}}
Jun 30 16:23:49.241702 np0000004007 devstack@g-api.service[99481]: DEBUG glance_store.location [None req-ca55b5e9-f161-47b2-90b0-25d32cc1ce73 tempest-ServerStableDeviceRescueTest-201714895 tempest-ServerStableDeviceRescueTest-201714895-project-member] Registering scheme swift+https with {'store': , 'location_class': , 'store_entry': 'swift'} {{(pid=99481) register_scheme_map /opt/stack/data/venv/lib/python3.12/site-packages/glance_store/location.py:146}}
Jun 30 16:23:49.241702 np0000004007 devstack@g-api.service[99481]: DEBUG glance_store.location [None req-ca55b5e9-f161-47b2-90b0-25d32cc1ce73 tempest-ServerStableDeviceRescueTest-201714895 tempest-ServerStableDeviceRescueTest-201714895-project-member] Registering scheme swift+https with {'store': , 'location_class': , 'store_entry': 'swift'} {{(pid=99481) register_scheme_map /opt/stack/data/venv/lib/python3.12/site-packages/glance_store/location.py:146}}
