Jun 30 16:17:40.021618 np0000004007 nova-scheduler[93189]: DEBUG cotyledon.oslo_config_glue [-] oslo_limit.certfile = None {{(pid=93189) log_opt_values /opt/stack/data/venv/lib/python3.12/site-packages/oslo_config/cfg.py:3253}}
Jun 30 16:17:40.021618 np0000004007 nova-scheduler[93189]: DEBUG cotyledon.oslo_config_glue [-] oslo_limit.collect_timing = False {{(pid=93189) log_opt_values /opt/stack/data/venv/lib/python3.12/site-packages/oslo_config/cfg.py:3253}}
Jun 30 16:17:40.021923 np0000004007 nova-scheduler[93189]: DEBUG cotyledon.oslo_config_glue [-] oslo_limit.connect_retries = None {{(pid=93189) log_opt_values /opt/stack/data/venv/lib/python3.12/site-packages/oslo_config/cfg.py:3253}}
Jun 30 16:17:40.021923 np0000004007 nova-scheduler[93189]: DEBUG cotyledon.oslo_config_glue [-] oslo_limit.connect_retry_delay = None {{(pid=93189) log_opt_values /opt/stack/data/venv/lib/python3.12/site-packages/oslo_config/cfg.py:3253}}
Jun 30 16:17:40.021923 np0000004007 nova-scheduler[93189]: DEBUG cotyledon.oslo_config_glue [-] oslo_limit.endpoint_id = None {{(pid=93189) log_opt_values /opt/stack/data/venv/lib/python3.12/site-packages/oslo_config/cfg.py:3253}}
Jun 30 16:17:40.021923 np0000004007 nova-scheduler[93189]: DEBUG cotyledon.oslo_config_glue [-] oslo_limit.endpoint_interface = public {{(pid=93189) log_opt_values /opt/stack/data/venv/lib/python3.12/site-packages/oslo_config/cfg.py:3253}}
Jun 30 16:17:40.021923 np0000004007 nova-scheduler[93189]: DEBUG cotyledon.oslo_config_glue [-] oslo_limit.endpoint_override = None {{(pid=93189) log_opt_values /opt/stack/data/venv/lib/python3.12/site-packages/oslo_config/cfg.py:3253}}
Jun 30 16:17:40.021923 np0000004007 nova-scheduler[93189]: DEBUG cotyledon.oslo_config_glue [-] oslo_limit.endpoint_region_name = None {{(pid=93189) log_opt_values /opt/stack/data/venv/lib/python3.12/site-packages/oslo_config/cfg.py:3253}}
Jun 30 16:17:40.021923 np0000004007 nova-scheduler[93189]: DEBUG cotyledon.oslo_config_glue [-] oslo_limit.endpoint_service_name = None {{(pid=93189) log_opt_values /opt/stack/data/venv/lib/python3.12/site-packages/oslo_config/cfg.py:3253}}
Jun 30 16:17:40.021923 np0000004007 nova-scheduler[93189]: DEBUG cotyledon.oslo_config_glue [-] oslo_limit.endpoint_service_type = None {{(pid=93189) log_opt_values /opt/stack/data/venv/lib/python3.12/site-packages/oslo_config/cfg.py:3253}}
Jun 30 16:17:40.021923 np0000004007 nova-scheduler[93189]: DEBUG cotyledon.oslo_config_glue [-] oslo_limit.insecure = False {{(pid=93189) log_opt_values /opt/stack/data/venv/lib/python3.12/site-packages/oslo_config/cfg.py:3253}}
Jun 30 16:17:40.022160 np0000004007 nova-scheduler[93189]: DEBUG cotyledon.oslo_config_glue [-] oslo_limit.keyfile = None {{(pid=93189) log_opt_values /opt/stack/data/venv/lib/python3.12/site-packages/oslo_config/cfg.py:3253}}
Jun 30 16:17:40.022160 np0000004007 nova-scheduler[93189]: DEBUG cotyledon.oslo_config_glue [-] oslo_limit.max_version = None {{(pid=93189) log_opt_values /opt/stack/data/venv/lib/python3.12/site-packages/oslo_config/cfg.py:3253}}
Jun 30 16:17:40.022160 np0000004007 nova-scheduler[93189]: DEBUG cotyledon.oslo_config_glue [-] oslo_limit.min_version = None {{(pid=93189) log_opt_values /opt/stack/data/venv/lib/python3.12/site-packages/oslo_config/cfg.py:3253}}
Jun 30 16:17:40.022160 np0000004007 nova-scheduler[93189]: DEBUG cotyledon.oslo_config_glue [-] oslo_limit.region_name = None {{(pid=93189) log_opt_values /opt/stack/data/venv/lib/python3.12/site-packages/oslo_config/cfg.py:3253}}
Jun 30 16:17:40.022160 np0000004007 nova-scheduler[93189]: DEBUG cotyledon.oslo_config_glue [-] oslo_limit.retriable_status_codes = None {{(pid=93189) log_opt_values /opt/stack/data/venv/lib/python3.12/site-packages/oslo_config/cfg.py:3253}}
Jun 30 16:17:40.022160 np0000004007 nova-scheduler[93189]: DEBUG cotyledon.oslo_config_glue [-] oslo_limit.service_name = None {{(pid=93189) log_opt_values /opt/stack/data/venv/lib/python3.12/site-packages/oslo_config/cfg.py:3253}}
Jun 30 16:17:40.022160 np0000004007 nova-scheduler[93189]: DEBUG cotyledon.oslo_config_glue [-] oslo_limit.service_type = None {{(pid=93189) log_opt_values /opt/stack/data/venv/lib/python3.12/site-packages/oslo_config/cfg.py:3253}}
Jun 30 16:17:40.022160 np0000004007 nova-scheduler[93189]: DEBUG cotyledon.oslo_config_glue [-] oslo_limit.split_loggers = False {{(pid=93189) log_opt_values /opt/stack/data/venv/lib/python3.12/site-packages/oslo_config/cfg.py:3253}}
Jun 30 16:17:40.022160 np0000004007 nova-scheduler[93189]: DEBUG cotyledon.oslo_config_glue [-] oslo_limit.status_code_retries = None {{(pid=93189) log_opt_values /opt/stack/data/venv/lib/python3.12/site-packages/oslo_config/cfg.py:3253}}
Jun 30 16:17:40.022354 np0000004007 nova-scheduler[93189]: DEBUG cotyledon.oslo_config_glue [-] oslo_limit.status_code_retry_delay = None {{(pid=93189) log_opt_values /opt/stack/data/venv/lib/python3.12/site-packages/oslo_config/cfg.py:3253}}
Jun 30 16:17:40.022354 np0000004007 nova-scheduler[93189]: DEBUG cotyledon.oslo_config_glue [-] oslo_limit.timeout = None {{(pid=93189) log_opt_values /opt/stack/data/venv/lib/python3.12/site-packages/oslo_config/cfg.py:3253}}
Jun 30 16:17:40.022354 np0000004007 nova-scheduler[93189]: DEBUG cotyledon.oslo_config_glue [-] oslo_limit.valid_interfaces = None {{(pid=93189) log_opt_values /opt/stack/data/venv/lib/python3.12/site-packages/oslo_config/cfg.py:3253}}
Jun 30 16:17:40.022354 np0000004007 nova-scheduler[93189]: DEBUG cotyledon.oslo_config_glue [-] oslo_limit.version = None {{(pid=93189) log_opt_values /opt/stack/data/venv/lib/python3.12/site-packages/oslo_config/cfg.py:3253}}
Jun 30 16:17:40.022354 np0000004007 nova-scheduler[93189]: DEBUG cotyledon.oslo_config_glue [-] oslo_reports.file_event_handler = None {{(pid=93189) log_opt_values /opt/stack/data/venv/lib/python3.12/site-packages/oslo_config/cfg.py:3253}}
Jun 30 16:17:40.022354 np0000004007 nova-scheduler[93189]: DEBUG cotyledon.oslo_config_glue [-] oslo_reports.file_event_handler_interval = 1 {{(pid=93189) log_opt_values /opt/stack/data/venv/lib/python3.12/site-packages/oslo_config/cfg.py:3253}}
Jun 30 16:17:40.022354 np0000004007 nova-scheduler[93189]: DEBUG cotyledon.oslo_config_glue [-] oslo_reports.log_dir = None {{(pid=93189) log_opt_values /opt/stack/data/venv/lib/python3.12/site-packages/oslo_config/cfg.py:3253}}
Jun 30 16:17:40.022354 np0000004007 nova-scheduler[93189]: DEBUG cotyledon.oslo_config_glue [-] ******************************************************************************** {{(pid=93189) log_opt_values /opt/stack/data/venv/lib/python3.12/site-packages/oslo_config/cfg.py:3260}}
Jun 30 16:17:40.022354 np0000004007 nova-scheduler[93189]: DEBUG cotyledon._service_worker [-] Run service ServiceWrapper(2) [93189] {{(pid=93189) wait_forever /opt/stack/data/venv/lib/python3.12/site-packages/cotyledon/_service_worker.py:218}}
Jun 30 16:17:40.022536 np0000004007 nova-scheduler[93189]: INFO nova.service [-] Starting scheduler node (version 33.1.0)
Jun 30 16:17:40.022536 np0000004007 nova-scheduler[93189]: INFO dbcounter [None req-336ad0d8-0d12-46f5-af48-e1f55b17f920 None None] Registered counter for database nova_cell0
Jun 30 16:17:40.037694 np0000004007 nova-scheduler[93187]: DEBUG oslo_db.sqlalchemy.engines [None req-a632b443-e3f9-42d0-a8d0-775fdf571277 None None] MySQL server mode set to STRICT_TRANS_TABLES,STRICT_ALL_TABLES,NO_ZERO_IN_DATE,NO_ZERO_DATE,ERROR_FOR_DIVISION_BY_ZERO,TRADITIONAL,NO_ENGINE_SUBSTITUTION {{(pid=93187) _check_effective_sql_mode /opt/stack/data/venv/lib/python3.12/site-packages/oslo_db/sqlalchemy/engines.py:325}}
Jun 30 16:17:40.046010 np0000004007 nova-scheduler[93185]: DEBUG oslo_db.sqlalchemy.engines [None req-da93882f-bbd4-4d3c-b128-9aabc6052c64 None None] MySQL server mode set to STRICT_TRANS_TABLES,STRICT_ALL_TABLES,NO_ZERO_IN_DATE,NO_ZERO_DATE,ERROR_FOR_DIVISION_BY_ZERO,TRADITIONAL,NO_ENGINE_SUBSTITUTION {{(pid=93185) _check_effective_sql_mode /opt/stack/data/venv/lib/python3.12/site-packages/oslo_db/sqlalchemy/engines.py:325}}
Jun 30 16:17:40.049582 np0000004007 nova-scheduler[93187]: DEBUG dbcounter [-] [93187] Writer thread running {{(pid=93187) stat_writer /opt/stack/data/venv/lib/python3.12/site-packages/dbcounter.py:102}}
Jun 30 16:17:40.052382 np0000004007 nova-scheduler[93189]: DEBUG oslo_db.sqlalchemy.engines [None req-336ad0d8-0d12-46f5-af48-e1f55b17f920 None None] MySQL server mode set to STRICT_TRANS_TABLES,STRICT_ALL_TABLES,NO_ZERO_IN_DATE,NO_ZERO_DATE,ERROR_FOR_DIVISION_BY_ZERO,TRADITIONAL,NO_ENGINE_SUBSTITUTION {{(pid=93189) _check_effective_sql_mode /opt/stack/data/venv/lib/python3.12/site-packages/oslo_db/sqlalchemy/engines.py:325}}
Jun 30 16:17:40.056989 np0000004007 nova-scheduler[93185]: DEBUG dbcounter [-] [93185] Writer thread running {{(pid=93185) stat_writer /opt/stack/data/venv/lib/python3.12/site-packages/dbcounter.py:102}}
Jun 30 16:17:40.062441 np0000004007 nova-scheduler[93189]: DEBUG dbcounter [-] [93189] Writer thread running {{(pid=93189) stat_writer /opt/stack/data/venv/lib/python3.12/site-packages/dbcounter.py:102}}
Jun 30 16:17:40.063700 np0000004007 nova-scheduler[93187]: DEBUG nova.service [None req-a632b443-e3f9-42d0-a8d0-775fdf571277 None None] Creating RPC server for service: nova-scheduler on topic: scheduler {{(pid=93187) start /opt/stack/nova/nova/service.py:196}}
Jun 30 16:17:40.065704 np0000004007 nova-scheduler[93189]: DEBUG nova.service [None req-336ad0d8-0d12-46f5-af48-e1f55b17f920 None None] Creating RPC server for service: nova-scheduler on topic: scheduler {{(pid=93189) start /opt/stack/nova/nova/service.py:196}}
Jun 30 16:17:40.074041 np0000004007 nova-scheduler[93185]: DEBUG nova.service [None req-da93882f-bbd4-4d3c-b128-9aabc6052c64 None None] Creating RPC server for service: nova-scheduler on topic: scheduler {{(pid=93185) start /opt/stack/nova/nova/service.py:196}}
Jun 30 16:17:40.101262 np0000004007 nova-scheduler[93185]: DEBUG nova.service [None req-da93882f-bbd4-4d3c-b128-9aabc6052c64 None None] Join ServiceGroup membership for this service scheduler {{(pid=93185) start /opt/stack/nova/nova/service.py:222}}
Jun 30 16:17:40.101408 np0000004007 nova-scheduler[93187]: DEBUG nova.service [None req-a632b443-e3f9-42d0-a8d0-775fdf571277 None None] Join ServiceGroup membership for this service scheduler {{(pid=93187) start /opt/stack/nova/nova/service.py:222}}
Jun 30 16:17:40.102066 np0000004007 nova-scheduler[93187]: DEBUG nova.servicegroup.drivers.db [None req-a632b443-e3f9-42d0-a8d0-775fdf571277 None None] DB_Driver: join new ServiceGroup member np0000004007 to the scheduler group, service = {{(pid=93187) join /opt/stack/nova/nova/servicegroup/drivers/db.py:44}}
Jun 30 16:17:40.102183 np0000004007 nova-scheduler[93185]: DEBUG nova.servicegroup.drivers.db [None req-da93882f-bbd4-4d3c-b128-9aabc6052c64 None None] DB_Driver: join new ServiceGroup member np0000004007 to the scheduler group, service = {{(pid=93185) join /opt/stack/nova/nova/servicegroup/drivers/db.py:44}}
Jun 30 16:17:40.102828 np0000004007 nova-scheduler[93189]: DEBUG nova.service [None req-336ad0d8-0d12-46f5-af48-e1f55b17f920 None None] Join ServiceGroup membership for this service scheduler {{(pid=93189) start /opt/stack/nova/nova/service.py:222}}
Jun 30 16:17:40.103043 np0000004007 nova-scheduler[93189]: DEBUG nova.servicegroup.drivers.db [None req-336ad0d8-0d12-46f5-af48-e1f55b17f920 None None] DB_Driver: join new ServiceGroup member np0000004007 to the scheduler group, service = {{(pid=93189) join /opt/stack/nova/nova/servicegroup/drivers/db.py:44}}
Jun 30 16:17:40.103534 np0000004007 nova-scheduler[93187]: DEBUG oslo.service.backend._threading.loopingcall [None req-deb3e68d-990c-4a1c-a976-7f21d10893fd None None] Dynamic interval looping call 'nova.service.Service.periodic_tasks' sleeping for 60.00 seconds {{(pid=93187) _run_loop /opt/stack/data/venv/lib/python3.12/site-packages/oslo_service/backend/_threading/loopingcall.py:125}}
Jun 30 16:17:42.104414 np0000004007 nova-scheduler[93185]: DEBUG oslo.service.backend._threading.loopingcall [None req-fe9f8ef3-be2f-4449-bc6f-14256c1f214f None None] Dynamic interval looping call 'nova.service.Service.periodic_tasks' sleeping for 60.00 seconds {{(pid=93185) _run_loop /opt/stack/data/venv/lib/python3.12/site-packages/oslo_service/backend/_threading/loopingcall.py:125}}
Jun 30 16:17:45.114923 np0000004007 nova-scheduler[93185]: DEBUG oslo.service.backend._threading.loopingcall [-] Fixed interval looping call 'nova.servicegroup.drivers.db.DbDriver._report_state' sleeping for 119.99 seconds {{(pid=93185) _run_loop /opt/stack/data/venv/lib/python3.12/site-packages/oslo_service/backend/_threading/loopingcall.py:125}}
Jun 30 16:17:45.117042 np0000004007 nova-scheduler[93187]: DEBUG oslo.service.backend._threading.loopingcall [-] Fixed interval looping call 'nova.servicegroup.drivers.db.DbDriver._report_state' sleeping for 119.99 seconds {{(pid=93187) _run_loop /opt/stack/data/venv/lib/python3.12/site-packages/oslo_service/backend/_threading/loopingcall.py:125}}
Jun 30 16:17:45.118173 np0000004007 nova-scheduler[93189]: DEBUG oslo.service.backend._threading.loopingcall [-] Fixed interval looping call 'nova.servicegroup.drivers.db.DbDriver._report_state' sleeping for 119.99 seconds {{(pid=93189) _run_loop /opt/stack/data/venv/lib/python3.12/site-packages/oslo_service/backend/_threading/loopingcall.py:125}}
Jun 30 16:17:48.635953 np0000004007 nova-scheduler[91981]: DEBUG dbcounter [-] [91981] Writing DB stats nova_api:SELECT=3 {{(pid=91981) stat_writer /opt/stack/data/venv/lib/python3.12/site-packages/dbcounter.py:115}}
Jun 30 16:17:48.781605 np0000004007 nova-scheduler[91981]: DEBUG dbcounter [-] [91981] Writing DB stats nova_cell1:SELECT=1 {{(pid=91981) stat_writer /opt/stack/data/venv/lib/python3.12/site-packages/dbcounter.py:115}}
Jun 30 16:17:48.786093 np0000004007 nova-scheduler[91981]: DEBUG dbcounter [-] [91981] Writing DB stats nova_cell0:SELECT=1 {{(pid=91981) stat_writer /opt/stack/data/venv/lib/python3.12/site-packages/dbcounter.py:115}}
Jun 30 16:17:55.110158 np0000004007 nova-scheduler[93185]: DEBUG dbcounter [-] [93185] Writing DB stats nova_cell0:SELECT=4,nova_cell0:INSERT=1,nova_cell0:UPDATE=1 {{(pid=93185) stat_writer /opt/stack/data/venv/lib/python3.12/site-packages/dbcounter.py:115}}
Jun 30 16:17:55.115785 np0000004007 nova-scheduler[93189]: DEBUG dbcounter [-] [93189] Writing DB stats nova_cell0:SELECT=3,nova_cell0:UPDATE=1 {{(pid=93189) stat_writer /opt/stack/data/venv/lib/python3.12/site-packages/dbcounter.py:115}}
Jun 30 16:17:55.116241 np0000004007 nova-scheduler[93187]: DEBUG dbcounter [-] [93187] Writing DB stats nova_cell0:SELECT=4,nova_cell0:INSERT=1,nova_cell0:UPDATE=1 {{(pid=93187) stat_writer /opt/stack/data/venv/lib/python3.12/site-packages/dbcounter.py:115}}
Jun 30 16:18:10.105153 np0000004007 nova-scheduler[93189]: DEBUG oslo.service.backend._threading.loopingcall [None req-853f044a-4b20-4968-a144-f56754bc7093 None None] Dynamic interval looping call 'nova.service.Service.periodic_tasks' sleeping for 60.00 seconds {{(pid=93189) _run_loop /opt/stack/data/venv/lib/python3.12/site-packages/oslo_service/backend/_threading/loopingcall.py:125}}
Jun 30 16:18:40.104038 np0000004007 nova-scheduler[93187]: DEBUG oslo.service.backend._threading.loopingcall [None req-deb3e68d-990c-4a1c-a976-7f21d10893fd None None] Dynamic interval looping call 'nova.service.Service.periodic_tasks' sleeping for 60.00 seconds {{(pid=93187) _run_loop /opt/stack/data/venv/lib/python3.12/site-packages/oslo_service/backend/_threading/loopingcall.py:125}}
Jun 30 16:18:42.105072 np0000004007 nova-scheduler[93185]: DEBUG oslo.service.backend._threading.loopingcall [None req-fe9f8ef3-be2f-4449-bc6f-14256c1f214f None None] Dynamic interval looping call 'nova.service.Service.periodic_tasks' sleeping for 60.00 seconds {{(pid=93185) _run_loop /opt/stack/data/venv/lib/python3.12/site-packages/oslo_service/backend/_threading/loopingcall.py:125}}
Jun 30 16:19:10.105688 np0000004007 nova-scheduler[93189]: DEBUG oslo.service.backend._threading.loopingcall [None req-853f044a-4b20-4968-a144-f56754bc7093 None None] Dynamic interval looping call 'nova.service.Service.periodic_tasks' sleeping for 60.00 seconds {{(pid=93189) _run_loop /opt/stack/data/venv/lib/python3.12/site-packages/oslo_service/backend/_threading/loopingcall.py:125}}
Jun 30 16:19:40.104719 np0000004007 nova-scheduler[93187]: DEBUG oslo.service.backend._threading.loopingcall [None req-deb3e68d-990c-4a1c-a976-7f21d10893fd None None] Dynamic interval looping call 'nova.service.Service.periodic_tasks' sleeping for 60.00 seconds {{(pid=93187) _run_loop /opt/stack/data/venv/lib/python3.12/site-packages/oslo_service/backend/_threading/loopingcall.py:125}}
Jun 30 16:19:42.106854 np0000004007 nova-scheduler[93185]: DEBUG oslo.service.backend._threading.loopingcall [None req-fe9f8ef3-be2f-4449-bc6f-14256c1f214f None None] Dynamic interval looping call 'nova.service.Service.periodic_tasks' sleeping for 60.00 seconds {{(pid=93185) _run_loop /opt/stack/data/venv/lib/python3.12/site-packages/oslo_service/backend/_threading/loopingcall.py:125}}
Jun 30 16:19:45.112618 np0000004007 nova-scheduler[93185]: DEBUG oslo.service.backend._threading.loopingcall [-] Fixed interval looping call 'nova.servicegroup.drivers.db.DbDriver._report_state' sleeping for 119.99 seconds {{(pid=93185) _run_loop /opt/stack/data/venv/lib/python3.12/site-packages/oslo_service/backend/_threading/loopingcall.py:125}}
Jun 30 16:19:45.113229 np0000004007 nova-scheduler[93187]: DEBUG oslo.service.backend._threading.loopingcall [-] Fixed interval looping call 'nova.servicegroup.drivers.db.DbDriver._report_state' sleeping for 119.99 seconds {{(pid=93187) _run_loop /opt/stack/data/venv/lib/python3.12/site-packages/oslo_service/backend/_threading/loopingcall.py:125}}
Jun 30 16:19:45.113580 np0000004007 nova-scheduler[93189]: DEBUG oslo.service.backend._threading.loopingcall [-] Fixed interval looping call 'nova.servicegroup.drivers.db.DbDriver._report_state' sleeping for 120.00 seconds {{(pid=93189) _run_loop /opt/stack/data/venv/lib/python3.12/site-packages/oslo_service/backend/_threading/loopingcall.py:125}}
Jun 30 16:19:55.109755 np0000004007 nova-scheduler[93185]: DEBUG dbcounter [-] [93185] Writing DB stats nova_cell0:SELECT=1,nova_cell0:UPDATE=1 {{(pid=93185) stat_writer /opt/stack/data/venv/lib/python3.12/site-packages/dbcounter.py:115}}
Jun 30 16:19:55.111230 np0000004007 nova-scheduler[93187]: DEBUG dbcounter [-] [93187] Writing DB stats nova_cell0:SELECT=1,nova_cell0:UPDATE=1 {{(pid=93187) stat_writer /opt/stack/data/venv/lib/python3.12/site-packages/dbcounter.py:115}}
Jun 30 16:19:55.111804 np0000004007 nova-scheduler[93189]: DEBUG dbcounter [-] [93189] Writing DB stats nova_cell0:SELECT=1,nova_cell0:UPDATE=1 {{(pid=93189) stat_writer /opt/stack/data/venv/lib/python3.12/site-packages/dbcounter.py:115}}
Jun 30 16:20:10.106220 np0000004007 nova-scheduler[93189]: DEBUG oslo.service.backend._threading.loopingcall [None req-853f044a-4b20-4968-a144-f56754bc7093 None None] Dynamic interval looping call 'nova.service.Service.periodic_tasks' sleeping for 60.00 seconds {{(pid=93189) _run_loop /opt/stack/data/venv/lib/python3.12/site-packages/oslo_service/backend/_threading/loopingcall.py:125}}
Jun 30 16:20:27.362637 np0000004007 nova-scheduler[93185]: DEBUG nova.scheduler.manager [None req-33862976-1b28-4096-ad15-da937c7d9e73 tempest-ServerRescueNegativeTestJSON-1906680732 tempest-ServerRescueNegativeTestJSON-1906680732-project-member] Starting to schedule for instances: ['76a12fd9-0ca5-416e-b181-56ae1b714934'] {{(pid=93185) select_destinations /opt/stack/nova/nova/scheduler/manager.py:209}}
Jun 30 16:20:27.367234 np0000004007 nova-scheduler[93185]: DEBUG nova.scheduler.request_filter [None req-33862976-1b28-4096-ad15-da937c7d9e73 tempest-ServerRescueNegativeTestJSON-1906680732 tempest-ServerRescueNegativeTestJSON-1906680732-project-member] compute_status_filter request filter added forbidden trait COMPUTE_STATUS_DISABLED {{(pid=93185) compute_status_filter /opt/stack/nova/nova/scheduler/request_filter.py:253}}
Jun 30 16:20:27.367234 np0000004007 nova-scheduler[93185]: DEBUG nova.scheduler.request_filter [None req-33862976-1b28-4096-ad15-da937c7d9e73 tempest-ServerRescueNegativeTestJSON-1906680732 tempest-ServerRescueNegativeTestJSON-1906680732-project-member] Request filter 'compute_status_filter' took 0.0 seconds {{(pid=93185) wrapper /opt/stack/nova/nova/scheduler/request_filter.py:46}}
Jun 30 16:20:27.369059 np0000004007 nova-scheduler[93185]: DEBUG nova.scheduler.request_filter [None req-33862976-1b28-4096-ad15-da937c7d9e73 tempest-ServerRescueNegativeTestJSON-1906680732 tempest-ServerRescueNegativeTestJSON-1906680732-project-member] Request filter 'accelerators_filter' took 0.0 seconds {{(pid=93185) wrapper /opt/stack/nova/nova/scheduler/request_filter.py:46}}
Jun 30 16:20:27.369417 np0000004007 nova-scheduler[93185]: DEBUG nova.scheduler.request_filter [None req-33862976-1b28-4096-ad15-da937c7d9e73 tempest-ServerRescueNegativeTestJSON-1906680732 tempest-ServerRescueNegativeTestJSON-1906680732-project-member] Request filter 'packed_virtqueue_filter' took 0.0 seconds {{(pid=93185) wrapper /opt/stack/nova/nova/scheduler/request_filter.py:46}}
Jun 30 16:20:27.369878 np0000004007 nova-scheduler[93185]: DEBUG nova.scheduler.request_filter [None req-33862976-1b28-4096-ad15-da937c7d9e73 tempest-ServerRescueNegativeTestJSON-1906680732 tempest-ServerRescueNegativeTestJSON-1906680732-project-member] Request filter 'remote_managed_ports_filter' took 0.0 seconds {{(pid=93185) wrapper /opt/stack/nova/nova/scheduler/request_filter.py:46}}
Jun 30 16:20:27.370110 np0000004007 nova-scheduler[93185]: DEBUG nova.scheduler.request_filter [None req-33862976-1b28-4096-ad15-da937c7d9e73 tempest-ServerRescueNegativeTestJSON-1906680732 tempest-ServerRescueNegativeTestJSON-1906680732-project-member] ephemeral_encryption_filter skipped {{(pid=93185) ephemeral_encryption_filter /opt/stack/nova/nova/scheduler/request_filter.py:426}}
Jun 30 16:20:27.370354 np0000004007 nova-scheduler[93185]: DEBUG nova.scheduler.request_filter [None req-33862976-1b28-4096-ad15-da937c7d9e73 tempest-ServerRescueNegativeTestJSON-1906680732 tempest-ServerRescueNegativeTestJSON-1906680732-project-member] virtio_sound_filter skipped {{(pid=93185) virtio_sound_filter /opt/stack/nova/nova/scheduler/request_filter.py:460}}
Jun 30 16:20:27.370576 np0000004007 nova-scheduler[93185]: DEBUG nova.scheduler.request_filter [None req-33862976-1b28-4096-ad15-da937c7d9e73 tempest-ServerRescueNegativeTestJSON-1906680732 tempest-ServerRescueNegativeTestJSON-1906680732-project-member] tpm_secret_security_filter skipped {{(pid=93185) tpm_secret_security_filter /opt/stack/nova/nova/scheduler/request_filter.py:477}}
Jun 30 16:20:27.891973 np0000004007 nova-scheduler[93185]: INFO nova.utils [None req-33862976-1b28-4096-ad15-da937c7d9e73 tempest-ServerRescueNegativeTestJSON-1906680732 tempest-ServerRescueNegativeTestJSON-1906680732-project-member] The cell worker thread pool ForkProcess-1.cell_worker is initialized
Jun 30 16:20:27.892487 np0000004007 nova-scheduler[93185]: DEBUG oslo_concurrency.lockutils [None req-33862976-1b28-4096-ad15-da937c7d9e73 tempest-ServerRescueNegativeTestJSON-1906680732 tempest-ServerRescueNegativeTestJSON-1906680732-project-member] Acquiring lock "e0f55519-1589-4c36-8c37-c46961aad0ef" by "nova.context.set_target_cell..get_or_set_cached_cell_and_set_connections" {{(pid=93185) inner /opt/stack/data/venv/lib/python3.12/site-packages/oslo_concurrency/lockutils.py:511}}
Jun 30 16:20:27.892812 np0000004007 nova-scheduler[93185]: DEBUG oslo_concurrency.lockutils [None req-33862976-1b28-4096-ad15-da937c7d9e73 tempest-ServerRescueNegativeTestJSON-1906680732 tempest-ServerRescueNegativeTestJSON-1906680732-project-member] Lock "e0f55519-1589-4c36-8c37-c46961aad0ef" acquired by "nova.context.set_target_cell..get_or_set_cached_cell_and_set_connections" :: waited 0.000s {{(pid=93185) inner /opt/stack/data/venv/lib/python3.12/site-packages/oslo_concurrency/lockutils.py:524}}
Jun 30 16:20:27.895249 np0000004007 nova-scheduler[93185]: DEBUG oslo_concurrency.lockutils [None req-33862976-1b28-4096-ad15-da937c7d9e73 tempest-ServerRescueNegativeTestJSON-1906680732 tempest-ServerRescueNegativeTestJSON-1906680732-project-member] Lock "e0f55519-1589-4c36-8c37-c46961aad0ef" "released" by "nova.context.set_target_cell..get_or_set_cached_cell_and_set_connections" :: held 0.002s {{(pid=93185) inner /opt/stack/data/venv/lib/python3.12/site-packages/oslo_concurrency/lockutils.py:543}}
Jun 30 16:20:27.897159 np0000004007 nova-scheduler[93185]: INFO dbcounter [None req-33862976-1b28-4096-ad15-da937c7d9e73 tempest-ServerRescueNegativeTestJSON-1906680732 tempest-ServerRescueNegativeTestJSON-1906680732-project-member] Registered counter for database nova_cell1
Jun 30 16:20:27.929489 np0000004007 nova-scheduler[93185]: DEBUG oslo_db.sqlalchemy.engines [None req-33862976-1b28-4096-ad15-da937c7d9e73 tempest-ServerRescueNegativeTestJSON-1906680732 tempest-ServerRescueNegativeTestJSON-1906680732-project-member] MySQL server mode set to STRICT_TRANS_TABLES,STRICT_ALL_TABLES,NO_ZERO_IN_DATE,NO_ZERO_DATE,ERROR_FOR_DIVISION_BY_ZERO,TRADITIONAL,NO_ENGINE_SUBSTITUTION {{(pid=93185) _check_effective_sql_mode /opt/stack/data/venv/lib/python3.12/site-packages/oslo_db/sqlalchemy/engines.py:325}}
Jun 30 16:20:27.937578 np0000004007 nova-scheduler[93185]: DEBUG dbcounter [-] [93185] Writer thread running {{(pid=93185) stat_writer /opt/stack/data/venv/lib/python3.12/site-packages/dbcounter.py:102}}
Jun 30 16:20:27.950638 np0000004007 nova-scheduler[93185]: DEBUG oslo_db.sqlalchemy.engines [None req-33862976-1b28-4096-ad15-da937c7d9e73 tempest-ServerRescueNegativeTestJSON-1906680732 tempest-ServerRescueNegativeTestJSON-1906680732-project-member] Parent process 91981 forked (93185) with an open database connection, which is being discarded and recreated. {{(pid=93185) checkout /opt/stack/data/venv/lib/python3.12/site-packages/oslo_db/sqlalchemy/engines.py:402}}
Jun 30 16:20:27.985821 np0000004007 nova-scheduler[93185]: DEBUG dbcounter [-] [93185] Writer thread running {{(pid=93185) stat_writer /opt/stack/data/venv/lib/python3.12/site-packages/dbcounter.py:102}}
Jun 30 16:20:27.988830 np0000004007 nova-scheduler[93185]: DEBUG oslo_concurrency.lockutils [None req-33862976-1b28-4096-ad15-da937c7d9e73 tempest-ServerRescueNegativeTestJSON-1906680732 tempest-ServerRescueNegativeTestJSON-1906680732-project-member] Acquiring lock "e0f55519-1589-4c36-8c37-c46961aad0ef" by "nova.context.set_target_cell..get_or_set_cached_cell_and_set_connections" {{(pid=93185) inner /opt/stack/data/venv/lib/python3.12/site-packages/oslo_concurrency/lockutils.py:511}}
Jun 30 16:20:27.989041 np0000004007 nova-scheduler[93185]: DEBUG oslo_concurrency.lockutils [None req-33862976-1b28-4096-ad15-da937c7d9e73 tempest-ServerRescueNegativeTestJSON-1906680732 tempest-ServerRescueNegativeTestJSON-1906680732-project-member] Lock "e0f55519-1589-4c36-8c37-c46961aad0ef" acquired by "nova.context.set_target_cell..get_or_set_cached_cell_and_set_connections" :: waited 0.000s {{(pid=93185) inner /opt/stack/data/venv/lib/python3.12/site-packages/oslo_concurrency/lockutils.py:524}}
Jun 30 16:20:27.989196 np0000004007 nova-scheduler[93185]: DEBUG oslo_concurrency.lockutils [None req-33862976-1b28-4096-ad15-da937c7d9e73 tempest-ServerRescueNegativeTestJSON-1906680732 tempest-ServerRescueNegativeTestJSON-1906680732-project-member] Lock "e0f55519-1589-4c36-8c37-c46961aad0ef" "released" by "nova.context.set_target_cell..get_or_set_cached_cell_and_set_connections" :: held 0.000s {{(pid=93185) inner /opt/stack/data/venv/lib/python3.12/site-packages/oslo_concurrency/lockutils.py:543}}
Jun 30 16:20:27.992604 np0000004007 nova-scheduler[93185]: DEBUG oslo_concurrency.lockutils [None req-33862976-1b28-4096-ad15-da937c7d9e73 tempest-ServerRescueNegativeTestJSON-1906680732 tempest-ServerRescueNegativeTestJSON-1906680732-project-member] Acquiring lock "np0000004007-np0000004007" by "nova.scheduler.host_manager.HostState.update.._locked_update" {{(pid=93185) inner /opt/stack/data/venv/lib/python3.12/site-packages/oslo_concurrency/lockutils.py:511}}
Jun 30 16:20:27.992691 np0000004007 nova-scheduler[93185]: DEBUG oslo_concurrency.lockutils [None req-33862976-1b28-4096-ad15-da937c7d9e73 tempest-ServerRescueNegativeTestJSON-1906680732 tempest-ServerRescueNegativeTestJSON-1906680732-project-member] Lock "np0000004007-np0000004007" acquired by "nova.scheduler.host_manager.HostState.update.._locked_update" :: waited 0.000s {{(pid=93185) inner /opt/stack/data/venv/lib/python3.12/site-packages/oslo_concurrency/lockutils.py:524}}
Jun 30 16:20:27.993591 np0000004007 nova-scheduler[93185]: DEBUG nova.scheduler.host_manager [None req-33862976-1b28-4096-ad15-da937c7d9e73 tempest-ServerRescueNegativeTestJSON-1906680732 tempest-ServerRescueNegativeTestJSON-1906680732-project-member] Update host state from compute node: ComputeNode(cpu_allocation_ratio=4.0,cpu_info='{"arch": "x86_64", "model": "EPYC-Milan", "vendor": "AMD", "topology": {"cells": 1, "sockets": 16, "cores": 1, "threads": 1}, "maxphysaddr": {"mode": "emulate", "bits": 40}, "features": ["invpcid", "cx16", "msr", "x2apic", "umip", "apic", "pae", "mtrr", "pse36", "svm", "3dnowprefetch", "rdtscp", "ssse3", "clflush", "null-sel-clr-base", "sep", "fpu", "fsgsbase", "xsaveopt", "de", "stibp-always-on", "gds-no", "clzero", "fsrm", "ibrs", "mmx", "tsc_adjust", "fma", "rdrand", "pause-filter", "mds-no", "clflushopt", "wbnoinvd", "npt", "sse4.1", "misalignsse", "xsaveerptr", "spec-ctrl", "mca", "rdctl-no", "pni", "arat", "tsc", "cx8", "vaes", "no-nested-data-bp", "amd-psfd", "cr8legacy", "sse2", "perfctr_core", "avx", "avx2", "xsavec", "fxsr_opt", "vgif", "pku", "skip-l1dfl-vmentry", "hypervisor", "syscall", "lfence-always-serializing", "pclmuldq", "smap", "ibpb", "mce", "nx", "sse4a", "sse", "arch-capabilities", "abm", "erms", "v-vmsave-vmload", "virt-ssbd", "amd-stibp", "pat", "tsc-scale", "pfthreshold", "osvw", "svme-addr-chk", "f16c", "xsave", "lbrv", "clwb", "bmi1", "flushbyasid", "xsaves", "xgetbv1", "smep", "nrip-save", "popcnt", "vmcb-clean", "stibp", "pschange-mc-no", "sha-ni", "pcid", "rdpid", "pdpe1gb", "lm", "rdseed", "amd-ssbd", "mmxext", "tsc-deadline", "cmp_legacy", "cmov", "lahf_lm", "pge", "ssbd", "movbe", "aes", "vpclmulqdq", "topoext", "bmi2", "sse4.2", "pse", "vme", "adx", "fxsr"]}',created_at=2026-06-30T16:18:08Z,current_workload=0,deleted=False,deleted_at=None,disk_allocation_ratio=1.0,disk_available_least=73,free_disk_gb=95,free_ram_mb=62765,host='np0000004007',host_ip=10.4.3.16,hypervisor_hostname='np0000004007',hypervisor_type='QEMU',hypervisor_version=8002002,id=1,local_gb=95,local_gb_used=0,mapped=1,memory_mb=63277,memory_mb_used=512,metrics='[]',numa_topology='{"nova_object.name": "NUMATopology", "nova_object.namespace": "nova", "nova_object.version": "1.2", "nova_object.data": {"cells": [{"nova_object.name": "NUMACell", "nova_object.namespace": "nova", "nova_object.version": "1.5", "nova_object.data": {"id": 0, "cpuset": [0, 1, 2, 3, 4, 5, 6, 7, 8, 9, 10, 11, 12, 13, 14, 15], "pcpuset": [0, 1, 2, 3, 4, 5, 6, 7, 8, 9, 10, 11, 12, 13, 14, 15], "memory": 63277, "cpu_usage": 0, "memory_usage": 0, "pinned_cpus": [], "siblings": [[6], [12], [2], [15], [5], [11], [8], [14], [4], [1], [7], [10], [0], [13], [3], [9]], "mempages": [{"nova_object.name": "NUMAPagesTopology", "nova_object.namespace": "nova", "nova_object.version": "1.1", "nova_object.data": {"size_kb": 4, "total": 16177930, "used": 0, "reserved": 0}, "nova_object.changes": ["total", "reserved", "used", "size_kb"]}, {"nova_object.name": "NUMAPagesTopology", "nova_object.namespace": "nova", "nova_object.version": "1.1", "nova_object.data": {"size_kb": 2048, "total": 41, "used": 0, "reserved": 0}, "nova_object.changes": ["total", "reserved", "used", "size_kb"]}, {"nova_object.name": "NUMAPagesTopology", "nova_object.namespace": "nova", "nova_object.version": "1.1", "nova_object.data": {"size_kb": 1048576, "total": 0, "used": 0, "reserved": 0}, "nova_object.changes": ["total", "reserved", "used", "size_kb"]}], "network_metadata": {"nova_object.name": "NetworkMetadata", "nova_object.namespace": "nova", "nova_object.version": "1.0", "nova_object.data": {"physnets": [], "tunneled": false}, "nova_object.changes": ["physnets", "tunneled"]}, "socket": null}, "nova_object.changes": ["network_metadata", "memory_usage", "siblings", "cpu_usage", "cpuset", "mempages", "id", "pcpuset", "pinned_cpus", "memory", "socket"]}]}, "nova_object.changes": ["cells"]}',pci_device_pools=PciDevicePoolList,ram_allocation_ratio=1.0,running_vms=0,service_id=2,stats={failed_builds='0',uptime=' 16:19:52 up 13 min, 2 users, load average: 1.41, 1.44, 0.81
Jun 30 16:20:27.993591 np0000004007 nova-scheduler[93185]: '},supported_hv_specs=[HVSpec,HVSpec,HVSpec,HVSpec,HVSpec,HVSpec,HVSpec,HVSpec,HVSpec,HVSpec,HVSpec,HVSpec,HVSpec,HVSpec,HVSpec,HVSpec,HVSpec,HVSpec,HVSpec,HVSpec,HVSpec,HVSpec,HVSpec,HVSpec,HVSpec],updated_at=2026-06-30T16:19:54Z,uuid=b268561e-4410-4049-af25-2b7d459d3620,vcpus=16,vcpus_used=0) {{(pid=93185) _locked_update /opt/stack/nova/nova/scheduler/host_manager.py:168}}
Jun 30 16:20:27.994364 np0000004007 nova-scheduler[93185]: DEBUG nova.scheduler.host_manager [None req-33862976-1b28-4096-ad15-da937c7d9e73 tempest-ServerRescueNegativeTestJSON-1906680732 tempest-ServerRescueNegativeTestJSON-1906680732-project-member] Update host state with aggregates: [] {{(pid=93185) _locked_update /opt/stack/nova/nova/scheduler/host_manager.py:171}}
Jun 30 16:20:27.994617 np0000004007 nova-scheduler[93185]: DEBUG nova.scheduler.host_manager [None req-33862976-1b28-4096-ad15-da937c7d9e73 tempest-ServerRescueNegativeTestJSON-1906680732 tempest-ServerRescueNegativeTestJSON-1906680732-project-member] Update host state with service dict: {'id': 2, 'uuid': 'd09eb81e-dad0-4e4a-b056-c3fc5ee53a1f', 'host': 'np0000004007', 'binary': 'nova-compute', 'topic': 'compute', 'report_count': 2, 'disabled': False, 'disabled_reason': None, 'last_seen_up': datetime.datetime(2026, 6, 30, 16, 20, 17, tzinfo=datetime.timezone.utc), 'forced_down': False, 'version': 72, 'created_at': datetime.datetime(2026, 6, 30, 16, 18, 6, tzinfo=datetime.timezone.utc), 'updated_at': datetime.datetime(2026, 6, 30, 16, 20, 17, tzinfo=datetime.timezone.utc), 'deleted_at': None, 'deleted': False} {{(pid=93185) _locked_update /opt/stack/nova/nova/scheduler/host_manager.py:174}}
Jun 30 16:20:27.994750 np0000004007 nova-scheduler[93185]: DEBUG nova.scheduler.host_manager [None req-33862976-1b28-4096-ad15-da937c7d9e73 tempest-ServerRescueNegativeTestJSON-1906680732 tempest-ServerRescueNegativeTestJSON-1906680732-project-member] Update host state with instances: [] {{(pid=93185) _locked_update /opt/stack/nova/nova/scheduler/host_manager.py:177}}
Jun 30 16:20:27.994891 np0000004007 nova-scheduler[93185]: DEBUG oslo_concurrency.lockutils [None req-33862976-1b28-4096-ad15-da937c7d9e73 tempest-ServerRescueNegativeTestJSON-1906680732 tempest-ServerRescueNegativeTestJSON-1906680732-project-member] Lock "np0000004007-np0000004007" "released" by "nova.scheduler.host_manager.HostState.update.._locked_update" :: held 0.002s {{(pid=93185) inner /opt/stack/data/venv/lib/python3.12/site-packages/oslo_concurrency/lockutils.py:543}}
Jun 30 16:20:27.995355 np0000004007 nova-scheduler[93185]: DEBUG nova.filters [None req-33862976-1b28-4096-ad15-da937c7d9e73 tempest-ServerRescueNegativeTestJSON-1906680732 tempest-ServerRescueNegativeTestJSON-1906680732-project-member] Starting with 1 host(s) {{(pid=93185) get_filtered_objects /opt/stack/nova/nova/filters.py:70}}
Jun 30 16:20:27.995643 np0000004007 nova-scheduler[93185]: DEBUG nova.filters [None req-33862976-1b28-4096-ad15-da937c7d9e73 tempest-ServerRescueNegativeTestJSON-1906680732 tempest-ServerRescueNegativeTestJSON-1906680732-project-member] Filter ComputeFilter returned 1 host(s) {{(pid=93185) get_filtered_objects /opt/stack/nova/nova/filters.py:102}}
Jun 30 16:20:27.995819 np0000004007 nova-scheduler[93185]: DEBUG nova.filters [None req-33862976-1b28-4096-ad15-da937c7d9e73 tempest-ServerRescueNegativeTestJSON-1906680732 tempest-ServerRescueNegativeTestJSON-1906680732-project-member] Filter ComputeCapabilitiesFilter returned 1 host(s) {{(pid=93185) get_filtered_objects /opt/stack/nova/nova/filters.py:102}}
Jun 30 16:20:27.996077 np0000004007 nova-scheduler[93185]: DEBUG nova.filters [None req-33862976-1b28-4096-ad15-da937c7d9e73 tempest-ServerRescueNegativeTestJSON-1906680732 tempest-ServerRescueNegativeTestJSON-1906680732-project-member] Filter ImagePropertiesFilter returned 1 host(s) {{(pid=93185) get_filtered_objects /opt/stack/nova/nova/filters.py:102}}
Jun 30 16:20:27.996229 np0000004007 nova-scheduler[93185]: DEBUG nova.filters [None req-33862976-1b28-4096-ad15-da937c7d9e73 tempest-ServerRescueNegativeTestJSON-1906680732 tempest-ServerRescueNegativeTestJSON-1906680732-project-member] Filter ServerGroupAntiAffinityFilter returned 1 host(s) {{(pid=93185) get_filtered_objects /opt/stack/nova/nova/filters.py:102}}
Jun 30 16:20:27.996400 np0000004007 nova-scheduler[93185]: DEBUG nova.filters [None req-33862976-1b28-4096-ad15-da937c7d9e73 tempest-ServerRescueNegativeTestJSON-1906680732 tempest-ServerRescueNegativeTestJSON-1906680732-project-member] Filter ServerGroupAffinityFilter returned 1 host(s) {{(pid=93185) get_filtered_objects /opt/stack/nova/nova/filters.py:102}}
Jun 30 16:20:27.996579 np0000004007 nova-scheduler[93185]: DEBUG nova.filters [None req-33862976-1b28-4096-ad15-da937c7d9e73 tempest-ServerRescueNegativeTestJSON-1906680732 tempest-ServerRescueNegativeTestJSON-1906680732-project-member] Filter SameHostFilter returned 1 host(s) {{(pid=93185) get_filtered_objects /opt/stack/nova/nova/filters.py:102}}
Jun 30 16:20:27.996705 np0000004007 nova-scheduler[93185]: DEBUG nova.filters [None req-33862976-1b28-4096-ad15-da937c7d9e73 tempest-ServerRescueNegativeTestJSON-1906680732 tempest-ServerRescueNegativeTestJSON-1906680732-project-member] Filter DifferentHostFilter returned 1 host(s) {{(pid=93185) get_filtered_objects /opt/stack/nova/nova/filters.py:102}}
Jun 30 16:20:27.996864 np0000004007 nova-scheduler[93185]: DEBUG nova.scheduler.manager [None req-33862976-1b28-4096-ad15-da937c7d9e73 tempest-ServerRescueNegativeTestJSON-1906680732 tempest-ServerRescueNegativeTestJSON-1906680732-project-member] Filtered [(np0000004007, np0000004007) ram: 62765MB disk: 74752MB io_ops: 0 instances: 0, allocation_candidates: 1] {{(pid=93185) _get_sorted_hosts /opt/stack/nova/nova/scheduler/manager.py:742}}
Jun 30 16:20:27.997104 np0000004007 nova-scheduler[93185]: DEBUG nova.scheduler.manager [None req-33862976-1b28-4096-ad15-da937c7d9e73 tempest-ServerRescueNegativeTestJSON-1906680732 tempest-ServerRescueNegativeTestJSON-1906680732-project-member] Weighed [WeighedHost [host: (np0000004007, np0000004007) ram: 62765MB disk: 74752MB io_ops: 0 instances: 0, allocation_candidates: 1, weight: 0.0]] {{(pid=93185) _get_sorted_hosts /opt/stack/nova/nova/scheduler/manager.py:764}}
Jun 30 16:20:27.997296 np0000004007 nova-scheduler[93185]: DEBUG nova.scheduler.utils [None req-33862976-1b28-4096-ad15-da937c7d9e73 tempest-ServerRescueNegativeTestJSON-1906680732 tempest-ServerRescueNegativeTestJSON-1906680732-project-member] Attempting to claim resources in the placement API for instance 76a12fd9-0ca5-416e-b181-56ae1b714934 {{(pid=93185) claim_resources /opt/stack/nova/nova/scheduler/utils.py:1345}}
Jun 30 16:20:28.166924 np0000004007 nova-scheduler[93185]: DEBUG nova.scheduler.manager [None req-33862976-1b28-4096-ad15-da937c7d9e73 tempest-ServerRescueNegativeTestJSON-1906680732 tempest-ServerRescueNegativeTestJSON-1906680732-project-member] [instance: 76a12fd9-0ca5-416e-b181-56ae1b714934] Selected host: (np0000004007, np0000004007) ram: 62765MB disk: 74752MB io_ops: 0 instances: 0, allocation_candidates: 1 {{(pid=93185) _consume_selected_host /opt/stack/nova/nova/scheduler/manager.py:624}}
Jun 30 16:20:28.166924 np0000004007 nova-scheduler[93185]: DEBUG oslo_concurrency.lockutils [None req-33862976-1b28-4096-ad15-da937c7d9e73 tempest-ServerRescueNegativeTestJSON-1906680732 tempest-ServerRescueNegativeTestJSON-1906680732-project-member] Acquiring lock "np0000004007-np0000004007" by "nova.scheduler.host_manager.HostState.consume_from_request.._locked" {{(pid=93185) inner /opt/stack/data/venv/lib/python3.12/site-packages/oslo_concurrency/lockutils.py:511}}
Jun 30 16:20:28.167602 np0000004007 nova-scheduler[93185]: DEBUG oslo_concurrency.lockutils [None req-33862976-1b28-4096-ad15-da937c7d9e73 tempest-ServerRescueNegativeTestJSON-1906680732 tempest-ServerRescueNegativeTestJSON-1906680732-project-member] Lock "np0000004007-np0000004007" acquired by "nova.scheduler.host_manager.HostState.consume_from_request.._locked" :: waited 0.000s {{(pid=93185) inner /opt/stack/data/venv/lib/python3.12/site-packages/oslo_concurrency/lockutils.py:524}}
Jun 30 16:20:28.167602 np0000004007 nova-scheduler[93185]: DEBUG oslo_concurrency.lockutils [None req-33862976-1b28-4096-ad15-da937c7d9e73 tempest-ServerRescueNegativeTestJSON-1906680732 tempest-ServerRescueNegativeTestJSON-1906680732-project-member] Lock "np0000004007-np0000004007" "released" by "nova.scheduler.host_manager.HostState.consume_from_request.._locked" :: held 0.000s {{(pid=93185) inner /opt/stack/data/venv/lib/python3.12/site-packages/oslo_concurrency/lockutils.py:543}}
Jun 30 16:20:36.331664 np0000004007 nova-scheduler[93187]: DEBUG nova.scheduler.manager [None req-fae0f802-b658-4f90-af27-41fdf548b2ae tempest-ServersNegativeTestJSON-1966854636 tempest-ServersNegativeTestJSON-1966854636-project-member] Starting to schedule for instances: ['19992967-9f37-411c-a035-390e0661793f'] {{(pid=93187) select_destinations /opt/stack/nova/nova/scheduler/manager.py:209}}
Jun 30 16:20:36.332938 np0000004007 nova-scheduler[93187]: DEBUG nova.scheduler.request_filter [None req-fae0f802-b658-4f90-af27-41fdf548b2ae tempest-ServersNegativeTestJSON-1966854636 tempest-ServersNegativeTestJSON-1966854636-project-member] compute_status_filter request filter added forbidden trait COMPUTE_STATUS_DISABLED {{(pid=93187) compute_status_filter /opt/stack/nova/nova/scheduler/request_filter.py:253}}
Jun 30 16:20:36.333196 np0000004007 nova-scheduler[93187]: DEBUG nova.scheduler.request_filter [None req-fae0f802-b658-4f90-af27-41fdf548b2ae tempest-ServersNegativeTestJSON-1966854636 tempest-ServersNegativeTestJSON-1966854636-project-member] Request filter 'compute_status_filter' took 0.0 seconds {{(pid=93187) wrapper /opt/stack/nova/nova/scheduler/request_filter.py:46}}
Jun 30 16:20:36.333472 np0000004007 nova-scheduler[93187]: DEBUG nova.scheduler.request_filter [None req-fae0f802-b658-4f90-af27-41fdf548b2ae tempest-ServersNegativeTestJSON-1966854636 tempest-ServersNegativeTestJSON-1966854636-project-member] Request filter 'accelerators_filter' took 0.0 seconds {{(pid=93187) wrapper /opt/stack/nova/nova/scheduler/request_filter.py:46}}
Jun 30 16:20:36.333771 np0000004007 nova-scheduler[93187]: DEBUG nova.scheduler.request_filter [None req-fae0f802-b658-4f90-af27-41fdf548b2ae tempest-ServersNegativeTestJSON-1966854636 tempest-ServersNegativeTestJSON-1966854636-project-member] Request filter 'packed_virtqueue_filter' took 0.0 seconds {{(pid=93187) wrapper /opt/stack/nova/nova/scheduler/request_filter.py:46}}
Jun 30 16:20:36.334121 np0000004007 nova-scheduler[93187]: DEBUG nova.scheduler.request_filter [None req-fae0f802-b658-4f90-af27-41fdf548b2ae tempest-ServersNegativeTestJSON-1966854636 tempest-ServersNegativeTestJSON-1966854636-project-member] Request filter 'remote_managed_ports_filter' took 0.0 seconds {{(pid=93187) wrapper /opt/stack/nova/nova/scheduler/request_filter.py:46}}
Jun 30 16:20:36.334342 np0000004007 nova-scheduler[93187]: DEBUG nova.scheduler.request_filter [None req-fae0f802-b658-4f90-af27-41fdf548b2ae tempest-ServersNegativeTestJSON-1966854636 tempest-ServersNegativeTestJSON-1966854636-project-member] ephemeral_encryption_filter skipped {{(pid=93187) ephemeral_encryption_filter /opt/stack/nova/nova/scheduler/request_filter.py:426}}
Jun 30 16:20:36.334516 np0000004007 nova-scheduler[93187]: DEBUG nova.scheduler.request_filter [None req-fae0f802-b658-4f90-af27-41fdf548b2ae tempest-ServersNegativeTestJSON-1966854636 tempest-ServersNegativeTestJSON-1966854636-project-member] virtio_sound_filter skipped {{(pid=93187) virtio_sound_filter /opt/stack/nova/nova/scheduler/request_filter.py:460}}
Jun 30 16:20:36.334690 np0000004007 nova-scheduler[93187]: DEBUG nova.scheduler.request_filter [None req-fae0f802-b658-4f90-af27-41fdf548b2ae tempest-ServersNegativeTestJSON-1966854636 tempest-ServersNegativeTestJSON-1966854636-project-member] tpm_secret_security_filter skipped {{(pid=93187) tpm_secret_security_filter /opt/stack/nova/nova/scheduler/request_filter.py:477}}
Jun 30 16:20:36.477908 np0000004007 nova-scheduler[93187]: INFO nova.utils [None req-fae0f802-b658-4f90-af27-41fdf548b2ae tempest-ServersNegativeTestJSON-1966854636 tempest-ServersNegativeTestJSON-1966854636-project-member] The cell worker thread pool ForkProcess-2.cell_worker is initialized
Jun 30 16:20:36.479388 np0000004007 nova-scheduler[93187]: DEBUG oslo_concurrency.lockutils [None req-fae0f802-b658-4f90-af27-41fdf548b2ae tempest-ServersNegativeTestJSON-1966854636 tempest-ServersNegativeTestJSON-1966854636-project-member] Acquiring lock "e0f55519-1589-4c36-8c37-c46961aad0ef" by "nova.context.set_target_cell..get_or_set_cached_cell_and_set_connections" {{(pid=93187) inner /opt/stack/data/venv/lib/python3.12/site-packages/oslo_concurrency/lockutils.py:511}}
Jun 30 16:20:36.479388 np0000004007 nova-scheduler[93187]: DEBUG oslo_concurrency.lockutils [None req-fae0f802-b658-4f90-af27-41fdf548b2ae tempest-ServersNegativeTestJSON-1966854636 tempest-ServersNegativeTestJSON-1966854636-project-member] Lock "e0f55519-1589-4c36-8c37-c46961aad0ef" acquired by "nova.context.set_target_cell..get_or_set_cached_cell_and_set_connections" :: waited 0.000s {{(pid=93187) inner /opt/stack/data/venv/lib/python3.12/site-packages/oslo_concurrency/lockutils.py:524}}
Jun 30 16:20:36.480683 np0000004007 nova-scheduler[93187]: DEBUG oslo_concurrency.lockutils [None req-fae0f802-b658-4f90-af27-41fdf548b2ae tempest-ServersNegativeTestJSON-1966854636 tempest-ServersNegativeTestJSON-1966854636-project-member] Lock "e0f55519-1589-4c36-8c37-c46961aad0ef" "released" by "nova.context.set_target_cell..get_or_set_cached_cell_and_set_connections" :: held 0.002s {{(pid=93187) inner /opt/stack/data/venv/lib/python3.12/site-packages/oslo_concurrency/lockutils.py:543}}
Jun 30 16:20:36.482798 np0000004007 nova-scheduler[93187]: INFO dbcounter [None req-fae0f802-b658-4f90-af27-41fdf548b2ae tempest-ServersNegativeTestJSON-1966854636 tempest-ServersNegativeTestJSON-1966854636-project-member] Registered counter for database nova_cell1
Jun 30 16:20:36.538045 np0000004007 nova-scheduler[93187]: DEBUG oslo_db.sqlalchemy.engines [None req-fae0f802-b658-4f90-af27-41fdf548b2ae tempest-ServersNegativeTestJSON-1966854636 tempest-ServersNegativeTestJSON-1966854636-project-member] MySQL server mode set to STRICT_TRANS_TABLES,STRICT_ALL_TABLES,NO_ZERO_IN_DATE,NO_ZERO_DATE,ERROR_FOR_DIVISION_BY_ZERO,TRADITIONAL,NO_ENGINE_SUBSTITUTION {{(pid=93187) _check_effective_sql_mode /opt/stack/data/venv/lib/python3.12/site-packages/oslo_db/sqlalchemy/engines.py:325}}
Jun 30 16:20:36.547620 np0000004007 nova-scheduler[93187]: DEBUG dbcounter [-] [93187] Writer thread running {{(pid=93187) stat_writer /opt/stack/data/venv/lib/python3.12/site-packages/dbcounter.py:102}}
Jun 30 16:20:36.613901 np0000004007 nova-scheduler[93187]: DEBUG dbcounter [-] [93187] Writer thread running {{(pid=93187) stat_writer /opt/stack/data/venv/lib/python3.12/site-packages/dbcounter.py:102}}
Jun 30 16:20:36.618882 np0000004007 nova-scheduler[93187]: DEBUG oslo_concurrency.lockutils [None req-fae0f802-b658-4f90-af27-41fdf548b2ae tempest-ServersNegativeTestJSON-1966854636 tempest-ServersNegativeTestJSON-1966854636-project-member] Acquiring lock "e0f55519-1589-4c36-8c37-c46961aad0ef" by "nova.context.set_target_cell..get_or_set_cached_cell_and_set_connections" {{(pid=93187) inner /opt/stack/data/venv/lib/python3.12/site-packages/oslo_concurrency/lockutils.py:511}}
Jun 30 16:20:36.618882 np0000004007 nova-scheduler[93187]: DEBUG oslo_concurrency.lockutils [None req-fae0f802-b658-4f90-af27-41fdf548b2ae tempest-ServersNegativeTestJSON-1966854636 tempest-ServersNegativeTestJSON-1966854636-project-member] Lock "e0f55519-1589-4c36-8c37-c46961aad0ef" acquired by "nova.context.set_target_cell..get_or_set_cached_cell_and_set_connections" :: waited 0.000s {{(pid=93187) inner /opt/stack/data/venv/lib/python3.12/site-packages/oslo_concurrency/lockutils.py:524}}
Jun 30 16:20:36.619105 np0000004007 nova-scheduler[93187]: DEBUG oslo_concurrency.lockutils [None req-fae0f802-b658-4f90-af27-41fdf548b2ae tempest-ServersNegativeTestJSON-1966854636 tempest-ServersNegativeTestJSON-1966854636-project-member] Lock "e0f55519-1589-4c36-8c37-c46961aad0ef" "released" by "nova.context.set_target_cell..get_or_set_cached_cell_and_set_connections" :: held 0.000s {{(pid=93187) inner /opt/stack/data/venv/lib/python3.12/site-packages/oslo_concurrency/lockutils.py:543}}
Jun 30 16:20:36.629127 np0000004007 nova-scheduler[93187]: DEBUG oslo_concurrency.lockutils [None req-fae0f802-b658-4f90-af27-41fdf548b2ae tempest-ServersNegativeTestJSON-1966854636 tempest-ServersNegativeTestJSON-1966854636-project-member] Acquiring lock "np0000004007-np0000004007" by "nova.scheduler.host_manager.HostState.update.._locked_update" {{(pid=93187) inner /opt/stack/data/venv/lib/python3.12/site-packages/oslo_concurrency/lockutils.py:511}}
