Jun 30 16:17:15.174156 np0000004007 devstack@neutron-api.service[87338]: DEBUG neutron.api.extensions [None req-6a68b4ae-46bc-4a7c-bb33-8c8a3514558c None None] Extended resource: tags {{(pid=87338) __init__ /opt/stack/neutron/neutron/api/extensions.py:156}}
Jun 30 16:17:15.175310 np0000004007 devstack@neutron-api.service[87336]: INFO neutron.quota.resource_registry [None req-4e3d3f34-5815-4802-a986-afbf76868f87 None None] Creating instance of CountableResource for resource:router_route
Jun 30 16:17:15.175587 np0000004007 devstack@neutron-api.service[87336]: DEBUG neutron.api.v2.resource_helper [None req-4e3d3f34-5815-4802-a986-afbf76868f87 None None] Service L3_ROUTER_NAT assigned prefix: {{(pid=87336) build_resource_info /opt/stack/neutron/neutron/api/v2/resource_helper.py:77}}
Jun 30 16:17:15.176141 np0000004007 devstack@neutron-api.service[87336]: DEBUG neutron.api.v2.resource_helper [None req-4e3d3f34-5815-4802-a986-afbf76868f87 None None] Service FLAVORS assigned prefix: {{(pid=87336) build_resource_info /opt/stack/neutron/neutron/api/v2/resource_helper.py:77}}
Jun 30 16:17:15.177546 np0000004007 devstack@neutron-api.service[87336]: DEBUG neutron.api.v2.resource_helper [None req-4e3d3f34-5815-4802-a986-afbf76868f87 None None] Service L3_ROUTER_NAT assigned prefix: {{(pid=87336) build_resource_info /opt/stack/neutron/neutron/api/v2/resource_helper.py:77}}
Jun 30 16:17:15.178300 np0000004007 devstack@neutron-api.service[87336]: DEBUG neutron.api.v2.resource_helper [None req-4e3d3f34-5815-4802-a986-afbf76868f87 None None] Service L3_ROUTER_NAT assigned prefix: {{(pid=87336) build_resource_info /opt/stack/neutron/neutron/api/v2/resource_helper.py:77}}
Jun 30 16:17:15.178551 np0000004007 devstack@neutron-api.service[87336]: INFO neutron.quota.resource_registry [None req-4e3d3f34-5815-4802-a986-afbf76868f87 None None] Creating instance of TrackedResource for resource:router
Jun 30 16:17:15.179143 np0000004007 devstack@neutron-api.service[87336]: INFO neutron.quota.resource_registry [None req-4e3d3f34-5815-4802-a986-afbf76868f87 None None] Creating instance of TrackedResource for resource:floatingip
Jun 30 16:17:15.180818 np0000004007 devstack@neutron-api.service[87336]: INFO neutron.quota.resource_registry [None req-4e3d3f34-5815-4802-a986-afbf76868f87 None None] Creating instance of CountableResource for resource:rbac_policy
Jun 30 16:17:15.181974 np0000004007 devstack@neutron-api.service[87336]: INFO neutron.quota.resource_registry [None req-4e3d3f34-5815-4802-a986-afbf76868f87 None None] Creating instance of TrackedResource for resource:security_group
Jun 30 16:17:15.182404 np0000004007 devstack@neutron-api.service[87336]: INFO neutron.quota.resource_registry [None req-4e3d3f34-5815-4802-a986-afbf76868f87 None None] Creating instance of TrackedResource for resource:security_group_rule
Jun 30 16:17:15.183439 np0000004007 devstack@neutron-api.service[87336]: DEBUG neutron.api.v2.resource_helper [None req-4e3d3f34-5815-4802-a986-afbf76868f87 None None] Service CORE assigned prefix: {{(pid=87336) build_resource_info /opt/stack/neutron/neutron/api/v2/resource_helper.py:77}}
Jun 30 16:17:15.183508 np0000004007 devstack@neutron-api.service[87338]: DEBUG neutron_lib.callbacks.manager [None req-6a68b4ae-46bc-4a7c-bb33-8c8a3514558c None None] Publish callbacks ['neutron.plugins.ml2.drivers.ovn.mech_driver.mech_driver.OVNMechanismDriver.pre_fork_initialize-358483'] for process (None), before_spawn {{(pid=87338) _notify_loop /opt/stack/data/venv/lib/python3.12/site-packages/neutron_lib/callbacks/manager.py:184}}
Jun 30 16:17:15.183659 np0000004007 devstack@neutron-api.service[87336]: INFO neutron.quota.resource_registry [None req-4e3d3f34-5815-4802-a986-afbf76868f87 None None] Creating instance of TrackedResource for resource:subnetpool
Jun 30 16:17:15.183811 np0000004007 devstack@neutron-api.service[87336]: WARNING neutron.quota.resource_registry [None req-4e3d3f34-5815-4802-a986-afbf76868f87 None None] subnetpool is already registered
Jun 30 16:17:15.183935 np0000004007 devstack@neutron-api.service[87338]: DEBUG oslo_concurrency.processutils [None req-6a68b4ae-46bc-4a7c-bb33-8c8a3514558c None None] Running cmd (subprocess): ovsdb-client transact ssl:10.4.3.16:6641 --timeout 180 -p /opt/stack/data/CA/int-ca/private/devstack-cert.key -c /opt/stack/data/CA/int-ca/devstack-cert.crt -C /opt/stack/data/CA/int-ca/ca-chain.pem ["OVN_Northbound", {"op": "wait", "timeout": 0, "table": "Port_Group", "where": [["name", "==", "neutron_pg_drop"]], "until": "==", "rows": []}, {"op": "insert", "table": "ACL", "row": {"action": "drop", "direction": "to-lport", "match": "outport == @neutron_pg_drop && ip", "priority": 1001}, "uuid-name": "droptoport"}, {"op": "insert", "table": "ACL", "row": {"action": "drop", "direction": "from-lport", "match": "inport == @neutron_pg_drop && ip", "priority": 1001}, "uuid-name": "dropfromport"}, {"op": "insert", "table": "Port_Group", "row": {"name": "neutron_pg_drop", "acls": ["set", [["named-uuid", "droptoport"], ["named-uuid", "dropfromport"]]]}}] {{(pid=87338) execute /opt/stack/data/venv/lib/python3.12/site-packages/oslo_concurrency/processutils.py:440}}
Jun 30 16:17:15.184315 np0000004007 devstack@neutron-api.service[87336]: DEBUG neutron.api.v2.resource_helper [None req-4e3d3f34-5815-4802-a986-afbf76868f87 None None] Service CORE assigned prefix: {{(pid=87336) build_resource_info /opt/stack/neutron/neutron/api/v2/resource_helper.py:77}}
Jun 30 16:17:15.184516 np0000004007 devstack@neutron-api.service[87336]: INFO neutron.quota.resource_registry [None req-4e3d3f34-5815-4802-a986-afbf76868f87 None None] Creating instance of TrackedResource for resource:subnetpool
Jun 30 16:17:15.184678 np0000004007 devstack@neutron-api.service[87336]: WARNING neutron.quota.resource_registry [None req-4e3d3f34-5815-4802-a986-afbf76868f87 None None] subnetpool is already registered
Jun 30 16:17:15.187933 np0000004007 devstack@neutron-api.service[87336]: INFO neutron.quota.resource_registry [None req-4e3d3f34-5815-4802-a986-afbf76868f87 None None] Creating instance of CountableResource for resource:router_route
Jun 30 16:17:15.188163 np0000004007 devstack@neutron-api.service[87336]: WARNING neutron.quota.resource_registry [None req-4e3d3f34-5815-4802-a986-afbf76868f87 None None] router_route is already registered
Jun 30 16:17:15.188317 np0000004007 devstack@neutron-api.service[87336]: DEBUG neutron.api.v2.resource_helper [None req-4e3d3f34-5815-4802-a986-afbf76868f87 None None] Service L3_ROUTER_NAT assigned prefix: {{(pid=87336) build_resource_info /opt/stack/neutron/neutron/api/v2/resource_helper.py:77}}
Jun 30 16:17:15.188875 np0000004007 devstack@neutron-api.service[87336]: DEBUG neutron.api.v2.resource_helper [None req-4e3d3f34-5815-4802-a986-afbf76868f87 None None] Service FLAVORS assigned prefix: {{(pid=87336) build_resource_info /opt/stack/neutron/neutron/api/v2/resource_helper.py:77}}
Jun 30 16:17:15.190182 np0000004007 devstack@neutron-api.service[87336]: DEBUG neutron.api.v2.resource_helper [None req-4e3d3f34-5815-4802-a986-afbf76868f87 None None] Service L3_ROUTER_NAT assigned prefix: {{(pid=87336) build_resource_info /opt/stack/neutron/neutron/api/v2/resource_helper.py:77}}
Jun 30 16:17:15.190743 np0000004007 devstack@neutron-api.service[87336]: DEBUG neutron.api.v2.resource_helper [None req-4e3d3f34-5815-4802-a986-afbf76868f87 None None] Service L3_ROUTER_NAT assigned prefix: {{(pid=87336) build_resource_info /opt/stack/neutron/neutron/api/v2/resource_helper.py:77}}
Jun 30 16:17:15.190949 np0000004007 devstack@neutron-api.service[87336]: INFO neutron.quota.resource_registry [None req-4e3d3f34-5815-4802-a986-afbf76868f87 None None] Creating instance of TrackedResource for resource:router
Jun 30 16:17:15.191120 np0000004007 devstack@neutron-api.service[87336]: WARNING neutron.quota.resource_registry [None req-4e3d3f34-5815-4802-a986-afbf76868f87 None None] router is already registered
Jun 30 16:17:15.191831 np0000004007 devstack@neutron-api.service[87336]: INFO neutron.quota.resource_registry [None req-4e3d3f34-5815-4802-a986-afbf76868f87 None None] Creating instance of TrackedResource for resource:floatingip
Jun 30 16:17:15.191952 np0000004007 devstack@neutron-api.service[87336]: WARNING neutron.quota.resource_registry [None req-4e3d3f34-5815-4802-a986-afbf76868f87 None None] floatingip is already registered
Jun 30 16:17:15.193584 np0000004007 devstack@neutron-api.service[87336]: INFO neutron.quota.resource_registry [None req-4e3d3f34-5815-4802-a986-afbf76868f87 None None] Creating instance of CountableResource for resource:rbac_policy
Jun 30 16:17:15.193714 np0000004007 devstack@neutron-api.service[87336]: WARNING neutron.quota.resource_registry [None req-4e3d3f34-5815-4802-a986-afbf76868f87 None None] rbac_policy is already registered
Jun 30 16:17:15.194706 np0000004007 devstack@neutron-api.service[87336]: INFO neutron.quota.resource_registry [None req-4e3d3f34-5815-4802-a986-afbf76868f87 None None] Creating instance of TrackedResource for resource:security_group
Jun 30 16:17:15.194897 np0000004007 devstack@neutron-api.service[87336]: WARNING neutron.quota.resource_registry [None req-4e3d3f34-5815-4802-a986-afbf76868f87 None None] security_group is already registered
Jun 30 16:17:15.195470 np0000004007 devstack@neutron-api.service[87336]: INFO neutron.quota.resource_registry [None req-4e3d3f34-5815-4802-a986-afbf76868f87 None None] Creating instance of TrackedResource for resource:security_group_rule
Jun 30 16:17:15.195631 np0000004007 devstack@neutron-api.service[87336]: WARNING neutron.quota.resource_registry [None req-4e3d3f34-5815-4802-a986-afbf76868f87 None None] security_group_rule is already registered
Jun 30 16:17:15.196418 np0000004007 devstack@neutron-api.service[87336]: DEBUG neutron.api.v2.resource_helper [None req-4e3d3f34-5815-4802-a986-afbf76868f87 None None] Service CORE assigned prefix: {{(pid=87336) build_resource_info /opt/stack/neutron/neutron/api/v2/resource_helper.py:77}}
Jun 30 16:17:15.196600 np0000004007 devstack@neutron-api.service[87336]: INFO neutron.quota.resource_registry [None req-4e3d3f34-5815-4802-a986-afbf76868f87 None None] Creating instance of TrackedResource for resource:subnetpool
Jun 30 16:17:15.196770 np0000004007 devstack@neutron-api.service[87336]: WARNING neutron.quota.resource_registry [None req-4e3d3f34-5815-4802-a986-afbf76868f87 None None] subnetpool is already registered
Jun 30 16:17:15.197452 np0000004007 devstack@neutron-api.service[87336]: DEBUG neutron.api.v2.resource_helper [None req-4e3d3f34-5815-4802-a986-afbf76868f87 None None] Service CORE assigned prefix: {{(pid=87336) build_resource_info /opt/stack/neutron/neutron/api/v2/resource_helper.py:77}}
Jun 30 16:17:15.197452 np0000004007 devstack@neutron-api.service[87336]: INFO neutron.quota.resource_registry [None req-4e3d3f34-5815-4802-a986-afbf76868f87 None None] Creating instance of TrackedResource for resource:subnetpool
Jun 30 16:17:15.197452 np0000004007 devstack@neutron-api.service[87336]: WARNING neutron.quota.resource_registry [None req-4e3d3f34-5815-4802-a986-afbf76868f87 None None] subnetpool is already registered
Jun 30 16:17:15.198552 np0000004007 devstack@neutron-api.service[87336]: DEBUG neutron.api.extensions [None req-4e3d3f34-5815-4802-a986-afbf76868f87 None None] Extended resource: extensions {{(pid=87336) __init__ /opt/stack/neutron/neutron/api/extensions.py:156}}
Jun 30 16:17:15.198928 np0000004007 devstack@neutron-api.service[87336]: DEBUG neutron.api.extensions [None req-4e3d3f34-5815-4802-a986-afbf76868f87 None None] Extended resource: address-groups {{(pid=87336) __init__ /opt/stack/neutron/neutron/api/extensions.py:156}}
Jun 30 16:17:15.199565 np0000004007 devstack@neutron-api.service[87336]: DEBUG neutron.api.extensions [None req-4e3d3f34-5815-4802-a986-afbf76868f87 None None] Extended resource: address-scopes {{(pid=87336) __init__ /opt/stack/neutron/neutron/api/extensions.py:156}}
Jun 30 16:17:15.199990 np0000004007 devstack@neutron-api.service[87336]: DEBUG neutron.api.extensions [None req-4e3d3f34-5815-4802-a986-afbf76868f87 None None] Extended resource: agents {{(pid=87336) __init__ /opt/stack/neutron/neutron/api/extensions.py:156}}
Jun 30 16:17:15.200384 np0000004007 devstack@neutron-api.service[87336]: DEBUG neutron.api.extensions [None req-4e3d3f34-5815-4802-a986-afbf76868f87 None None] Extended resource: auto-allocated-topology {{(pid=87336) __init__ /opt/stack/neutron/neutron/api/extensions.py:156}}
Jun 30 16:17:15.200877 np0000004007 devstack@neutron-api.service[87336]: DEBUG neutron.api.extensions [None req-4e3d3f34-5815-4802-a986-afbf76868f87 None None] Extended resource: availability_zones {{(pid=87336) __init__ /opt/stack/neutron/neutron/api/extensions.py:156}}
Jun 30 16:17:15.201354 np0000004007 devstack@neutron-api.service[87336]: DEBUG neutron.api.extensions [None req-4e3d3f34-5815-4802-a986-afbf76868f87 None None] Extended resource: dhcp-networks {{(pid=87336) __init__ /opt/stack/neutron/neutron/api/extensions.py:156}}
Jun 30 16:17:15.202227 np0000004007 devstack@neutron-api.service[87336]: DEBUG neutron.api.extensions [None req-4e3d3f34-5815-4802-a986-afbf76868f87 None None] Extended resource: dhcp-agents {{(pid=87336) __init__ /opt/stack/neutron/neutron/api/extensions.py:156}}
Jun 30 16:17:15.203204 np0000004007 devstack@neutron-api.service[87336]: DEBUG neutron.api.extensions [None req-4e3d3f34-5815-4802-a986-afbf76868f87 None None] Extended resource: routers {{(pid=87336) __init__ /opt/stack/neutron/neutron/api/extensions.py:156}}
Jun 30 16:17:15.205468 np0000004007 devstack@neutron-api.service[87336]: DEBUG neutron.api.extensions [None req-4e3d3f34-5815-4802-a986-afbf76868f87 None None] Extended resource: flavors {{(pid=87336) __init__ /opt/stack/neutron/neutron/api/extensions.py:156}}
Jun 30 16:17:15.205468 np0000004007 devstack@neutron-api.service[87336]: DEBUG neutron.api.extensions [None req-4e3d3f34-5815-4802-a986-afbf76868f87 None None] Extended resource: service_profiles {{(pid=87336) __init__ /opt/stack/neutron/neutron/api/extensions.py:156}}
Jun 30 16:17:15.205468 np0000004007 devstack@neutron-api.service[87336]: DEBUG neutron.api.extensions [None req-4e3d3f34-5815-4802-a986-afbf76868f87 None None] Extended resource: next_providers {{(pid=87336) __init__ /opt/stack/neutron/neutron/api/extensions.py:156}}
Jun 30 16:17:15.206186 np0000004007 devstack@neutron-api.service[87336]: DEBUG neutron.api.extensions [None req-4e3d3f34-5815-4802-a986-afbf76868f87 None None] Extended resource: service_profiles {{(pid=87336) __init__ /opt/stack/neutron/neutron/api/extensions.py:156}}
Jun 30 16:17:15.206830 np0000004007 devstack@neutron-api.service[87336]: DEBUG neutron.api.extensions [None req-4e3d3f34-5815-4802-a986-afbf76868f87 None None] Extended resource: floatingip-pools {{(pid=87336) __init__ /opt/stack/neutron/neutron/api/extensions.py:156}}
Jun 30 16:17:15.207302 np0000004007 devstack@neutron-api.service[87336]: DEBUG neutron.api.extensions [None req-4e3d3f34-5815-4802-a986-afbf76868f87 None None] Extended resource: routers {{(pid=87336) __init__ /opt/stack/neutron/neutron/api/extensions.py:156}}
Jun 30 16:17:15.208599 np0000004007 devstack@neutron-api.service[87336]: DEBUG neutron.api.extensions [None req-4e3d3f34-5815-4802-a986-afbf76868f87 None None] Extended resource: floatingips {{(pid=87336) __init__ /opt/stack/neutron/neutron/api/extensions.py:156}}
Jun 30 16:17:15.209308 np0000004007 devstack@neutron-api.service[87336]: DEBUG neutron.api.extensions [None req-4e3d3f34-5815-4802-a986-afbf76868f87 None None] Extended resource: l3-routers {{(pid=87336) __init__ /opt/stack/neutron/neutron/api/extensions.py:156}}
Jun 30 16:17:15.209928 np0000004007 devstack@neutron-api.service[87336]: DEBUG neutron.api.extensions [None req-4e3d3f34-5815-4802-a986-afbf76868f87 None None] Extended resource: l3-agents {{(pid=87336) __init__ /opt/stack/neutron/neutron/api/extensions.py:156}}
Jun 30 16:17:15.210488 np0000004007 devstack@neutron-api.service[87336]: DEBUG neutron.api.extensions [None req-4e3d3f34-5815-4802-a986-afbf76868f87 None None] Extended resource: network-ip-availabilities {{(pid=87336) __init__ /opt/stack/neutron/neutron/api/extensions.py:156}}
Jun 30 16:17:15.211155 np0000004007 devstack@neutron-api.service[87336]: DEBUG neutron.api.extensions [None req-4e3d3f34-5815-4802-a986-afbf76868f87 None None] Extended resource: network-ip-availabilities {{(pid=87336) __init__ /opt/stack/neutron/neutron/api/extensions.py:156}}
Jun 30 16:17:15.213438 np0000004007 devstack@neutron-api.service[87336]: DEBUG neutron.api.extensions [None req-4e3d3f34-5815-4802-a986-afbf76868f87 None None] Extended resource: bindings {{(pid=87336) __init__ /opt/stack/neutron/neutron/api/extensions.py:156}}
Jun 30 16:17:15.214108 np0000004007 devstack@neutron-api.service[87336]: DEBUG neutron.api.extensions [None req-4e3d3f34-5815-4802-a986-afbf76868f87 None None] Extended resource: quotas {{(pid=87336) __init__ /opt/stack/neutron/neutron/api/extensions.py:156}}
Jun 30 16:17:15.215014 np0000004007 devstack@neutron-api.service[87336]: DEBUG neutron.api.extensions [None req-4e3d3f34-5815-4802-a986-afbf76868f87 None None] Extended resource: quotas {{(pid=87336) __init__ /opt/stack/neutron/neutron/api/extensions.py:156}}
Jun 30 16:17:15.215832 np0000004007 devstack@neutron-api.service[87336]: DEBUG neutron.api.extensions [None req-4e3d3f34-5815-4802-a986-afbf76868f87 None None] Extended resource: rbac-policies {{(pid=87336) __init__ /opt/stack/neutron/neutron/api/extensions.py:156}}
Jun 30 16:17:15.216458 np0000004007 devstack@neutron-api.service[87336]: DEBUG neutron.api.extensions [None req-4e3d3f34-5815-4802-a986-afbf76868f87 None None] Extended resource: default-security-group-rules {{(pid=87336) __init__ /opt/stack/neutron/neutron/api/extensions.py:156}}
Jun 30 16:17:15.217617 np0000004007 devstack@neutron-api.service[87336]: DEBUG neutron.api.extensions [None req-4e3d3f34-5815-4802-a986-afbf76868f87 None None] Extended resource: security-groups-default-statefulness {{(pid=87336) __init__ /opt/stack/neutron/neutron/api/extensions.py:156}}
Jun 30 16:17:15.219080 np0000004007 devstack@neutron-api.service[87336]: DEBUG neutron.api.extensions [None req-4e3d3f34-5815-4802-a986-afbf76868f87 None None] Extended resource: security-groups {{(pid=87336) __init__ /opt/stack/neutron/neutron/api/extensions.py:156}}
Jun 30 16:17:15.219277 np0000004007 devstack@neutron-api.service[87336]: DEBUG neutron.api.extensions [None req-4e3d3f34-5815-4802-a986-afbf76868f87 None None] Extended resource: security-group-rules {{(pid=87336) __init__ /opt/stack/neutron/neutron/api/extensions.py:156}}
Jun 30 16:17:15.219963 np0000004007 devstack@neutron-api.service[87336]: DEBUG neutron.api.extensions [None req-4e3d3f34-5815-4802-a986-afbf76868f87 None None] Extended resource: service-providers {{(pid=87336) __init__ /opt/stack/neutron/neutron/api/extensions.py:156}}
Jun 30 16:17:15.220973 np0000004007 devstack@neutron-api.service[87336]: DEBUG neutron.api.extensions [None req-4e3d3f34-5815-4802-a986-afbf76868f87 None None] Extended resource: subnetpools {{(pid=87336) __init__ /opt/stack/neutron/neutron/api/extensions.py:156}}
Jun 30 16:17:15.221408 np0000004007 devstack@neutron-api.service[87338]: DEBUG oslo_concurrency.processutils [None req-6a68b4ae-46bc-4a7c-bb33-8c8a3514558c None None] CMD "ovsdb-client transact ssl:10.4.3.16:6641 --timeout 180 -p /opt/stack/data/CA/int-ca/private/devstack-cert.key -c /opt/stack/data/CA/int-ca/devstack-cert.crt -C /opt/stack/data/CA/int-ca/ca-chain.pem ["OVN_Northbound", {"op": "wait", "timeout": 0, "table": "Port_Group", "where": [["name", "==", "neutron_pg_drop"]], "until": "==", "rows": []}, {"op": "insert", "table": "ACL", "row": {"action": "drop", "direction": "to-lport", "match": "outport == @neutron_pg_drop && ip", "priority": 1001}, "uuid-name": "droptoport"}, {"op": "insert", "table": "ACL", "row": {"action": "drop", "direction": "from-lport", "match": "inport == @neutron_pg_drop && ip", "priority": 1001}, "uuid-name": "dropfromport"}, {"op": "insert", "table": "Port_Group", "row": {"name": "neutron_pg_drop", "acls": ["set", [["named-uuid", "droptoport"], ["named-uuid", "dropfromport"]]]}}]" returned: 0 in 0.037s {{(pid=87338) execute /opt/stack/data/venv/lib/python3.12/site-packages/oslo_concurrency/processutils.py:468}}
Jun 30 16:17:15.221612 np0000004007 devstack@neutron-api.service[87336]: DEBUG neutron.api.extensions [None req-4e3d3f34-5815-4802-a986-afbf76868f87 None None] Extended resource: subnetpools {{(pid=87336) __init__ /opt/stack/neutron/neutron/api/extensions.py:156}}
Jun 30 16:17:15.222490 np0000004007 devstack@neutron-api.service[87336]: DEBUG neutron.api.extensions [None req-4e3d3f34-5815-4802-a986-afbf76868f87 None None] Extended resource: tags {{(pid=87336) __init__ /opt/stack/neutron/neutron/api/extensions.py:156}}
Jun 30 16:17:15.222631 np0000004007 devstack@neutron-api.service[87338]: DEBUG neutron_lib.callbacks.manager [None req-6a68b4ae-46bc-4a7c-bb33-8c8a3514558c None None] Publish callbacks ['neutron.plugins.ml2.drivers.ovn.mech_driver.mech_driver.OVNMechanismDriver.post_fork_initialize-358411', 'neutron.services.pvlan.drivers.ovn.driver._initialize_pvlan_pg_drop-8594074480884', 'neutron.services.ovn_l3.plugin.OVNL3RouterPlugin._post_fork_initialize-1708064'] for process (None), after_init {{(pid=87338) _notify_loop /opt/stack/data/venv/lib/python3.12/site-packages/neutron_lib/callbacks/manager.py:184}}
Jun 30 16:17:15.223797 np0000004007 devstack@neutron-api.service[87336]: DEBUG neutron.api.extensions [None req-4e3d3f34-5815-4802-a986-afbf76868f87 None None] Extended resource: tags {{(pid=87336) __init__ /opt/stack/neutron/neutron/api/extensions.py:156}}
Jun 30 16:17:15.224073 np0000004007 devstack@neutron-api.service[87338]: DEBUG oslo_concurrency.lockutils [None req-6a68b4ae-46bc-4a7c-bb33-8c8a3514558c None None] Acquiring lock "singleton_lock" {{(pid=87338) lock /opt/stack/data/venv/lib/python3.12/site-packages/oslo_concurrency/lockutils.py:395}}
Jun 30 16:17:15.224237 np0000004007 devstack@neutron-api.service[87336]: DEBUG neutron.api.extensions [None req-4e3d3f34-5815-4802-a986-afbf76868f87 None None] Extended resource: tags {{(pid=87336) __init__ /opt/stack/neutron/neutron/api/extensions.py:156}}
Jun 30 16:17:15.224314 np0000004007 devstack@neutron-api.service[87338]: DEBUG oslo_concurrency.lockutils [None req-6a68b4ae-46bc-4a7c-bb33-8c8a3514558c None None] Acquired lock "singleton_lock" {{(pid=87338) lock /opt/stack/data/venv/lib/python3.12/site-packages/oslo_concurrency/lockutils.py:398}}
Jun 30 16:17:15.224504 np0000004007 devstack@neutron-api.service[87338]: DEBUG oslo_concurrency.lockutils [None req-6a68b4ae-46bc-4a7c-bb33-8c8a3514558c None None] Releasing lock "singleton_lock" {{(pid=87338) lock /opt/stack/data/venv/lib/python3.12/site-packages/oslo_concurrency/lockutils.py:418}}
Jun 30 16:17:15.225580 np0000004007 devstack@neutron-api.service[87336]: DEBUG neutron.api.extensions [None req-4e3d3f34-5815-4802-a986-afbf76868f87 None None] Extended resource: tags {{(pid=87336) __init__ /opt/stack/neutron/neutron/api/extensions.py:156}}
Jun 30 16:17:15.226336 np0000004007 devstack@neutron-api.service[87336]: DEBUG neutron.api.extensions [None req-4e3d3f34-5815-4802-a986-afbf76868f87 None None] Extended resource: tags {{(pid=87336) __init__ /opt/stack/neutron/neutron/api/extensions.py:156}}
Jun 30 16:17:15.227266 np0000004007 devstack@neutron-api.service[87336]: DEBUG neutron.api.extensions [None req-4e3d3f34-5815-4802-a986-afbf76868f87 None None] Extended resource: tags {{(pid=87336) __init__ /opt/stack/neutron/neutron/api/extensions.py:156}}
Jun 30 16:17:15.227922 np0000004007 devstack@neutron-api.service[87338]: DEBUG neutron.plugins.ml2.drivers.ovn.mech_driver.mech_driver [None req-6a68b4ae-46bc-4a7c-bb33-8c8a3514558c None None] Hash Ring setup using WSGI start time 2026-06-30 16:17:09+00:00 {{(pid=87338) _init_hash_ring /opt/stack/neutron/neutron/plugins/ml2/drivers/ovn/mech_driver/mech_driver.py:404}}
Jun 30 16:17:15.228124 np0000004007 devstack@neutron-api.service[87336]: DEBUG neutron.api.extensions [None req-4e3d3f34-5815-4802-a986-afbf76868f87 None None] Extended resource: tags {{(pid=87336) __init__ /opt/stack/neutron/neutron/api/extensions.py:156}}
Jun 30 16:17:15.229187 np0000004007 devstack@neutron-api.service[87336]: DEBUG neutron.api.extensions [None req-4e3d3f34-5815-4802-a986-afbf76868f87 None None] Extended resource: tags {{(pid=87336) __init__ /opt/stack/neutron/neutron/api/extensions.py:156}}
Jun 30 16:17:15.230091 np0000004007 devstack@neutron-api.service[87336]: DEBUG neutron.api.extensions [None req-4e3d3f34-5815-4802-a986-afbf76868f87 None None] Extended resource: tags {{(pid=87336) __init__ /opt/stack/neutron/neutron/api/extensions.py:156}}
Jun 30 16:17:15.231077 np0000004007 devstack@neutron-api.service[87336]: DEBUG neutron.api.extensions [None req-4e3d3f34-5815-4802-a986-afbf76868f87 None None] Extended resource: tags {{(pid=87336) __init__ /opt/stack/neutron/neutron/api/extensions.py:156}}
Jun 30 16:17:15.244548 np0000004007 devstack@neutron-api.service[87338]: INFO neutron.db.ovn_hash_ring_db [None req-6a68b4ae-46bc-4a7c-bb33-8c8a3514558c None None] Nodes from host "np0000004007" and group "mechanism_driver" removed from the Hash Ring created at 2026-06-30 16:17:09+00:00
Jun 30 16:17:15.245196 np0000004007 devstack@neutron-api.service[87336]: DEBUG neutron_lib.callbacks.manager [None req-4e3d3f34-5815-4802-a986-afbf76868f87 None None] Publish callbacks ['neutron.plugins.ml2.drivers.ovn.mech_driver.mech_driver.OVNMechanismDriver.pre_fork_initialize-352391'] for process (None), before_spawn {{(pid=87336) _notify_loop /opt/stack/data/venv/lib/python3.12/site-packages/neutron_lib/callbacks/manager.py:184}}
Jun 30 16:17:15.245820 np0000004007 devstack@neutron-api.service[87336]: DEBUG oslo_concurrency.processutils [None req-4e3d3f34-5815-4802-a986-afbf76868f87 None None] Running cmd (subprocess): ovsdb-client transact ssl:10.4.3.16:6641 --timeout 180 -p /opt/stack/data/CA/int-ca/private/devstack-cert.key -c /opt/stack/data/CA/int-ca/devstack-cert.crt -C /opt/stack/data/CA/int-ca/ca-chain.pem ["OVN_Northbound", {"op": "wait", "timeout": 0, "table": "Port_Group", "where": [["name", "==", "neutron_pg_drop"]], "until": "==", "rows": []}, {"op": "insert", "table": "ACL", "row": {"action": "drop", "direction": "to-lport", "match": "outport == @neutron_pg_drop && ip", "priority": 1001}, "uuid-name": "droptoport"}, {"op": "insert", "table": "ACL", "row": {"action": "drop", "direction": "from-lport", "match": "inport == @neutron_pg_drop && ip", "priority": 1001}, "uuid-name": "dropfromport"}, {"op": "insert", "table": "Port_Group", "row": {"name": "neutron_pg_drop", "acls": ["set", [["named-uuid", "droptoport"], ["named-uuid", "dropfromport"]]]}}] {{(pid=87336) execute /opt/stack/data/venv/lib/python3.12/site-packages/oslo_concurrency/processutils.py:440}}
Jun 30 16:17:15.249223 np0000004007 devstack@neutron-api.service[87338]: INFO neutron.db.ovn_hash_ring_db [None req-6a68b4ae-46bc-4a7c-bb33-8c8a3514558c None None] Node c37e9af760545483bbc643091acfbd33 from host "np0000004007" and group "mechanism_driver" added to the Hash Ring
Jun 30 16:17:15.254480 np0000004007 devstack@neutron-api.service[87338]: DEBUG neutron.plugins.ml2.drivers.ovn.mech_driver.mech_driver [None req-6a68b4ae-46bc-4a7c-bb33-8c8a3514558c None None] Hash Ring setup, this worker has detected 2 OVN hash ring registers in the database {{(pid=87338) _init_hash_ring /opt/stack/neutron/neutron/plugins/ml2/drivers/ovn/mech_driver/mech_driver.py:414}}
Jun 30 16:17:15.266069 np0000004007 devstack@neutron-api.service[87338]: DEBUG neutron.plugins.ml2.drivers.ovn.mech_driver.ovsdb.maintenance [None req-6a68b4ae-46bc-4a7c-bb33-8c8a3514558c None None] Periodic task found: HashRingHealthCheckPeriodics.touch_hash_ring_node {{(pid=87338) add_periodics /opt/stack/neutron/neutron/plugins/ml2/drivers/ovn/mech_driver/ovsdb/maintenance.py:146}}
Jun 30 16:17:15.267664 np0000004007 devstack@neutron-api.service[87338]: INFO neutron.plugins.ml2.drivers.ovn.mech_driver.mech_driver [None req-6a68b4ae-46bc-4a7c-bb33-8c8a3514558c None None] Hash Ring probing thread for node c37e9af760545483bbc643091acfbd33 has started
Jun 30 16:17:15.268376 np0000004007 devstack@neutron-api.service[87338]: INFO neutron.plugins.ml2.drivers.ovn.mech_driver.ovsdb.impl_idl_ovn [None req-6a68b4ae-46bc-4a7c-bb33-8c8a3514558c None None] Getting OvsdbNbOvnIdl for WorkerService with retry
Jun 30 16:17:15.287465 np0000004007 devstack@neutron-api.service[87336]: DEBUG oslo_concurrency.processutils [None req-4e3d3f34-5815-4802-a986-afbf76868f87 None None] CMD "ovsdb-client transact ssl:10.4.3.16:6641 --timeout 180 -p /opt/stack/data/CA/int-ca/private/devstack-cert.key -c /opt/stack/data/CA/int-ca/devstack-cert.crt -C /opt/stack/data/CA/int-ca/ca-chain.pem ["OVN_Northbound", {"op": "wait", "timeout": 0, "table": "Port_Group", "where": [["name", "==", "neutron_pg_drop"]], "until": "==", "rows": []}, {"op": "insert", "table": "ACL", "row": {"action": "drop", "direction": "to-lport", "match": "outport == @neutron_pg_drop && ip", "priority": 1001}, "uuid-name": "droptoport"}, {"op": "insert", "table": "ACL", "row": {"action": "drop", "direction": "from-lport", "match": "inport == @neutron_pg_drop && ip", "priority": 1001}, "uuid-name": "dropfromport"}, {"op": "insert", "table": "Port_Group", "row": {"name": "neutron_pg_drop", "acls": ["set", [["named-uuid", "droptoport"], ["named-uuid", "dropfromport"]]]}}]" returned: 0 in 0.041s {{(pid=87336) execute /opt/stack/data/venv/lib/python3.12/site-packages/oslo_concurrency/processutils.py:468}}
Jun 30 16:17:15.288095 np0000004007 devstack@neutron-api.service[87336]: DEBUG neutron_lib.callbacks.manager [None req-4e3d3f34-5815-4802-a986-afbf76868f87 None None] Publish callbacks ['neutron.plugins.ml2.drivers.ovn.mech_driver.mech_driver.OVNMechanismDriver.post_fork_initialize-352431', 'neutron.services.pvlan.drivers.ovn.driver._initialize_pvlan_pg_drop-8594074488172', 'neutron.services.ovn_l3.plugin.OVNL3RouterPlugin._post_fork_initialize-1713629'] for process (None), after_init {{(pid=87336) _notify_loop /opt/stack/data/venv/lib/python3.12/site-packages/neutron_lib/callbacks/manager.py:184}}
Jun 30 16:17:15.288739 np0000004007 devstack@neutron-api.service[87336]: DEBUG oslo_concurrency.lockutils [None req-4e3d3f34-5815-4802-a986-afbf76868f87 None None] Acquiring lock "singleton_lock" {{(pid=87336) lock /opt/stack/data/venv/lib/python3.12/site-packages/oslo_concurrency/lockutils.py:395}}
Jun 30 16:17:15.288977 np0000004007 devstack@neutron-api.service[87336]: DEBUG oslo_concurrency.lockutils [None req-4e3d3f34-5815-4802-a986-afbf76868f87 None None] Acquired lock "singleton_lock" {{(pid=87336) lock /opt/stack/data/venv/lib/python3.12/site-packages/oslo_concurrency/lockutils.py:398}}
Jun 30 16:17:15.289265 np0000004007 devstack@neutron-api.service[87336]: DEBUG oslo_concurrency.lockutils [None req-4e3d3f34-5815-4802-a986-afbf76868f87 None None] Releasing lock "singleton_lock" {{(pid=87336) lock /opt/stack/data/venv/lib/python3.12/site-packages/oslo_concurrency/lockutils.py:418}}
Jun 30 16:17:15.291746 np0000004007 devstack@neutron-api.service[87336]: DEBUG neutron.plugins.ml2.drivers.ovn.mech_driver.mech_driver [None req-4e3d3f34-5815-4802-a986-afbf76868f87 None None] Hash Ring setup using WSGI start time 2026-06-30 16:17:09+00:00 {{(pid=87336) _init_hash_ring /opt/stack/neutron/neutron/plugins/ml2/drivers/ovn/mech_driver/mech_driver.py:404}}
Jun 30 16:17:15.299243 np0000004007 devstack@neutron-api.service[87336]: INFO neutron.db.ovn_hash_ring_db [None req-4e3d3f34-5815-4802-a986-afbf76868f87 None None] Nodes from host "np0000004007" and group "mechanism_driver" removed from the Hash Ring created at 2026-06-30 16:17:09+00:00
Jun 30 16:17:15.303989 np0000004007 devstack@neutron-api.service[87336]: INFO neutron.db.ovn_hash_ring_db [None req-4e3d3f34-5815-4802-a986-afbf76868f87 None None] Node a966acfc4ad454a7b1fdba9472121deb from host "np0000004007" and group "mechanism_driver" added to the Hash Ring
Jun 30 16:17:15.308366 np0000004007 devstack@neutron-api.service[87336]: DEBUG neutron.plugins.ml2.drivers.ovn.mech_driver.mech_driver [None req-4e3d3f34-5815-4802-a986-afbf76868f87 None None] Hash Ring setup, this worker has detected 3 OVN hash ring registers in the database {{(pid=87336) _init_hash_ring /opt/stack/neutron/neutron/plugins/ml2/drivers/ovn/mech_driver/mech_driver.py:414}}
Jun 30 16:17:15.315822 np0000004007 devstack@neutron-api.service[87336]: DEBUG neutron.plugins.ml2.drivers.ovn.mech_driver.ovsdb.maintenance [None req-4e3d3f34-5815-4802-a986-afbf76868f87 None None] Periodic task found: HashRingHealthCheckPeriodics.touch_hash_ring_node {{(pid=87336) add_periodics /opt/stack/neutron/neutron/plugins/ml2/drivers/ovn/mech_driver/ovsdb/maintenance.py:146}}
Jun 30 16:17:15.315822 np0000004007 devstack@neutron-api.service[87336]: INFO neutron.plugins.ml2.drivers.ovn.mech_driver.mech_driver [None req-4e3d3f34-5815-4802-a986-afbf76868f87 None None] Hash Ring probing thread for node a966acfc4ad454a7b1fdba9472121deb has started
Jun 30 16:17:15.316015 np0000004007 devstack@neutron-api.service[87336]: INFO neutron.plugins.ml2.drivers.ovn.mech_driver.ovsdb.impl_idl_ovn [None req-4e3d3f34-5815-4802-a986-afbf76868f87 None None] Getting OvsdbNbOvnIdl for WorkerService with retry
Jun 30 16:17:15.319690 np0000004007 devstack@neutron-api.service[87338]: DEBUG ovsdbapp.backend.ovs_idl [None req-6a68b4ae-46bc-4a7c-bb33-8c8a3514558c None None] Created lookup_table index Logical_Switch.name {{(pid=87338) autocreate_indices /opt/stack/data/venv/lib/python3.12/site-packages/ovsdbapp/backend/ovs_idl/__init__.py:87}}
Jun 30 16:17:15.319911 np0000004007 devstack@neutron-api.service[87338]: DEBUG ovsdbapp.backend.ovs_idl [None req-6a68b4ae-46bc-4a7c-bb33-8c8a3514558c None None] Created lookup_table index Logical_Router.name {{(pid=87338) autocreate_indices /opt/stack/data/venv/lib/python3.12/site-packages/ovsdbapp/backend/ovs_idl/__init__.py:87}}
Jun 30 16:17:15.320020 np0000004007 devstack@neutron-api.service[87338]: DEBUG ovsdbapp.backend.ovs_idl [None req-6a68b4ae-46bc-4a7c-bb33-8c8a3514558c None None] Created lookup_table index Load_Balancer.name {{(pid=87338) autocreate_indices /opt/stack/data/venv/lib/python3.12/site-packages/ovsdbapp/backend/ovs_idl/__init__.py:87}}
Jun 30 16:17:15.320208 np0000004007 devstack@neutron-api.service[87338]: DEBUG ovsdbapp.backend.ovs_idl [None req-6a68b4ae-46bc-4a7c-bb33-8c8a3514558c None None] Created schema index Copp.name {{(pid=87338) autocreate_indices /opt/stack/data/venv/lib/python3.12/site-packages/ovsdbapp/backend/ovs_idl/__init__.py:106}}
Jun 30 16:17:15.320615 np0000004007 devstack@neutron-api.service[87338]: DEBUG ovsdbapp.backend.ovs_idl [None req-6a68b4ae-46bc-4a7c-bb33-8c8a3514558c None None] Created schema index Meter.name {{(pid=87338) autocreate_indices /opt/stack/data/venv/lib/python3.12/site-packages/ovsdbapp/backend/ovs_idl/__init__.py:106}}
Jun 30 16:17:15.320615 np0000004007 devstack@neutron-api.service[87338]: DEBUG ovsdbapp.backend.ovs_idl [None req-6a68b4ae-46bc-4a7c-bb33-8c8a3514558c None None] Created schema index Load_Balancer_Group.name {{(pid=87338) autocreate_indices /opt/stack/data/venv/lib/python3.12/site-packages/ovsdbapp/backend/ovs_idl/__init__.py:106}}
Jun 30 16:17:15.320615 np0000004007 devstack@neutron-api.service[87338]: DEBUG ovsdbapp.backend.ovs_idl [None req-6a68b4ae-46bc-4a7c-bb33-8c8a3514558c None None] Created schema index HA_Chassis_Group.name {{(pid=87338) autocreate_indices /opt/stack/data/venv/lib/python3.12/site-packages/ovsdbapp/backend/ovs_idl/__init__.py:106}}
Jun 30 16:17:15.321081 np0000004007 devstack@neutron-api.service[87338]: DEBUG ovsdbapp.backend.ovs_idl [None req-6a68b4ae-46bc-4a7c-bb33-8c8a3514558c None None] Created schema index Address_Set.name {{(pid=87338) autocreate_indices /opt/stack/data/venv/lib/python3.12/site-packages/ovsdbapp/backend/ovs_idl/__init__.py:106}}
Jun 30 16:17:15.321081 np0000004007 devstack@neutron-api.service[87338]: DEBUG ovsdbapp.backend.ovs_idl [None req-6a68b4ae-46bc-4a7c-bb33-8c8a3514558c None None] Created schema index Connection.target {{(pid=87338) autocreate_indices /opt/stack/data/venv/lib/python3.12/site-packages/ovsdbapp/backend/ovs_idl/__init__.py:106}}
Jun 30 16:17:15.321081 np0000004007 devstack@neutron-api.service[87338]: DEBUG ovsdbapp.backend.ovs_idl [None req-6a68b4ae-46bc-4a7c-bb33-8c8a3514558c None None] Created schema index Gateway_Chassis.name {{(pid=87338) autocreate_indices /opt/stack/data/venv/lib/python3.12/site-packages/ovsdbapp/backend/ovs_idl/__init__.py:106}}
Jun 30 16:17:15.321081 np0000004007 devstack@neutron-api.service[87338]: DEBUG ovsdbapp.backend.ovs_idl [None req-6a68b4ae-46bc-4a7c-bb33-8c8a3514558c None None] Created schema index Mirror.name {{(pid=87338) autocreate_indices /opt/stack/data/venv/lib/python3.12/site-packages/ovsdbapp/backend/ovs_idl/__init__.py:106}}
Jun 30 16:17:15.321632 np0000004007 devstack@neutron-api.service[87338]: DEBUG ovsdbapp.backend.ovs_idl [None req-6a68b4ae-46bc-4a7c-bb33-8c8a3514558c None None] Created schema index Chassis_Template_Var.chassis {{(pid=87338) autocreate_indices /opt/stack/data/venv/lib/python3.12/site-packages/ovsdbapp/backend/ovs_idl/__init__.py:106}}
Jun 30 16:17:15.321632 np0000004007 devstack@neutron-api.service[87338]: DEBUG ovsdbapp.backend.ovs_idl [None req-6a68b4ae-46bc-4a7c-bb33-8c8a3514558c None None] Created schema index Logical_Router_Port.name {{(pid=87338) autocreate_indices /opt/stack/data/venv/lib/python3.12/site-packages/ovsdbapp/backend/ovs_idl/__init__.py:106}}
Jun 30 16:17:15.321632 np0000004007 devstack@neutron-api.service[87338]: DEBUG ovsdbapp.backend.ovs_idl [None req-6a68b4ae-46bc-4a7c-bb33-8c8a3514558c None None] Created schema index Port_Group.name {{(pid=87338) autocreate_indices /opt/stack/data/venv/lib/python3.12/site-packages/ovsdbapp/backend/ovs_idl/__init__.py:106}}
Jun 30 16:17:15.321632 np0000004007 devstack@neutron-api.service[87338]: DEBUG ovsdbapp.backend.ovs_idl [None req-6a68b4ae-46bc-4a7c-bb33-8c8a3514558c None None] Created schema index Logical_Switch_Port.name {{(pid=87338) autocreate_indices /opt/stack/data/venv/lib/python3.12/site-packages/ovsdbapp/backend/ovs_idl/__init__.py:106}}
Jun 30 16:17:15.324665 np0000004007 devstack@neutron-api.service[87338]: INFO ovsdbapp.backend.ovs_idl.vlog [None req-6a68b4ae-46bc-4a7c-bb33-8c8a3514558c None None] ssl:10.4.3.16:6641: connecting...
Jun 30 16:17:15.335650 np0000004007 devstack@neutron-api.service[87338]: INFO ovsdbapp.backend.ovs_idl.vlog [None req-6a68b4ae-46bc-4a7c-bb33-8c8a3514558c None None] ssl:10.4.3.16:6641: connected
Jun 30 16:17:15.357644 np0000004007 devstack@neutron-api.service[87336]: DEBUG ovsdbapp.backend.ovs_idl [None req-4e3d3f34-5815-4802-a986-afbf76868f87 None None] Created lookup_table index Logical_Switch.name {{(pid=87336) autocreate_indices /opt/stack/data/venv/lib/python3.12/site-packages/ovsdbapp/backend/ovs_idl/__init__.py:87}}
Jun 30 16:17:15.357849 np0000004007 devstack@neutron-api.service[87336]: DEBUG ovsdbapp.backend.ovs_idl [None req-4e3d3f34-5815-4802-a986-afbf76868f87 None None] Created lookup_table index Logical_Router.name {{(pid=87336) autocreate_indices /opt/stack/data/venv/lib/python3.12/site-packages/ovsdbapp/backend/ovs_idl/__init__.py:87}}
Jun 30 16:17:15.358004 np0000004007 devstack@neutron-api.service[87336]: DEBUG ovsdbapp.backend.ovs_idl [None req-4e3d3f34-5815-4802-a986-afbf76868f87 None None] Created lookup_table index Load_Balancer.name {{(pid=87336) autocreate_indices /opt/stack/data/venv/lib/python3.12/site-packages/ovsdbapp/backend/ovs_idl/__init__.py:87}}
Jun 30 16:17:15.358154 np0000004007 devstack@neutron-api.service[87336]: DEBUG ovsdbapp.backend.ovs_idl [None req-4e3d3f34-5815-4802-a986-afbf76868f87 None None] Created schema index Copp.name {{(pid=87336) autocreate_indices /opt/stack/data/venv/lib/python3.12/site-packages/ovsdbapp/backend/ovs_idl/__init__.py:106}}
Jun 30 16:17:15.358272 np0000004007 devstack@neutron-api.service[87336]: DEBUG ovsdbapp.backend.ovs_idl [None req-4e3d3f34-5815-4802-a986-afbf76868f87 None None] Created schema index Meter.name {{(pid=87336) autocreate_indices /opt/stack/data/venv/lib/python3.12/site-packages/ovsdbapp/backend/ovs_idl/__init__.py:106}}
Jun 30 16:17:15.358451 np0000004007 devstack@neutron-api.service[87336]: DEBUG ovsdbapp.backend.ovs_idl [None req-4e3d3f34-5815-4802-a986-afbf76868f87 None None] Created schema index Load_Balancer_Group.name {{(pid=87336) autocreate_indices /opt/stack/data/venv/lib/python3.12/site-packages/ovsdbapp/backend/ovs_idl/__init__.py:106}}
Jun 30 16:17:15.358572 np0000004007 devstack@neutron-api.service[87336]: DEBUG ovsdbapp.backend.ovs_idl [None req-4e3d3f34-5815-4802-a986-afbf76868f87 None None] Created schema index HA_Chassis_Group.name {{(pid=87336) autocreate_indices /opt/stack/data/venv/lib/python3.12/site-packages/ovsdbapp/backend/ovs_idl/__init__.py:106}}
Jun 30 16:17:15.358814 np0000004007 devstack@neutron-api.service[87336]: DEBUG ovsdbapp.backend.ovs_idl [None req-4e3d3f34-5815-4802-a986-afbf76868f87 None None] Created schema index Address_Set.name {{(pid=87336) autocreate_indices /opt/stack/data/venv/lib/python3.12/site-packages/ovsdbapp/backend/ovs_idl/__init__.py:106}}
Jun 30 16:17:15.358860 np0000004007 devstack@neutron-api.service[87336]: DEBUG ovsdbapp.backend.ovs_idl [None req-4e3d3f34-5815-4802-a986-afbf76868f87 None None] Created schema index Connection.target {{(pid=87336) autocreate_indices /opt/stack/data/venv/lib/python3.12/site-packages/ovsdbapp/backend/ovs_idl/__init__.py:106}}
Jun 30 16:17:15.359379 np0000004007 devstack@neutron-api.service[87336]: DEBUG ovsdbapp.backend.ovs_idl [None req-4e3d3f34-5815-4802-a986-afbf76868f87 None None] Created schema index Gateway_Chassis.name {{(pid=87336) autocreate_indices /opt/stack/data/venv/lib/python3.12/site-packages/ovsdbapp/backend/ovs_idl/__init__.py:106}}
Jun 30 16:17:15.359379 np0000004007 devstack@neutron-api.service[87336]: DEBUG ovsdbapp.backend.ovs_idl [None req-4e3d3f34-5815-4802-a986-afbf76868f87 None None] Created schema index Mirror.name {{(pid=87336) autocreate_indices /opt/stack/data/venv/lib/python3.12/site-packages/ovsdbapp/backend/ovs_idl/__init__.py:106}}
Jun 30 16:17:15.359379 np0000004007 devstack@neutron-api.service[87336]: DEBUG ovsdbapp.backend.ovs_idl [None req-4e3d3f34-5815-4802-a986-afbf76868f87 None None] Created schema index Chassis_Template_Var.chassis {{(pid=87336) autocreate_indices /opt/stack/data/venv/lib/python3.12/site-packages/ovsdbapp/backend/ovs_idl/__init__.py:106}}
Jun 30 16:17:15.359379 np0000004007 devstack@neutron-api.service[87336]: DEBUG ovsdbapp.backend.ovs_idl [None req-4e3d3f34-5815-4802-a986-afbf76868f87 None None] Created schema index Logical_Router_Port.name {{(pid=87336) autocreate_indices /opt/stack/data/venv/lib/python3.12/site-packages/ovsdbapp/backend/ovs_idl/__init__.py:106}}
Jun 30 16:17:15.359379 np0000004007 devstack@neutron-api.service[87336]: DEBUG ovsdbapp.backend.ovs_idl [None req-4e3d3f34-5815-4802-a986-afbf76868f87 None None] Created schema index Port_Group.name {{(pid=87336) autocreate_indices /opt/stack/data/venv/lib/python3.12/site-packages/ovsdbapp/backend/ovs_idl/__init__.py:106}}
Jun 30 16:17:15.359743 np0000004007 devstack@neutron-api.service[87336]: DEBUG ovsdbapp.backend.ovs_idl [None req-4e3d3f34-5815-4802-a986-afbf76868f87 None None] Created schema index Logical_Switch_Port.name {{(pid=87336) autocreate_indices /opt/stack/data/venv/lib/python3.12/site-packages/ovsdbapp/backend/ovs_idl/__init__.py:106}}
Jun 30 16:17:15.362997 np0000004007 devstack@neutron-api.service[87336]: INFO ovsdbapp.backend.ovs_idl.vlog [None req-4e3d3f34-5815-4802-a986-afbf76868f87 None None] ssl:10.4.3.16:6641: connecting...
Jun 30 16:17:15.367956 np0000004007 devstack@neutron-api.service[87338]: DEBUG neutron.common.ovn.hash_ring_manager [None req-6a68b4ae-46bc-4a7c-bb33-8c8a3514558c None None] Allow caching, nodes 3>=3 {{(pid=87338) _wait_startup_before_caching /opt/stack/neutron/neutron/common/ovn/hash_ring_manager.py:71}}
Jun 30 16:17:15.369104 np0000004007 devstack@neutron-api.service[87336]: INFO ovsdbapp.backend.ovs_idl.vlog [None req-4e3d3f34-5815-4802-a986-afbf76868f87 None None] ssl:10.4.3.16:6641: connected
Jun 30 16:17:15.375485 np0000004007 devstack@neutron-api.service[87338]: DEBUG neutron.common.ovn.hash_ring_manager [None req-6a68b4ae-46bc-4a7c-bb33-8c8a3514558c None None] Hash Ring loaded. 3 active nodes. 0 offline nodes {{(pid=87338) _load_hash_ring /opt/stack/neutron/neutron/common/ovn/hash_ring_manager.py:110}}
Jun 30 16:17:15.375882 np0000004007 devstack@neutron-api.service[87338]: DEBUG neutron.plugins.ml2.drivers.ovn.mech_driver.ovsdb.ovsdb_monitor [None req-6a68b4ae-46bc-4a7c-bb33-8c8a3514558c None None] Hash Ring: Node c37e9af760545483bbc643091acfbd33 (host: np0000004007) handling event "create" for row 1a82c831-94a6-48f3-8d80-80f74a4dc002 (table: ACL) {{(pid=87338) notify /opt/stack/neutron/neutron/plugins/ml2/drivers/ovn/mech_driver/ovsdb/ovsdb_monitor.py:1015}}
Jun 30 16:17:15.376029 np0000004007 devstack@neutron-api.service[87338]: DEBUG neutron.plugins.ml2.drivers.ovn.mech_driver.ovsdb.ovsdb_monitor [None req-6a68b4ae-46bc-4a7c-bb33-8c8a3514558c None None] Hash Ring: Node c37e9af760545483bbc643091acfbd33 (host: np0000004007) handling event "create" for row 68a43598-43d2-4109-ad39-4f86c27d35ac (table: ACL) {{(pid=87338) notify /opt/stack/neutron/neutron/plugins/ml2/drivers/ovn/mech_driver/ovsdb/ovsdb_monitor.py:1015}}
Jun 30 16:17:15.376341 np0000004007 devstack@neutron-api.service[87338]: DEBUG neutron.plugins.ml2.drivers.ovn.mech_driver.ovsdb.ovsdb_monitor [None req-6a68b4ae-46bc-4a7c-bb33-8c8a3514558c None None] Hash Ring: Node c37e9af760545483bbc643091acfbd33 (host: np0000004007) handling event "create" for row 2c1d4a3f-ba43-44dd-a321-637ec59be8df (table: NB_Global) {{(pid=87338) notify /opt/stack/neutron/neutron/plugins/ml2/drivers/ovn/mech_driver/ovsdb/ovsdb_monitor.py:1015}}
Jun 30 16:17:15.376597 np0000004007 devstack@neutron-api.service[87338]: DEBUG neutron.plugins.ml2.drivers.ovn.mech_driver.ovsdb.ovsdb_monitor [None req-6a68b4ae-46bc-4a7c-bb33-8c8a3514558c None None] Hash Ring: Node c37e9af760545483bbc643091acfbd33 (host: np0000004007) handling event "create" for row c9d31446-81d6-4f80-ba73-10ae854e5f0c (table: SSL) {{(pid=87338) notify /opt/stack/neutron/neutron/plugins/ml2/drivers/ovn/mech_driver/ovsdb/ovsdb_monitor.py:1015}}
Jun 30 16:17:15.377613 np0000004007 devstack@neutron-api.service[87338]: INFO neutron.plugins.ml2.drivers.ovn.mech_driver.ovsdb.impl_idl_ovn [None req-6a68b4ae-46bc-4a7c-bb33-8c8a3514558c None None] Getting OvsdbSbOvnIdl for WorkerService with retry
Jun 30 16:17:15.403386 np0000004007 devstack@neutron-api.service[87338]: DEBUG ovsdbapp.backend.ovs_idl [None req-6a68b4ae-46bc-4a7c-bb33-8c8a3514558c None None] Created lookup_table index Chassis.name {{(pid=87338) autocreate_indices /opt/stack/data/venv/lib/python3.12/site-packages/ovsdbapp/backend/ovs_idl/__init__.py:87}}
Jun 30 16:17:15.403548 np0000004007 devstack@neutron-api.service[87338]: DEBUG ovsdbapp.backend.ovs_idl [None req-6a68b4ae-46bc-4a7c-bb33-8c8a3514558c None None] Created lookup_table index Port_Binding.logical_port {{(pid=87338) autocreate_indices /opt/stack/data/venv/lib/python3.12/site-packages/ovsdbapp/backend/ovs_idl/__init__.py:87}}
Jun 30 16:17:15.403630 np0000004007 devstack@neutron-api.service[87338]: DEBUG ovsdbapp.backend.ovs_idl [None req-6a68b4ae-46bc-4a7c-bb33-8c8a3514558c None None] Created schema index Chassis_Private.name {{(pid=87338) autocreate_indices /opt/stack/data/venv/lib/python3.12/site-packages/ovsdbapp/backend/ovs_idl/__init__.py:106}}
Jun 30 16:17:15.403739 np0000004007 devstack@neutron-api.service[87338]: DEBUG ovsdbapp.backend.ovs_idl [None req-6a68b4ae-46bc-4a7c-bb33-8c8a3514558c None None] Created schema index Datapath_Binding.tunnel_key {{(pid=87338) autocreate_indices /opt/stack/data/venv/lib/python3.12/site-packages/ovsdbapp/backend/ovs_idl/__init__.py:106}}
Jun 30 16:17:15.405934 np0000004007 devstack@neutron-api.service[87336]: DEBUG neutron.common.ovn.hash_ring_manager [None req-4e3d3f34-5815-4802-a986-afbf76868f87 None None] Allow caching, nodes 3>=3 {{(pid=87336) _wait_startup_before_caching /opt/stack/neutron/neutron/common/ovn/hash_ring_manager.py:71}}
Jun 30 16:17:15.406195 np0000004007 devstack@neutron-api.service[87338]: INFO ovsdbapp.backend.ovs_idl.vlog [None req-6a68b4ae-46bc-4a7c-bb33-8c8a3514558c None None] ssl:10.4.3.16:6642: connecting...
Jun 30 16:17:15.413036 np0000004007 devstack@neutron-api.service[87338]: INFO ovsdbapp.backend.ovs_idl.vlog [None req-6a68b4ae-46bc-4a7c-bb33-8c8a3514558c None None] ssl:10.4.3.16:6642: connected
Jun 30 16:17:15.415281 np0000004007 devstack@neutron-api.service[87336]: DEBUG neutron.common.ovn.hash_ring_manager [None req-4e3d3f34-5815-4802-a986-afbf76868f87 None None] Hash Ring loaded. 3 active nodes. 0 offline nodes {{(pid=87336) _load_hash_ring /opt/stack/neutron/neutron/common/ovn/hash_ring_manager.py:110}}
Jun 30 16:17:15.415735 np0000004007 devstack@neutron-api.service[87336]: DEBUG neutron.plugins.ml2.drivers.ovn.mech_driver.ovsdb.ovsdb_monitor [None req-4e3d3f34-5815-4802-a986-afbf76868f87 None None] Hash Ring: Node a966acfc4ad454a7b1fdba9472121deb (host: np0000004007) handling event "create" for row ccffdf8b-78de-40dc-8ed9-e0c03e5884f7 (table: ACL) {{(pid=87336) notify /opt/stack/neutron/neutron/plugins/ml2/drivers/ovn/mech_driver/ovsdb/ovsdb_monitor.py:1015}}
