Jun 04 21:37:29.478303 np0000002198 devstack@g-api.service[101893]: WARNING glance.common.wsgi_app [-] Import methods are enabled but staging directory /tmp/staging/ does not exist; Imports will fail!
Jun 04 21:37:29.478328 np0000002198 devstack@g-api.service[101895]: DEBUG glance_store.backend [-] Attempting to import store file {{(pid=101895) _load_store /opt/stack/data/venv/lib/python3.12/site-packages/glance_store/backend.py:215}}
Jun 04 21:37:29.478823 np0000002198 devstack@g-api.service[101895]: DEBUG glance_store.capabilities [-] Store glance_store._drivers.filesystem.Store doesn't support updating dynamic storage capabilities. Please overwrite 'update_capabilities' method of the store to implement updating logics if needed. {{(pid=101895) update_capabilities /opt/stack/data/venv/lib/python3.12/site-packages/glance_store/capabilities.py:91}}
Jun 04 21:37:29.478878 np0000002198 devstack@g-api.service[101895]: DEBUG glance_store.backend [-] Registering store file with schemes ('file', 'filesystem') {{(pid=101895) create_stores /opt/stack/data/venv/lib/python3.12/site-packages/glance_store/backend.py:261}}
Jun 04 21:37:29.478940 np0000002198 devstack@g-api.service[101895]: DEBUG glance_store.driver [-] Late loading location class glance_store._drivers.filesystem.StoreLocation {{(pid=101895) get_store_location_class /opt/stack/data/venv/lib/python3.12/site-packages/glance_store/driver.py:134}}
Jun 04 21:37:29.479010 np0000002198 devstack@g-api.service[101895]: DEBUG glance_store.location [-] Registering scheme file with {'store': , 'location_class': , 'store_entry': 'file'} {{(pid=101895) register_scheme_map /opt/stack/data/venv/lib/python3.12/site-packages/glance_store/location.py:146}}
Jun 04 21:37:29.479068 np0000002198 devstack@g-api.service[101895]: DEBUG glance_store.location [-] Registering scheme filesystem with {'store': , 'location_class': , 'store_entry': 'file'} {{(pid=101895) register_scheme_map /opt/stack/data/venv/lib/python3.12/site-packages/glance_store/location.py:146}}
Jun 04 21:37:29.479121 np0000002198 devstack@g-api.service[101895]: DEBUG glance_store.backend [-] Attempting to import store http {{(pid=101895) _load_store /opt/stack/data/venv/lib/python3.12/site-packages/glance_store/backend.py:215}}
Jun 04 21:37:29.479343 np0000002198 devstack@g-api.service[101895]: DEBUG glance_store.capabilities [-] Store glance_store._drivers.http.Store doesn't support updating dynamic storage capabilities. Please overwrite 'update_capabilities' method of the store to implement updating logics if needed. {{(pid=101895) update_capabilities /opt/stack/data/venv/lib/python3.12/site-packages/glance_store/capabilities.py:91}}
Jun 04 21:37:29.479396 np0000002198 devstack@g-api.service[101895]: DEBUG glance_store.backend [-] Registering store http with schemes ('http', 'https') {{(pid=101895) create_stores /opt/stack/data/venv/lib/python3.12/site-packages/glance_store/backend.py:261}}
Jun 04 21:37:29.479448 np0000002198 devstack@g-api.service[101895]: DEBUG glance_store.driver [-] Late loading location class glance_store._drivers.http.StoreLocation {{(pid=101895) get_store_location_class /opt/stack/data/venv/lib/python3.12/site-packages/glance_store/driver.py:134}}
Jun 04 21:37:29.479505 np0000002198 devstack@g-api.service[101895]: DEBUG glance_store.location [-] Registering scheme http with {'store': , 'location_class': , 'store_entry': 'http'} {{(pid=101895) register_scheme_map /opt/stack/data/venv/lib/python3.12/site-packages/glance_store/location.py:146}}
Jun 04 21:37:29.479555 np0000002198 devstack@g-api.service[101895]: DEBUG glance_store.location [-] Registering scheme https with {'store': , 'location_class': , 'store_entry': 'http'} {{(pid=101895) register_scheme_map /opt/stack/data/venv/lib/python3.12/site-packages/glance_store/location.py:146}}
Jun 04 21:37:29.479711 np0000002198 devstack@g-api.service[101895]: DEBUG glance_store.backend [-] Attempting to import store swift {{(pid=101895) _load_store /opt/stack/data/venv/lib/python3.12/site-packages/glance_store/backend.py:215}}
Jun 04 21:37:29.480783 np0000002198 devstack@g-api.service[101895]: DEBUG glance_store.capabilities [-] Store glance_store._drivers.swift.store.SingleTenantStore doesn't support updating dynamic storage capabilities. Please overwrite 'update_capabilities' method of the store to implement updating logics if needed. {{(pid=101895) update_capabilities /opt/stack/data/venv/lib/python3.12/site-packages/glance_store/capabilities.py:91}}
Jun 04 21:37:29.480841 np0000002198 devstack@g-api.service[101895]: DEBUG glance_store.driver [-] Late loading location class glance_store._drivers.swift.store.StoreLocation {{(pid=101895) get_store_location_class /opt/stack/data/venv/lib/python3.12/site-packages/glance_store/driver.py:134}}
Jun 04 21:37:29.480956 np0000002198 devstack@g-api.service[101895]: DEBUG glance_store.location [-] Registering scheme swift+https with {'store': , 'location_class': , 'store_entry': 'swift'} {{(pid=101895) register_scheme_map /opt/stack/data/venv/lib/python3.12/site-packages/glance_store/location.py:146}}
Jun 04 21:37:29.480956 np0000002198 devstack@g-api.service[101895]: DEBUG glance_store.location [-] Registering scheme swift+https with {'store': , 'location_class': , 'store_entry': 'swift'} {{(pid=101895) register_scheme_map /opt/stack/data/venv/lib/python3.12/site-packages/glance_store/location.py:146}}
Jun 04 21:37:29.481031 np0000002198 devstack@g-api.service[101895]: DEBUG glance_store.location [-] Registering scheme swift with {'store': , 'location_class': , 'store_entry': 'swift'} {{(pid=101895) register_scheme_map /opt/stack/data/venv/lib/python3.12/site-packages/glance_store/location.py:146}}
Jun 04 21:37:29.481065 np0000002198 devstack@g-api.service[101895]: DEBUG glance_store.location [-] Registering scheme swift+https with {'store': , 'location_class': , 'store_entry': 'swift'} {{(pid=101895) register_scheme_map /opt/stack/data/venv/lib/python3.12/site-packages/glance_store/location.py:146}}
Jun 04 21:37:29.481125 np0000002198 devstack@g-api.service[101895]: DEBUG glance_store.location [-] Registering scheme swift with {'store': , 'location_class': , 'store_entry': 'swift'} {{(pid=101895) register_scheme_map /opt/stack/data/venv/lib/python3.12/site-packages/glance_store/location.py:146}}
Jun 04 21:37:29.481171 np0000002198 devstack@g-api.service[101895]: DEBUG glance_store.location [-] Registering scheme swift+http with {'store': , 'location_class': , 'store_entry': 'swift'} {{(pid=101895) register_scheme_map /opt/stack/data/venv/lib/python3.12/site-packages/glance_store/location.py:146}}
Jun 04 21:37:29.481222 np0000002198 devstack@g-api.service[101895]: DEBUG glance_store.location [-] Registering scheme swift+https with {'store': , 'location_class': , 'store_entry': 'swift'} {{(pid=101895) register_scheme_map /opt/stack/data/venv/lib/python3.12/site-packages/glance_store/location.py:146}}
Jun 04 21:37:29.481272 np0000002198 devstack@g-api.service[101895]: DEBUG glance_store.location [-] Registering scheme swift with {'store': , 'location_class': , 'store_entry': 'swift'} {{(pid=101895) register_scheme_map /opt/stack/data/venv/lib/python3.12/site-packages/glance_store/location.py:146}}
Jun 04 21:37:29.481331 np0000002198 devstack@g-api.service[101895]: DEBUG glance_store.location [-] Registering scheme swift+http with {'store': , 'location_class': , 'store_entry': 'swift'} {{(pid=101895) register_scheme_map /opt/stack/data/venv/lib/python3.12/site-packages/glance_store/location.py:146}}
Jun 04 21:37:29.481372 np0000002198 devstack@g-api.service[101895]: DEBUG glance_store.location [-] Registering scheme swift+config with {'store': , 'location_class': , 'store_entry': 'swift'} {{(pid=101895) register_scheme_map /opt/stack/data/venv/lib/python3.12/site-packages/glance_store/location.py:146}}
Jun 04 21:37:29.481625 np0000002198 devstack@g-api.service[101895]: DEBUG glance.sqlite_migration [-] SQLite caching database not located, skipping migration {{(pid=101895) get_db_path /opt/stack/glance/glance/sqlite_migration.py:68}}
Jun 04 21:37:29.481844 np0000002198 devstack@g-api.service[101895]: WARNING glance.common.wsgi_app [-] Import methods are enabled but staging directory /tmp/staging/ does not exist; Imports will fail!
Jun 04 21:37:29.718366 np0000002198 devstack@g-api.service[101894]: DEBUG glance.common.config [None req-bb5a4fd8-28c7-4e18-b272-06c3501776cf None None] Loading glance-api-keystone+cachemanagement from /etc/glance/glance-api-paste.ini {{(pid=101894) load_paste_app /opt/stack/glance/glance/common/config.py:758}}
Jun 04 21:37:29.739207 np0000002198 devstack@g-api.service[101893]: DEBUG glance.common.config [None req-e6ef0931-8b2b-45cf-863d-4e7378a6e9a3 None None] Loading glance-api-keystone+cachemanagement from /etc/glance/glance-api-paste.ini {{(pid=101893) load_paste_app /opt/stack/glance/glance/common/config.py:758}}
Jun 04 21:37:29.747593 np0000002198 devstack@g-api.service[101895]: DEBUG glance.common.config [None req-5a9a2663-070e-4abc-a9ee-bbd2e6cd3b2e None None] Loading glance-api-keystone+cachemanagement from /etc/glance/glance-api-paste.ini {{(pid=101895) load_paste_app /opt/stack/glance/glance/common/config.py:758}}
Jun 04 21:37:30.271809 np0000002198 devstack@g-api.service[101894]: INFO glance.image_cache [None req-bb5a4fd8-28c7-4e18-b272-06c3501776cf None None] Image cache loaded driver 'centralized_db'.
Jun 04 21:37:30.273520 np0000002198 devstack@g-api.service[101895]: INFO glance.image_cache [None req-5a9a2663-070e-4abc-a9ee-bbd2e6cd3b2e None None] Image cache loaded driver 'centralized_db'.
Jun 04 21:37:30.276479 np0000002198 devstack@g-api.service[101893]: INFO glance.image_cache [None req-e6ef0931-8b2b-45cf-863d-4e7378a6e9a3 None None] Image cache loaded driver 'centralized_db'.
Jun 04 21:37:30.312537 np0000002198 devstack@g-api.service[101894]: INFO dbcounter [None req-bb5a4fd8-28c7-4e18-b272-06c3501776cf None None] Registered counter for database glance
Jun 04 21:37:30.315982 np0000002198 devstack@g-api.service[101895]: INFO dbcounter [None req-5a9a2663-070e-4abc-a9ee-bbd2e6cd3b2e None None] Registered counter for database glance
Jun 04 21:37:30.323280 np0000002198 devstack@g-api.service[101893]: INFO dbcounter [None req-e6ef0931-8b2b-45cf-863d-4e7378a6e9a3 None None] Registered counter for database glance
Jun 04 21:37:30.353173 np0000002198 devstack@g-api.service[101894]: DEBUG oslo_db.sqlalchemy.engines [None req-bb5a4fd8-28c7-4e18-b272-06c3501776cf None None] MySQL server mode set to STRICT_TRANS_TABLES,STRICT_ALL_TABLES,NO_ZERO_IN_DATE,NO_ZERO_DATE,ERROR_FOR_DIVISION_BY_ZERO,TRADITIONAL,NO_ENGINE_SUBSTITUTION {{(pid=101894) _check_effective_sql_mode /opt/stack/data/venv/lib/python3.12/site-packages/oslo_db/sqlalchemy/engines.py:325}}
Jun 04 21:37:30.357941 np0000002198 devstack@g-api.service[101895]: DEBUG oslo_db.sqlalchemy.engines [None req-5a9a2663-070e-4abc-a9ee-bbd2e6cd3b2e None None] MySQL server mode set to STRICT_TRANS_TABLES,STRICT_ALL_TABLES,NO_ZERO_IN_DATE,NO_ZERO_DATE,ERROR_FOR_DIVISION_BY_ZERO,TRADITIONAL,NO_ENGINE_SUBSTITUTION {{(pid=101895) _check_effective_sql_mode /opt/stack/data/venv/lib/python3.12/site-packages/oslo_db/sqlalchemy/engines.py:325}}
Jun 04 21:37:30.366139 np0000002198 devstack@g-api.service[101893]: DEBUG oslo_db.sqlalchemy.engines [None req-e6ef0931-8b2b-45cf-863d-4e7378a6e9a3 None None] MySQL server mode set to STRICT_TRANS_TABLES,STRICT_ALL_TABLES,NO_ZERO_IN_DATE,NO_ZERO_DATE,ERROR_FOR_DIVISION_BY_ZERO,TRADITIONAL,NO_ENGINE_SUBSTITUTION {{(pid=101893) _check_effective_sql_mode /opt/stack/data/venv/lib/python3.12/site-packages/oslo_db/sqlalchemy/engines.py:325}}
Jun 04 21:37:30.372919 np0000002198 devstack@g-api.service[101894]: DEBUG dbcounter [-] [101894] Writer thread running {{(pid=101894) stat_writer /opt/stack/data/venv/lib/python3.12/site-packages/dbcounter.py:102}}
Jun 04 21:37:30.379840 np0000002198 devstack@g-api.service[101895]: DEBUG dbcounter [-] [101895] Writer thread running {{(pid=101895) stat_writer /opt/stack/data/venv/lib/python3.12/site-packages/dbcounter.py:102}}
Jun 04 21:37:30.384980 np0000002198 devstack@g-api.service[101895]: DEBUG glance.image_cache.drivers.centralized_db [None req-5a9a2663-070e-4abc-a9ee-bbd2e6cd3b2e None None] Node reference is already recorded, ignoring it {{(pid=101895) configure /opt/stack/glance/glance/image_cache/drivers/centralized_db.py:71}}
Jun 04 21:37:30.387824 np0000002198 devstack@g-api.service[101893]: DEBUG dbcounter [-] [101893] Writer thread running {{(pid=101893) stat_writer /opt/stack/data/venv/lib/python3.12/site-packages/dbcounter.py:102}}
Jun 04 21:37:30.389039 np0000002198 devstack@g-api.service[101894]: INFO glance.image_cache [None req-bb5a4fd8-28c7-4e18-b272-06c3501776cf None None] Image cache loaded driver 'centralized_db'.
Jun 04 21:37:30.390066 np0000002198 devstack@g-api.service[101895]: INFO glance.image_cache [None req-5a9a2663-070e-4abc-a9ee-bbd2e6cd3b2e None None] Image cache loaded driver 'centralized_db'.
Jun 04 21:37:30.390370 np0000002198 devstack@g-api.service[101893]: DEBUG glance.image_cache.drivers.centralized_db [None req-e6ef0931-8b2b-45cf-863d-4e7378a6e9a3 None None] Node reference is already recorded, ignoring it {{(pid=101893) configure /opt/stack/glance/glance/image_cache/drivers/centralized_db.py:71}}
Jun 04 21:37:30.394763 np0000002198 devstack@g-api.service[101894]: DEBUG glance.image_cache.drivers.centralized_db [None req-bb5a4fd8-28c7-4e18-b272-06c3501776cf None None] Node reference is already recorded, ignoring it {{(pid=101894) configure /opt/stack/glance/glance/image_cache/drivers/centralized_db.py:71}}
Jun 04 21:37:30.395550 np0000002198 devstack@g-api.service[101893]: INFO glance.image_cache [None req-e6ef0931-8b2b-45cf-863d-4e7378a6e9a3 None None] Image cache loaded driver 'centralized_db'.
Jun 04 21:37:30.396609 np0000002198 devstack@g-api.service[101895]: DEBUG glance.image_cache.drivers.centralized_db [None req-5a9a2663-070e-4abc-a9ee-bbd2e6cd3b2e None None] Node reference is already recorded, ignoring it {{(pid=101895) configure /opt/stack/glance/glance/image_cache/drivers/centralized_db.py:71}}
Jun 04 21:37:30.398884 np0000002198 devstack@g-api.service[101894]: DEBUG glance.api.v2.cached_images [None req-bb5a4fd8-28c7-4e18-b272-06c3501776cf None None] Started cache worker thread {{(pid=101894) __init__ /opt/stack/glance/glance/api/v2/cached_images.py:69}}
Jun 04 21:37:30.399422 np0000002198 devstack@g-api.service[101894]: INFO glance.image_cache [None req-bb5a4fd8-28c7-4e18-b272-06c3501776cf None None] Image cache loaded driver 'centralized_db'.
Jun 04 21:37:30.401271 np0000002198 devstack@g-api.service[101895]: DEBUG glance.api.v2.cached_images [None req-5a9a2663-070e-4abc-a9ee-bbd2e6cd3b2e None None] Started cache worker thread {{(pid=101895) __init__ /opt/stack/glance/glance/api/v2/cached_images.py:69}}
Jun 04 21:37:30.401809 np0000002198 devstack@g-api.service[101895]: INFO glance.image_cache [None req-5a9a2663-070e-4abc-a9ee-bbd2e6cd3b2e None None] Image cache loaded driver 'centralized_db'.
Jun 04 21:37:30.401891 np0000002198 devstack@g-api.service[101893]: DEBUG glance.image_cache.drivers.centralized_db [None req-e6ef0931-8b2b-45cf-863d-4e7378a6e9a3 None None] Node reference is already recorded, ignoring it {{(pid=101893) configure /opt/stack/glance/glance/image_cache/drivers/centralized_db.py:71}}
Jun 04 21:37:30.404925 np0000002198 devstack@g-api.service[101894]: DEBUG glance.image_cache.drivers.centralized_db [None req-bb5a4fd8-28c7-4e18-b272-06c3501776cf None None] Node reference is already recorded, ignoring it {{(pid=101894) configure /opt/stack/glance/glance/image_cache/drivers/centralized_db.py:71}}
Jun 04 21:37:30.406221 np0000002198 devstack@g-api.service[101893]: DEBUG glance.api.v2.cached_images [None req-e6ef0931-8b2b-45cf-863d-4e7378a6e9a3 None None] Started cache worker thread {{(pid=101893) __init__ /opt/stack/glance/glance/api/v2/cached_images.py:69}}
Jun 04 21:37:30.406853 np0000002198 devstack@g-api.service[101893]: INFO glance.image_cache [None req-e6ef0931-8b2b-45cf-863d-4e7378a6e9a3 None None] Image cache loaded driver 'centralized_db'.
Jun 04 21:37:30.407646 np0000002198 devstack@g-api.service[101895]: DEBUG glance.image_cache.drivers.centralized_db [None req-5a9a2663-070e-4abc-a9ee-bbd2e6cd3b2e None None] Node reference is already recorded, ignoring it {{(pid=101895) configure /opt/stack/glance/glance/image_cache/drivers/centralized_db.py:71}}
Jun 04 21:37:30.408940 np0000002198 devstack@g-api.service[101894]: INFO glance.api.middleware.cache_manage [None req-bb5a4fd8-28c7-4e18-b272-06c3501776cf None None] Initialized image cache management middleware
Jun 04 21:37:30.409064 np0000002198 devstack@g-api.service[101894]: INFO glance.image_cache [None req-bb5a4fd8-28c7-4e18-b272-06c3501776cf None None] Image cache loaded driver 'centralized_db'.
Jun 04 21:37:30.411853 np0000002198 devstack@g-api.service[101895]: INFO glance.api.middleware.cache_manage [None req-5a9a2663-070e-4abc-a9ee-bbd2e6cd3b2e None None] Initialized image cache management middleware
Jun 04 21:37:30.411991 np0000002198 devstack@g-api.service[101895]: INFO glance.image_cache [None req-5a9a2663-070e-4abc-a9ee-bbd2e6cd3b2e None None] Image cache loaded driver 'centralized_db'.
Jun 04 21:37:30.413072 np0000002198 devstack@g-api.service[101893]: DEBUG glance.image_cache.drivers.centralized_db [None req-e6ef0931-8b2b-45cf-863d-4e7378a6e9a3 None None] Node reference is already recorded, ignoring it {{(pid=101893) configure /opt/stack/glance/glance/image_cache/drivers/centralized_db.py:71}}
Jun 04 21:37:30.414459 np0000002198 devstack@g-api.service[101894]: DEBUG glance.image_cache.drivers.centralized_db [None req-bb5a4fd8-28c7-4e18-b272-06c3501776cf None None] Node reference is already recorded, ignoring it {{(pid=101894) configure /opt/stack/glance/glance/image_cache/drivers/centralized_db.py:71}}
Jun 04 21:37:30.417425 np0000002198 devstack@g-api.service[101893]: INFO glance.api.middleware.cache_manage [None req-e6ef0931-8b2b-45cf-863d-4e7378a6e9a3 None None] Initialized image cache management middleware
Jun 04 21:37:30.417602 np0000002198 devstack@g-api.service[101893]: INFO glance.image_cache [None req-e6ef0931-8b2b-45cf-863d-4e7378a6e9a3 None None] Image cache loaded driver 'centralized_db'.
Jun 04 21:37:30.417706 np0000002198 devstack@g-api.service[101894]: INFO glance.api.middleware.cache [None req-bb5a4fd8-28c7-4e18-b272-06c3501776cf None None] Initialized image cache middleware
Jun 04 21:37:30.423951 np0000002198 devstack@g-api.service[101893]: DEBUG glance.image_cache.drivers.centralized_db [None req-e6ef0931-8b2b-45cf-863d-4e7378a6e9a3 None None] Node reference is already recorded, ignoring it {{(pid=101893) configure /opt/stack/glance/glance/image_cache/drivers/centralized_db.py:71}}
Jun 04 21:37:30.427346 np0000002198 devstack@g-api.service[101893]: INFO glance.api.middleware.cache [None req-e6ef0931-8b2b-45cf-863d-4e7378a6e9a3 None None] Initialized image cache middleware
Jun 04 21:37:30.513608 np0000002198 devstack@g-api.service[101895]: DEBUG glance.image_cache.drivers.centralized_db [None req-5a9a2663-070e-4abc-a9ee-bbd2e6cd3b2e None None] Node reference is already recorded, ignoring it {{(pid=101895) configure /opt/stack/glance/glance/image_cache/drivers/centralized_db.py:71}}
Jun 04 21:37:30.516918 np0000002198 devstack@g-api.service[101894]: DEBUG glance.common.config [None req-bb5a4fd8-28c7-4e18-b272-06c3501776cf None None] ******************************************************************************** {{(pid=101894) log_opt_values /opt/stack/data/venv/lib/python3.12/site-packages/oslo_config/cfg.py:3229}}
Jun 04 21:37:30.516991 np0000002198 devstack@g-api.service[101894]: DEBUG glance.common.config [None req-bb5a4fd8-28c7-4e18-b272-06c3501776cf None None] Configuration options gathered from: {{(pid=101894) log_opt_values /opt/stack/data/venv/lib/python3.12/site-packages/oslo_config/cfg.py:3230}}
Jun 04 21:37:30.517241 np0000002198 devstack@g-api.service[101895]: INFO glance.api.middleware.cache [None req-5a9a2663-070e-4abc-a9ee-bbd2e6cd3b2e None None] Initialized image cache middleware
Jun 04 21:37:30.517294 np0000002198 devstack@g-api.service[101894]: DEBUG glance.common.config [None req-bb5a4fd8-28c7-4e18-b272-06c3501776cf None None] command line args: [] {{(pid=101894) log_opt_values /opt/stack/data/venv/lib/python3.12/site-packages/oslo_config/cfg.py:3231}}
Jun 04 21:37:30.517363 np0000002198 devstack@g-api.service[101894]: DEBUG glance.common.config [None req-bb5a4fd8-28c7-4e18-b272-06c3501776cf None None] config files: ['/etc/glance/glance-image-import.conf', '/etc/glance/glance-api.conf'] {{(pid=101894) log_opt_values /opt/stack/data/venv/lib/python3.12/site-packages/oslo_config/cfg.py:3232}}
Jun 04 21:37:30.517438 np0000002198 devstack@g-api.service[101894]: DEBUG glance.common.config [None req-bb5a4fd8-28c7-4e18-b272-06c3501776cf None None] ================================================================================ {{(pid=101894) log_opt_values /opt/stack/data/venv/lib/python3.12/site-packages/oslo_config/cfg.py:3237}}
Jun 04 21:37:30.517552 np0000002198 devstack@g-api.service[101894]: DEBUG glance.common.config [None req-bb5a4fd8-28c7-4e18-b272-06c3501776cf None None] allow_anonymous_access = False {{(pid=101894) log_opt_values /opt/stack/data/venv/lib/python3.12/site-packages/oslo_config/cfg.py:3245}}
Jun 04 21:37:30.517691 np0000002198 devstack@g-api.service[101894]: DEBUG glance.common.config [None req-bb5a4fd8-28c7-4e18-b272-06c3501776cf None None] api_limit_max = 1000 {{(pid=101894) log_opt_values /opt/stack/data/venv/lib/python3.12/site-packages/oslo_config/cfg.py:3245}}
Jun 04 21:37:30.517789 np0000002198 devstack@g-api.service[101894]: DEBUG glance.common.config [None req-bb5a4fd8-28c7-4e18-b272-06c3501776cf None None] backlog = 4096 {{(pid=101894) log_opt_values /opt/stack/data/venv/lib/python3.12/site-packages/oslo_config/cfg.py:3245}}
Jun 04 21:37:30.517914 np0000002198 devstack@g-api.service[101894]: DEBUG glance.common.config [None req-bb5a4fd8-28c7-4e18-b272-06c3501776cf None None] bind_host = 0.0.0.0 {{(pid=101894) log_opt_values /opt/stack/data/venv/lib/python3.12/site-packages/oslo_config/cfg.py:3245}}
Jun 04 21:37:30.518049 np0000002198 devstack@g-api.service[101894]: DEBUG glance.common.config [None req-bb5a4fd8-28c7-4e18-b272-06c3501776cf None None] bind_port = 19292 {{(pid=101894) log_opt_values /opt/stack/data/venv/lib/python3.12/site-packages/oslo_config/cfg.py:3245}}
Jun 04 21:37:30.518138 np0000002198 devstack@g-api.service[101894]: DEBUG glance.common.config [None req-bb5a4fd8-28c7-4e18-b272-06c3501776cf None None] client_socket_timeout = 900 {{(pid=101894) log_opt_values /opt/stack/data/venv/lib/python3.12/site-packages/oslo_config/cfg.py:3245}}
Jun 04 21:37:30.518231 np0000002198 devstack@g-api.service[101894]: DEBUG glance.common.config [None req-bb5a4fd8-28c7-4e18-b272-06c3501776cf None None] config_dir = [] {{(pid=101894) log_opt_values /opt/stack/data/venv/lib/python3.12/site-packages/oslo_config/cfg.py:3245}}
Jun 04 21:37:30.518300 np0000002198 devstack@g-api.service[101894]: DEBUG glance.common.config [None req-bb5a4fd8-28c7-4e18-b272-06c3501776cf None None] config_file = ['/etc/glance/glance-image-import.conf', '/etc/glance/glance-api.conf'] {{(pid=101894) log_opt_values /opt/stack/data/venv/lib/python3.12/site-packages/oslo_config/cfg.py:3245}}
Jun 04 21:37:30.518389 np0000002198 devstack@g-api.service[101894]: DEBUG glance.common.config [None req-bb5a4fd8-28c7-4e18-b272-06c3501776cf None None] config_source = [] {{(pid=101894) log_opt_values /opt/stack/data/venv/lib/python3.12/site-packages/oslo_config/cfg.py:3245}}
Jun 04 21:37:30.518481 np0000002198 devstack@g-api.service[101894]: DEBUG glance.common.config [None req-bb5a4fd8-28c7-4e18-b272-06c3501776cf None None] control_exchange = glance {{(pid=101894) log_opt_values /opt/stack/data/venv/lib/python3.12/site-packages/oslo_config/cfg.py:3245}}
Jun 04 21:37:30.518545 np0000002198 devstack@g-api.service[101894]: DEBUG glance.common.config [None req-bb5a4fd8-28c7-4e18-b272-06c3501776cf None None] debug = True {{(pid=101894) log_opt_values /opt/stack/data/venv/lib/python3.12/site-packages/oslo_config/cfg.py:3245}}
Jun 04 21:37:30.518742 np0000002198 devstack@g-api.service[101894]: DEBUG glance.common.config [None req-bb5a4fd8-28c7-4e18-b272-06c3501776cf None None] default_log_levels = ['amqp=WARN', 'boto=WARN', 'sqlalchemy=WARN', 'suds=INFO', 'oslo.messaging=INFO', 'oslo_messaging=INFO', 'iso8601=WARN', 'requests.packages.urllib3.connectionpool=WARN', 'urllib3.connectionpool=WARN', 'websocket=WARN', 'requests.packages.urllib3.util.retry=WARN', 'urllib3.util.retry=WARN', 'keystonemiddleware=WARN', 'routes.middleware=WARN', 'stevedore=WARN', 'taskflow=WARN', 'keystoneauth=WARN', 'oslo.cache=INFO', 'oslo_policy=INFO', 'dogpile.core.dogpile=INFO'] {{(pid=101894) log_opt_values /opt/stack/data/venv/lib/python3.12/site-packages/oslo_config/cfg.py:3245}}
Jun 04 21:37:30.518829 np0000002198 devstack@g-api.service[101894]: DEBUG glance.common.config [None req-bb5a4fd8-28c7-4e18-b272-06c3501776cf None None] default_publisher_id = image.localhost {{(pid=101894) log_opt_values /opt/stack/data/venv/lib/python3.12/site-packages/oslo_config/cfg.py:3245}}
Jun 04 21:37:30.518916 np0000002198 devstack@g-api.service[101894]: DEBUG glance.common.config [None req-bb5a4fd8-28c7-4e18-b272-06c3501776cf None None] delayed_delete = False {{(pid=101894) log_opt_values /opt/stack/data/venv/lib/python3.12/site-packages/oslo_config/cfg.py:3245}}
Jun 04 21:37:30.519004 np0000002198 devstack@g-api.service[101894]: DEBUG glance.common.config [None req-bb5a4fd8-28c7-4e18-b272-06c3501776cf None None] digest_algorithm = sha256 {{(pid=101894) log_opt_values /opt/stack/data/venv/lib/python3.12/site-packages/oslo_config/cfg.py:3245}}
Jun 04 21:37:30.519092 np0000002198 devstack@g-api.service[101894]: DEBUG glance.common.config [None req-bb5a4fd8-28c7-4e18-b272-06c3501776cf None None] disabled_notifications = [] {{(pid=101894) log_opt_values /opt/stack/data/venv/lib/python3.12/site-packages/oslo_config/cfg.py:3245}}
Jun 04 21:37:30.519174 np0000002198 devstack@g-api.service[101894]: DEBUG glance.common.config [None req-bb5a4fd8-28c7-4e18-b272-06c3501776cf None None] do_secure_hash = True {{(pid=101894) log_opt_values /opt/stack/data/venv/lib/python3.12/site-packages/oslo_config/cfg.py:3245}}
Jun 04 21:37:30.519259 np0000002198 devstack@g-api.service[101894]: DEBUG glance.common.config [None req-bb5a4fd8-28c7-4e18-b272-06c3501776cf None None] enabled_backends = None {{(pid=101894) log_opt_values /opt/stack/data/venv/lib/python3.12/site-packages/oslo_config/cfg.py:3245}}
Jun 04 21:37:30.519358 np0000002198 devstack@g-api.service[101894]: DEBUG glance.common.config [None req-bb5a4fd8-28c7-4e18-b272-06c3501776cf None None] enabled_import_methods = ['glance-direct', 'web-download', 'copy-image'] {{(pid=101894) log_opt_values /opt/stack/data/venv/lib/python3.12/site-packages/oslo_config/cfg.py:3245}}
Jun 04 21:37:30.519441 np0000002198 devstack@g-api.service[101894]: DEBUG glance.common.config [None req-bb5a4fd8-28c7-4e18-b272-06c3501776cf None None] fatal_deprecations = False {{(pid=101894) log_opt_values /opt/stack/data/venv/lib/python3.12/site-packages/oslo_config/cfg.py:3245}}
Jun 04 21:37:30.519529 np0000002198 devstack@g-api.service[101894]: DEBUG glance.common.config [None req-bb5a4fd8-28c7-4e18-b272-06c3501776cf None None] hashing_algorithm = sha512 {{(pid=101894) log_opt_values /opt/stack/data/venv/lib/python3.12/site-packages/oslo_config/cfg.py:3245}}
Jun 04 21:37:30.519629 np0000002198 devstack@g-api.service[101894]: DEBUG glance.common.config [None req-bb5a4fd8-28c7-4e18-b272-06c3501776cf None None] http_keepalive = True {{(pid=101894) log_opt_values /opt/stack/data/venv/lib/python3.12/site-packages/oslo_config/cfg.py:3245}}
Jun 04 21:37:30.519741 np0000002198 devstack@g-api.service[101894]: DEBUG glance.common.config [None req-bb5a4fd8-28c7-4e18-b272-06c3501776cf None None] http_retries = 3 {{(pid=101894) log_opt_values /opt/stack/data/venv/lib/python3.12/site-packages/oslo_config/cfg.py:3245}}
Jun 04 21:37:30.519836 np0000002198 devstack@g-api.service[101894]: DEBUG glance.common.config [None req-bb5a4fd8-28c7-4e18-b272-06c3501776cf None None] image_cache_dir = /opt/stack/data/glance/cache/ {{(pid=101894) log_opt_values /opt/stack/data/venv/lib/python3.12/site-packages/oslo_config/cfg.py:3245}}
Jun 04 21:37:30.519943 np0000002198 devstack@g-api.service[101894]: DEBUG glance.common.config [None req-bb5a4fd8-28c7-4e18-b272-06c3501776cf None None] image_cache_driver = centralized_db {{(pid=101894) log_opt_values /opt/stack/data/venv/lib/python3.12/site-packages/oslo_config/cfg.py:3245}}
Jun 04 21:37:30.520041 np0000002198 devstack@g-api.service[101894]: DEBUG glance.common.config [None req-bb5a4fd8-28c7-4e18-b272-06c3501776cf None None] image_cache_max_size = 10737418240 {{(pid=101894) log_opt_values /opt/stack/data/venv/lib/python3.12/site-packages/oslo_config/cfg.py:3245}}
Jun 04 21:37:30.520132 np0000002198 devstack@g-api.service[101894]: DEBUG glance.common.config [None req-bb5a4fd8-28c7-4e18-b272-06c3501776cf None None] image_cache_sqlite_db = cache.db {{(pid=101894) log_opt_values /opt/stack/data/venv/lib/python3.12/site-packages/oslo_config/cfg.py:3245}}
Jun 04 21:37:30.520221 np0000002198 devstack@g-api.service[101894]: DEBUG glance.common.config [None req-bb5a4fd8-28c7-4e18-b272-06c3501776cf None None] image_cache_stall_time = 86400 {{(pid=101894) log_opt_values /opt/stack/data/venv/lib/python3.12/site-packages/oslo_config/cfg.py:3245}}
Jun 04 21:37:30.520305 np0000002198 devstack@g-api.service[101894]: DEBUG glance.common.config [None req-bb5a4fd8-28c7-4e18-b272-06c3501776cf None None] image_location_quota = 10 {{(pid=101894) log_opt_values /opt/stack/data/venv/lib/python3.12/site-packages/oslo_config/cfg.py:3245}}
Jun 04 21:37:30.520389 np0000002198 devstack@g-api.service[101894]: DEBUG glance.common.config [None req-bb5a4fd8-28c7-4e18-b272-06c3501776cf None None] image_member_quota = 128 {{(pid=101894) log_opt_values /opt/stack/data/venv/lib/python3.12/site-packages/oslo_config/cfg.py:3245}}
Jun 04 21:37:30.520472 np0000002198 devstack@g-api.service[101894]: DEBUG glance.common.config [None req-bb5a4fd8-28c7-4e18-b272-06c3501776cf None None] image_property_quota = 128 {{(pid=101894) log_opt_values /opt/stack/data/venv/lib/python3.12/site-packages/oslo_config/cfg.py:3245}}
Jun 04 21:37:30.520555 np0000002198 devstack@g-api.service[101894]: DEBUG glance.common.config [None req-bb5a4fd8-28c7-4e18-b272-06c3501776cf None None] image_size_cap = 1099511627776 {{(pid=101894) log_opt_values /opt/stack/data/venv/lib/python3.12/site-packages/oslo_config/cfg.py:3245}}
Jun 04 21:37:30.520656 np0000002198 devstack@g-api.service[101894]: DEBUG glance.common.config [None req-bb5a4fd8-28c7-4e18-b272-06c3501776cf None None] image_tag_quota = 128 {{(pid=101894) log_opt_values /opt/stack/data/venv/lib/python3.12/site-packages/oslo_config/cfg.py:3245}}
Jun 04 21:37:30.520786 np0000002198 devstack@g-api.service[101894]: DEBUG glance.common.config [None req-bb5a4fd8-28c7-4e18-b272-06c3501776cf None None] instance_format = [instance: %(uuid)s] {{(pid=101894) log_opt_values /opt/stack/data/venv/lib/python3.12/site-packages/oslo_config/cfg.py:3245}}
Jun 04 21:37:30.520882 np0000002198 devstack@g-api.service[101894]: DEBUG glance.common.config [None req-bb5a4fd8-28c7-4e18-b272-06c3501776cf None None] instance_uuid_format = [instance: %(uuid)s] {{(pid=101894) log_opt_values /opt/stack/data/venv/lib/python3.12/site-packages/oslo_config/cfg.py:3245}}
Jun 04 21:37:30.520967 np0000002198 devstack@g-api.service[101894]: DEBUG glance.common.config [None req-bb5a4fd8-28c7-4e18-b272-06c3501776cf None None] limit_param_default = 25 {{(pid=101894) log_opt_values /opt/stack/data/venv/lib/python3.12/site-packages/oslo_config/cfg.py:3245}}
Jun 04 21:37:30.521062 np0000002198 devstack@g-api.service[101894]: DEBUG glance.common.config [None req-bb5a4fd8-28c7-4e18-b272-06c3501776cf None None] log_color = False {{(pid=101894) log_opt_values /opt/stack/data/venv/lib/python3.12/site-packages/oslo_config/cfg.py:3245}}
Jun 04 21:37:30.521148 np0000002198 devstack@g-api.service[101894]: DEBUG glance.common.config [None req-bb5a4fd8-28c7-4e18-b272-06c3501776cf None None] log_config_append = None {{(pid=101894) log_opt_values /opt/stack/data/venv/lib/python3.12/site-packages/oslo_config/cfg.py:3245}}
Jun 04 21:37:30.521284 np0000002198 devstack@g-api.service[101894]: DEBUG glance.common.config [None req-bb5a4fd8-28c7-4e18-b272-06c3501776cf None None] log_date_format = %Y-%m-%d %H:%M:%S {{(pid=101894) log_opt_values /opt/stack/data/venv/lib/python3.12/site-packages/oslo_config/cfg.py:3245}}
Jun 04 21:37:30.521328 np0000002198 devstack@g-api.service[101894]: DEBUG glance.common.config [None req-bb5a4fd8-28c7-4e18-b272-06c3501776cf None None] log_dir = None {{(pid=101894) log_opt_values /opt/stack/data/venv/lib/python3.12/site-packages/oslo_config/cfg.py:3245}}
Jun 04 21:37:30.521404 np0000002198 devstack@g-api.service[101894]: DEBUG glance.common.config [None req-bb5a4fd8-28c7-4e18-b272-06c3501776cf None None] log_file = None {{(pid=101894) log_opt_values /opt/stack/data/venv/lib/python3.12/site-packages/oslo_config/cfg.py:3245}}
Jun 04 21:37:30.521486 np0000002198 devstack@g-api.service[101894]: DEBUG glance.common.config [None req-bb5a4fd8-28c7-4e18-b272-06c3501776cf None None] log_rotate_interval = 1 {{(pid=101894) log_opt_values /opt/stack/data/venv/lib/python3.12/site-packages/oslo_config/cfg.py:3245}}
Jun 04 21:37:30.521573 np0000002198 devstack@g-api.service[101894]: DEBUG glance.common.config [None req-bb5a4fd8-28c7-4e18-b272-06c3501776cf None None] log_rotate_interval_type = days {{(pid=101894) log_opt_values /opt/stack/data/venv/lib/python3.12/site-packages/oslo_config/cfg.py:3245}}
Jun 04 21:37:30.521694 np0000002198 devstack@g-api.service[101894]: DEBUG glance.common.config [None req-bb5a4fd8-28c7-4e18-b272-06c3501776cf None None] log_rotation_type = none {{(pid=101894) log_opt_values /opt/stack/data/venv/lib/python3.12/site-packages/oslo_config/cfg.py:3245}}
Jun 04 21:37:30.521773 np0000002198 devstack@g-api.service[101894]: DEBUG glance.common.config [None req-bb5a4fd8-28c7-4e18-b272-06c3501776cf None None] logging_context_format_string = %(color)s%(levelname)s %(name)s [%(global_request_id)s %(request_id)s %(project_name)s %(user_name)s%(color)s] %(instance)s%(color)s%(message)s {{(pid=101894) log_opt_values /opt/stack/data/venv/lib/python3.12/site-packages/oslo_config/cfg.py:3245}}
Jun 04 21:37:30.521878 np0000002198 devstack@g-api.service[101894]: DEBUG glance.common.config [None req-bb5a4fd8-28c7-4e18-b272-06c3501776cf None None] logging_debug_format_suffix = {{(pid=%(process)d) %(funcName)s %(pathname)s:%(lineno)d}} {{(pid=101894) log_opt_values /opt/stack/data/venv/lib/python3.12/site-packages/oslo_config/cfg.py:3245}}
Jun 04 21:37:30.521961 np0000002198 devstack@g-api.service[101894]: DEBUG glance.common.config [None req-bb5a4fd8-28c7-4e18-b272-06c3501776cf None None] logging_default_format_string = %(color)s%(levelname)s %(name)s [-%(color)s] %(instance)s%(color)s%(message)s {{(pid=101894) log_opt_values /opt/stack/data/venv/lib/python3.12/site-packages/oslo_config/cfg.py:3245}}
Jun 04 21:37:30.522055 np0000002198 devstack@g-api.service[101894]: DEBUG glance.common.config [None req-bb5a4fd8-28c7-4e18-b272-06c3501776cf None None] logging_exception_prefix = ERROR %(name)s %(instance)s {{(pid=101894) log_opt_values /opt/stack/data/venv/lib/python3.12/site-packages/oslo_config/cfg.py:3245}}
Jun 04 21:37:30.522120 np0000002198 devstack@g-api.service[101894]: DEBUG glance.common.config [None req-bb5a4fd8-28c7-4e18-b272-06c3501776cf None None] logging_user_identity_format = %(user)s %(project)s %(domain)s %(system_scope)s %(user_domain)s %(project_domain)s {{(pid=101894) log_opt_values /opt/stack/data/venv/lib/python3.12/site-packages/oslo_config/cfg.py:3245}}
Jun 04 21:37:30.522233 np0000002198 devstack@g-api.service[101894]: DEBUG glance.common.config [None req-bb5a4fd8-28c7-4e18-b272-06c3501776cf None None] max_header_line = 16384 {{(pid=101894) log_opt_values /opt/stack/data/venv/lib/python3.12/site-packages/oslo_config/cfg.py:3245}}
Jun 04 21:37:30.522276 np0000002198 devstack@g-api.service[101894]: DEBUG glance.common.config [None req-bb5a4fd8-28c7-4e18-b272-06c3501776cf None None] max_logfile_count = 30 {{(pid=101894) log_opt_values /opt/stack/data/venv/lib/python3.12/site-packages/oslo_config/cfg.py:3245}}
Jun 04 21:37:30.522361 np0000002198 devstack@g-api.service[101894]: DEBUG glance.common.config [None req-bb5a4fd8-28c7-4e18-b272-06c3501776cf None None] max_logfile_size_mb = 200 {{(pid=101894) log_opt_values /opt/stack/data/venv/lib/python3.12/site-packages/oslo_config/cfg.py:3245}}
Jun 04 21:37:30.522441 np0000002198 devstack@g-api.service[101894]: DEBUG glance.common.config [None req-bb5a4fd8-28c7-4e18-b272-06c3501776cf None None] max_request_id_length = 64 {{(pid=101894) log_opt_values /opt/stack/data/venv/lib/python3.12/site-packages/oslo_config/cfg.py:3245}}
Jun 04 21:37:30.522524 np0000002198 devstack@g-api.service[101894]: DEBUG glance.common.config [None req-bb5a4fd8-28c7-4e18-b272-06c3501776cf None None] metadata_encryption_key = **** {{(pid=101894) log_opt_values /opt/stack/data/venv/lib/python3.12/site-packages/oslo_config/cfg.py:3245}}
Jun 04 21:37:30.522629 np0000002198 devstack@g-api.service[101894]: DEBUG glance.common.config [None req-bb5a4fd8-28c7-4e18-b272-06c3501776cf None None] node_staging_uri = file:///tmp/staging/ {{(pid=101894) log_opt_values /opt/stack/data/venv/lib/python3.12/site-packages/oslo_config/cfg.py:3245}}
Jun 04 21:37:30.522737 np0000002198 devstack@g-api.service[101894]: DEBUG glance.common.config [None req-bb5a4fd8-28c7-4e18-b272-06c3501776cf None None] property_protection_file = None {{(pid=101894) log_opt_values /opt/stack/data/venv/lib/python3.12/site-packages/oslo_config/cfg.py:3245}}
Jun 04 21:37:30.522829 np0000002198 devstack@g-api.service[101894]: DEBUG glance.common.config [None req-bb5a4fd8-28c7-4e18-b272-06c3501776cf None None] property_protection_rule_format = roles {{(pid=101894) log_opt_values /opt/stack/data/venv/lib/python3.12/site-packages/oslo_config/cfg.py:3245}}
Jun 04 21:37:30.522916 np0000002198 devstack@g-api.service[101894]: DEBUG glance.common.config [None req-bb5a4fd8-28c7-4e18-b272-06c3501776cf None None] public_endpoint = https://10.4.3.23/image {{(pid=101894) log_opt_values /opt/stack/data/venv/lib/python3.12/site-packages/oslo_config/cfg.py:3245}}
Jun 04 21:37:30.523000 np0000002198 devstack@g-api.service[101894]: DEBUG glance.common.config [None req-bb5a4fd8-28c7-4e18-b272-06c3501776cf None None] publish_errors = False {{(pid=101894) log_opt_values /opt/stack/data/venv/lib/python3.12/site-packages/oslo_config/cfg.py:3245}}
Jun 04 21:37:30.523081 np0000002198 devstack@g-api.service[101894]: DEBUG glance.common.config [None req-bb5a4fd8-28c7-4e18-b272-06c3501776cf None None] pydev_worker_debug_host = None {{(pid=101894) log_opt_values /opt/stack/data/venv/lib/python3.12/site-packages/oslo_config/cfg.py:3245}}
Jun 04 21:37:30.523165 np0000002198 devstack@g-api.service[101894]: DEBUG glance.common.config [None req-bb5a4fd8-28c7-4e18-b272-06c3501776cf None None] pydev_worker_debug_port = 5678 {{(pid=101894) log_opt_values /opt/stack/data/venv/lib/python3.12/site-packages/oslo_config/cfg.py:3245}}
Jun 04 21:37:30.523246 np0000002198 devstack@g-api.service[101894]: DEBUG glance.common.config [None req-bb5a4fd8-28c7-4e18-b272-06c3501776cf None None] rate_limit_burst = 0 {{(pid=101894) log_opt_values /opt/stack/data/venv/lib/python3.12/site-packages/oslo_config/cfg.py:3245}}
Jun 04 21:37:30.523332 np0000002198 devstack@g-api.service[101894]: DEBUG glance.common.config [None req-bb5a4fd8-28c7-4e18-b272-06c3501776cf None None] rate_limit_except_level = CRITICAL {{(pid=101894) log_opt_values /opt/stack/data/venv/lib/python3.12/site-packages/oslo_config/cfg.py:3245}}
Jun 04 21:37:30.523414 np0000002198 devstack@g-api.service[101894]: DEBUG glance.common.config [None req-bb5a4fd8-28c7-4e18-b272-06c3501776cf None None] rate_limit_interval = 0 {{(pid=101894) log_opt_values /opt/stack/data/venv/lib/python3.12/site-packages/oslo_config/cfg.py:3245}}
Jun 04 21:37:30.523498 np0000002198 devstack@g-api.service[101894]: DEBUG glance.common.config [None req-bb5a4fd8-28c7-4e18-b272-06c3501776cf None None] scrub_pool_size = 1 {{(pid=101894) log_opt_values /opt/stack/data/venv/lib/python3.12/site-packages/oslo_config/cfg.py:3245}}
Jun 04 21:37:30.523593 np0000002198 devstack@g-api.service[101894]: DEBUG glance.common.config [None req-bb5a4fd8-28c7-4e18-b272-06c3501776cf None None] scrub_time = 0 {{(pid=101894) log_opt_values /opt/stack/data/venv/lib/python3.12/site-packages/oslo_config/cfg.py:3245}}
Jun 04 21:37:30.523687 np0000002198 devstack@g-api.service[101894]: DEBUG glance.common.config [None req-bb5a4fd8-28c7-4e18-b272-06c3501776cf None None] shell_completion = None {{(pid=101894) log_opt_values /opt/stack/data/venv/lib/python3.12/site-packages/oslo_config/cfg.py:3245}}
Jun 04 21:37:30.523795 np0000002198 devstack@g-api.service[101894]: DEBUG glance.common.config [None req-bb5a4fd8-28c7-4e18-b272-06c3501776cf None None] show_image_direct_url = False {{(pid=101894) log_opt_values /opt/stack/data/venv/lib/python3.12/site-packages/oslo_config/cfg.py:3245}}
Jun 04 21:37:30.524041 np0000002198 devstack@g-api.service[101894]: WARNING oslo_config.cfg [None req-bb5a4fd8-28c7-4e18-b272-06c3501776cf None None] Deprecated: Option "show_multiple_locations" from group "DEFAULT" is deprecated for removal (Use of this option, deprecated since Newton, is a security risk and will be removed once we figure out a way to satisfy those use cases that currently require it. An earlier announcement that the same functionality can be achieved with greater granularity by using policies is incorrect. You cannot work around this option via policy configuration at the present time, though that is the direction we believe the fix will take. Please keep an eye on the Glance release notes to stay up to date on progress in addressing this issue.). Its value may be silently ignored in the future.
Jun 04 21:37:30.524116 np0000002198 devstack@g-api.service[101894]: DEBUG glance.common.config [None req-bb5a4fd8-28c7-4e18-b272-06c3501776cf None None] show_multiple_locations = False {{(pid=101894) log_opt_values /opt/stack/data/venv/lib/python3.12/site-packages/oslo_config/cfg.py:3245}}
Jun 04 21:37:30.524246 np0000002198 devstack@g-api.service[101894]: DEBUG glance.common.config [None req-bb5a4fd8-28c7-4e18-b272-06c3501776cf None None] syslog_log_facility = LOG_USER {{(pid=101894) log_opt_values /opt/stack/data/venv/lib/python3.12/site-packages/oslo_config/cfg.py:3245}}
Jun 04 21:37:30.524331 np0000002198 devstack@g-api.service[101894]: DEBUG glance.common.config [None req-bb5a4fd8-28c7-4e18-b272-06c3501776cf None None] tcp_keepidle = 600 {{(pid=101894) log_opt_values /opt/stack/data/venv/lib/python3.12/site-packages/oslo_config/cfg.py:3245}}
Jun 04 21:37:30.524419 np0000002198 devstack@g-api.service[101894]: DEBUG glance.common.config [None req-bb5a4fd8-28c7-4e18-b272-06c3501776cf None None] transport_url = **** {{(pid=101894) log_opt_values /opt/stack/data/venv/lib/python3.12/site-packages/oslo_config/cfg.py:3245}}
Jun 04 21:37:30.524502 np0000002198 devstack@g-api.service[101894]: DEBUG glance.common.config [None req-bb5a4fd8-28c7-4e18-b272-06c3501776cf None None] use_journal = False {{(pid=101894) log_opt_values /opt/stack/data/venv/lib/python3.12/site-packages/oslo_config/cfg.py:3245}}
Jun 04 21:37:30.524600 np0000002198 devstack@g-api.service[101894]: DEBUG glance.common.config [None req-bb5a4fd8-28c7-4e18-b272-06c3501776cf None None] use_json = False {{(pid=101894) log_opt_values /opt/stack/data/venv/lib/python3.12/site-packages/oslo_config/cfg.py:3245}}
Jun 04 21:37:30.524707 np0000002198 devstack@g-api.service[101894]: DEBUG glance.common.config [None req-bb5a4fd8-28c7-4e18-b272-06c3501776cf None None] use_keystone_limits = True {{(pid=101894) log_opt_values /opt/stack/data/venv/lib/python3.12/site-packages/oslo_config/cfg.py:3245}}
Jun 04 21:37:30.524812 np0000002198 devstack@g-api.service[101894]: DEBUG glance.common.config [None req-bb5a4fd8-28c7-4e18-b272-06c3501776cf None None] use_stderr = False {{(pid=101894) log_opt_values /opt/stack/data/venv/lib/python3.12/site-packages/oslo_config/cfg.py:3245}}
Jun 04 21:37:30.524904 np0000002198 devstack@g-api.service[101894]: DEBUG glance.common.config [None req-bb5a4fd8-28c7-4e18-b272-06c3501776cf None None] use_syslog = False {{(pid=101894) log_opt_values /opt/stack/data/venv/lib/python3.12/site-packages/oslo_config/cfg.py:3245}}
Jun 04 21:37:30.524995 np0000002198 devstack@g-api.service[101894]: DEBUG glance.common.config [None req-bb5a4fd8-28c7-4e18-b272-06c3501776cf None None] user_storage_quota = 0 {{(pid=101894) log_opt_values /opt/stack/data/venv/lib/python3.12/site-packages/oslo_config/cfg.py:3245}}
Jun 04 21:37:30.525082 np0000002198 devstack@g-api.service[101894]: DEBUG glance.common.config [None req-bb5a4fd8-28c7-4e18-b272-06c3501776cf None None] worker_self_reference_url = http://127.0.0.1:60999 {{(pid=101894) log_opt_values /opt/stack/data/venv/lib/python3.12/site-packages/oslo_config/cfg.py:3245}}
Jun 04 21:37:30.525162 np0000002198 devstack@g-api.service[101894]: DEBUG glance.common.config [None req-bb5a4fd8-28c7-4e18-b272-06c3501776cf None None] workers = None {{(pid=101894) log_opt_values /opt/stack/data/venv/lib/python3.12/site-packages/oslo_config/cfg.py:3245}}
Jun 04 21:37:30.525258 np0000002198 devstack@g-api.service[101894]: DEBUG glance.common.config [None req-bb5a4fd8-28c7-4e18-b272-06c3501776cf None None] oslo_concurrency.disable_process_locking = False {{(pid=101894) log_opt_values /opt/stack/data/venv/lib/python3.12/site-packages/oslo_config/cfg.py:3256}}
Jun 04 21:37:30.525447 np0000002198 devstack@g-api.service[101894]: DEBUG glance.common.config [None req-bb5a4fd8-28c7-4e18-b272-06c3501776cf None None] oslo_concurrency.lock_path = /opt/stack/data/glance/locks {{(pid=101894) log_opt_values /opt/stack/data/venv/lib/python3.12/site-packages/oslo_config/cfg.py:3256}}
Jun 04 21:37:30.525538 np0000002198 devstack@g-api.service[101894]: DEBUG glance.common.config [None req-bb5a4fd8-28c7-4e18-b272-06c3501776cf None None] oslo_middleware.enable_proxy_headers_parsing = False {{(pid=101894) log_opt_values /opt/stack/data/venv/lib/python3.12/site-packages/oslo_config/cfg.py:3256}}
Jun 04 21:37:30.525643 np0000002198 devstack@g-api.service[101894]: DEBUG glance.common.config [None req-bb5a4fd8-28c7-4e18-b272-06c3501776cf None None] oslo_middleware.http_basic_auth_user_file = /etc/htpasswd {{(pid=101894) log_opt_values /opt/stack/data/venv/lib/python3.12/site-packages/oslo_config/cfg.py:3256}}
Jun 04 21:37:30.525741 np0000002198 devstack@g-api.service[101894]: DEBUG glance.common.config [None req-bb5a4fd8-28c7-4e18-b272-06c3501776cf None None] paste_deploy.config_file = None {{(pid=101894) log_opt_values /opt/stack/data/venv/lib/python3.12/site-packages/oslo_config/cfg.py:3256}}
Jun 04 21:37:30.525849 np0000002198 devstack@g-api.service[101894]: DEBUG glance.common.config [None req-bb5a4fd8-28c7-4e18-b272-06c3501776cf None None] paste_deploy.flavor = keystone+cachemanagement {{(pid=101894) log_opt_values /opt/stack/data/venv/lib/python3.12/site-packages/oslo_config/cfg.py:3256}}
Jun 04 21:37:30.526020 np0000002198 devstack@g-api.service[101894]: DEBUG glance.common.config [None req-bb5a4fd8-28c7-4e18-b272-06c3501776cf None None] image_format.container_formats = ['ami', 'ari', 'aki', 'bare', 'ovf', 'ova', 'docker', 'compressed'] {{(pid=101894) log_opt_values /opt/stack/data/venv/lib/python3.12/site-packages/oslo_config/cfg.py:3256}}
Jun 04 21:37:30.526150 np0000002198 devstack@g-api.service[101894]: DEBUG glance.common.config [None req-bb5a4fd8-28c7-4e18-b272-06c3501776cf None None] image_format.disk_formats = ['ami', 'ari', 'aki', 'vhd', 'vhdx', 'vmdk', 'raw', 'qcow2', 'vdi', 'iso', 'ploop'] {{(pid=101894) log_opt_values /opt/stack/data/venv/lib/python3.12/site-packages/oslo_config/cfg.py:3256}}
Jun 04 21:37:30.526238 np0000002198 devstack@g-api.service[101894]: DEBUG glance.common.config [None req-bb5a4fd8-28c7-4e18-b272-06c3501776cf None None] image_format.gpt_safety_checks_nonfatal = [] {{(pid=101894) log_opt_values /opt/stack/data/venv/lib/python3.12/site-packages/oslo_config/cfg.py:3256}}
Jun 04 21:37:30.526328 np0000002198 devstack@g-api.service[101894]: DEBUG glance.common.config [None req-bb5a4fd8-28c7-4e18-b272-06c3501776cf None None] image_format.require_image_format_match = True {{(pid=101894) log_opt_values /opt/stack/data/venv/lib/python3.12/site-packages/oslo_config/cfg.py:3256}}
Jun 04 21:37:30.526425 np0000002198 devstack@g-api.service[101894]: DEBUG glance.common.config [None req-bb5a4fd8-28c7-4e18-b272-06c3501776cf None None] image_format.vmdk_allowed_types = ['streamOptimized', 'monolithicSparse'] {{(pid=101894) log_opt_values /opt/stack/data/venv/lib/python3.12/site-packages/oslo_config/cfg.py:3256}}
Jun 04 21:37:30.526519 np0000002198 devstack@g-api.service[101894]: DEBUG glance.common.config [None req-bb5a4fd8-28c7-4e18-b272-06c3501776cf None None] task.task_executor = taskflow {{(pid=101894) log_opt_values /opt/stack/data/venv/lib/python3.12/site-packages/oslo_config/cfg.py:3256}}
Jun 04 21:37:30.526625 np0000002198 devstack@g-api.service[101894]: DEBUG glance.common.config [None req-bb5a4fd8-28c7-4e18-b272-06c3501776cf None None] task.task_time_to_live = 48 {{(pid=101894) log_opt_values /opt/stack/data/venv/lib/python3.12/site-packages/oslo_config/cfg.py:3256}}
