Jun 04 21:37:06.001989 np0000002198 systemd[1]: Starting devstack@n-api-meta.service - Devstack devstack@n-api-meta.service...
Jun 04 21:37:06.007472 np0000002198 devstack@n-api-meta.service[95009]: [uWSGI] getting INI configuration from /etc/nova/nova-metadata-uwsgi.ini
Jun 04 21:37:06.009742 np0000002198 devstack@n-api-meta.service[95009]: *** Starting uWSGI 2.0.24-debian (64bit) on [Thu Jun 4 21:37:06 2026] ***
Jun 04 21:37:06.009742 np0000002198 devstack@n-api-meta.service[95009]: compiled with version: 13.2.0 on 17 April 2024 16:23:48
Jun 04 21:37:06.009742 np0000002198 devstack@n-api-meta.service[95009]: os: Linux-6.8.0-100-generic #100-Ubuntu SMP PREEMPT_DYNAMIC Tue Jan 13 16:40:06 UTC 2026
Jun 04 21:37:06.009742 np0000002198 devstack@n-api-meta.service[95009]: nodename: np0000002198
Jun 04 21:37:06.009742 np0000002198 devstack@n-api-meta.service[95009]: machine: x86_64
Jun 04 21:37:06.009742 np0000002198 devstack@n-api-meta.service[95009]: clock source: unix
Jun 04 21:37:06.009742 np0000002198 devstack@n-api-meta.service[95009]: pcre jit disabled
Jun 04 21:37:06.009742 np0000002198 devstack@n-api-meta.service[95009]: detected number of CPU cores: 12
Jun 04 21:37:06.009742 np0000002198 devstack@n-api-meta.service[95009]: current working directory: /
Jun 04 21:37:06.009742 np0000002198 devstack@n-api-meta.service[95009]: detected binary path: /usr/bin/uwsgi-core
Jun 04 21:37:06.009742 np0000002198 devstack@n-api-meta.service[95009]: your processes number limit is 95969
Jun 04 21:37:06.009742 np0000002198 devstack@n-api-meta.service[95009]: your memory page size is 4096 bytes
Jun 04 21:37:06.009742 np0000002198 devstack@n-api-meta.service[95009]: detected max file descriptor number: 2048
Jun 04 21:37:06.010044 np0000002198 devstack@n-api-meta.service[95009]: lock engine: pthread robust mutexes
Jun 04 21:37:06.010044 np0000002198 devstack@n-api-meta.service[95009]: thunder lock: enabled
Jun 04 21:37:06.010193 np0000002198 devstack@n-api-meta.service[95009]: uWSGI http bound on 0.0.0.0:8775 fd 5
Jun 04 21:37:06.010243 np0000002198 devstack@n-api-meta.service[95009]: uwsgi socket 0 bound to TCP address 127.0.0.1:40687 (port auto-assigned) fd 4
Jun 04 21:37:06.010243 np0000002198 devstack@n-api-meta.service[95009]: Python version: 3.12.3 (main, Mar 23 2026, 19:04:32) [GCC 13.3.0]
Jun 04 21:37:06.010291 np0000002198 devstack@n-api-meta.service[95009]: PEP 405 virtualenv detected: /opt/stack/data/venv
Jun 04 21:37:06.010291 np0000002198 devstack@n-api-meta.service[95009]: Set PythonHome to /opt/stack/data/venv
Jun 04 21:37:06.044331 np0000002198 devstack@n-api-meta.service[95009]: Python main interpreter initialized at 0x78bfe6aa3668
Jun 04 21:37:06.044331 np0000002198 devstack@n-api-meta.service[95009]: python threads support enabled
Jun 04 21:37:06.044331 np0000002198 devstack@n-api-meta.service[95009]: your server socket listen backlog is limited to 100 connections
Jun 04 21:37:06.044331 np0000002198 devstack@n-api-meta.service[95009]: your mercy for graceful operations on workers is 80 seconds
Jun 04 21:37:06.044800 np0000002198 devstack@n-api-meta.service[95009]: mapped 537436 bytes (524 KB) for 3 cores
Jun 04 21:37:06.044912 np0000002198 devstack@n-api-meta.service[95009]: *** Operational MODE: preforking ***
Jun 04 21:37:06.045093 np0000002198 devstack@n-api-meta.service[95009]: *** uWSGI is running in multiple interpreter mode ***
Jun 04 21:37:06.045093 np0000002198 devstack@n-api-meta.service[95009]: spawned uWSGI master process (pid: 95009)
Jun 04 21:37:06.045316 np0000002198 systemd[1]: Started devstack@n-api-meta.service - Devstack devstack@n-api-meta.service.
Jun 04 21:37:06.045671 np0000002198 devstack@n-api-meta.service[95009]: spawned uWSGI worker 1 (pid: 95010, cores: 1)
Jun 04 21:37:06.046072 np0000002198 devstack@n-api-meta.service[95009]: spawned uWSGI worker 2 (pid: 95011, cores: 1)
Jun 04 21:37:06.046446 np0000002198 devstack@n-api-meta.service[95009]: spawned uWSGI worker 3 (pid: 95012, cores: 1)
Jun 04 21:37:06.046932 np0000002198 devstack@n-api-meta.service[95009]: spawned uWSGI http 1 (pid: 95013)
Jun 04 21:37:06.046932 np0000002198 devstack@n-api-meta.service[95009]: running "unix_signal:15 gracefully_kill_them_all" (master-start)...
Jun 04 21:37:07.731232 np0000002198 devstack@n-api-meta.service[95011]: INFO dbcounter [None req-4fbb90da-0ac9-421b-aa68-b28459bd6514 None None] Registered counter for database nova_api
Jun 04 21:37:07.751239 np0000002198 devstack@n-api-meta.service[95010]: INFO dbcounter [None req-ba7ddee9-bff2-477a-996d-af1c591be539 None None] Registered counter for database nova_api
Jun 04 21:37:07.770803 np0000002198 devstack@n-api-meta.service[95012]: INFO dbcounter [None req-65a38130-e39a-4ed5-b94a-2a2acc8f32d4 None None] Registered counter for database nova_api
Jun 04 21:37:07.779869 np0000002198 devstack@n-api-meta.service[95011]: DEBUG oslo_db.sqlalchemy.engines [None req-4fbb90da-0ac9-421b-aa68-b28459bd6514 None None] MySQL server mode set to STRICT_TRANS_TABLES,STRICT_ALL_TABLES,NO_ZERO_IN_DATE,NO_ZERO_DATE,ERROR_FOR_DIVISION_BY_ZERO,TRADITIONAL,NO_ENGINE_SUBSTITUTION {{(pid=95011) _check_effective_sql_mode /opt/stack/data/venv/lib/python3.12/site-packages/oslo_db/sqlalchemy/engines.py:325}}
Jun 04 21:37:07.792048 np0000002198 devstack@n-api-meta.service[95010]: DEBUG oslo_db.sqlalchemy.engines [None req-ba7ddee9-bff2-477a-996d-af1c591be539 None None] MySQL server mode set to STRICT_TRANS_TABLES,STRICT_ALL_TABLES,NO_ZERO_IN_DATE,NO_ZERO_DATE,ERROR_FOR_DIVISION_BY_ZERO,TRADITIONAL,NO_ENGINE_SUBSTITUTION {{(pid=95010) _check_effective_sql_mode /opt/stack/data/venv/lib/python3.12/site-packages/oslo_db/sqlalchemy/engines.py:325}}
Jun 04 21:37:07.813078 np0000002198 devstack@n-api-meta.service[95011]: DEBUG dbcounter [-] [95011] Writer thread running {{(pid=95011) stat_writer /opt/stack/data/venv/lib/python3.12/site-packages/dbcounter.py:102}}
Jun 04 21:37:07.813322 np0000002198 devstack@n-api-meta.service[95012]: DEBUG oslo_db.sqlalchemy.engines [None req-65a38130-e39a-4ed5-b94a-2a2acc8f32d4 None None] MySQL server mode set to STRICT_TRANS_TABLES,STRICT_ALL_TABLES,NO_ZERO_IN_DATE,NO_ZERO_DATE,ERROR_FOR_DIVISION_BY_ZERO,TRADITIONAL,NO_ENGINE_SUBSTITUTION {{(pid=95012) _check_effective_sql_mode /opt/stack/data/venv/lib/python3.12/site-packages/oslo_db/sqlalchemy/engines.py:325}}
Jun 04 21:37:07.815424 np0000002198 devstack@n-api-meta.service[95011]: DEBUG nova.context [None req-4fbb90da-0ac9-421b-aa68-b28459bd6514 None None] Found 2 cells: 00000000-0000-0000-0000-000000000000(cell0),01382849-5554-498d-94c1-dc2ce5825559(cell1) {{(pid=95011) load_cells /opt/stack/nova/nova/context.py:509}}
Jun 04 21:37:07.816787 np0000002198 devstack@n-api-meta.service[95011]: INFO nova.utils [None req-4fbb90da-0ac9-421b-aa68-b28459bd6514 None None] The cell worker thread pool MainProcess.cell_worker is initialized
Jun 04 21:37:07.817390 np0000002198 devstack@n-api-meta.service[95011]: DEBUG oslo_concurrency.lockutils [None req-4fbb90da-0ac9-421b-aa68-b28459bd6514 None None] Acquiring lock "00000000-0000-0000-0000-000000000000" by "nova.context.set_target_cell..get_or_set_cached_cell_and_set_connections" {{(pid=95011) inner /opt/stack/data/venv/lib/python3.12/site-packages/oslo_concurrency/lockutils.py:511}}
Jun 04 21:37:07.818247 np0000002198 devstack@n-api-meta.service[95011]: DEBUG oslo_concurrency.lockutils [None req-4fbb90da-0ac9-421b-aa68-b28459bd6514 None None] Lock "00000000-0000-0000-0000-000000000000" acquired by "nova.context.set_target_cell..get_or_set_cached_cell_and_set_connections" :: waited 0.000s {{(pid=95011) inner /opt/stack/data/venv/lib/python3.12/site-packages/oslo_concurrency/lockutils.py:524}}
Jun 04 21:37:07.818247 np0000002198 devstack@n-api-meta.service[95011]: DEBUG oslo_concurrency.lockutils [None req-4fbb90da-0ac9-421b-aa68-b28459bd6514 None None] Lock "00000000-0000-0000-0000-000000000000" "released" by "nova.context.set_target_cell..get_or_set_cached_cell_and_set_connections" :: held 0.000s {{(pid=95011) inner /opt/stack/data/venv/lib/python3.12/site-packages/oslo_concurrency/lockutils.py:543}}
Jun 04 21:37:07.818639 np0000002198 devstack@n-api-meta.service[95011]: DEBUG oslo_concurrency.lockutils [None req-4fbb90da-0ac9-421b-aa68-b28459bd6514 None None] Acquiring lock "01382849-5554-498d-94c1-dc2ce5825559" by "nova.context.set_target_cell..get_or_set_cached_cell_and_set_connections" {{(pid=95011) inner /opt/stack/data/venv/lib/python3.12/site-packages/oslo_concurrency/lockutils.py:511}}
Jun 04 21:37:07.818794 np0000002198 devstack@n-api-meta.service[95011]: DEBUG oslo_concurrency.lockutils [None req-4fbb90da-0ac9-421b-aa68-b28459bd6514 None None] Lock "01382849-5554-498d-94c1-dc2ce5825559" acquired by "nova.context.set_target_cell..get_or_set_cached_cell_and_set_connections" :: waited 0.000s {{(pid=95011) inner /opt/stack/data/venv/lib/python3.12/site-packages/oslo_concurrency/lockutils.py:524}}
Jun 04 21:37:07.819562 np0000002198 devstack@n-api-meta.service[95011]: DEBUG oslo_concurrency.lockutils [None req-4fbb90da-0ac9-421b-aa68-b28459bd6514 None None] Lock "01382849-5554-498d-94c1-dc2ce5825559" "released" by "nova.context.set_target_cell..get_or_set_cached_cell_and_set_connections" :: held 0.001s {{(pid=95011) inner /opt/stack/data/venv/lib/python3.12/site-packages/oslo_concurrency/lockutils.py:543}}
Jun 04 21:37:07.820038 np0000002198 devstack@n-api-meta.service[95010]: DEBUG dbcounter [-] [95010] Writer thread running {{(pid=95010) stat_writer /opt/stack/data/venv/lib/python3.12/site-packages/dbcounter.py:102}}
Jun 04 21:37:07.821861 np0000002198 devstack@n-api-meta.service[95011]: INFO dbcounter [None req-4fbb90da-0ac9-421b-aa68-b28459bd6514 None None] Registered counter for database nova_cell0
Jun 04 21:37:07.822114 np0000002198 devstack@n-api-meta.service[95010]: DEBUG nova.context [None req-ba7ddee9-bff2-477a-996d-af1c591be539 None None] Found 2 cells: 00000000-0000-0000-0000-000000000000(cell0),01382849-5554-498d-94c1-dc2ce5825559(cell1) {{(pid=95010) load_cells /opt/stack/nova/nova/context.py:509}}
Jun 04 21:37:07.822334 np0000002198 devstack@n-api-meta.service[95010]: INFO nova.utils [None req-ba7ddee9-bff2-477a-996d-af1c591be539 None None] The cell worker thread pool MainProcess.cell_worker is initialized
Jun 04 21:37:07.823967 np0000002198 devstack@n-api-meta.service[95010]: DEBUG oslo_concurrency.lockutils [None req-ba7ddee9-bff2-477a-996d-af1c591be539 None None] Acquiring lock "00000000-0000-0000-0000-000000000000" by "nova.context.set_target_cell..get_or_set_cached_cell_and_set_connections" {{(pid=95010) inner /opt/stack/data/venv/lib/python3.12/site-packages/oslo_concurrency/lockutils.py:511}}
Jun 04 21:37:07.824145 np0000002198 devstack@n-api-meta.service[95010]: DEBUG oslo_concurrency.lockutils [None req-ba7ddee9-bff2-477a-996d-af1c591be539 None None] Lock "00000000-0000-0000-0000-000000000000" acquired by "nova.context.set_target_cell..get_or_set_cached_cell_and_set_connections" :: waited 0.000s {{(pid=95010) inner /opt/stack/data/venv/lib/python3.12/site-packages/oslo_concurrency/lockutils.py:524}}
Jun 04 21:37:07.824478 np0000002198 devstack@n-api-meta.service[95010]: DEBUG oslo_concurrency.lockutils [None req-ba7ddee9-bff2-477a-996d-af1c591be539 None None] Lock "00000000-0000-0000-0000-000000000000" "released" by "nova.context.set_target_cell..get_or_set_cached_cell_and_set_connections" :: held 0.000s {{(pid=95010) inner /opt/stack/data/venv/lib/python3.12/site-packages/oslo_concurrency/lockutils.py:543}}
Jun 04 21:37:07.825077 np0000002198 devstack@n-api-meta.service[95010]: DEBUG oslo_concurrency.lockutils [None req-ba7ddee9-bff2-477a-996d-af1c591be539 None None] Acquiring lock "01382849-5554-498d-94c1-dc2ce5825559" by "nova.context.set_target_cell..get_or_set_cached_cell_and_set_connections" {{(pid=95010) inner /opt/stack/data/venv/lib/python3.12/site-packages/oslo_concurrency/lockutils.py:511}}
Jun 04 21:37:07.825204 np0000002198 devstack@n-api-meta.service[95011]: INFO dbcounter [None req-4fbb90da-0ac9-421b-aa68-b28459bd6514 None None] Registered counter for database nova_cell1
Jun 04 21:37:07.825251 np0000002198 devstack@n-api-meta.service[95010]: DEBUG oslo_concurrency.lockutils [None req-ba7ddee9-bff2-477a-996d-af1c591be539 None None] Lock "01382849-5554-498d-94c1-dc2ce5825559" acquired by "nova.context.set_target_cell..get_or_set_cached_cell_and_set_connections" :: waited 0.000s {{(pid=95010) inner /opt/stack/data/venv/lib/python3.12/site-packages/oslo_concurrency/lockutils.py:524}}
Jun 04 21:37:07.826014 np0000002198 devstack@n-api-meta.service[95010]: DEBUG oslo_concurrency.lockutils [None req-ba7ddee9-bff2-477a-996d-af1c591be539 None None] Lock "01382849-5554-498d-94c1-dc2ce5825559" "released" by "nova.context.set_target_cell..get_or_set_cached_cell_and_set_connections" :: held 0.001s {{(pid=95010) inner /opt/stack/data/venv/lib/python3.12/site-packages/oslo_concurrency/lockutils.py:543}}
Jun 04 21:37:07.827702 np0000002198 devstack@n-api-meta.service[95010]: INFO dbcounter [None req-ba7ddee9-bff2-477a-996d-af1c591be539 None None] Registered counter for database nova_cell0
Jun 04 21:37:07.830387 np0000002198 devstack@n-api-meta.service[95010]: INFO dbcounter [None req-ba7ddee9-bff2-477a-996d-af1c591be539 None None] Registered counter for database nova_cell1
Jun 04 21:37:07.841351 np0000002198 devstack@n-api-meta.service[95012]: DEBUG dbcounter [-] [95012] Writer thread running {{(pid=95012) stat_writer /opt/stack/data/venv/lib/python3.12/site-packages/dbcounter.py:102}}
Jun 04 21:37:07.843333 np0000002198 devstack@n-api-meta.service[95012]: DEBUG nova.context [None req-65a38130-e39a-4ed5-b94a-2a2acc8f32d4 None None] Found 2 cells: 00000000-0000-0000-0000-000000000000(cell0),01382849-5554-498d-94c1-dc2ce5825559(cell1) {{(pid=95012) load_cells /opt/stack/nova/nova/context.py:509}}
Jun 04 21:37:07.843536 np0000002198 devstack@n-api-meta.service[95012]: INFO nova.utils [None req-65a38130-e39a-4ed5-b94a-2a2acc8f32d4 None None] The cell worker thread pool MainProcess.cell_worker is initialized
Jun 04 21:37:07.845231 np0000002198 devstack@n-api-meta.service[95012]: DEBUG oslo_concurrency.lockutils [None req-65a38130-e39a-4ed5-b94a-2a2acc8f32d4 None None] Acquiring lock "00000000-0000-0000-0000-000000000000" by "nova.context.set_target_cell..get_or_set_cached_cell_and_set_connections" {{(pid=95012) inner /opt/stack/data/venv/lib/python3.12/site-packages/oslo_concurrency/lockutils.py:511}}
Jun 04 21:37:07.845383 np0000002198 devstack@n-api-meta.service[95012]: DEBUG oslo_concurrency.lockutils [None req-65a38130-e39a-4ed5-b94a-2a2acc8f32d4 None None] Lock "00000000-0000-0000-0000-000000000000" acquired by "nova.context.set_target_cell..get_or_set_cached_cell_and_set_connections" :: waited 0.000s {{(pid=95012) inner /opt/stack/data/venv/lib/python3.12/site-packages/oslo_concurrency/lockutils.py:524}}
Jun 04 21:37:07.845760 np0000002198 devstack@n-api-meta.service[95012]: DEBUG oslo_concurrency.lockutils [None req-65a38130-e39a-4ed5-b94a-2a2acc8f32d4 None None] Lock "00000000-0000-0000-0000-000000000000" "released" by "nova.context.set_target_cell..get_or_set_cached_cell_and_set_connections" :: held 0.000s {{(pid=95012) inner /opt/stack/data/venv/lib/python3.12/site-packages/oslo_concurrency/lockutils.py:543}}
Jun 04 21:37:07.846387 np0000002198 devstack@n-api-meta.service[95012]: DEBUG oslo_concurrency.lockutils [None req-65a38130-e39a-4ed5-b94a-2a2acc8f32d4 None None] Acquiring lock "01382849-5554-498d-94c1-dc2ce5825559" by "nova.context.set_target_cell..get_or_set_cached_cell_and_set_connections" {{(pid=95012) inner /opt/stack/data/venv/lib/python3.12/site-packages/oslo_concurrency/lockutils.py:511}}
Jun 04 21:37:07.846524 np0000002198 devstack@n-api-meta.service[95012]: DEBUG oslo_concurrency.lockutils [None req-65a38130-e39a-4ed5-b94a-2a2acc8f32d4 None None] Lock "01382849-5554-498d-94c1-dc2ce5825559" acquired by "nova.context.set_target_cell..get_or_set_cached_cell_and_set_connections" :: waited 0.000s {{(pid=95012) inner /opt/stack/data/venv/lib/python3.12/site-packages/oslo_concurrency/lockutils.py:524}}
Jun 04 21:37:07.847283 np0000002198 devstack@n-api-meta.service[95012]: DEBUG oslo_concurrency.lockutils [None req-65a38130-e39a-4ed5-b94a-2a2acc8f32d4 None None] Lock "01382849-5554-498d-94c1-dc2ce5825559" "released" by "nova.context.set_target_cell..get_or_set_cached_cell_and_set_connections" :: held 0.001s {{(pid=95012) inner /opt/stack/data/venv/lib/python3.12/site-packages/oslo_concurrency/lockutils.py:543}}
Jun 04 21:37:07.849449 np0000002198 devstack@n-api-meta.service[95012]: INFO dbcounter [None req-65a38130-e39a-4ed5-b94a-2a2acc8f32d4 None None] Registered counter for database nova_cell0
Jun 04 21:37:07.856588 np0000002198 devstack@n-api-meta.service[95012]: INFO dbcounter [None req-65a38130-e39a-4ed5-b94a-2a2acc8f32d4 None None] Registered counter for database nova_cell1
Jun 04 21:37:07.880282 np0000002198 devstack@n-api-meta.service[95011]: DEBUG oslo_db.sqlalchemy.engines [None req-4fbb90da-0ac9-421b-aa68-b28459bd6514 None None] MySQL server mode set to STRICT_TRANS_TABLES,STRICT_ALL_TABLES,NO_ZERO_IN_DATE,NO_ZERO_DATE,ERROR_FOR_DIVISION_BY_ZERO,TRADITIONAL,NO_ENGINE_SUBSTITUTION {{(pid=95011) _check_effective_sql_mode /opt/stack/data/venv/lib/python3.12/site-packages/oslo_db/sqlalchemy/engines.py:325}}
Jun 04 21:37:07.882479 np0000002198 devstack@n-api-meta.service[95010]: DEBUG oslo_db.sqlalchemy.engines [None req-ba7ddee9-bff2-477a-996d-af1c591be539 None None] MySQL server mode set to STRICT_TRANS_TABLES,STRICT_ALL_TABLES,NO_ZERO_IN_DATE,NO_ZERO_DATE,ERROR_FOR_DIVISION_BY_ZERO,TRADITIONAL,NO_ENGINE_SUBSTITUTION {{(pid=95010) _check_effective_sql_mode /opt/stack/data/venv/lib/python3.12/site-packages/oslo_db/sqlalchemy/engines.py:325}}
Jun 04 21:37:07.885997 np0000002198 devstack@n-api-meta.service[95010]: DEBUG oslo_db.sqlalchemy.engines [None req-ba7ddee9-bff2-477a-996d-af1c591be539 None None] MySQL server mode set to STRICT_TRANS_TABLES,STRICT_ALL_TABLES,NO_ZERO_IN_DATE,NO_ZERO_DATE,ERROR_FOR_DIVISION_BY_ZERO,TRADITIONAL,NO_ENGINE_SUBSTITUTION {{(pid=95010) _check_effective_sql_mode /opt/stack/data/venv/lib/python3.12/site-packages/oslo_db/sqlalchemy/engines.py:325}}
Jun 04 21:37:07.905855 np0000002198 devstack@n-api-meta.service[95012]: DEBUG oslo_db.sqlalchemy.engines [None req-65a38130-e39a-4ed5-b94a-2a2acc8f32d4 None None] MySQL server mode set to STRICT_TRANS_TABLES,STRICT_ALL_TABLES,NO_ZERO_IN_DATE,NO_ZERO_DATE,ERROR_FOR_DIVISION_BY_ZERO,TRADITIONAL,NO_ENGINE_SUBSTITUTION {{(pid=95012) _check_effective_sql_mode /opt/stack/data/venv/lib/python3.12/site-packages/oslo_db/sqlalchemy/engines.py:325}}
Jun 04 21:37:07.960641 np0000002198 devstack@n-api-meta.service[95011]: DEBUG oslo_db.sqlalchemy.engines [None req-4fbb90da-0ac9-421b-aa68-b28459bd6514 None None] MySQL server mode set to STRICT_TRANS_TABLES,STRICT_ALL_TABLES,NO_ZERO_IN_DATE,NO_ZERO_DATE,ERROR_FOR_DIVISION_BY_ZERO,TRADITIONAL,NO_ENGINE_SUBSTITUTION {{(pid=95011) _check_effective_sql_mode /opt/stack/data/venv/lib/python3.12/site-packages/oslo_db/sqlalchemy/engines.py:325}}
Jun 04 21:37:07.971856 np0000002198 devstack@n-api-meta.service[95010]: DEBUG dbcounter [-] [95010] Writer thread running {{(pid=95010) stat_writer /opt/stack/data/venv/lib/python3.12/site-packages/dbcounter.py:102}}
Jun 04 21:37:07.974613 np0000002198 devstack@n-api-meta.service[95011]: DEBUG dbcounter [-] [95011] Writer thread running {{(pid=95011) stat_writer /opt/stack/data/venv/lib/python3.12/site-packages/dbcounter.py:102}}
Jun 04 21:37:07.975551 np0000002198 devstack@n-api-meta.service[95010]: DEBUG dbcounter [-] [95010] Writer thread running {{(pid=95010) stat_writer /opt/stack/data/venv/lib/python3.12/site-packages/dbcounter.py:102}}
Jun 04 21:37:07.981917 np0000002198 devstack@n-api-meta.service[95010]: INFO dbcounter [None req-ba7ddee9-bff2-477a-996d-af1c591be539 None None] Registered counter for database nova_cell0
Jun 04 21:37:07.983882 np0000002198 devstack@n-api-meta.service[95011]: DEBUG dbcounter [-] [95011] Writer thread running {{(pid=95011) stat_writer /opt/stack/data/venv/lib/python3.12/site-packages/dbcounter.py:102}}
Jun 04 21:37:07.985238 np0000002198 devstack@n-api-meta.service[95012]: DEBUG oslo_db.sqlalchemy.engines [None req-65a38130-e39a-4ed5-b94a-2a2acc8f32d4 None None] MySQL server mode set to STRICT_TRANS_TABLES,STRICT_ALL_TABLES,NO_ZERO_IN_DATE,NO_ZERO_DATE,ERROR_FOR_DIVISION_BY_ZERO,TRADITIONAL,NO_ENGINE_SUBSTITUTION {{(pid=95012) _check_effective_sql_mode /opt/stack/data/venv/lib/python3.12/site-packages/oslo_db/sqlalchemy/engines.py:325}}
Jun 04 21:37:07.988178 np0000002198 devstack@n-api-meta.service[95011]: INFO dbcounter [None req-4fbb90da-0ac9-421b-aa68-b28459bd6514 None None] Registered counter for database nova_cell0
Jun 04 21:37:08.012095 np0000002198 devstack@n-api-meta.service[95012]: DEBUG dbcounter [-] [95012] Writer thread running {{(pid=95012) stat_writer /opt/stack/data/venv/lib/python3.12/site-packages/dbcounter.py:102}}
Jun 04 21:37:08.017785 np0000002198 devstack@n-api-meta.service[95012]: DEBUG dbcounter [-] [95012] Writer thread running {{(pid=95012) stat_writer /opt/stack/data/venv/lib/python3.12/site-packages/dbcounter.py:102}}
Jun 04 21:37:08.020352 np0000002198 devstack@n-api-meta.service[95010]: DEBUG oslo_db.sqlalchemy.engines [None req-ba7ddee9-bff2-477a-996d-af1c591be539 None None] MySQL server mode set to STRICT_TRANS_TABLES,STRICT_ALL_TABLES,NO_ZERO_IN_DATE,NO_ZERO_DATE,ERROR_FOR_DIVISION_BY_ZERO,TRADITIONAL,NO_ENGINE_SUBSTITUTION {{(pid=95010) _check_effective_sql_mode /opt/stack/data/venv/lib/python3.12/site-packages/oslo_db/sqlalchemy/engines.py:325}}
Jun 04 21:37:08.020431 np0000002198 devstack@n-api-meta.service[95012]: INFO dbcounter [None req-65a38130-e39a-4ed5-b94a-2a2acc8f32d4 None None] Registered counter for database nova_cell0
Jun 04 21:37:08.027144 np0000002198 devstack@n-api-meta.service[95010]: DEBUG dbcounter [-] [95010] Writer thread running {{(pid=95010) stat_writer /opt/stack/data/venv/lib/python3.12/site-packages/dbcounter.py:102}}
Jun 04 21:37:08.036616 np0000002198 devstack@n-api-meta.service[95011]: DEBUG oslo_db.sqlalchemy.engines [None req-4fbb90da-0ac9-421b-aa68-b28459bd6514 None None] MySQL server mode set to STRICT_TRANS_TABLES,STRICT_ALL_TABLES,NO_ZERO_IN_DATE,NO_ZERO_DATE,ERROR_FOR_DIVISION_BY_ZERO,TRADITIONAL,NO_ENGINE_SUBSTITUTION {{(pid=95011) _check_effective_sql_mode /opt/stack/data/venv/lib/python3.12/site-packages/oslo_db/sqlalchemy/engines.py:325}}
Jun 04 21:37:08.043439 np0000002198 devstack@n-api-meta.service[95011]: DEBUG dbcounter [-] [95011] Writer thread running {{(pid=95011) stat_writer /opt/stack/data/venv/lib/python3.12/site-packages/dbcounter.py:102}}
Jun 04 21:37:08.058382 np0000002198 devstack@n-api-meta.service[95012]: DEBUG oslo_db.sqlalchemy.engines [None req-65a38130-e39a-4ed5-b94a-2a2acc8f32d4 None None] MySQL server mode set to STRICT_TRANS_TABLES,STRICT_ALL_TABLES,NO_ZERO_IN_DATE,NO_ZERO_DATE,ERROR_FOR_DIVISION_BY_ZERO,TRADITIONAL,NO_ENGINE_SUBSTITUTION {{(pid=95012) _check_effective_sql_mode /opt/stack/data/venv/lib/python3.12/site-packages/oslo_db/sqlalchemy/engines.py:325}}
Jun 04 21:37:08.063988 np0000002198 devstack@n-api-meta.service[95012]: DEBUG dbcounter [-] [95012] Writer thread running {{(pid=95012) stat_writer /opt/stack/data/venv/lib/python3.12/site-packages/dbcounter.py:102}}
Jun 04 21:37:08.064374 np0000002198 devstack@n-api-meta.service[95010]: WARNING nova.api.metadata.handler [None req-ba7ddee9-bff2-477a-996d-af1c591be539 None None] metadata_proxy_shared_secret is not configured, the metadata information returned by the proxy cannot be trusted
Jun 04 21:37:08.066750 np0000002198 devstack@n-api-meta.service[95010]: DEBUG nova.api.openstack.wsgi_app [None req-ba7ddee9-bff2-477a-996d-af1c591be539 None None] ******************************************************************************** {{(pid=95010) log_opt_values /opt/stack/data/venv/lib/python3.12/site-packages/oslo_config/cfg.py:3229}}
Jun 04 21:37:08.066881 np0000002198 devstack@n-api-meta.service[95010]: DEBUG nova.api.openstack.wsgi_app [None req-ba7ddee9-bff2-477a-996d-af1c591be539 None None] Configuration options gathered from: {{(pid=95010) log_opt_values /opt/stack/data/venv/lib/python3.12/site-packages/oslo_config/cfg.py:3230}}
Jun 04 21:37:08.067000 np0000002198 devstack@n-api-meta.service[95010]: DEBUG nova.api.openstack.wsgi_app [None req-ba7ddee9-bff2-477a-996d-af1c591be539 None None] command line args: [] {{(pid=95010) log_opt_values /opt/stack/data/venv/lib/python3.12/site-packages/oslo_config/cfg.py:3231}}
Jun 04 21:37:08.067177 np0000002198 devstack@n-api-meta.service[95010]: DEBUG nova.api.openstack.wsgi_app [None req-ba7ddee9-bff2-477a-996d-af1c591be539 None None] config files: ['/etc/nova/api-paste.ini', '/etc/nova/nova.conf'] {{(pid=95010) log_opt_values /opt/stack/data/venv/lib/python3.12/site-packages/oslo_config/cfg.py:3232}}
Jun 04 21:37:08.067287 np0000002198 devstack@n-api-meta.service[95010]: DEBUG nova.api.openstack.wsgi_app [None req-ba7ddee9-bff2-477a-996d-af1c591be539 None None] ================================================================================ {{(pid=95010) log_opt_values /opt/stack/data/venv/lib/python3.12/site-packages/oslo_config/cfg.py:3237}}
Jun 04 21:37:08.067459 np0000002198 devstack@n-api-meta.service[95010]: DEBUG nova.api.openstack.wsgi_app [None req-ba7ddee9-bff2-477a-996d-af1c591be539 None None] allow_resize_to_same_host = True {{(pid=95010) log_opt_values /opt/stack/data/venv/lib/python3.12/site-packages/oslo_config/cfg.py:3245}}
Jun 04 21:37:08.067652 np0000002198 devstack@n-api-meta.service[95010]: DEBUG nova.api.openstack.wsgi_app [None req-ba7ddee9-bff2-477a-996d-af1c591be539 None None] arq_binding_timeout = 300 {{(pid=95010) log_opt_values /opt/stack/data/venv/lib/python3.12/site-packages/oslo_config/cfg.py:3245}}
Jun 04 21:37:08.067857 np0000002198 devstack@n-api-meta.service[95010]: DEBUG nova.api.openstack.wsgi_app [None req-ba7ddee9-bff2-477a-996d-af1c591be539 None None] block_device_allocate_retries = 60 {{(pid=95010) log_opt_values /opt/stack/data/venv/lib/python3.12/site-packages/oslo_config/cfg.py:3245}}
Jun 04 21:37:08.067923 np0000002198 devstack@n-api-meta.service[95010]: DEBUG nova.api.openstack.wsgi_app [None req-ba7ddee9-bff2-477a-996d-af1c591be539 None None] block_device_allocate_retries_interval = 3 {{(pid=95010) log_opt_values /opt/stack/data/venv/lib/python3.12/site-packages/oslo_config/cfg.py:3245}}
Jun 04 21:37:08.068158 np0000002198 devstack@n-api-meta.service[95010]: DEBUG nova.api.openstack.wsgi_app [None req-ba7ddee9-bff2-477a-996d-af1c591be539 None None] cell_worker_thread_pool_size = 5 {{(pid=95010) log_opt_values /opt/stack/data/venv/lib/python3.12/site-packages/oslo_config/cfg.py:3245}}
Jun 04 21:37:08.068158 np0000002198 devstack@n-api-meta.service[95010]: DEBUG nova.api.openstack.wsgi_app [None req-ba7ddee9-bff2-477a-996d-af1c591be539 None None] cert = self.pem {{(pid=95010) log_opt_values /opt/stack/data/venv/lib/python3.12/site-packages/oslo_config/cfg.py:3245}}
Jun 04 21:37:08.068925 np0000002198 devstack@n-api-meta.service[95010]: DEBUG nova.api.openstack.wsgi_app [None req-ba7ddee9-bff2-477a-996d-af1c591be539 None None] compute_driver = libvirt.LibvirtDriver {{(pid=95010) log_opt_values /opt/stack/data/venv/lib/python3.12/site-packages/oslo_config/cfg.py:3245}}
Jun 04 21:37:08.068925 np0000002198 devstack@n-api-meta.service[95010]: DEBUG nova.api.openstack.wsgi_app [None req-ba7ddee9-bff2-477a-996d-af1c591be539 None None] compute_monitors = [] {{(pid=95010) log_opt_values /opt/stack/data/venv/lib/python3.12/site-packages/oslo_config/cfg.py:3245}}
Jun 04 21:37:08.068925 np0000002198 devstack@n-api-meta.service[95010]: DEBUG nova.api.openstack.wsgi_app [None req-ba7ddee9-bff2-477a-996d-af1c591be539 None None] config_dir = [] {{(pid=95010) log_opt_values /opt/stack/data/venv/lib/python3.12/site-packages/oslo_config/cfg.py:3245}}
Jun 04 21:37:08.068925 np0000002198 devstack@n-api-meta.service[95010]: DEBUG nova.api.openstack.wsgi_app [None req-ba7ddee9-bff2-477a-996d-af1c591be539 None None] config_drive_format = iso9660 {{(pid=95010) log_opt_values /opt/stack/data/venv/lib/python3.12/site-packages/oslo_config/cfg.py:3245}}
Jun 04 21:37:08.068925 np0000002198 devstack@n-api-meta.service[95010]: DEBUG nova.api.openstack.wsgi_app [None req-ba7ddee9-bff2-477a-996d-af1c591be539 None None] config_file = ['/etc/nova/api-paste.ini', '/etc/nova/nova.conf'] {{(pid=95010) log_opt_values /opt/stack/data/venv/lib/python3.12/site-packages/oslo_config/cfg.py:3245}}
Jun 04 21:37:08.068925 np0000002198 devstack@n-api-meta.service[95010]: DEBUG nova.api.openstack.wsgi_app [None req-ba7ddee9-bff2-477a-996d-af1c591be539 None None] config_source = [] {{(pid=95010) log_opt_values /opt/stack/data/venv/lib/python3.12/site-packages/oslo_config/cfg.py:3245}}
Jun 04 21:37:08.069062 np0000002198 devstack@n-api-meta.service[95010]: DEBUG nova.api.openstack.wsgi_app [None req-ba7ddee9-bff2-477a-996d-af1c591be539 None None] console_host = np0000002198 {{(pid=95010) log_opt_values /opt/stack/data/venv/lib/python3.12/site-packages/oslo_config/cfg.py:3245}}
Jun 04 21:37:08.069162 np0000002198 devstack@n-api-meta.service[95010]: DEBUG nova.api.openstack.wsgi_app [None req-ba7ddee9-bff2-477a-996d-af1c591be539 None None] control_exchange = nova {{(pid=95010) log_opt_values /opt/stack/data/venv/lib/python3.12/site-packages/oslo_config/cfg.py:3245}}
Jun 04 21:37:08.069284 np0000002198 devstack@n-api-meta.service[95010]: DEBUG nova.api.openstack.wsgi_app [None req-ba7ddee9-bff2-477a-996d-af1c591be539 None None] cpu_allocation_ratio = None {{(pid=95010) log_opt_values /opt/stack/data/venv/lib/python3.12/site-packages/oslo_config/cfg.py:3245}}
Jun 04 21:37:08.069400 np0000002198 devstack@n-api-meta.service[95010]: DEBUG nova.api.openstack.wsgi_app [None req-ba7ddee9-bff2-477a-996d-af1c591be539 None None] daemon = False {{(pid=95010) log_opt_values /opt/stack/data/venv/lib/python3.12/site-packages/oslo_config/cfg.py:3245}}
Jun 04 21:37:08.069540 np0000002198 devstack@n-api-meta.service[95010]: DEBUG nova.api.openstack.wsgi_app [None req-ba7ddee9-bff2-477a-996d-af1c591be539 None None] debug = True {{(pid=95010) log_opt_values /opt/stack/data/venv/lib/python3.12/site-packages/oslo_config/cfg.py:3245}}
Jun 04 21:37:08.069695 np0000002198 devstack@n-api-meta.service[95010]: DEBUG nova.api.openstack.wsgi_app [None req-ba7ddee9-bff2-477a-996d-af1c591be539 None None] default_access_ip_network_name = None {{(pid=95010) log_opt_values /opt/stack/data/venv/lib/python3.12/site-packages/oslo_config/cfg.py:3245}}
Jun 04 21:37:08.069837 np0000002198 devstack@n-api-meta.service[95010]: DEBUG nova.api.openstack.wsgi_app [None req-ba7ddee9-bff2-477a-996d-af1c591be539 None None] default_availability_zone = nova {{(pid=95010) log_opt_values /opt/stack/data/venv/lib/python3.12/site-packages/oslo_config/cfg.py:3245}}
Jun 04 21:37:08.069956 np0000002198 devstack@n-api-meta.service[95010]: DEBUG nova.api.openstack.wsgi_app [None req-ba7ddee9-bff2-477a-996d-af1c591be539 None None] default_ephemeral_format = ext4 {{(pid=95010) log_opt_values /opt/stack/data/venv/lib/python3.12/site-packages/oslo_config/cfg.py:3245}}
Jun 04 21:37:08.070076 np0000002198 devstack@n-api-meta.service[95010]: DEBUG nova.api.openstack.wsgi_app [None req-ba7ddee9-bff2-477a-996d-af1c591be539 None None] default_green_pool_size = 1000 {{(pid=95010) log_opt_values /opt/stack/data/venv/lib/python3.12/site-packages/oslo_config/cfg.py:3245}}
Jun 04 21:37:08.070317 np0000002198 devstack@n-api-meta.service[95010]: DEBUG nova.api.openstack.wsgi_app [None req-ba7ddee9-bff2-477a-996d-af1c591be539 None None] default_log_levels = ['amqp=WARN', 'boto=WARN', 'sqlalchemy=WARN', 'suds=INFO', 'oslo.messaging=INFO', 'oslo_messaging=INFO', 'iso8601=WARN', 'requests.packages.urllib3.connectionpool=WARN', 'urllib3.connectionpool=WARN', 'websocket=WARN', 'requests.packages.urllib3.util.retry=WARN', 'urllib3.util.retry=WARN', 'keystonemiddleware=WARN', 'routes.middleware=WARN', 'stevedore=WARN', 'taskflow=WARN', 'keystoneauth=WARN', 'oslo.cache=INFO', 'oslo_policy=INFO', 'dogpile.core.dogpile=INFO', 'glanceclient=WARN', 'oslo.privsep.daemon=INFO'] {{(pid=95010) log_opt_values /opt/stack/data/venv/lib/python3.12/site-packages/oslo_config/cfg.py:3245}}
Jun 04 21:37:08.070432 np0000002198 devstack@n-api-meta.service[95010]: DEBUG nova.api.openstack.wsgi_app [None req-ba7ddee9-bff2-477a-996d-af1c591be539 None None] default_schedule_zone = None {{(pid=95010) log_opt_values /opt/stack/data/venv/lib/python3.12/site-packages/oslo_config/cfg.py:3245}}
Jun 04 21:37:08.070557 np0000002198 devstack@n-api-meta.service[95010]: DEBUG nova.api.openstack.wsgi_app [None req-ba7ddee9-bff2-477a-996d-af1c591be539 None None] default_thread_pool_size = 10 {{(pid=95010) log_opt_values /opt/stack/data/venv/lib/python3.12/site-packages/oslo_config/cfg.py:3245}}
Jun 04 21:37:08.070768 np0000002198 devstack@n-api-meta.service[95010]: DEBUG nova.api.openstack.wsgi_app [None req-ba7ddee9-bff2-477a-996d-af1c591be539 None None] disk_allocation_ratio = None {{(pid=95010) log_opt_values /opt/stack/data/venv/lib/python3.12/site-packages/oslo_config/cfg.py:3245}}
Jun 04 21:37:08.070948 np0000002198 devstack@n-api-meta.service[95010]: DEBUG nova.api.openstack.wsgi_app [None req-ba7ddee9-bff2-477a-996d-af1c591be539 None None] enable_new_services = True {{(pid=95010) log_opt_values /opt/stack/data/venv/lib/python3.12/site-packages/oslo_config/cfg.py:3245}}
Jun 04 21:37:08.071110 np0000002198 devstack@n-api-meta.service[95010]: DEBUG nova.api.openstack.wsgi_app [None req-ba7ddee9-bff2-477a-996d-af1c591be539 None None] flat_injected = False {{(pid=95010) log_opt_values /opt/stack/data/venv/lib/python3.12/site-packages/oslo_config/cfg.py:3245}}
Jun 04 21:37:08.071277 np0000002198 devstack@n-api-meta.service[95010]: DEBUG nova.api.openstack.wsgi_app [None req-ba7ddee9-bff2-477a-996d-af1c591be539 None None] force_config_drive = True {{(pid=95010) log_opt_values /opt/stack/data/venv/lib/python3.12/site-packages/oslo_config/cfg.py:3245}}
Jun 04 21:37:08.071443 np0000002198 devstack@n-api-meta.service[95010]: DEBUG nova.api.openstack.wsgi_app [None req-ba7ddee9-bff2-477a-996d-af1c591be539 None None] force_raw_images = True {{(pid=95010) log_opt_values /opt/stack/data/venv/lib/python3.12/site-packages/oslo_config/cfg.py:3245}}
Jun 04 21:37:08.071651 np0000002198 devstack@n-api-meta.service[95010]: DEBUG nova.api.openstack.wsgi_app [None req-ba7ddee9-bff2-477a-996d-af1c591be539 None None] graceful_shutdown_timeout = 5 {{(pid=95010) log_opt_values /opt/stack/data/venv/lib/python3.12/site-packages/oslo_config/cfg.py:3245}}
Jun 04 21:37:08.071834 np0000002198 devstack@n-api-meta.service[95010]: DEBUG nova.api.openstack.wsgi_app [None req-ba7ddee9-bff2-477a-996d-af1c591be539 None None] heal_instance_info_cache_interval = -1 {{(pid=95010) log_opt_values /opt/stack/data/venv/lib/python3.12/site-packages/oslo_config/cfg.py:3245}}
Jun 04 21:37:08.072074 np0000002198 devstack@n-api-meta.service[95010]: DEBUG nova.api.openstack.wsgi_app [None req-ba7ddee9-bff2-477a-996d-af1c591be539 None None] host = np0000002198 {{(pid=95010) log_opt_values /opt/stack/data/venv/lib/python3.12/site-packages/oslo_config/cfg.py:3245}}
Jun 04 21:37:08.072231 np0000002198 devstack@n-api-meta.service[95010]: DEBUG nova.api.openstack.wsgi_app [None req-ba7ddee9-bff2-477a-996d-af1c591be539 None None] initial_cpu_allocation_ratio = 4.0 {{(pid=95010) log_opt_values /opt/stack/data/venv/lib/python3.12/site-packages/oslo_config/cfg.py:3245}}
Jun 04 21:37:08.072399 np0000002198 devstack@n-api-meta.service[95010]: DEBUG nova.api.openstack.wsgi_app [None req-ba7ddee9-bff2-477a-996d-af1c591be539 None None] initial_disk_allocation_ratio = 1.0 {{(pid=95010) log_opt_values /opt/stack/data/venv/lib/python3.12/site-packages/oslo_config/cfg.py:3245}}
Jun 04 21:37:08.072576 np0000002198 devstack@n-api-meta.service[95010]: DEBUG nova.api.openstack.wsgi_app [None req-ba7ddee9-bff2-477a-996d-af1c591be539 None None] initial_ram_allocation_ratio = 1.0 {{(pid=95010) log_opt_values /opt/stack/data/venv/lib/python3.12/site-packages/oslo_config/cfg.py:3245}}
Jun 04 21:37:08.072825 np0000002198 devstack@n-api-meta.service[95010]: DEBUG nova.api.openstack.wsgi_app [None req-ba7ddee9-bff2-477a-996d-af1c591be539 None None] injected_network_template = /opt/stack/nova/nova/virt/interfaces.template {{(pid=95010) log_opt_values /opt/stack/data/venv/lib/python3.12/site-packages/oslo_config/cfg.py:3245}}
Jun 04 21:37:08.072989 np0000002198 devstack@n-api-meta.service[95010]: DEBUG nova.api.openstack.wsgi_app [None req-ba7ddee9-bff2-477a-996d-af1c591be539 None None] instance_build_timeout = 0 {{(pid=95010) log_opt_values /opt/stack/data/venv/lib/python3.12/site-packages/oslo_config/cfg.py:3245}}
Jun 04 21:37:08.073153 np0000002198 devstack@n-api-meta.service[95010]: DEBUG nova.api.openstack.wsgi_app [None req-ba7ddee9-bff2-477a-996d-af1c591be539 None None] instance_delete_interval = 300 {{(pid=95010) log_opt_values /opt/stack/data/venv/lib/python3.12/site-packages/oslo_config/cfg.py:3245}}
Jun 04 21:37:08.073328 np0000002198 devstack@n-api-meta.service[95010]: DEBUG nova.api.openstack.wsgi_app [None req-ba7ddee9-bff2-477a-996d-af1c591be539 None None] instance_format = [instance: %(uuid)s] {{(pid=95010) log_opt_values /opt/stack/data/venv/lib/python3.12/site-packages/oslo_config/cfg.py:3245}}
Jun 04 21:37:08.073496 np0000002198 devstack@n-api-meta.service[95010]: DEBUG nova.api.openstack.wsgi_app [None req-ba7ddee9-bff2-477a-996d-af1c591be539 None None] instance_name_template = instance-%08x {{(pid=95010) log_opt_values /opt/stack/data/venv/lib/python3.12/site-packages/oslo_config/cfg.py:3245}}
Jun 04 21:37:08.073683 np0000002198 devstack@n-api-meta.service[95010]: DEBUG nova.api.openstack.wsgi_app [None req-ba7ddee9-bff2-477a-996d-af1c591be539 None None] instance_usage_audit = False {{(pid=95010) log_opt_values /opt/stack/data/venv/lib/python3.12/site-packages/oslo_config/cfg.py:3245}}
Jun 04 21:37:08.073872 np0000002198 devstack@n-api-meta.service[95010]: DEBUG nova.api.openstack.wsgi_app [None req-ba7ddee9-bff2-477a-996d-af1c591be539 None None] instance_usage_audit_period = month {{(pid=95010) log_opt_values /opt/stack/data/venv/lib/python3.12/site-packages/oslo_config/cfg.py:3245}}
Jun 04 21:37:08.074039 np0000002198 devstack@n-api-meta.service[95010]: DEBUG nova.api.openstack.wsgi_app [None req-ba7ddee9-bff2-477a-996d-af1c591be539 None None] instance_uuid_format = [instance: %(uuid)s] {{(pid=95010) log_opt_values /opt/stack/data/venv/lib/python3.12/site-packages/oslo_config/cfg.py:3245}}
Jun 04 21:37:08.074206 np0000002198 devstack@n-api-meta.service[95010]: DEBUG nova.api.openstack.wsgi_app [None req-ba7ddee9-bff2-477a-996d-af1c591be539 None None] instances_path = /opt/stack/data/nova/instances {{(pid=95010) log_opt_values /opt/stack/data/venv/lib/python3.12/site-packages/oslo_config/cfg.py:3245}}
Jun 04 21:37:08.074383 np0000002198 devstack@n-api-meta.service[95010]: DEBUG nova.api.openstack.wsgi_app [None req-ba7ddee9-bff2-477a-996d-af1c591be539 None None] internal_service_availability_zone = internal {{(pid=95010) log_opt_values /opt/stack/data/venv/lib/python3.12/site-packages/oslo_config/cfg.py:3245}}
Jun 04 21:37:08.074475 np0000002198 devstack@n-api-meta.service[95011]: WARNING nova.api.metadata.handler [None req-4fbb90da-0ac9-421b-aa68-b28459bd6514 None None] metadata_proxy_shared_secret is not configured, the metadata information returned by the proxy cannot be trusted
Jun 04 21:37:08.075137 np0000002198 devstack@n-api-meta.service[95010]: DEBUG nova.api.openstack.wsgi_app [None req-ba7ddee9-bff2-477a-996d-af1c591be539 None None] key = None {{(pid=95010) log_opt_values /opt/stack/data/venv/lib/python3.12/site-packages/oslo_config/cfg.py:3245}}
Jun 04 21:37:08.075137 np0000002198 devstack@n-api-meta.service[95010]: DEBUG nova.api.openstack.wsgi_app [None req-ba7ddee9-bff2-477a-996d-af1c591be539 None None] live_migration_retry_count = 30 {{(pid=95010) log_opt_values /opt/stack/data/venv/lib/python3.12/site-packages/oslo_config/cfg.py:3245}}
Jun 04 21:37:08.075137 np0000002198 devstack@n-api-meta.service[95010]: DEBUG nova.api.openstack.wsgi_app [None req-ba7ddee9-bff2-477a-996d-af1c591be539 None None] log_color = False {{(pid=95010) log_opt_values /opt/stack/data/venv/lib/python3.12/site-packages/oslo_config/cfg.py:3245}}
Jun 04 21:37:08.075137 np0000002198 devstack@n-api-meta.service[95010]: DEBUG nova.api.openstack.wsgi_app [None req-ba7ddee9-bff2-477a-996d-af1c591be539 None None] log_config_append = None {{(pid=95010) log_opt_values /opt/stack/data/venv/lib/python3.12/site-packages/oslo_config/cfg.py:3245}}
Jun 04 21:37:08.075137 np0000002198 devstack@n-api-meta.service[95010]: DEBUG nova.api.openstack.wsgi_app [None req-ba7ddee9-bff2-477a-996d-af1c591be539 None None] log_date_format = %Y-%m-%d %H:%M:%S {{(pid=95010) log_opt_values /opt/stack/data/venv/lib/python3.12/site-packages/oslo_config/cfg.py:3245}}
Jun 04 21:37:08.075293 np0000002198 devstack@n-api-meta.service[95010]: DEBUG nova.api.openstack.wsgi_app [None req-ba7ddee9-bff2-477a-996d-af1c591be539 None None] log_dir = None {{(pid=95010) log_opt_values /opt/stack/data/venv/lib/python3.12/site-packages/oslo_config/cfg.py:3245}}
Jun 04 21:37:08.075454 np0000002198 devstack@n-api-meta.service[95010]: DEBUG nova.api.openstack.wsgi_app [None req-ba7ddee9-bff2-477a-996d-af1c591be539 None None] log_file = None {{(pid=95010) log_opt_values /opt/stack/data/venv/lib/python3.12/site-packages/oslo_config/cfg.py:3245}}
Jun 04 21:37:08.075603 np0000002198 devstack@n-api-meta.service[95010]: DEBUG nova.api.openstack.wsgi_app [None req-ba7ddee9-bff2-477a-996d-af1c591be539 None None] log_options = True {{(pid=95010) log_opt_values /opt/stack/data/venv/lib/python3.12/site-packages/oslo_config/cfg.py:3245}}
Jun 04 21:37:08.075806 np0000002198 devstack@n-api-meta.service[95010]: DEBUG nova.api.openstack.wsgi_app [None req-ba7ddee9-bff2-477a-996d-af1c591be539 None None] log_rotate_interval = 1 {{(pid=95010) log_opt_values /opt/stack/data/venv/lib/python3.12/site-packages/oslo_config/cfg.py:3245}}
Jun 04 21:37:08.075974 np0000002198 devstack@n-api-meta.service[95010]: DEBUG nova.api.openstack.wsgi_app [None req-ba7ddee9-bff2-477a-996d-af1c591be539 None None] log_rotate_interval_type = days {{(pid=95010) log_opt_values /opt/stack/data/venv/lib/python3.12/site-packages/oslo_config/cfg.py:3245}}
Jun 04 21:37:08.076126 np0000002198 devstack@n-api-meta.service[95010]: DEBUG nova.api.openstack.wsgi_app [None req-ba7ddee9-bff2-477a-996d-af1c591be539 None None] log_rotation_type = none {{(pid=95010) log_opt_values /opt/stack/data/venv/lib/python3.12/site-packages/oslo_config/cfg.py:3245}}
Jun 04 21:37:08.076219 np0000002198 devstack@n-api-meta.service[95010]: DEBUG nova.api.openstack.wsgi_app [None req-ba7ddee9-bff2-477a-996d-af1c591be539 None None] logging_context_format_string = %(color)s%(levelname)s %(name)s [%(global_request_id)s %(request_id)s %(project_name)s %(user_name)s%(color)s] %(instance)s%(color)s%(message)s {{(pid=95010) log_opt_values /opt/stack/data/venv/lib/python3.12/site-packages/oslo_config/cfg.py:3245}}
Jun 04 21:37:08.076310 np0000002198 devstack@n-api-meta.service[95010]: DEBUG nova.api.openstack.wsgi_app [None req-ba7ddee9-bff2-477a-996d-af1c591be539 None None] logging_debug_format_suffix = {{(pid=%(process)d) %(funcName)s %(pathname)s:%(lineno)d}} {{(pid=95010) log_opt_values /opt/stack/data/venv/lib/python3.12/site-packages/oslo_config/cfg.py:3245}}
Jun 04 21:37:08.076430 np0000002198 devstack@n-api-meta.service[95010]: DEBUG nova.api.openstack.wsgi_app [None req-ba7ddee9-bff2-477a-996d-af1c591be539 None None] logging_default_format_string = %(color)s%(levelname)s %(name)s [-%(color)s] %(instance)s%(color)s%(message)s {{(pid=95010) log_opt_values /opt/stack/data/venv/lib/python3.12/site-packages/oslo_config/cfg.py:3245}}
Jun 04 21:37:08.076544 np0000002198 devstack@n-api-meta.service[95010]: DEBUG nova.api.openstack.wsgi_app [None req-ba7ddee9-bff2-477a-996d-af1c591be539 None None] logging_exception_prefix = ERROR %(name)s %(instance)s {{(pid=95010) log_opt_values /opt/stack/data/venv/lib/python3.12/site-packages/oslo_config/cfg.py:3245}}
Jun 04 21:37:08.076676 np0000002198 devstack@n-api-meta.service[95010]: DEBUG nova.api.openstack.wsgi_app [None req-ba7ddee9-bff2-477a-996d-af1c591be539 None None] logging_user_identity_format = %(user)s %(project)s %(domain)s %(system_scope)s %(user_domain)s %(project_domain)s {{(pid=95010) log_opt_values /opt/stack/data/venv/lib/python3.12/site-packages/oslo_config/cfg.py:3245}}
Jun 04 21:37:08.076795 np0000002198 devstack@n-api-meta.service[95010]: DEBUG nova.api.openstack.wsgi_app [None req-ba7ddee9-bff2-477a-996d-af1c591be539 None None] long_rpc_timeout = 1800 {{(pid=95010) log_opt_values /opt/stack/data/venv/lib/python3.12/site-packages/oslo_config/cfg.py:3245}}
Jun 04 21:37:08.076925 np0000002198 devstack@n-api-meta.service[95010]: DEBUG nova.api.openstack.wsgi_app [None req-ba7ddee9-bff2-477a-996d-af1c591be539 None None] manager_shutdown_timeout = 160 {{(pid=95010) log_opt_values /opt/stack/data/venv/lib/python3.12/site-packages/oslo_config/cfg.py:3245}}
Jun 04 21:37:08.077086 np0000002198 devstack@n-api-meta.service[95010]: DEBUG nova.api.openstack.wsgi_app [None req-ba7ddee9-bff2-477a-996d-af1c591be539 None None] max_concurrent_builds = 10 {{(pid=95010) log_opt_values /opt/stack/data/venv/lib/python3.12/site-packages/oslo_config/cfg.py:3245}}
Jun 04 21:37:08.077205 np0000002198 devstack@n-api-meta.service[95010]: DEBUG nova.api.openstack.wsgi_app [None req-ba7ddee9-bff2-477a-996d-af1c591be539 None None] max_concurrent_live_migrations = 1 {{(pid=95010) log_opt_values /opt/stack/data/venv/lib/python3.12/site-packages/oslo_config/cfg.py:3245}}
Jun 04 21:37:08.077315 np0000002198 devstack@n-api-meta.service[95010]: DEBUG nova.api.openstack.wsgi_app [None req-ba7ddee9-bff2-477a-996d-af1c591be539 None None] max_concurrent_snapshots = 5 {{(pid=95010) log_opt_values /opt/stack/data/venv/lib/python3.12/site-packages/oslo_config/cfg.py:3245}}
Jun 04 21:37:08.077424 np0000002198 devstack@n-api-meta.service[95010]: DEBUG nova.api.openstack.wsgi_app [None req-ba7ddee9-bff2-477a-996d-af1c591be539 None None] max_local_block_devices = 3 {{(pid=95010) log_opt_values /opt/stack/data/venv/lib/python3.12/site-packages/oslo_config/cfg.py:3245}}
Jun 04 21:37:08.077533 np0000002198 devstack@n-api-meta.service[95010]: DEBUG nova.api.openstack.wsgi_app [None req-ba7ddee9-bff2-477a-996d-af1c591be539 None None] max_logfile_count = 30 {{(pid=95010) log_opt_values /opt/stack/data/venv/lib/python3.12/site-packages/oslo_config/cfg.py:3245}}
Jun 04 21:37:08.077651 np0000002198 devstack@n-api-meta.service[95011]: DEBUG nova.api.openstack.wsgi_app [None req-4fbb90da-0ac9-421b-aa68-b28459bd6514 None None] ******************************************************************************** {{(pid=95011) log_opt_values /opt/stack/data/venv/lib/python3.12/site-packages/oslo_config/cfg.py:3229}}
Jun 04 21:37:08.077697 np0000002198 devstack@n-api-meta.service[95010]: DEBUG nova.api.openstack.wsgi_app [None req-ba7ddee9-bff2-477a-996d-af1c591be539 None None] max_logfile_size_mb = 200 {{(pid=95010) log_opt_values /opt/stack/data/venv/lib/python3.12/site-packages/oslo_config/cfg.py:3245}}
Jun 04 21:37:08.077809 np0000002198 devstack@n-api-meta.service[95011]: DEBUG nova.api.openstack.wsgi_app [None req-4fbb90da-0ac9-421b-aa68-b28459bd6514 None None] Configuration options gathered from: {{(pid=95011) log_opt_values /opt/stack/data/venv/lib/python3.12/site-packages/oslo_config/cfg.py:3230}}
Jun 04 21:37:08.077838 np0000002198 devstack@n-api-meta.service[95010]: DEBUG nova.api.openstack.wsgi_app [None req-ba7ddee9-bff2-477a-996d-af1c591be539 None None] maximum_instance_delete_attempts = 5 {{(pid=95010) log_opt_values /opt/stack/data/venv/lib/python3.12/site-packages/oslo_config/cfg.py:3245}}
Jun 04 21:37:08.077928 np0000002198 devstack@n-api-meta.service[95010]: DEBUG nova.api.openstack.wsgi_app [None req-ba7ddee9-bff2-477a-996d-af1c591be539 None None] migrate_max_retries = -1 {{(pid=95010) log_opt_values /opt/stack/data/venv/lib/python3.12/site-packages/oslo_config/cfg.py:3245}}
Jun 04 21:37:08.077972 np0000002198 devstack@n-api-meta.service[95011]: DEBUG nova.api.openstack.wsgi_app [None req-4fbb90da-0ac9-421b-aa68-b28459bd6514 None None] command line args: [] {{(pid=95011) log_opt_values /opt/stack/data/venv/lib/python3.12/site-packages/oslo_config/cfg.py:3231}}
Jun 04 21:37:08.078077 np0000002198 devstack@n-api-meta.service[95010]: DEBUG nova.api.openstack.wsgi_app [None req-ba7ddee9-bff2-477a-996d-af1c591be539 None None] mkisofs_cmd = genisoimage {{(pid=95010) log_opt_values /opt/stack/data/venv/lib/python3.12/site-packages/oslo_config/cfg.py:3245}}
Jun 04 21:37:08.078156 np0000002198 devstack@n-api-meta.service[95011]: DEBUG nova.api.openstack.wsgi_app [None req-4fbb90da-0ac9-421b-aa68-b28459bd6514 None None] config files: ['/etc/nova/api-paste.ini', '/etc/nova/nova.conf'] {{(pid=95011) log_opt_values /opt/stack/data/venv/lib/python3.12/site-packages/oslo_config/cfg.py:3232}}
Jun 04 21:37:08.078270 np0000002198 devstack@n-api-meta.service[95010]: DEBUG nova.api.openstack.wsgi_app [None req-ba7ddee9-bff2-477a-996d-af1c591be539 None None] my_block_storage_ip = 10.4.3.23 {{(pid=95010) log_opt_values /opt/stack/data/venv/lib/python3.12/site-packages/oslo_config/cfg.py:3245}}
Jun 04 21:37:08.078310 np0000002198 devstack@n-api-meta.service[95011]: DEBUG nova.api.openstack.wsgi_app [None req-4fbb90da-0ac9-421b-aa68-b28459bd6514 None None] ================================================================================ {{(pid=95011) log_opt_values /opt/stack/data/venv/lib/python3.12/site-packages/oslo_config/cfg.py:3237}}
