Jun 04 21:36:42.275815 np0000002198 devstack@neutron-api.service[89846]: DEBUG neutron_lib.callbacks.manager [None req-5452a5e5-911d-41c4-a48f-4f6cfadb1fc3 None None] Subscribe: > network after_create 55550000, False {{(pid=89846) subscribe /opt/stack/data/venv/lib/python3.12/site-packages/neutron_lib/callbacks/manager.py:52}}
Jun 04 21:36:42.275947 np0000002198 devstack@neutron-api.service[89846]: DEBUG neutron_lib.callbacks.manager [None req-5452a5e5-911d-41c4-a48f-4f6cfadb1fc3 None None] Subscribe: > network after_update 55550000, False {{(pid=89846) subscribe /opt/stack/data/venv/lib/python3.12/site-packages/neutron_lib/callbacks/manager.py:52}}
Jun 04 21:36:42.276088 np0000002198 devstack@neutron-api.service[89846]: DEBUG neutron_lib.callbacks.manager [None req-5452a5e5-911d-41c4-a48f-4f6cfadb1fc3 None None] Subscribe: > network after_delete 55550000, False {{(pid=89846) subscribe /opt/stack/data/venv/lib/python3.12/site-packages/neutron_lib/callbacks/manager.py:52}}
Jun 04 21:36:42.276320 np0000002198 devstack@neutron-api.service[89846]: DEBUG neutron_lib.callbacks.manager [None req-5452a5e5-911d-41c4-a48f-4f6cfadb1fc3 None None] Subscribe: > security_group after_create 55550000, False {{(pid=89846) subscribe /opt/stack/data/venv/lib/python3.12/site-packages/neutron_lib/callbacks/manager.py:52}}
Jun 04 21:36:42.276455 np0000002198 devstack@neutron-api.service[89846]: DEBUG neutron_lib.callbacks.manager [None req-5452a5e5-911d-41c4-a48f-4f6cfadb1fc3 None None] Subscribe: > security_group after_update 55550000, False {{(pid=89846) subscribe /opt/stack/data/venv/lib/python3.12/site-packages/neutron_lib/callbacks/manager.py:52}}
Jun 04 21:36:42.276859 np0000002198 devstack@neutron-api.service[89846]: DEBUG neutron_lib.callbacks.manager [None req-5452a5e5-911d-41c4-a48f-4f6cfadb1fc3 None None] Subscribe: > security_group after_delete 55550000, False {{(pid=89846) subscribe /opt/stack/data/venv/lib/python3.12/site-packages/neutron_lib/callbacks/manager.py:52}}
Jun 04 21:36:42.276859 np0000002198 devstack@neutron-api.service[89846]: DEBUG neutron_lib.callbacks.manager [None req-5452a5e5-911d-41c4-a48f-4f6cfadb1fc3 None None] Subscribe: > security_group_rule after_create 55550000, False {{(pid=89846) subscribe /opt/stack/data/venv/lib/python3.12/site-packages/neutron_lib/callbacks/manager.py:52}}
Jun 04 21:36:42.276859 np0000002198 devstack@neutron-api.service[89846]: DEBUG neutron_lib.callbacks.manager [None req-5452a5e5-911d-41c4-a48f-4f6cfadb1fc3 None None] Subscribe: > security_group_rule after_update 55550000, False {{(pid=89846) subscribe /opt/stack/data/venv/lib/python3.12/site-packages/neutron_lib/callbacks/manager.py:52}}
Jun 04 21:36:42.276989 np0000002198 devstack@neutron-api.service[89846]: DEBUG neutron_lib.callbacks.manager [None req-5452a5e5-911d-41c4-a48f-4f6cfadb1fc3 None None] Subscribe: > security_group_rule after_delete 55550000, False {{(pid=89846) subscribe /opt/stack/data/venv/lib/python3.12/site-packages/neutron_lib/callbacks/manager.py:52}}
Jun 04 21:36:42.277126 np0000002198 devstack@neutron-api.service[89846]: DEBUG neutron_lib.callbacks.manager [None req-5452a5e5-911d-41c4-a48f-4f6cfadb1fc3 None None] Subscribe: > address_group after_create 55550000, False {{(pid=89846) subscribe /opt/stack/data/venv/lib/python3.12/site-packages/neutron_lib/callbacks/manager.py:52}}
Jun 04 21:36:42.277268 np0000002198 devstack@neutron-api.service[89846]: DEBUG neutron_lib.callbacks.manager [None req-5452a5e5-911d-41c4-a48f-4f6cfadb1fc3 None None] Subscribe: > address_group after_update 55550000, False {{(pid=89846) subscribe /opt/stack/data/venv/lib/python3.12/site-packages/neutron_lib/callbacks/manager.py:52}}
Jun 04 21:36:42.277389 np0000002198 devstack@neutron-api.service[89846]: DEBUG neutron_lib.callbacks.manager [None req-5452a5e5-911d-41c4-a48f-4f6cfadb1fc3 None None] Subscribe: > address_group after_delete 55550000, False {{(pid=89846) subscribe /opt/stack/data/venv/lib/python3.12/site-packages/neutron_lib/callbacks/manager.py:52}}
Jun 04 21:36:42.277521 np0000002198 devstack@neutron-api.service[89846]: DEBUG neutron.plugins.ml2.ovo_rpc [None req-5452a5e5-911d-41c4-a48f-4f6cfadb1fc3 None None] ML2 OVO RPC backend initialized. {{(pid=89846) __init__ /opt/stack/neutron/neutron/plugins/ml2/ovo_rpc.py:117}}
Jun 04 21:36:42.278723 np0000002198 devstack@neutron-api.service[89846]: INFO neutron.quota [None req-5452a5e5-911d-41c4-a48f-4f6cfadb1fc3 None None] Loaded quota_driver: .
Jun 04 21:36:42.278846 np0000002198 devstack@neutron-api.service[89846]: INFO neutron.plugins.ml2.plugin [None req-5452a5e5-911d-41c4-a48f-4f6cfadb1fc3 None None] Modular L2 Plugin initialization complete
Jun 04 21:36:42.279007 np0000002198 devstack@neutron-api.service[89846]: DEBUG neutron.manager [None req-5452a5e5-911d-41c4-a48f-4f6cfadb1fc3 None None] Loading services supported by the core plugin {{(pid=89846) _load_services_from_core_plugin /opt/stack/neutron/neutron/manager.py:170}}
Jun 04 21:36:42.279091 np0000002198 devstack@neutron-api.service[89846]: INFO neutron.plugins.ml2.managers [None req-5452a5e5-911d-41c4-a48f-4f6cfadb1fc3 None None] Got port-security extension from driver 'port_security'
Jun 04 21:36:42.279467 np0000002198 devstack@neutron-api.service[89846]: DEBUG neutron.manager [None req-5452a5e5-911d-41c4-a48f-4f6cfadb1fc3 None None] Loading service plugins: ['ovn-router', 'auto_allocate', 'tag', 'timestamp', 'network_ip_availability', 'flavors', 'revisions'] {{(pid=89846) _load_service_plugins /opt/stack/neutron/neutron/manager.py:195}}
Jun 04 21:36:42.279611 np0000002198 devstack@neutron-api.service[89846]: INFO neutron.manager [None req-5452a5e5-911d-41c4-a48f-4f6cfadb1fc3 None None] Loading Plugin: ovn-router
Jun 04 21:36:42.292787 np0000002198 devstack@neutron-api.service[89846]: DEBUG neutron_lib.callbacks.manager [None req-5452a5e5-911d-41c4-a48f-4f6cfadb1fc3 None None] Subscribe: > router before_delete 55550000, False {{(pid=89846) subscribe /opt/stack/data/venv/lib/python3.12/site-packages/neutron_lib/callbacks/manager.py:52}}
Jun 04 21:36:42.292994 np0000002198 devstack@neutron-api.service[89846]: DEBUG neutron_lib.callbacks.manager [None req-5452a5e5-911d-41c4-a48f-4f6cfadb1fc3 None None] Subscribe: port before_update 55550000, False {{(pid=89846) subscribe /opt/stack/data/venv/lib/python3.12/site-packages/neutron_lib/callbacks/manager.py:52}}
Jun 04 21:36:42.293187 np0000002198 devstack@neutron-api.service[89846]: DEBUG neutron_lib.callbacks.manager [None req-5452a5e5-911d-41c4-a48f-4f6cfadb1fc3 None None] Subscribe: port after_update 55550000, False {{(pid=89846) subscribe /opt/stack/data/venv/lib/python3.12/site-packages/neutron_lib/callbacks/manager.py:52}}
Jun 04 21:36:42.293390 np0000002198 devstack@neutron-api.service[89846]: DEBUG neutron_lib.callbacks.manager [None req-5452a5e5-911d-41c4-a48f-4f6cfadb1fc3 None None] Subscribe: > port precommit_delete 55550000, False {{(pid=89846) subscribe /opt/stack/data/venv/lib/python3.12/site-packages/neutron_lib/callbacks/manager.py:52}}
Jun 04 21:36:42.293473 np0000002198 devstack@neutron-api.service[89846]: DEBUG neutron_lib.callbacks.manager [None req-5452a5e5-911d-41c4-a48f-4f6cfadb1fc3 None None] Subscribe: port before_update 55550000, False {{(pid=89846) subscribe /opt/stack/data/venv/lib/python3.12/site-packages/neutron_lib/callbacks/manager.py:52}}
Jun 04 21:36:42.293655 np0000002198 devstack@neutron-api.service[89846]: DEBUG neutron_lib.callbacks.manager [None req-5452a5e5-911d-41c4-a48f-4f6cfadb1fc3 None None] Subscribe: port before_delete 55550000, False {{(pid=89846) subscribe /opt/stack/data/venv/lib/python3.12/site-packages/neutron_lib/callbacks/manager.py:52}}
Jun 04 21:36:42.293840 np0000002198 devstack@neutron-api.service[89846]: DEBUG neutron_lib.callbacks.manager [None req-5452a5e5-911d-41c4-a48f-4f6cfadb1fc3 None None] Subscribe: > router precommit_create 55550000, False {{(pid=89846) subscribe /opt/stack/data/venv/lib/python3.12/site-packages/neutron_lib/callbacks/manager.py:52}}
Jun 04 21:36:42.293983 np0000002198 devstack@neutron-api.service[89846]: DEBUG neutron_lib.callbacks.manager [None req-5452a5e5-911d-41c4-a48f-4f6cfadb1fc3 None None] Subscribe: > router precommit_create 55550000, False {{(pid=89846) subscribe /opt/stack/data/venv/lib/python3.12/site-packages/neutron_lib/callbacks/manager.py:52}}
Jun 04 21:36:42.294136 np0000002198 devstack@neutron-api.service[89846]: DEBUG neutron_lib.callbacks.manager [None req-5452a5e5-911d-41c4-a48f-4f6cfadb1fc3 None None] Subscribe: > router precommit_update 55550000, False {{(pid=89846) subscribe /opt/stack/data/venv/lib/python3.12/site-packages/neutron_lib/callbacks/manager.py:52}}
Jun 04 21:36:42.294295 np0000002198 devstack@neutron-api.service[89846]: DEBUG neutron_lib.callbacks.manager [None req-5452a5e5-911d-41c4-a48f-4f6cfadb1fc3 None None] Subscribe: subnet after_update 55550000, False {{(pid=89846) subscribe /opt/stack/data/venv/lib/python3.12/site-packages/neutron_lib/callbacks/manager.py:52}}
Jun 04 21:36:42.294597 np0000002198 devstack@neutron-api.service[89846]: DEBUG neutron.quota.resource_registry [None req-5452a5e5-911d-41c4-a48f-4f6cfadb1fc3 None None] Tracking information for resource: router configured {{(pid=89846) set_tracked_resource /opt/stack/neutron/neutron/quota/resource_registry.py:203}}
Jun 04 21:36:42.294735 np0000002198 devstack@neutron-api.service[89846]: DEBUG neutron.quota.resource_registry [None req-5452a5e5-911d-41c4-a48f-4f6cfadb1fc3 None None] Tracking information for resource: floatingip configured {{(pid=89846) set_tracked_resource /opt/stack/neutron/neutron/quota/resource_registry.py:203}}
Jun 04 21:36:42.294885 np0000002198 devstack@neutron-api.service[89846]: INFO neutron.services.ovn_l3.plugin [None req-5452a5e5-911d-41c4-a48f-4f6cfadb1fc3 None None] Starting OVNL3RouterPlugin
Jun 04 21:36:42.295213 np0000002198 devstack@neutron-api.service[89846]: DEBUG neutron_lib.callbacks.manager [None req-5452a5e5-911d-41c4-a48f-4f6cfadb1fc3 None None] Subscribe: > port_forwarding_plugin after_init 55550000, False {{(pid=89846) subscribe /opt/stack/data/venv/lib/python3.12/site-packages/neutron_lib/callbacks/manager.py:52}}
Jun 04 21:36:42.295517 np0000002198 devstack@neutron-api.service[89846]: DEBUG neutron_lib.callbacks.manager [None req-5452a5e5-911d-41c4-a48f-4f6cfadb1fc3 None None] Subscribe: > router before_create 55550100, False {{(pid=89846) subscribe /opt/stack/data/venv/lib/python3.12/site-packages/neutron_lib/callbacks/manager.py:52}}
Jun 04 21:36:42.295718 np0000002198 devstack@neutron-api.service[89846]: DEBUG neutron_lib.callbacks.manager [None req-5452a5e5-911d-41c4-a48f-4f6cfadb1fc3 None None] Subscribe: > router precommit_delete 55550100, False {{(pid=89846) subscribe /opt/stack/data/venv/lib/python3.12/site-packages/neutron_lib/callbacks/manager.py:52}}
Jun 04 21:36:42.295902 np0000002198 devstack@neutron-api.service[89846]: DEBUG neutron_lib.callbacks.manager [None req-5452a5e5-911d-41c4-a48f-4f6cfadb1fc3 None None] Subscribe: > router precommit_create 55550100, False {{(pid=89846) subscribe /opt/stack/data/venv/lib/python3.12/site-packages/neutron_lib/callbacks/manager.py:52}}
Jun 04 21:36:42.296066 np0000002198 devstack@neutron-api.service[89846]: DEBUG neutron_lib.callbacks.manager [None req-5452a5e5-911d-41c4-a48f-4f6cfadb1fc3 None None] Subscribe: > router precommit_update 55550100, False {{(pid=89846) subscribe /opt/stack/data/venv/lib/python3.12/site-packages/neutron_lib/callbacks/manager.py:52}}
Jun 04 21:36:42.298682 np0000002198 devstack@neutron-api.service[89844]: INFO neutron.plugins.ml2.drivers.type_vlan [None req-4e3db32b-dd7e-40be-b6c0-6899706f6cae None None] VlanTypeDriver initialization complete
Jun 04 21:36:42.298855 np0000002198 devstack@neutron-api.service[89844]: INFO neutron.plugins.ml2.managers [None req-4e3db32b-dd7e-40be-b6c0-6899706f6cae None None] Initializing extension driver 'port_security'
Jun 04 21:36:42.298999 np0000002198 devstack@neutron-api.service[89844]: INFO neutron.plugins.ml2.extensions.port_security [None req-4e3db32b-dd7e-40be-b6c0-6899706f6cae None None] PortSecurityExtensionDriver initialization complete
Jun 04 21:36:42.299103 np0000002198 devstack@neutron-api.service[89844]: INFO neutron.plugins.ml2.managers [None req-4e3db32b-dd7e-40be-b6c0-6899706f6cae None None] Initializing extension driver 'qos'
Jun 04 21:36:42.299252 np0000002198 devstack@neutron-api.service[89844]: DEBUG neutron.plugins.ml2.extensions.qos [None req-4e3db32b-dd7e-40be-b6c0-6899706f6cae None None] QosExtensionDriver initialization complete {{(pid=89844) initialize /opt/stack/neutron/neutron/plugins/ml2/extensions/qos.py:31}}
Jun 04 21:36:42.299364 np0000002198 devstack@neutron-api.service[89844]: INFO neutron.plugins.ml2.managers [None req-4e3db32b-dd7e-40be-b6c0-6899706f6cae None None] Initializing mechanism driver 'ovn'
Jun 04 21:36:42.299489 np0000002198 devstack@neutron-api.service[89844]: INFO neutron.plugins.ml2.drivers.ovn.mech_driver.mech_driver [None req-4e3db32b-dd7e-40be-b6c0-6899706f6cae None None] Starting OVNMechanismDriver
Jun 04 21:36:42.300950 np0000002198 devstack@neutron-api.service[89846]: DEBUG neutron.services.provider_configuration [None req-5452a5e5-911d-41c4-a48f-4f6cfadb1fc3 None None] Service providers = [] {{(pid=89846) parse_service_provider_opt /opt/stack/neutron/neutron/services/provider_configuration.py:170}}
Jun 04 21:36:42.301124 np0000002198 devstack@neutron-api.service[89846]: DEBUG neutron.db.servicetype_db [None req-5452a5e5-911d-41c4-a48f-4f6cfadb1fc3 None None] Adding provider configuration for service L3_ROUTER_NAT {{(pid=89846) add_provider_configuration /opt/stack/neutron/neutron/db/servicetype_db.py:45}}
Jun 04 21:36:42.301213 np0000002198 devstack@neutron-api.service[89844]: DEBUG neutron_lib.callbacks.manager [None req-4e3db32b-dd7e-40be-b6c0-6899706f6cae None None] Subscribe: > process before_spawn 55550000, False {{(pid=89844) subscribe /opt/stack/data/venv/lib/python3.12/site-packages/neutron_lib/callbacks/manager.py:52}}
Jun 04 21:36:42.301347 np0000002198 devstack@neutron-api.service[89844]: DEBUG neutron_lib.callbacks.manager [None req-4e3db32b-dd7e-40be-b6c0-6899706f6cae None None] Subscribe: > process after_init 55550000, True {{(pid=89844) subscribe /opt/stack/data/venv/lib/python3.12/site-packages/neutron_lib/callbacks/manager.py:52}}
Jun 04 21:36:42.301428 np0000002198 devstack@neutron-api.service[89844]: DEBUG neutron_lib.callbacks.manager [None req-4e3db32b-dd7e-40be-b6c0-6899706f6cae None None] Subscribe: > segment after_create 55550000, False {{(pid=89844) subscribe /opt/stack/data/venv/lib/python3.12/site-packages/neutron_lib/callbacks/manager.py:52}}
Jun 04 21:36:42.301511 np0000002198 devstack@neutron-api.service[89844]: DEBUG neutron_lib.callbacks.manager [None req-4e3db32b-dd7e-40be-b6c0-6899706f6cae None None] Subscribe: > segment after_create 55550000, False {{(pid=89844) subscribe /opt/stack/data/venv/lib/python3.12/site-packages/neutron_lib/callbacks/manager.py:52}}
Jun 04 21:36:42.301649 np0000002198 devstack@neutron-api.service[89844]: DEBUG neutron_lib.callbacks.manager [None req-4e3db32b-dd7e-40be-b6c0-6899706f6cae None None] Subscribe: > segment after_delete 55550000, False {{(pid=89844) subscribe /opt/stack/data/venv/lib/python3.12/site-packages/neutron_lib/callbacks/manager.py:52}}
Jun 04 21:36:42.301796 np0000002198 devstack@neutron-api.service[89844]: DEBUG neutron_lib.callbacks.manager [None req-4e3db32b-dd7e-40be-b6c0-6899706f6cae None None] Subscribe: > allowed_address_pair before_create 55550000, False {{(pid=89844) subscribe /opt/stack/data/venv/lib/python3.12/site-packages/neutron_lib/callbacks/manager.py:52}}
Jun 04 21:36:42.301913 np0000002198 devstack@neutron-api.service[89844]: DEBUG neutron_lib.callbacks.manager [None req-4e3db32b-dd7e-40be-b6c0-6899706f6cae None None] Subscribe: > security_group precommit_create 55550000, False {{(pid=89844) subscribe /opt/stack/data/venv/lib/python3.12/site-packages/neutron_lib/callbacks/manager.py:52}}
Jun 04 21:36:42.302023 np0000002198 devstack@neutron-api.service[89844]: DEBUG neutron_lib.callbacks.manager [None req-4e3db32b-dd7e-40be-b6c0-6899706f6cae None None] Subscribe: > security_group after_update 55550000, False {{(pid=89844) subscribe /opt/stack/data/venv/lib/python3.12/site-packages/neutron_lib/callbacks/manager.py:52}}
Jun 04 21:36:42.302143 np0000002198 devstack@neutron-api.service[89844]: DEBUG neutron_lib.callbacks.manager [None req-4e3db32b-dd7e-40be-b6c0-6899706f6cae None None] Subscribe: > security_group after_create 55550000, False {{(pid=89844) subscribe /opt/stack/data/venv/lib/python3.12/site-packages/neutron_lib/callbacks/manager.py:52}}
Jun 04 21:36:42.302198 np0000002198 devstack@neutron-api.service[89844]: DEBUG neutron_lib.callbacks.manager [None req-4e3db32b-dd7e-40be-b6c0-6899706f6cae None None] Subscribe: > security_group precommit_delete 55550000, False {{(pid=89844) subscribe /opt/stack/data/venv/lib/python3.12/site-packages/neutron_lib/callbacks/manager.py:52}}
Jun 04 21:36:42.302285 np0000002198 devstack@neutron-api.service[89844]: DEBUG neutron_lib.callbacks.manager [None req-4e3db32b-dd7e-40be-b6c0-6899706f6cae None None] Subscribe: > security_group after_delete 55550000, False {{(pid=89844) subscribe /opt/stack/data/venv/lib/python3.12/site-packages/neutron_lib/callbacks/manager.py:52}}
Jun 04 21:36:42.302374 np0000002198 devstack@neutron-api.service[89844]: DEBUG neutron_lib.callbacks.manager [None req-4e3db32b-dd7e-40be-b6c0-6899706f6cae None None] Subscribe: > security_group_rule precommit_create 55550000, False {{(pid=89844) subscribe /opt/stack/data/venv/lib/python3.12/site-packages/neutron_lib/callbacks/manager.py:52}}
Jun 04 21:36:42.302494 np0000002198 devstack@neutron-api.service[89844]: DEBUG neutron_lib.callbacks.manager [None req-4e3db32b-dd7e-40be-b6c0-6899706f6cae None None] Subscribe: > security_group_rule after_create 55550000, False {{(pid=89844) subscribe /opt/stack/data/venv/lib/python3.12/site-packages/neutron_lib/callbacks/manager.py:52}}
Jun 04 21:36:42.302562 np0000002198 devstack@neutron-api.service[89844]: DEBUG neutron_lib.callbacks.manager [None req-4e3db32b-dd7e-40be-b6c0-6899706f6cae None None] Subscribe: > security_group_rule before_delete 55550000, False {{(pid=89844) subscribe /opt/stack/data/venv/lib/python3.12/site-packages/neutron_lib/callbacks/manager.py:52}}
Jun 04 21:36:42.302665 np0000002198 devstack@neutron-api.service[89844]: DEBUG neutron_lib.callbacks.manager [None req-4e3db32b-dd7e-40be-b6c0-6899706f6cae None None] Subscribe: > address_group after_create 55550000, False {{(pid=89844) subscribe /opt/stack/data/venv/lib/python3.12/site-packages/neutron_lib/callbacks/manager.py:52}}
Jun 04 21:36:42.302788 np0000002198 devstack@neutron-api.service[89844]: DEBUG neutron_lib.callbacks.manager [None req-4e3db32b-dd7e-40be-b6c0-6899706f6cae None None] Subscribe: > address_group after_update 55550000, False {{(pid=89844) subscribe /opt/stack/data/venv/lib/python3.12/site-packages/neutron_lib/callbacks/manager.py:52}}
Jun 04 21:36:42.302852 np0000002198 devstack@neutron-api.service[89844]: DEBUG neutron_lib.callbacks.manager [None req-4e3db32b-dd7e-40be-b6c0-6899706f6cae None None] Subscribe: > address_group after_delete 55550000, False {{(pid=89844) subscribe /opt/stack/data/venv/lib/python3.12/site-packages/neutron_lib/callbacks/manager.py:52}}
Jun 04 21:36:42.303041 np0000002198 devstack@neutron-api.service[89844]: DEBUG neutron_lib.callbacks.manager [None req-4e3db32b-dd7e-40be-b6c0-6899706f6cae None None] Subscribe: > qos_plugin after_init 55550000, False {{(pid=89844) subscribe /opt/stack/data/venv/lib/python3.12/site-packages/neutron_lib/callbacks/manager.py:52}}
Jun 04 21:36:42.303085 np0000002198 devstack@neutron-api.service[89846]: DEBUG neutron_lib.callbacks.manager [None req-5452a5e5-911d-41c4-a48f-4f6cfadb1fc3 None None] Subscribe: > router precommit_create 55549900, False {{(pid=89846) subscribe /opt/stack/data/venv/lib/python3.12/site-packages/neutron_lib/callbacks/manager.py:52}}
Jun 04 21:36:42.303227 np0000002198 devstack@neutron-api.service[89844]: DEBUG neutron_lib.callbacks.manager [None req-4e3db32b-dd7e-40be-b6c0-6899706f6cae None None] Subscribe: > trunk_plugin after_init 55550000, False {{(pid=89844) subscribe /opt/stack/data/venv/lib/python3.12/site-packages/neutron_lib/callbacks/manager.py:52}}
Jun 04 21:36:42.303270 np0000002198 devstack@neutron-api.service[89846]: DEBUG neutron_lib.callbacks.manager [None req-5452a5e5-911d-41c4-a48f-4f6cfadb1fc3 None None] Subscribe: > router_interface after_create 55550000, False {{(pid=89846) subscribe /opt/stack/data/venv/lib/python3.12/site-packages/neutron_lib/callbacks/manager.py:52}}
Jun 04 21:36:42.303421 np0000002198 devstack@neutron-api.service[89844]: DEBUG neutron_lib.callbacks.manager [None req-4e3db32b-dd7e-40be-b6c0-6899706f6cae None None] Subscribe: > logging-plugin after_init 55550000, False {{(pid=89844) subscribe /opt/stack/data/venv/lib/python3.12/site-packages/neutron_lib/callbacks/manager.py:52}}
Jun 04 21:36:42.303452 np0000002198 devstack@neutron-api.service[89846]: DEBUG neutron_lib.callbacks.manager [None req-5452a5e5-911d-41c4-a48f-4f6cfadb1fc3 None None] Subscribe: > floatingip after_create 55550000, False {{(pid=89846) subscribe /opt/stack/data/venv/lib/python3.12/site-packages/neutron_lib/callbacks/manager.py:52}}
Jun 04 21:36:42.303645 np0000002198 devstack@neutron-api.service[89846]: DEBUG neutron_lib.callbacks.manager [None req-5452a5e5-911d-41c4-a48f-4f6cfadb1fc3 None None] Subscribe: > floatingip precommit_create 55550000, False {{(pid=89846) subscribe /opt/stack/data/venv/lib/python3.12/site-packages/neutron_lib/callbacks/manager.py:52}}
Jun 04 21:36:42.303832 np0000002198 devstack@neutron-api.service[89846]: DEBUG neutron_lib.callbacks.manager [None req-5452a5e5-911d-41c4-a48f-4f6cfadb1fc3 None None] Subscribe: > floatingip precommit_update 55550000, False {{(pid=89846) subscribe /opt/stack/data/venv/lib/python3.12/site-packages/neutron_lib/callbacks/manager.py:52}}
Jun 04 21:36:42.303981 np0000002198 devstack@neutron-api.service[89844]: INFO neutron.services.logapi.drivers.ovn.driver [None req-4e3db32b-dd7e-40be-b6c0-6899706f6cae None None] OVN logging driver registered
Jun 04 21:36:42.304012 np0000002198 devstack@neutron-api.service[89846]: DEBUG neutron_lib.callbacks.manager [None req-5452a5e5-911d-41c4-a48f-4f6cfadb1fc3 None None] Subscribe: > floatingip after_delete 55550000, False {{(pid=89846) subscribe /opt/stack/data/venv/lib/python3.12/site-packages/neutron_lib/callbacks/manager.py:52}}
Jun 04 21:36:42.304070 np0000002198 devstack@neutron-api.service[89844]: DEBUG neutron_lib.callbacks.manager [None req-4e3db32b-dd7e-40be-b6c0-6899706f6cae None None] Subscribe: ._register_pvlan_driver at 0x7cee76692020> pvlan_plugin after_init 55550000, False {{(pid=89844) subscribe /opt/stack/data/venv/lib/python3.12/site-packages/neutron_lib/callbacks/manager.py:52}}
Jun 04 21:36:42.304165 np0000002198 devstack@neutron-api.service[89846]: DEBUG neutron_lib.callbacks.manager [None req-5452a5e5-911d-41c4-a48f-4f6cfadb1fc3 None None] Subscribe: > floatingip after_status_update 55550000, False {{(pid=89846) subscribe /opt/stack/data/venv/lib/python3.12/site-packages/neutron_lib/callbacks/manager.py:52}}
Jun 04 21:36:42.304294 np0000002198 devstack@neutron-api.service[89846]: DEBUG neutron_lib.callbacks.manager [None req-5452a5e5-911d-41c4-a48f-4f6cfadb1fc3 None None] Subscribe: > floatingip after_update 55550000, False {{(pid=89846) subscribe /opt/stack/data/venv/lib/python3.12/site-packages/neutron_lib/callbacks/manager.py:52}}
Jun 04 21:36:42.304392 np0000002198 devstack@neutron-api.service[89846]: DEBUG neutron_lib.callbacks.manager [None req-5452a5e5-911d-41c4-a48f-4f6cfadb1fc3 None None] Subscribe: > port_forwarding after_create 55550000, False {{(pid=89846) subscribe /opt/stack/data/venv/lib/python3.12/site-packages/neutron_lib/callbacks/manager.py:52}}
Jun 04 21:36:42.304511 np0000002198 devstack@neutron-api.service[89846]: DEBUG neutron_lib.callbacks.manager [None req-5452a5e5-911d-41c4-a48f-4f6cfadb1fc3 None None] Subscribe: > router_interface after_delete 55550000, False {{(pid=89846) subscribe /opt/stack/data/venv/lib/python3.12/site-packages/neutron_lib/callbacks/manager.py:52}}
Jun 04 21:36:42.304586 np0000002198 devstack@neutron-api.service[89846]: DEBUG neutron_lib.callbacks.manager [None req-5452a5e5-911d-41c4-a48f-4f6cfadb1fc3 None None] Subscribe: > router after_create 55550000, False {{(pid=89846) subscribe /opt/stack/data/venv/lib/python3.12/site-packages/neutron_lib/callbacks/manager.py:52}}
Jun 04 21:36:42.304710 np0000002198 devstack@neutron-api.service[89846]: DEBUG neutron_lib.callbacks.manager [None req-5452a5e5-911d-41c4-a48f-4f6cfadb1fc3 None None] Subscribe: > router precommit_create 55550000, False {{(pid=89846) subscribe /opt/stack/data/venv/lib/python3.12/site-packages/neutron_lib/callbacks/manager.py:52}}
Jun 04 21:36:42.304803 np0000002198 devstack@neutron-api.service[89846]: DEBUG neutron_lib.callbacks.manager [None req-5452a5e5-911d-41c4-a48f-4f6cfadb1fc3 None None] Subscribe: > router after_delete 55550000, False {{(pid=89846) subscribe /opt/stack/data/venv/lib/python3.12/site-packages/neutron_lib/callbacks/manager.py:52}}
Jun 04 21:36:42.304899 np0000002198 devstack@neutron-api.service[89846]: DEBUG neutron_lib.callbacks.manager [None req-5452a5e5-911d-41c4-a48f-4f6cfadb1fc3 None None] Subscribe: > router after_update 55550000, False {{(pid=89846) subscribe /opt/stack/data/venv/lib/python3.12/site-packages/neutron_lib/callbacks/manager.py:52}}
Jun 04 21:36:42.305022 np0000002198 devstack@neutron-api.service[89846]: DEBUG neutron.services.service_base [None req-5452a5e5-911d-41c4-a48f-4f6cfadb1fc3 None None] Loaded 'neutron.services.ovn_l3.service_providers.ovn.OvnDriver' provider for service L3_ROUTER_NAT {{(pid=89846) load_drivers /opt/stack/neutron/neutron/services/service_base.py:49}}
Jun 04 21:36:42.305167 np0000002198 devstack@neutron-api.service[89846]: DEBUG neutron_lib.callbacks.manager [None req-5452a5e5-911d-41c4-a48f-4f6cfadb1fc3 None None] Subscribe: > process after_init 55550001, True {{(pid=89846) subscribe /opt/stack/data/venv/lib/python3.12/site-packages/neutron_lib/callbacks/manager.py:52}}
Jun 04 21:36:42.305304 np0000002198 devstack@neutron-api.service[89846]: DEBUG neutron.manager [None req-5452a5e5-911d-41c4-a48f-4f6cfadb1fc3 None None] Successfully loaded L3_ROUTER_NAT plugin. Description: L3 Router Service Plugin for basic L3 forwarding using OVN {{(pid=89846) _create_and_add_service_plugin /opt/stack/neutron/neutron/manager.py:239}}
Jun 04 21:36:42.305388 np0000002198 devstack@neutron-api.service[89846]: INFO neutron.manager [None req-5452a5e5-911d-41c4-a48f-4f6cfadb1fc3 None None] Loading Plugin: auto_allocate
Jun 04 21:36:42.306299 np0000002198 devstack@neutron-api.service[89844]: DEBUG neutron.plugins.ml2.plugin [None req-4e3db32b-dd7e-40be-b6c0-6899706f6cae None None] neutron.plugins.ml2.plugin.Ml2Plugin method _start_rpc_notifiers called with arguments () {} {{(pid=89844) wrapper /opt/stack/data/venv/lib/python3.12/site-packages/oslo_log/helpers.py:77}}
Jun 04 21:36:42.306347 np0000002198 devstack@neutron-api.service[89846]: DEBUG neutron_lib.callbacks.manager [None req-5452a5e5-911d-41c4-a48f-4f6cfadb1fc3 None None] Subscribe: network precommit_update 55550000, False {{(pid=89846) subscribe /opt/stack/data/venv/lib/python3.12/site-packages/neutron_lib/callbacks/manager.py:52}}
Jun 04 21:36:42.306452 np0000002198 devstack@neutron-api.service[89846]: DEBUG neutron_lib.callbacks.manager [None req-5452a5e5-911d-41c4-a48f-4f6cfadb1fc3 None None] Subscribe: network precommit_create 55550000, False {{(pid=89846) subscribe /opt/stack/data/venv/lib/python3.12/site-packages/neutron_lib/callbacks/manager.py:52}}
Jun 04 21:36:42.307038 np0000002198 devstack@neutron-api.service[89844]: DEBUG neutron_lib.callbacks.manager [None req-4e3db32b-dd7e-40be-b6c0-6899706f6cae None None] Subscribe: > port after_create 55550000, False {{(pid=89844) subscribe /opt/stack/data/venv/lib/python3.12/site-packages/neutron_lib/callbacks/manager.py:52}}
Jun 04 21:36:42.307069 np0000002198 devstack@neutron-api.service[89846]: DEBUG neutron.manager [None req-5452a5e5-911d-41c4-a48f-4f6cfadb1fc3 None None] Successfully loaded auto-allocated-topology plugin. Description: Auto Allocated Topology - aka get me a network. {{(pid=89846) _create_and_add_service_plugin /opt/stack/neutron/neutron/manager.py:239}}
Jun 04 21:36:42.307069 np0000002198 devstack@neutron-api.service[89846]: INFO neutron.manager [None req-5452a5e5-911d-41c4-a48f-4f6cfadb1fc3 None None] Loading Plugin: tag
Jun 04 21:36:42.307120 np0000002198 devstack@neutron-api.service[89844]: DEBUG neutron_lib.callbacks.manager [None req-4e3db32b-dd7e-40be-b6c0-6899706f6cae None None] Subscribe: > port after_update 55550000, False {{(pid=89844) subscribe /opt/stack/data/venv/lib/python3.12/site-packages/neutron_lib/callbacks/manager.py:52}}
Jun 04 21:36:42.307120 np0000002198 devstack@neutron-api.service[89844]: DEBUG neutron_lib.callbacks.manager [None req-4e3db32b-dd7e-40be-b6c0-6899706f6cae None None] Subscribe: > port after_delete 55550000, False {{(pid=89844) subscribe /opt/stack/data/venv/lib/python3.12/site-packages/neutron_lib/callbacks/manager.py:52}}
Jun 04 21:36:42.307197 np0000002198 devstack@neutron-api.service[89844]: DEBUG neutron_lib.callbacks.manager [None req-4e3db32b-dd7e-40be-b6c0-6899706f6cae None None] Subscribe: > subnet after_create 55550000, False {{(pid=89844) subscribe /opt/stack/data/venv/lib/python3.12/site-packages/neutron_lib/callbacks/manager.py:52}}
Jun 04 21:36:42.307320 np0000002198 devstack@neutron-api.service[89844]: DEBUG neutron_lib.callbacks.manager [None req-4e3db32b-dd7e-40be-b6c0-6899706f6cae None None] Subscribe: > subnet after_update 55550000, False {{(pid=89844) subscribe /opt/stack/data/venv/lib/python3.12/site-packages/neutron_lib/callbacks/manager.py:52}}
Jun 04 21:36:42.307623 np0000002198 devstack@neutron-api.service[89844]: DEBUG neutron_lib.callbacks.manager [None req-4e3db32b-dd7e-40be-b6c0-6899706f6cae None None] Subscribe: > subnet after_delete 55550000, False {{(pid=89844) subscribe /opt/stack/data/venv/lib/python3.12/site-packages/neutron_lib/callbacks/manager.py:52}}
Jun 04 21:36:42.307623 np0000002198 devstack@neutron-api.service[89844]: DEBUG neutron_lib.callbacks.manager [None req-4e3db32b-dd7e-40be-b6c0-6899706f6cae None None] Subscribe: > network after_create 55550000, False {{(pid=89844) subscribe /opt/stack/data/venv/lib/python3.12/site-packages/neutron_lib/callbacks/manager.py:52}}
Jun 04 21:36:42.307796 np0000002198 devstack@neutron-api.service[89844]: DEBUG neutron_lib.callbacks.manager [None req-4e3db32b-dd7e-40be-b6c0-6899706f6cae None None] Subscribe: > network after_update 55550000, False {{(pid=89844) subscribe /opt/stack/data/venv/lib/python3.12/site-packages/neutron_lib/callbacks/manager.py:52}}
Jun 04 21:36:42.307933 np0000002198 devstack@neutron-api.service[89844]: DEBUG neutron_lib.callbacks.manager [None req-4e3db32b-dd7e-40be-b6c0-6899706f6cae None None] Subscribe: > network after_delete 55550000, False {{(pid=89844) subscribe /opt/stack/data/venv/lib/python3.12/site-packages/neutron_lib/callbacks/manager.py:52}}
Jun 04 21:36:42.308028 np0000002198 devstack@neutron-api.service[89844]: DEBUG neutron_lib.callbacks.manager [None req-4e3db32b-dd7e-40be-b6c0-6899706f6cae None None] Subscribe: > security_group after_create 55550000, False {{(pid=89844) subscribe /opt/stack/data/venv/lib/python3.12/site-packages/neutron_lib/callbacks/manager.py:52}}
Jun 04 21:36:42.308134 np0000002198 devstack@neutron-api.service[89844]: DEBUG neutron_lib.callbacks.manager [None req-4e3db32b-dd7e-40be-b6c0-6899706f6cae None None] Subscribe: > security_group after_update 55550000, False {{(pid=89844) subscribe /opt/stack/data/venv/lib/python3.12/site-packages/neutron_lib/callbacks/manager.py:52}}
Jun 04 21:36:42.308225 np0000002198 devstack@neutron-api.service[89844]: DEBUG neutron_lib.callbacks.manager [None req-4e3db32b-dd7e-40be-b6c0-6899706f6cae None None] Subscribe: > security_group after_delete 55550000, False {{(pid=89844) subscribe /opt/stack/data/venv/lib/python3.12/site-packages/neutron_lib/callbacks/manager.py:52}}
Jun 04 21:36:42.308318 np0000002198 devstack@neutron-api.service[89844]: DEBUG neutron_lib.callbacks.manager [None req-4e3db32b-dd7e-40be-b6c0-6899706f6cae None None] Subscribe: > security_group_rule after_create 55550000, False {{(pid=89844) subscribe /opt/stack/data/venv/lib/python3.12/site-packages/neutron_lib/callbacks/manager.py:52}}
Jun 04 21:36:42.308397 np0000002198 devstack@neutron-api.service[89844]: DEBUG neutron_lib.callbacks.manager [None req-4e3db32b-dd7e-40be-b6c0-6899706f6cae None None] Subscribe: > security_group_rule after_update 55550000, False {{(pid=89844) subscribe /opt/stack/data/venv/lib/python3.12/site-packages/neutron_lib/callbacks/manager.py:52}}
Jun 04 21:36:42.308487 np0000002198 devstack@neutron-api.service[89844]: DEBUG neutron_lib.callbacks.manager [None req-4e3db32b-dd7e-40be-b6c0-6899706f6cae None None] Subscribe: > security_group_rule after_delete 55550000, False {{(pid=89844) subscribe /opt/stack/data/venv/lib/python3.12/site-packages/neutron_lib/callbacks/manager.py:52}}
Jun 04 21:36:42.308591 np0000002198 devstack@neutron-api.service[89844]: DEBUG neutron_lib.callbacks.manager [None req-4e3db32b-dd7e-40be-b6c0-6899706f6cae None None] Subscribe: > address_group after_create 55550000, False {{(pid=89844) subscribe /opt/stack/data/venv/lib/python3.12/site-packages/neutron_lib/callbacks/manager.py:52}}
Jun 04 21:36:42.308686 np0000002198 devstack@neutron-api.service[89844]: DEBUG neutron_lib.callbacks.manager [None req-4e3db32b-dd7e-40be-b6c0-6899706f6cae None None] Subscribe: > address_group after_update 55550000, False {{(pid=89844) subscribe /opt/stack/data/venv/lib/python3.12/site-packages/neutron_lib/callbacks/manager.py:52}}
Jun 04 21:36:42.308806 np0000002198 devstack@neutron-api.service[89844]: DEBUG neutron_lib.callbacks.manager [None req-4e3db32b-dd7e-40be-b6c0-6899706f6cae None None] Subscribe: > address_group after_delete 55550000, False {{(pid=89844) subscribe /opt/stack/data/venv/lib/python3.12/site-packages/neutron_lib/callbacks/manager.py:52}}
Jun 04 21:36:42.308893 np0000002198 devstack@neutron-api.service[89844]: DEBUG neutron.plugins.ml2.ovo_rpc [None req-4e3db32b-dd7e-40be-b6c0-6899706f6cae None None] ML2 OVO RPC backend initialized. {{(pid=89844) __init__ /opt/stack/neutron/neutron/plugins/ml2/ovo_rpc.py:117}}
Jun 04 21:36:42.309786 np0000002198 devstack@neutron-api.service[89844]: INFO neutron.quota [None req-4e3db32b-dd7e-40be-b6c0-6899706f6cae None None] Loaded quota_driver: .
Jun 04 21:36:42.309872 np0000002198 devstack@neutron-api.service[89846]: DEBUG neutron.manager [None req-5452a5e5-911d-41c4-a48f-4f6cfadb1fc3 None None] Successfully loaded TAG plugin. Description: Tag support {{(pid=89846) _create_and_add_service_plugin /opt/stack/neutron/neutron/manager.py:239}}
Jun 04 21:36:42.309903 np0000002198 devstack@neutron-api.service[89844]: INFO neutron.plugins.ml2.plugin [None req-4e3db32b-dd7e-40be-b6c0-6899706f6cae None None] Modular L2 Plugin initialization complete
Jun 04 21:36:42.310051 np0000002198 devstack@neutron-api.service[89846]: INFO neutron.manager [None req-5452a5e5-911d-41c4-a48f-4f6cfadb1fc3 None None] Loading Plugin: timestamp
Jun 04 21:36:42.310104 np0000002198 devstack@neutron-api.service[89844]: DEBUG neutron.manager [None req-4e3db32b-dd7e-40be-b6c0-6899706f6cae None None] Loading services supported by the core plugin {{(pid=89844) _load_services_from_core_plugin /opt/stack/neutron/neutron/manager.py:170}}
Jun 04 21:36:42.310158 np0000002198 devstack@neutron-api.service[89844]: INFO neutron.plugins.ml2.managers [None req-4e3db32b-dd7e-40be-b6c0-6899706f6cae None None] Got port-security extension from driver 'port_security'
Jun 04 21:36:42.310402 np0000002198 devstack@neutron-api.service[89844]: DEBUG neutron.manager [None req-4e3db32b-dd7e-40be-b6c0-6899706f6cae None None] Loading service plugins: ['ovn-router', 'auto_allocate', 'tag', 'timestamp', 'network_ip_availability', 'flavors', 'revisions'] {{(pid=89844) _load_service_plugins /opt/stack/neutron/neutron/manager.py:195}}
Jun 04 21:36:42.310506 np0000002198 devstack@neutron-api.service[89844]: INFO neutron.manager [None req-4e3db32b-dd7e-40be-b6c0-6899706f6cae None None] Loading Plugin: ovn-router
Jun 04 21:36:42.311140 np0000002198 devstack@neutron-api.service[89846]: DEBUG neutron.manager [None req-5452a5e5-911d-41c4-a48f-4f6cfadb1fc3 None None] Successfully loaded timestamp plugin. Description: Adds timestamps to Neutron resources with standard attributes {{(pid=89846) _create_and_add_service_plugin /opt/stack/neutron/neutron/manager.py:239}}
Jun 04 21:36:42.311248 np0000002198 devstack@neutron-api.service[89846]: INFO neutron.manager [None req-5452a5e5-911d-41c4-a48f-4f6cfadb1fc3 None None] Loading Plugin: network_ip_availability
Jun 04 21:36:42.312813 np0000002198 devstack@neutron-api.service[89846]: DEBUG neutron.manager [None req-5452a5e5-911d-41c4-a48f-4f6cfadb1fc3 None None] Successfully loaded network-ip-availability plugin. Description: Provides IP availability data for each network and subnet. {{(pid=89846) _create_and_add_service_plugin /opt/stack/neutron/neutron/manager.py:239}}
Jun 04 21:36:42.312915 np0000002198 devstack@neutron-api.service[89846]: INFO neutron.manager [None req-5452a5e5-911d-41c4-a48f-4f6cfadb1fc3 None None] Loading Plugin: flavors
Jun 04 21:36:42.313794 np0000002198 devstack@neutron-api.service[89846]: DEBUG neutron.manager [None req-5452a5e5-911d-41c4-a48f-4f6cfadb1fc3 None None] Successfully loaded FLAVORS plugin. Description: Neutron Flavors and Service Profiles manager plugin {{(pid=89846) _create_and_add_service_plugin /opt/stack/neutron/neutron/manager.py:239}}
Jun 04 21:36:42.313885 np0000002198 devstack@neutron-api.service[89846]: INFO neutron.manager [None req-5452a5e5-911d-41c4-a48f-4f6cfadb1fc3 None None] Loading Plugin: revisions
Jun 04 21:36:42.314947 np0000002198 devstack@neutron-api.service[89846]: DEBUG neutron.manager [None req-5452a5e5-911d-41c4-a48f-4f6cfadb1fc3 None None] Successfully loaded revision_plugin plugin. Description: Adds revision numbers to resources. {{(pid=89846) _create_and_add_service_plugin /opt/stack/neutron/neutron/manager.py:239}}
Jun 04 21:36:42.315076 np0000002198 devstack@neutron-api.service[89846]: DEBUG oslo_concurrency.lockutils [None req-5452a5e5-911d-41c4-a48f-4f6cfadb1fc3 None None] Lock "manager" "released" by "neutron.manager.NeutronManager._create_instance" :: held 3.863s {{(pid=89846) inner /opt/stack/data/venv/lib/python3.12/site-packages/oslo_concurrency/lockutils.py:543}}
Jun 04 21:36:42.315343 np0000002198 devstack@neutron-api.service[89846]: DEBUG neutron.api.extensions [None req-5452a5e5-911d-41c4-a48f-4f6cfadb1fc3 None None] get_extension_paths = OrderedDict({'/opt/stack/neutron/neutron/extensions': 1}) {{(pid=89846) get_extensions_path /opt/stack/neutron/neutron/api/extensions.py:640}}
Jun 04 21:36:42.315453 np0000002198 devstack@neutron-api.service[89846]: INFO neutron.api.extensions [None req-5452a5e5-911d-41c4-a48f-4f6cfadb1fc3 None None] Initializing extension manager.
Jun 04 21:36:42.315796 np0000002198 devstack@neutron-api.service[89846]: DEBUG neutron.api.extensions [None req-5452a5e5-911d-41c4-a48f-4f6cfadb1fc3 None None] Loading extension file: __init__.py {{(pid=89846) _load_all_extensions_from_path /opt/stack/neutron/neutron/api/extensions.py:449}}
Jun 04 21:36:42.315852 np0000002198 devstack@neutron-api.service[89846]: DEBUG neutron.api.extensions [None req-5452a5e5-911d-41c4-a48f-4f6cfadb1fc3 None None] Loading extension file: __pycache__ {{(pid=89846) _load_all_extensions_from_path /opt/stack/neutron/neutron/api/extensions.py:449}}
Jun 04 21:36:42.315913 np0000002198 devstack@neutron-api.service[89846]: DEBUG neutron.api.extensions [None req-5452a5e5-911d-41c4-a48f-4f6cfadb1fc3 None None] Loading extension file: aap_reject_multicast.py {{(pid=89846) _load_all_extensions_from_path /opt/stack/neutron/neutron/api/extensions.py:449}}
Jun 04 21:36:42.316225 np0000002198 devstack@neutron-api.service[89846]: DEBUG neutron.api.extensions [None req-5452a5e5-911d-41c4-a48f-4f6cfadb1fc3 None None] Ext name="Allowed address pairs reject multicast extension" alias="aap-reject-multicast" description="Reject multicast addresses in Allowed Address Pairs" updated="2026-04-01T00:00:00-00:00" {{(pid=89846) _check_extension /opt/stack/neutron/neutron/api/extensions.py:415}}
Jun 04 21:36:42.316477 np0000002198 devstack@neutron-api.service[89846]: INFO neutron.api.extensions [None req-5452a5e5-911d-41c4-a48f-4f6cfadb1fc3 None None] Extension aap-reject-multicast not supported by any of loaded plugins
Jun 04 21:36:42.316579 np0000002198 devstack@neutron-api.service[89846]: DEBUG neutron.api.extensions [None req-5452a5e5-911d-41c4-a48f-4f6cfadb1fc3 None None] Loading extension file: address_group.py {{(pid=89846) _load_all_extensions_from_path /opt/stack/neutron/neutron/api/extensions.py:449}}
Jun 04 21:36:42.316971 np0000002198 devstack@neutron-api.service[89846]: DEBUG neutron.api.extensions [None req-5452a5e5-911d-41c4-a48f-4f6cfadb1fc3 None None] Ext name="Address group" alias="address-group" description="Support address group" updated="2020-07-15T10:00:00-00:00" {{(pid=89846) _check_extension /opt/stack/neutron/neutron/api/extensions.py:415}}
Jun 04 21:36:42.317161 np0000002198 devstack@neutron-api.service[89846]: INFO neutron.api.extensions [None req-5452a5e5-911d-41c4-a48f-4f6cfadb1fc3 None None] Loaded extension: address-group
Jun 04 21:36:42.317241 np0000002198 devstack@neutron-api.service[89846]: DEBUG neutron.api.extensions [None req-5452a5e5-911d-41c4-a48f-4f6cfadb1fc3 None None] Loading extension file: address_scope.py {{(pid=89846) _load_all_extensions_from_path /opt/stack/neutron/neutron/api/extensions.py:449}}
Jun 04 21:36:42.317521 np0000002198 devstack@neutron-api.service[89846]: DEBUG neutron.api.extensions [None req-5452a5e5-911d-41c4-a48f-4f6cfadb1fc3 None None] Ext name="Address scope" alias="address-scope" description="Address scopes extension." updated="2015-07-26T10:00:00-00:00" {{(pid=89846) _check_extension /opt/stack/neutron/neutron/api/extensions.py:415}}
Jun 04 21:36:42.317736 np0000002198 devstack@neutron-api.service[89846]: INFO neutron.api.extensions [None req-5452a5e5-911d-41c4-a48f-4f6cfadb1fc3 None None] Loaded extension: address-scope
Jun 04 21:36:42.317803 np0000002198 devstack@neutron-api.service[89846]: DEBUG neutron.api.extensions [None req-5452a5e5-911d-41c4-a48f-4f6cfadb1fc3 None None] Loading extension file: admin_state_down_before_update.py {{(pid=89846) _load_all_extensions_from_path /opt/stack/neutron/neutron/api/extensions.py:449}}
Jun 04 21:36:42.318029 np0000002198 devstack@neutron-api.service[89846]: DEBUG neutron.api.extensions [None req-5452a5e5-911d-41c4-a48f-4f6cfadb1fc3 None None] Ext name="Enforce Router's Admin State Down Before Update Extension" alias="router-admin-state-down-before-update" description="Ensure that the admin state of a router is DOWN (admin_state_up=False) before updating the distributed attribute" updated="2019-07-02T15:56:00" {{(pid=89846) _check_extension /opt/stack/neutron/neutron/api/extensions.py:415}}
Jun 04 21:36:42.318181 np0000002198 devstack@neutron-api.service[89846]: INFO neutron.api.extensions [None req-5452a5e5-911d-41c4-a48f-4f6cfadb1fc3 None None] Extension router-admin-state-down-before-update not supported by any of loaded plugins
Jun 04 21:36:42.318300 np0000002198 devstack@neutron-api.service[89846]: DEBUG neutron.api.extensions [None req-5452a5e5-911d-41c4-a48f-4f6cfadb1fc3 None None] Loading extension file: agent.py {{(pid=89846) _load_all_extensions_from_path /opt/stack/neutron/neutron/api/extensions.py:449}}
Jun 04 21:36:42.318539 np0000002198 devstack@neutron-api.service[89846]: DEBUG neutron.api.extensions [None req-5452a5e5-911d-41c4-a48f-4f6cfadb1fc3 None None] Ext name="agent" alias="agent" description="The agent management extension." updated="2013-02-03T10:00:00-00:00" {{(pid=89846) _check_extension /opt/stack/neutron/neutron/api/extensions.py:415}}
Jun 04 21:36:42.318725 np0000002198 devstack@neutron-api.service[89846]: INFO neutron.api.extensions [None req-5452a5e5-911d-41c4-a48f-4f6cfadb1fc3 None None] Loaded extension: agent
Jun 04 21:36:42.318821 np0000002198 devstack@neutron-api.service[89846]: DEBUG neutron.api.extensions [None req-5452a5e5-911d-41c4-a48f-4f6cfadb1fc3 None None] Loading extension file: agent_resources_synced.py {{(pid=89846) _load_all_extensions_from_path /opt/stack/neutron/neutron/api/extensions.py:449}}
Jun 04 21:36:42.319049 np0000002198 devstack@neutron-api.service[89846]: DEBUG neutron.api.extensions [None req-5452a5e5-911d-41c4-a48f-4f6cfadb1fc3 None None] Ext name="Agent's Resource View Synced to Placement" alias="agent-resources-synced" description="Stores success/failure of last sync to Placement" updated="2018-12-19T00:00:00-00:00" {{(pid=89846) _check_extension /opt/stack/neutron/neutron/api/extensions.py:415}}
Jun 04 21:36:42.319261 np0000002198 devstack@neutron-api.service[89846]: INFO neutron.api.extensions [None req-5452a5e5-911d-41c4-a48f-4f6cfadb1fc3 None None] Extension agent-resources-synced not supported by any of loaded plugins
Jun 04 21:36:42.319395 np0000002198 devstack@neutron-api.service[89846]: DEBUG neutron.api.extensions [None req-5452a5e5-911d-41c4-a48f-4f6cfadb1fc3 None None] Loading extension file: agent_sort_key.py {{(pid=89846) _load_all_extensions_from_path /opt/stack/neutron/neutron/api/extensions.py:449}}
Jun 04 21:36:42.319807 np0000002198 devstack@neutron-api.service[89846]: DEBUG neutron.api.extensions [None req-5452a5e5-911d-41c4-a48f-4f6cfadb1fc3 None None] Ext name="Agents Sort Key" alias="agent_sort_key" description="Enabling the keyword sort_key for sorting in agents." updated="2013-02-03T10:00:00-00:00" {{(pid=89846) _check_extension /opt/stack/neutron/neutron/api/extensions.py:415}}
Jun 04 21:36:42.319997 np0000002198 devstack@neutron-api.service[89846]: INFO neutron.api.extensions [None req-5452a5e5-911d-41c4-a48f-4f6cfadb1fc3 None None] Extension agent_sort_key not supported by any of loaded plugins
Jun 04 21:36:42.320162 np0000002198 devstack@neutron-api.service[89846]: DEBUG neutron.api.extensions [None req-5452a5e5-911d-41c4-a48f-4f6cfadb1fc3 None None] Loading extension file: allowedaddresspairs.py {{(pid=89846) _load_all_extensions_from_path /opt/stack/neutron/neutron/api/extensions.py:449}}
Jun 04 21:36:42.320963 np0000002198 devstack@neutron-api.service[89844]: DEBUG neutron_lib.callbacks.manager [None req-4e3db32b-dd7e-40be-b6c0-6899706f6cae None None] Subscribe: > router before_delete 55550000, False {{(pid=89844) subscribe /opt/stack/data/venv/lib/python3.12/site-packages/neutron_lib/callbacks/manager.py:52}}
Jun 04 21:36:42.321306 np0000002198 devstack@neutron-api.service[89844]: DEBUG neutron_lib.callbacks.manager [None req-4e3db32b-dd7e-40be-b6c0-6899706f6cae None None] Subscribe: port before_update 55550000, False {{(pid=89844) subscribe /opt/stack/data/venv/lib/python3.12/site-packages/neutron_lib/callbacks/manager.py:52}}
Jun 04 21:36:42.321306 np0000002198 devstack@neutron-api.service[89844]: DEBUG neutron_lib.callbacks.manager [None req-4e3db32b-dd7e-40be-b6c0-6899706f6cae None None] Subscribe: port after_update 55550000, False {{(pid=89844) subscribe /opt/stack/data/venv/lib/python3.12/site-packages/neutron_lib/callbacks/manager.py:52}}
Jun 04 21:36:42.321453 np0000002198 devstack@neutron-api.service[89846]: DEBUG neutron.api.extensions [None req-5452a5e5-911d-41c4-a48f-4f6cfadb1fc3 None None] Ext name="Allowed Address Pairs" alias="allowed-address-pairs" description="Provides allowed address pairs" updated="2013-07-23T10:00:00-00:00" {{(pid=89846) _check_extension /opt/stack/neutron/neutron/api/extensions.py:415}}
Jun 04 21:36:42.321487 np0000002198 devstack@neutron-api.service[89844]: DEBUG neutron_lib.callbacks.manager [None req-4e3db32b-dd7e-40be-b6c0-6899706f6cae None None] Subscribe: > port precommit_delete 55550000, False {{(pid=89844) subscribe /opt/stack/data/venv/lib/python3.12/site-packages/neutron_lib/callbacks/manager.py:52}}
Jun 04 21:36:42.321487 np0000002198 devstack@neutron-api.service[89844]: DEBUG neutron_lib.callbacks.manager [None req-4e3db32b-dd7e-40be-b6c0-6899706f6cae None None] Subscribe: port before_update 55550000, False {{(pid=89844) subscribe /opt/stack/data/venv/lib/python3.12/site-packages/neutron_lib/callbacks/manager.py:52}}
Jun 04 21:36:42.321542 np0000002198 devstack@neutron-api.service[89846]: INFO neutron.api.extensions [None req-5452a5e5-911d-41c4-a48f-4f6cfadb1fc3 None None] Loaded extension: allowed-address-pairs
Jun 04 21:36:42.321657 np0000002198 devstack@neutron-api.service[89844]: DEBUG neutron_lib.callbacks.manager [None req-4e3db32b-dd7e-40be-b6c0-6899706f6cae None None] Subscribe: port before_delete 55550000, False {{(pid=89844) subscribe /opt/stack/data/venv/lib/python3.12/site-packages/neutron_lib/callbacks/manager.py:52}}
Jun 04 21:36:42.321657 np0000002198 devstack@neutron-api.service[89844]: DEBUG neutron_lib.callbacks.manager [None req-4e3db32b-dd7e-40be-b6c0-6899706f6cae None None] Subscribe: > router precommit_create 55550000, False {{(pid=89844) subscribe /opt/stack/data/venv/lib/python3.12/site-packages/neutron_lib/callbacks/manager.py:52}}
Jun 04 21:36:42.321727 np0000002198 devstack@neutron-api.service[89846]: DEBUG neutron.api.extensions [None req-5452a5e5-911d-41c4-a48f-4f6cfadb1fc3 None None] Loading extension file: auto_allocated_topology.py {{(pid=89846) _load_all_extensions_from_path /opt/stack/neutron/neutron/api/extensions.py:449}}
