Jun 09 12:54:35.118033 np0000002441 devstack@g-api.service[102062]: DEBUG glance.api.middleware.version_negotiation [None req-506b2c76-46b1-41ce-8ad8-41bde435296a tempest-ServerActionsTestOtherA-513017034 tempest-ServerActionsTestOtherA-513017034-project-member] new path /v2/images/b4289173-7b24-4b04-a3bd-a22ee7dbcd5f {{(pid=102062) process_request /opt/stack/glance/glance/api/middleware/version_negotiation.py:70}}
Jun 09 12:54:35.128725 np0000002441 devstack@g-api.service[102062]: [pid: 102062|app: 0|req: 96/287] 127.0.0.1 () {44 vars in 1111 bytes} [Tue Jun 9 12:54:35 2026] GET /v2/images/b4289173-7b24-4b04-a3bd-a22ee7dbcd5f => generated 1044 bytes in 11 msecs (HTTP/1.1 200) 4 headers in 158 bytes (1 switches on core 0)
Jun 09 12:54:35.162007 np0000002441 devstack@g-api.service[102060]: DEBUG glance.api.middleware.version_negotiation [None req-506b2c76-46b1-41ce-8ad8-41bde435296a tempest-ServerActionsTestOtherA-513017034 tempest-ServerActionsTestOtherA-513017034-project-member] Determining version of request: GET /v2/schemas/image Accept: */* {{(pid=102060) process_request /opt/stack/glance/glance/api/middleware/version_negotiation.py:44}}
Jun 09 12:54:35.162196 np0000002441 devstack@g-api.service[102060]: DEBUG glance.api.middleware.version_negotiation [None req-506b2c76-46b1-41ce-8ad8-41bde435296a tempest-ServerActionsTestOtherA-513017034 tempest-ServerActionsTestOtherA-513017034-project-member] Using url versioning {{(pid=102060) process_request /opt/stack/glance/glance/api/middleware/version_negotiation.py:57}}
Jun 09 12:54:35.162371 np0000002441 devstack@g-api.service[102060]: DEBUG glance.api.middleware.version_negotiation [None req-506b2c76-46b1-41ce-8ad8-41bde435296a tempest-ServerActionsTestOtherA-513017034 tempest-ServerActionsTestOtherA-513017034-project-member] Matched version: v2 {{(pid=102060) process_request /opt/stack/glance/glance/api/middleware/version_negotiation.py:69}}
Jun 09 12:54:35.162489 np0000002441 devstack@g-api.service[102060]: DEBUG glance.api.middleware.version_negotiation [None req-506b2c76-46b1-41ce-8ad8-41bde435296a tempest-ServerActionsTestOtherA-513017034 tempest-ServerActionsTestOtherA-513017034-project-member] new path /v2/schemas/image {{(pid=102060) process_request /opt/stack/glance/glance/api/middleware/version_negotiation.py:70}}
Jun 09 12:54:35.166134 np0000002441 devstack@g-api.service[102060]: [pid: 102060|app: 0|req: 96/288] 127.0.0.1 () {44 vars in 1051 bytes} [Tue Jun 9 12:54:35 2026] GET /v2/schemas/image => generated 6083 bytes in 4 msecs (HTTP/1.1 200) 4 headers in 158 bytes (1 switches on core 0)
Jun 09 12:54:39.587963 np0000002441 devstack@g-api.service[102061]: DEBUG glance.api.middleware.version_negotiation [None req-506b2c76-46b1-41ce-8ad8-41bde435296a tempest-ServerActionsTestOtherA-513017034 tempest-ServerActionsTestOtherA-513017034-project-member] Determining version of request: POST /v2/images Accept: application/json {{(pid=102061) process_request /opt/stack/glance/glance/api/middleware/version_negotiation.py:44}}
Jun 09 12:54:39.587963 np0000002441 devstack@g-api.service[102061]: DEBUG glance.api.middleware.version_negotiation [None req-506b2c76-46b1-41ce-8ad8-41bde435296a tempest-ServerActionsTestOtherA-513017034 tempest-ServerActionsTestOtherA-513017034-project-member] Using url versioning {{(pid=102061) process_request /opt/stack/glance/glance/api/middleware/version_negotiation.py:57}}
Jun 09 12:54:39.587963 np0000002441 devstack@g-api.service[102061]: DEBUG glance.api.middleware.version_negotiation [None req-506b2c76-46b1-41ce-8ad8-41bde435296a tempest-ServerActionsTestOtherA-513017034 tempest-ServerActionsTestOtherA-513017034-project-member] Matched version: v2 {{(pid=102061) process_request /opt/stack/glance/glance/api/middleware/version_negotiation.py:69}}
Jun 09 12:54:39.590099 np0000002441 devstack@g-api.service[102061]: DEBUG glance.api.middleware.version_negotiation [None req-506b2c76-46b1-41ce-8ad8-41bde435296a tempest-ServerActionsTestOtherA-513017034 tempest-ServerActionsTestOtherA-513017034-project-member] new path /v2/images {{(pid=102061) process_request /opt/stack/glance/glance/api/middleware/version_negotiation.py:70}}
Jun 09 12:54:40.353335 np0000002441 devstack@g-api.service[102061]: [pid: 102061|app: 0|req: 97/289] 127.0.0.1 () {42 vars in 782 bytes} [Tue Jun 9 12:54:39 2026] POST /v2/images => generated 648 bytes in 766 msecs (HTTP/1.1 201) 6 headers in 315 bytes (1 switches on core 0)
Jun 09 12:54:40.367656 np0000002441 devstack@g-api.service[102062]: DEBUG glance.api.middleware.version_negotiation [None req-506b2c76-46b1-41ce-8ad8-41bde435296a tempest-ServerActionsTestOtherA-513017034 tempest-ServerActionsTestOtherA-513017034-project-member] Determining version of request: PUT /v2/images/6f4ef9e4-c909-4c90-93e0-a9f07b3dbe40/file Accept: {{(pid=102062) process_request /opt/stack/glance/glance/api/middleware/version_negotiation.py:44}}
Jun 09 12:54:40.368004 np0000002441 devstack@g-api.service[102062]: DEBUG glance.api.middleware.version_negotiation [None req-506b2c76-46b1-41ce-8ad8-41bde435296a tempest-ServerActionsTestOtherA-513017034 tempest-ServerActionsTestOtherA-513017034-project-member] Using url versioning {{(pid=102062) process_request /opt/stack/glance/glance/api/middleware/version_negotiation.py:57}}
Jun 09 12:54:40.368385 np0000002441 devstack@g-api.service[102062]: DEBUG glance.api.middleware.version_negotiation [None req-506b2c76-46b1-41ce-8ad8-41bde435296a tempest-ServerActionsTestOtherA-513017034 tempest-ServerActionsTestOtherA-513017034-project-member] Matched version: v2 {{(pid=102062) process_request /opt/stack/glance/glance/api/middleware/version_negotiation.py:69}}
Jun 09 12:54:40.368385 np0000002441 devstack@g-api.service[102062]: DEBUG glance.api.middleware.version_negotiation [None req-506b2c76-46b1-41ce-8ad8-41bde435296a tempest-ServerActionsTestOtherA-513017034 tempest-ServerActionsTestOtherA-513017034-project-member] new path /v2/images/6f4ef9e4-c909-4c90-93e0-a9f07b3dbe40/file {{(pid=102062) process_request /opt/stack/glance/glance/api/middleware/version_negotiation.py:70}}
Jun 09 12:54:40.929808 np0000002441 devstack@g-api.service[102062]: INFO glance.api.v2.image_data [None req-6e830576-a3f0-4dff-acfc-0ca2fd24bcf7 tempest-ImageDependencyTests-941371564 tempest-ImageDependencyTests-941371564-project-member] Unable to create trust: no such option collect_timing in group [keystone_authtoken] Use the existing user token.
Jun 09 12:54:41.450743 np0000002441 devstack@g-api.service[102060]: DEBUG glance.api.middleware.version_negotiation [None req-506b2c76-46b1-41ce-8ad8-41bde435296a tempest-ServerActionsTestOtherA-513017034 tempest-ServerActionsTestOtherA-513017034-project-member] Determining version of request: GET /v2/images/38c2d87c-b251-4589-90bd-e1094ac3c1e0 Accept: */* {{(pid=102060) process_request /opt/stack/glance/glance/api/middleware/version_negotiation.py:44}}
Jun 09 12:54:41.451191 np0000002441 devstack@g-api.service[102060]: DEBUG glance.api.middleware.version_negotiation [None req-506b2c76-46b1-41ce-8ad8-41bde435296a tempest-ServerActionsTestOtherA-513017034 tempest-ServerActionsTestOtherA-513017034-project-member] Using url versioning {{(pid=102060) process_request /opt/stack/glance/glance/api/middleware/version_negotiation.py:57}}
Jun 09 12:54:41.451191 np0000002441 devstack@g-api.service[102060]: DEBUG glance.api.middleware.version_negotiation [None req-506b2c76-46b1-41ce-8ad8-41bde435296a tempest-ServerActionsTestOtherA-513017034 tempest-ServerActionsTestOtherA-513017034-project-member] Matched version: v2 {{(pid=102060) process_request /opt/stack/glance/glance/api/middleware/version_negotiation.py:69}}
Jun 09 12:54:41.451191 np0000002441 devstack@g-api.service[102060]: DEBUG glance.api.middleware.version_negotiation [None req-506b2c76-46b1-41ce-8ad8-41bde435296a tempest-ServerActionsTestOtherA-513017034 tempest-ServerActionsTestOtherA-513017034-project-member] new path /v2/images/38c2d87c-b251-4589-90bd-e1094ac3c1e0 {{(pid=102060) process_request /opt/stack/glance/glance/api/middleware/version_negotiation.py:70}}
Jun 09 12:54:41.463930 np0000002441 devstack@g-api.service[102062]: DEBUG glance.location [None req-6e830576-a3f0-4dff-acfc-0ca2fd24bcf7 tempest-ImageDependencyTests-941371564 tempest-ImageDependencyTests-941371564-project-member] Enabling in-flight format inspection for raw {{(pid=102062) set_data /opt/stack/glance/glance/location.py:616}}
Jun 09 12:54:41.464435 np0000002441 devstack@g-api.service[102062]: DEBUG glance_store.backend [None req-6e830576-a3f0-4dff-acfc-0ca2fd24bcf7 tempest-ImageDependencyTests-941371564 tempest-ImageDependencyTests-941371564-project-member] Attempting to import store swift {{(pid=102062) _load_store /opt/stack/data/venv/lib/python3.12/site-packages/glance_store/backend.py:215}}
Jun 09 12:54:41.466215 np0000002441 devstack@g-api.service[102062]: DEBUG glance_store.capabilities [None req-6e830576-a3f0-4dff-acfc-0ca2fd24bcf7 tempest-ImageDependencyTests-941371564 tempest-ImageDependencyTests-941371564-project-member] Store glance_store._drivers.swift.store.SingleTenantStore doesn't support updating dynamic storage capabilities. Please overwrite 'update_capabilities' method of the store to implement updating logics if needed. {{(pid=102062) update_capabilities /opt/stack/data/venv/lib/python3.12/site-packages/glance_store/capabilities.py:91}}
Jun 09 12:54:41.466215 np0000002441 devstack@g-api.service[102062]: DEBUG glance_store.driver [None req-6e830576-a3f0-4dff-acfc-0ca2fd24bcf7 tempest-ImageDependencyTests-941371564 tempest-ImageDependencyTests-941371564-project-member] Late loading location class glance_store._drivers.swift.store.StoreLocation {{(pid=102062) get_store_location_class /opt/stack/data/venv/lib/python3.12/site-packages/glance_store/driver.py:134}}
Jun 09 12:54:41.466421 np0000002441 devstack@g-api.service[102062]: DEBUG glance_store.location [None req-6e830576-a3f0-4dff-acfc-0ca2fd24bcf7 tempest-ImageDependencyTests-941371564 tempest-ImageDependencyTests-941371564-project-member] Registering scheme swift+https with {'store': , 'location_class': , 'store_entry': 'swift'} {{(pid=102062) register_scheme_map /opt/stack/data/venv/lib/python3.12/site-packages/glance_store/location.py:146}}
Jun 09 12:54:41.466473 np0000002441 devstack@g-api.service[102062]: DEBUG glance_store.location [None req-6e830576-a3f0-4dff-acfc-0ca2fd24bcf7 tempest-ImageDependencyTests-941371564 tempest-ImageDependencyTests-941371564-project-member] Registering scheme swift+https with {'store': , 'location_class': , 'store_entry': 'swift'} {{(pid=102062) register_scheme_map /opt/stack/data/venv/lib/python3.12/site-packages/glance_store/location.py:146}}
Jun 09 12:54:41.466575 np0000002441 devstack@g-api.service[102062]: DEBUG glance_store.location [None req-6e830576-a3f0-4dff-acfc-0ca2fd24bcf7 tempest-ImageDependencyTests-941371564 tempest-ImageDependencyTests-941371564-project-member] Registering scheme swift with {'store': , 'location_class': , 'store_entry': 'swift'} {{(pid=102062) register_scheme_map /opt/stack/data/venv/lib/python3.12/site-packages/glance_store/location.py:146}}
Jun 09 12:54:41.466672 np0000002441 devstack@g-api.service[102062]: DEBUG glance_store.location [None req-6e830576-a3f0-4dff-acfc-0ca2fd24bcf7 tempest-ImageDependencyTests-941371564 tempest-ImageDependencyTests-941371564-project-member] Registering scheme swift+https with {'store': , 'location_class': , 'store_entry': 'swift'} {{(pid=102062) register_scheme_map /opt/stack/data/venv/lib/python3.12/site-packages/glance_store/location.py:146}}
Jun 09 12:54:41.466792 np0000002441 devstack@g-api.service[102062]: DEBUG glance_store.location [None req-6e830576-a3f0-4dff-acfc-0ca2fd24bcf7 tempest-ImageDependencyTests-941371564 tempest-ImageDependencyTests-941371564-project-member] Registering scheme swift with {'store': , 'location_class': , 'store_entry': 'swift'} {{(pid=102062) register_scheme_map /opt/stack/data/venv/lib/python3.12/site-packages/glance_store/location.py:146}}
Jun 09 12:54:41.466885 np0000002441 devstack@g-api.service[102062]: DEBUG glance_store.location [None req-6e830576-a3f0-4dff-acfc-0ca2fd24bcf7 tempest-ImageDependencyTests-941371564 tempest-ImageDependencyTests-941371564-project-member] Registering scheme swift+http with {'store': , 'location_class': , 'store_entry': 'swift'} {{(pid=102062) register_scheme_map /opt/stack/data/venv/lib/python3.12/site-packages/glance_store/location.py:146}}
Jun 09 12:54:41.466996 np0000002441 devstack@g-api.service[102062]: DEBUG glance_store.location [None req-6e830576-a3f0-4dff-acfc-0ca2fd24bcf7 tempest-ImageDependencyTests-941371564 tempest-ImageDependencyTests-941371564-project-member] Registering scheme swift+https with {'store': , 'location_class': , 'store_entry': 'swift'} {{(pid=102062) register_scheme_map /opt/stack/data/venv/lib/python3.12/site-packages/glance_store/location.py:146}}
Jun 09 12:54:41.467138 np0000002441 devstack@g-api.service[102062]: DEBUG glance_store.location [None req-6e830576-a3f0-4dff-acfc-0ca2fd24bcf7 tempest-ImageDependencyTests-941371564 tempest-ImageDependencyTests-941371564-project-member] Registering scheme swift with {'store': , 'location_class': , 'store_entry': 'swift'} {{(pid=102062) register_scheme_map /opt/stack/data/venv/lib/python3.12/site-packages/glance_store/location.py:146}}
Jun 09 12:54:41.467718 np0000002441 devstack@g-api.service[102062]: DEBUG glance_store.location [None req-6e830576-a3f0-4dff-acfc-0ca2fd24bcf7 tempest-ImageDependencyTests-941371564 tempest-ImageDependencyTests-941371564-project-member] Registering scheme swift+http with {'store': , 'location_class': , 'store_entry': 'swift'} {{(pid=102062) register_scheme_map /opt/stack/data/venv/lib/python3.12/site-packages/glance_store/location.py:146}}
Jun 09 12:54:41.467917 np0000002441 devstack@g-api.service[102062]: DEBUG glance_store.location [None req-6e830576-a3f0-4dff-acfc-0ca2fd24bcf7 tempest-ImageDependencyTests-941371564 tempest-ImageDependencyTests-941371564-project-member] Registering scheme swift+config with {'store': , 'location_class': , 'store_entry': 'swift'} {{(pid=102062) register_scheme_map /opt/stack/data/venv/lib/python3.12/site-packages/glance_store/location.py:146}}
Jun 09 12:54:41.513351 np0000002441 devstack@g-api.service[102060]: [pid: 102060|app: 0|req: 97/290] 127.0.0.1 () {44 vars in 1111 bytes} [Tue Jun 9 12:54:41 2026] GET /v2/images/38c2d87c-b251-4589-90bd-e1094ac3c1e0 => generated 1044 bytes in 62 msecs (HTTP/1.1 200) 4 headers in 158 bytes (1 switches on core 0)
Jun 09 12:54:41.522392 np0000002441 devstack@g-api.service[102061]: DEBUG glance.api.middleware.version_negotiation [None req-4d4fe9ad-7f49-4aa3-b27a-697d6f5f152a tempest-ImageDependencyTests-941371564 tempest-ImageDependencyTests-941371564-project-member] Determining version of request: GET /v2/schemas/image Accept: */* {{(pid=102061) process_request /opt/stack/glance/glance/api/middleware/version_negotiation.py:44}}
Jun 09 12:54:41.522852 np0000002441 devstack@g-api.service[102061]: DEBUG glance.api.middleware.version_negotiation [None req-4d4fe9ad-7f49-4aa3-b27a-697d6f5f152a tempest-ImageDependencyTests-941371564 tempest-ImageDependencyTests-941371564-project-member] Using url versioning {{(pid=102061) process_request /opt/stack/glance/glance/api/middleware/version_negotiation.py:57}}
Jun 09 12:54:41.522852 np0000002441 devstack@g-api.service[102061]: DEBUG glance.api.middleware.version_negotiation [None req-4d4fe9ad-7f49-4aa3-b27a-697d6f5f152a tempest-ImageDependencyTests-941371564 tempest-ImageDependencyTests-941371564-project-member] Matched version: v2 {{(pid=102061) process_request /opt/stack/glance/glance/api/middleware/version_negotiation.py:69}}
Jun 09 12:54:41.522990 np0000002441 devstack@g-api.service[102061]: DEBUG glance.api.middleware.version_negotiation [None req-4d4fe9ad-7f49-4aa3-b27a-697d6f5f152a tempest-ImageDependencyTests-941371564 tempest-ImageDependencyTests-941371564-project-member] new path /v2/schemas/image {{(pid=102061) process_request /opt/stack/glance/glance/api/middleware/version_negotiation.py:70}}
Jun 09 12:54:41.525211 np0000002441 devstack@g-api.service[102061]: [pid: 102061|app: 0|req: 98/291] 127.0.0.1 () {44 vars in 1051 bytes} [Tue Jun 9 12:54:41 2026] GET /v2/schemas/image => generated 6083 bytes in 3 msecs (HTTP/1.1 200) 4 headers in 158 bytes (1 switches on core 0)
Jun 09 12:54:41.536366 np0000002441 devstack@g-api.service[102060]: DEBUG glance.api.middleware.version_negotiation [None req-d842689f-d8a4-497a-b9c4-4dcfe195953a tempest-AttachVolumeMultiAttachTest-1899043447 tempest-AttachVolumeMultiAttachTest-1899043447-project-member] Determining version of request: GET /v2/schemas/image Accept: */* {{(pid=102060) process_request /opt/stack/glance/glance/api/middleware/version_negotiation.py:44}}
Jun 09 12:54:41.536548 np0000002441 devstack@g-api.service[102060]: DEBUG glance.api.middleware.version_negotiation [None req-d842689f-d8a4-497a-b9c4-4dcfe195953a tempest-AttachVolumeMultiAttachTest-1899043447 tempest-AttachVolumeMultiAttachTest-1899043447-project-member] Using url versioning {{(pid=102060) process_request /opt/stack/glance/glance/api/middleware/version_negotiation.py:57}}
Jun 09 12:54:41.536662 np0000002441 devstack@g-api.service[102060]: DEBUG glance.api.middleware.version_negotiation [None req-d842689f-d8a4-497a-b9c4-4dcfe195953a tempest-AttachVolumeMultiAttachTest-1899043447 tempest-AttachVolumeMultiAttachTest-1899043447-project-member] Matched version: v2 {{(pid=102060) process_request /opt/stack/glance/glance/api/middleware/version_negotiation.py:69}}
Jun 09 12:54:41.536794 np0000002441 devstack@g-api.service[102060]: DEBUG glance.api.middleware.version_negotiation [None req-d842689f-d8a4-497a-b9c4-4dcfe195953a tempest-AttachVolumeMultiAttachTest-1899043447 tempest-AttachVolumeMultiAttachTest-1899043447-project-member] new path /v2/schemas/image {{(pid=102060) process_request /opt/stack/glance/glance/api/middleware/version_negotiation.py:70}}
Jun 09 12:54:41.538846 np0000002441 devstack@g-api.service[102060]: [pid: 102060|app: 0|req: 98/292] 127.0.0.1 () {44 vars in 1051 bytes} [Tue Jun 9 12:54:41 2026] GET /v2/schemas/image => generated 6083 bytes in 3 msecs (HTTP/1.1 200) 4 headers in 158 bytes (1 switches on core 0)
Jun 09 12:54:41.546097 np0000002441 devstack@g-api.service[102061]: DEBUG glance.api.middleware.version_negotiation [None req-d842689f-d8a4-497a-b9c4-4dcfe195953a tempest-AttachVolumeMultiAttachTest-1899043447 tempest-AttachVolumeMultiAttachTest-1899043447-project-member] Determining version of request: GET /v2/images/38c2d87c-b251-4589-90bd-e1094ac3c1e0 Accept: */* {{(pid=102061) process_request /opt/stack/glance/glance/api/middleware/version_negotiation.py:44}}
Jun 09 12:54:41.546097 np0000002441 devstack@g-api.service[102061]: DEBUG glance.api.middleware.version_negotiation [None req-d842689f-d8a4-497a-b9c4-4dcfe195953a tempest-AttachVolumeMultiAttachTest-1899043447 tempest-AttachVolumeMultiAttachTest-1899043447-project-member] Using url versioning {{(pid=102061) process_request /opt/stack/glance/glance/api/middleware/version_negotiation.py:57}}
Jun 09 12:54:41.546253 np0000002441 devstack@g-api.service[102061]: DEBUG glance.api.middleware.version_negotiation [None req-d842689f-d8a4-497a-b9c4-4dcfe195953a tempest-AttachVolumeMultiAttachTest-1899043447 tempest-AttachVolumeMultiAttachTest-1899043447-project-member] Matched version: v2 {{(pid=102061) process_request /opt/stack/glance/glance/api/middleware/version_negotiation.py:69}}
Jun 09 12:54:41.546346 np0000002441 devstack@g-api.service[102061]: DEBUG glance.api.middleware.version_negotiation [None req-d842689f-d8a4-497a-b9c4-4dcfe195953a tempest-AttachVolumeMultiAttachTest-1899043447 tempest-AttachVolumeMultiAttachTest-1899043447-project-member] new path /v2/images/38c2d87c-b251-4589-90bd-e1094ac3c1e0 {{(pid=102061) process_request /opt/stack/glance/glance/api/middleware/version_negotiation.py:70}}
Jun 09 12:54:41.557034 np0000002441 devstack@g-api.service[102061]: [pid: 102061|app: 0|req: 99/293] 127.0.0.1 () {44 vars in 1111 bytes} [Tue Jun 9 12:54:41 2026] GET /v2/images/38c2d87c-b251-4589-90bd-e1094ac3c1e0 => generated 1044 bytes in 11 msecs (HTTP/1.1 200) 4 headers in 158 bytes (1 switches on core 0)
Jun 09 12:54:41.564136 np0000002441 devstack@g-api.service[102060]: DEBUG glance.api.middleware.version_negotiation [None req-d842689f-d8a4-497a-b9c4-4dcfe195953a tempest-AttachVolumeMultiAttachTest-1899043447 tempest-AttachVolumeMultiAttachTest-1899043447-project-member] Determining version of request: GET /v2/schemas/image Accept: */* {{(pid=102060) process_request /opt/stack/glance/glance/api/middleware/version_negotiation.py:44}}
Jun 09 12:54:41.564360 np0000002441 devstack@g-api.service[102060]: DEBUG glance.api.middleware.version_negotiation [None req-d842689f-d8a4-497a-b9c4-4dcfe195953a tempest-AttachVolumeMultiAttachTest-1899043447 tempest-AttachVolumeMultiAttachTest-1899043447-project-member] Using url versioning {{(pid=102060) process_request /opt/stack/glance/glance/api/middleware/version_negotiation.py:57}}
Jun 09 12:54:41.564542 np0000002441 devstack@g-api.service[102060]: DEBUG glance.api.middleware.version_negotiation [None req-d842689f-d8a4-497a-b9c4-4dcfe195953a tempest-AttachVolumeMultiAttachTest-1899043447 tempest-AttachVolumeMultiAttachTest-1899043447-project-member] Matched version: v2 {{(pid=102060) process_request /opt/stack/glance/glance/api/middleware/version_negotiation.py:69}}
Jun 09 12:54:41.564681 np0000002441 devstack@g-api.service[102060]: DEBUG glance.api.middleware.version_negotiation [None req-d842689f-d8a4-497a-b9c4-4dcfe195953a tempest-AttachVolumeMultiAttachTest-1899043447 tempest-AttachVolumeMultiAttachTest-1899043447-project-member] new path /v2/schemas/image {{(pid=102060) process_request /opt/stack/glance/glance/api/middleware/version_negotiation.py:70}}
Jun 09 12:54:41.567493 np0000002441 devstack@g-api.service[102060]: [pid: 102060|app: 0|req: 99/294] 127.0.0.1 () {44 vars in 1051 bytes} [Tue Jun 9 12:54:41 2026] GET /v2/schemas/image => generated 6083 bytes in 3 msecs (HTTP/1.1 200) 4 headers in 158 bytes (1 switches on core 0)
Jun 09 12:54:41.577764 np0000002441 devstack@g-api.service[102061]: DEBUG glance.api.middleware.version_negotiation [None req-d842689f-d8a4-497a-b9c4-4dcfe195953a tempest-AttachVolumeMultiAttachTest-1899043447 tempest-AttachVolumeMultiAttachTest-1899043447-project-member] Determining version of request: GET /v2/schemas/image Accept: */* {{(pid=102061) process_request /opt/stack/glance/glance/api/middleware/version_negotiation.py:44}}
Jun 09 12:54:41.577929 np0000002441 devstack@g-api.service[102061]: DEBUG glance.api.middleware.version_negotiation [None req-d842689f-d8a4-497a-b9c4-4dcfe195953a tempest-AttachVolumeMultiAttachTest-1899043447 tempest-AttachVolumeMultiAttachTest-1899043447-project-member] Using url versioning {{(pid=102061) process_request /opt/stack/glance/glance/api/middleware/version_negotiation.py:57}}
Jun 09 12:54:41.578078 np0000002441 devstack@g-api.service[102061]: DEBUG glance.api.middleware.version_negotiation [None req-d842689f-d8a4-497a-b9c4-4dcfe195953a tempest-AttachVolumeMultiAttachTest-1899043447 tempest-AttachVolumeMultiAttachTest-1899043447-project-member] Matched version: v2 {{(pid=102061) process_request /opt/stack/glance/glance/api/middleware/version_negotiation.py:69}}
Jun 09 12:54:41.578200 np0000002441 devstack@g-api.service[102061]: DEBUG glance.api.middleware.version_negotiation [None req-d842689f-d8a4-497a-b9c4-4dcfe195953a tempest-AttachVolumeMultiAttachTest-1899043447 tempest-AttachVolumeMultiAttachTest-1899043447-project-member] new path /v2/schemas/image {{(pid=102061) process_request /opt/stack/glance/glance/api/middleware/version_negotiation.py:70}}
Jun 09 12:54:41.581044 np0000002441 devstack@g-api.service[102061]: [pid: 102061|app: 0|req: 100/295] 127.0.0.1 () {44 vars in 1051 bytes} [Tue Jun 9 12:54:41 2026] GET /v2/schemas/image => generated 6083 bytes in 3 msecs (HTTP/1.1 200) 4 headers in 158 bytes (1 switches on core 0)
Jun 09 12:54:41.601057 np0000002441 devstack@g-api.service[102060]: DEBUG glance.api.middleware.version_negotiation [None req-d842689f-d8a4-497a-b9c4-4dcfe195953a tempest-AttachVolumeMultiAttachTest-1899043447 tempest-AttachVolumeMultiAttachTest-1899043447-project-member] Determining version of request: GET /v2/images/38c2d87c-b251-4589-90bd-e1094ac3c1e0 Accept: */* {{(pid=102060) process_request /opt/stack/glance/glance/api/middleware/version_negotiation.py:44}}
Jun 09 12:54:41.604125 np0000002441 devstack@g-api.service[102060]: DEBUG glance.api.middleware.version_negotiation [None req-d842689f-d8a4-497a-b9c4-4dcfe195953a tempest-AttachVolumeMultiAttachTest-1899043447 tempest-AttachVolumeMultiAttachTest-1899043447-project-member] Using url versioning {{(pid=102060) process_request /opt/stack/glance/glance/api/middleware/version_negotiation.py:57}}
Jun 09 12:54:41.604125 np0000002441 devstack@g-api.service[102060]: DEBUG glance.api.middleware.version_negotiation [None req-d842689f-d8a4-497a-b9c4-4dcfe195953a tempest-AttachVolumeMultiAttachTest-1899043447 tempest-AttachVolumeMultiAttachTest-1899043447-project-member] Matched version: v2 {{(pid=102060) process_request /opt/stack/glance/glance/api/middleware/version_negotiation.py:69}}
Jun 09 12:54:41.604125 np0000002441 devstack@g-api.service[102060]: DEBUG glance.api.middleware.version_negotiation [None req-d842689f-d8a4-497a-b9c4-4dcfe195953a tempest-AttachVolumeMultiAttachTest-1899043447 tempest-AttachVolumeMultiAttachTest-1899043447-project-member] new path /v2/images/38c2d87c-b251-4589-90bd-e1094ac3c1e0 {{(pid=102060) process_request /opt/stack/glance/glance/api/middleware/version_negotiation.py:70}}
Jun 09 12:54:41.616696 np0000002441 devstack@g-api.service[102060]: [pid: 102060|app: 0|req: 100/296] 127.0.0.1 () {44 vars in 1111 bytes} [Tue Jun 9 12:54:41 2026] GET /v2/images/38c2d87c-b251-4589-90bd-e1094ac3c1e0 => generated 1044 bytes in 15 msecs (HTTP/1.1 200) 4 headers in 158 bytes (1 switches on core 0)
Jun 09 12:54:41.626336 np0000002441 devstack@g-api.service[102061]: DEBUG glance.api.middleware.version_negotiation [None req-d842689f-d8a4-497a-b9c4-4dcfe195953a tempest-AttachVolumeMultiAttachTest-1899043447 tempest-AttachVolumeMultiAttachTest-1899043447-project-member] Determining version of request: GET /v2/schemas/image Accept: */* {{(pid=102061) process_request /opt/stack/glance/glance/api/middleware/version_negotiation.py:44}}
Jun 09 12:54:41.626536 np0000002441 devstack@g-api.service[102061]: DEBUG glance.api.middleware.version_negotiation [None req-d842689f-d8a4-497a-b9c4-4dcfe195953a tempest-AttachVolumeMultiAttachTest-1899043447 tempest-AttachVolumeMultiAttachTest-1899043447-project-member] Using url versioning {{(pid=102061) process_request /opt/stack/glance/glance/api/middleware/version_negotiation.py:57}}
Jun 09 12:54:41.626712 np0000002441 devstack@g-api.service[102061]: DEBUG glance.api.middleware.version_negotiation [None req-d842689f-d8a4-497a-b9c4-4dcfe195953a tempest-AttachVolumeMultiAttachTest-1899043447 tempest-AttachVolumeMultiAttachTest-1899043447-project-member] Matched version: v2 {{(pid=102061) process_request /opt/stack/glance/glance/api/middleware/version_negotiation.py:69}}
Jun 09 12:54:41.626877 np0000002441 devstack@g-api.service[102061]: DEBUG glance.api.middleware.version_negotiation [None req-d842689f-d8a4-497a-b9c4-4dcfe195953a tempest-AttachVolumeMultiAttachTest-1899043447 tempest-AttachVolumeMultiAttachTest-1899043447-project-member] new path /v2/schemas/image {{(pid=102061) process_request /opt/stack/glance/glance/api/middleware/version_negotiation.py:70}}
Jun 09 12:54:41.630560 np0000002441 devstack@g-api.service[102061]: [pid: 102061|app: 0|req: 101/297] 127.0.0.1 () {44 vars in 1051 bytes} [Tue Jun 9 12:54:41 2026] GET /v2/schemas/image => generated 6083 bytes in 4 msecs (HTTP/1.1 200) 4 headers in 158 bytes (1 switches on core 0)
Jun 09 12:54:41.644627 np0000002441 devstack@g-api.service[102060]: DEBUG glance.api.middleware.version_negotiation [None req-d842689f-d8a4-497a-b9c4-4dcfe195953a tempest-AttachVolumeMultiAttachTest-1899043447 tempest-AttachVolumeMultiAttachTest-1899043447-project-member] Determining version of request: GET /v2/images/38c2d87c-b251-4589-90bd-e1094ac3c1e0 Accept: */* {{(pid=102060) process_request /opt/stack/glance/glance/api/middleware/version_negotiation.py:44}}
Jun 09 12:54:41.644761 np0000002441 devstack@g-api.service[102060]: DEBUG glance.api.middleware.version_negotiation [None req-d842689f-d8a4-497a-b9c4-4dcfe195953a tempest-AttachVolumeMultiAttachTest-1899043447 tempest-AttachVolumeMultiAttachTest-1899043447-project-member] Using url versioning {{(pid=102060) process_request /opt/stack/glance/glance/api/middleware/version_negotiation.py:57}}
Jun 09 12:54:41.644880 np0000002441 devstack@g-api.service[102060]: DEBUG glance.api.middleware.version_negotiation [None req-d842689f-d8a4-497a-b9c4-4dcfe195953a tempest-AttachVolumeMultiAttachTest-1899043447 tempest-AttachVolumeMultiAttachTest-1899043447-project-member] Matched version: v2 {{(pid=102060) process_request /opt/stack/glance/glance/api/middleware/version_negotiation.py:69}}
Jun 09 12:54:41.645040 np0000002441 devstack@g-api.service[102060]: DEBUG glance.api.middleware.version_negotiation [None req-d842689f-d8a4-497a-b9c4-4dcfe195953a tempest-AttachVolumeMultiAttachTest-1899043447 tempest-AttachVolumeMultiAttachTest-1899043447-project-member] new path /v2/images/38c2d87c-b251-4589-90bd-e1094ac3c1e0 {{(pid=102060) process_request /opt/stack/glance/glance/api/middleware/version_negotiation.py:70}}
Jun 09 12:54:41.646479 np0000002441 devstack@g-api.service[102062]: DEBUG swiftclient [None req-6e830576-a3f0-4dff-acfc-0ca2fd24bcf7 tempest-ImageDependencyTests-941371564 tempest-ImageDependencyTests-941371564-project-member] REQ: curl -i https://10.4.3.55:8080/v1/AUTH_20ea473e70c84b7d9ac60cd3dc8a5f2c/glance -I -H "X-Auth-Token: gAAAAABqKA0RcG0D..." {{(pid=102062) http_log /opt/stack/data/venv/lib/python3.12/site-packages/swiftclient/client.py:160}}
Jun 09 12:54:41.646594 np0000002441 devstack@g-api.service[102062]: DEBUG swiftclient [None req-6e830576-a3f0-4dff-acfc-0ca2fd24bcf7 tempest-ImageDependencyTests-941371564 tempest-ImageDependencyTests-941371564-project-member] RESP STATUS: 204 No Content {{(pid=102062) http_log /opt/stack/data/venv/lib/python3.12/site-packages/swiftclient/client.py:161}}
Jun 09 12:54:41.646809 np0000002441 devstack@g-api.service[102062]: DEBUG swiftclient [None req-6e830576-a3f0-4dff-acfc-0ca2fd24bcf7 tempest-ImageDependencyTests-941371564 tempest-ImageDependencyTests-941371564-project-member] RESP HEADERS: {'Date': 'Tue, 09 Jun 2026 12:54:41 GMT', 'Server': 'Apache/2.4.58 (Ubuntu)', 'Content-Type': 'text/plain; charset=utf-8', 'X-Container-Object-Count': '7', 'X-Container-Bytes-Used': '139657216', 'X-Timestamp': '1781009174.05465', 'Last-Modified': 'Tue, 09 Jun 2026 12:46:15 GMT', 'Accept-Ranges': 'bytes', 'X-Storage-Policy': 'Policy-0', 'X-Container-Sharding': 'False', 'Vary': 'Accept', 'X-Trans-Id': 'tx2878d249f4d844cf8adf7-006a280d11', 'X-Openstack-Request-Id': 'tx2878d249f4d844cf8adf7-006a280d11', 'Connection': 'close'} {{(pid=102062) http_log /opt/stack/data/venv/lib/python3.12/site-packages/swiftclient/client.py:162}}
Jun 09 12:54:41.647182 np0000002441 devstack@g-api.service[102062]: DEBUG glance_store._drivers.swift.store [None req-6e830576-a3f0-4dff-acfc-0ca2fd24bcf7 tempest-ImageDependencyTests-941371564 tempest-ImageDependencyTests-941371564-project-member] Adding image object '6f4ef9e4-c909-4c90-93e0-a9f07b3dbe40' to Swift {{(pid=102062) add /opt/stack/data/venv/lib/python3.12/site-packages/glance_store/_drivers/swift/store.py:970}}
Jun 09 12:54:41.653366 np0000002441 devstack@g-api.service[102062]: DEBUG oslo_utils.imageutils.format_inspector [None req-6e830576-a3f0-4dff-acfc-0ca2fd24bcf7 tempest-ImageDependencyTests-941371564 tempest-ImageDependencyTests-941371564-project-member] Format inspector for vmdk does not match, excluding from consideration (Signature KDMV not found: b'S\x957\x97') {{(pid=102062) _process_chunk /opt/stack/data/venv/lib/python3.12/site-packages/oslo_utils/imageutils/format_inspector.py:1758}}
Jun 09 12:54:41.661407 np0000002441 devstack@g-api.service[102060]: [pid: 102060|app: 0|req: 101/298] 127.0.0.1 () {44 vars in 1111 bytes} [Tue Jun 9 12:54:41 2026] GET /v2/images/38c2d87c-b251-4589-90bd-e1094ac3c1e0 => generated 1044 bytes in 16 msecs (HTTP/1.1 200) 4 headers in 158 bytes (1 switches on core 0)
Jun 09 12:54:41.675223 np0000002441 devstack@g-api.service[102062]: DEBUG swiftclient [None req-6e830576-a3f0-4dff-acfc-0ca2fd24bcf7 tempest-ImageDependencyTests-941371564 tempest-ImageDependencyTests-941371564-project-member] REQ: curl -i https://10.4.3.55:8080/v1/AUTH_20ea473e70c84b7d9ac60cd3dc8a5f2c/glance/6f4ef9e4-c909-4c90-93e0-a9f07b3dbe40 -X PUT -H "X-Auth-Token: gAAAAABqKA0RcG0D..." -H "Content-Length: 1024" {{(pid=102062) http_log /opt/stack/data/venv/lib/python3.12/site-packages/swiftclient/client.py:160}}
Jun 09 12:54:41.675223 np0000002441 devstack@g-api.service[102062]: DEBUG swiftclient [None req-6e830576-a3f0-4dff-acfc-0ca2fd24bcf7 tempest-ImageDependencyTests-941371564 tempest-ImageDependencyTests-941371564-project-member] RESP STATUS: 201 Created {{(pid=102062) http_log /opt/stack/data/venv/lib/python3.12/site-packages/swiftclient/client.py:161}}
Jun 09 12:54:41.675317 np0000002441 devstack@g-api.service[102062]: DEBUG swiftclient [None req-6e830576-a3f0-4dff-acfc-0ca2fd24bcf7 tempest-ImageDependencyTests-941371564 tempest-ImageDependencyTests-941371564-project-member] RESP HEADERS: {'Date': 'Tue, 09 Jun 2026 12:54:41 GMT', 'Server': 'Apache/2.4.58 (Ubuntu)', 'Content-Type': 'text/html; charset=UTF-8', 'Content-Length': '0', 'Etag': '4f958012a97d465e8ca4b5617345d8f8', 'Last-Modified': 'Tue, 09 Jun 2026 12:54:42 GMT', 'X-Trans-Id': 'tx122cc5d1c2594df591bef-006a280d11', 'X-Openstack-Request-Id': 'tx122cc5d1c2594df591bef-006a280d11', 'Connection': 'close'} {{(pid=102062) http_log /opt/stack/data/venv/lib/python3.12/site-packages/swiftclient/client.py:162}}
Jun 09 12:54:41.676087 np0000002441 devstack@g-api.service[102062]: INFO glance.location [None req-6e830576-a3f0-4dff-acfc-0ca2fd24bcf7 tempest-ImageDependencyTests-941371564 tempest-ImageDependencyTests-941371564-project-member] Image format matched and virtual size computed: 1024
Jun 09 12:54:41.700485 np0000002441 devstack@g-api.service[102061]: DEBUG glance.api.middleware.version_negotiation [None req-d842689f-d8a4-497a-b9c4-4dcfe195953a tempest-AttachVolumeMultiAttachTest-1899043447 tempest-AttachVolumeMultiAttachTest-1899043447-project-member] Determining version of request: GET /v2/schemas/image Accept: */* {{(pid=102061) process_request /opt/stack/glance/glance/api/middleware/version_negotiation.py:44}}
Jun 09 12:54:41.700638 np0000002441 devstack@g-api.service[102061]: DEBUG glance.api.middleware.version_negotiation [None req-d842689f-d8a4-497a-b9c4-4dcfe195953a tempest-AttachVolumeMultiAttachTest-1899043447 tempest-AttachVolumeMultiAttachTest-1899043447-project-member] Using url versioning {{(pid=102061) process_request /opt/stack/glance/glance/api/middleware/version_negotiation.py:57}}
Jun 09 12:54:41.700732 np0000002441 devstack@g-api.service[102061]: DEBUG glance.api.middleware.version_negotiation [None req-d842689f-d8a4-497a-b9c4-4dcfe195953a tempest-AttachVolumeMultiAttachTest-1899043447 tempest-AttachVolumeMultiAttachTest-1899043447-project-member] Matched version: v2 {{(pid=102061) process_request /opt/stack/glance/glance/api/middleware/version_negotiation.py:69}}
Jun 09 12:54:41.700838 np0000002441 devstack@g-api.service[102061]: DEBUG glance.api.middleware.version_negotiation [None req-d842689f-d8a4-497a-b9c4-4dcfe195953a tempest-AttachVolumeMultiAttachTest-1899043447 tempest-AttachVolumeMultiAttachTest-1899043447-project-member] new path /v2/schemas/image {{(pid=102061) process_request /opt/stack/glance/glance/api/middleware/version_negotiation.py:70}}
Jun 09 12:54:41.705524 np0000002441 devstack@g-api.service[102061]: [pid: 102061|app: 0|req: 102/299] 127.0.0.1 () {44 vars in 1051 bytes} [Tue Jun 9 12:54:41 2026] GET /v2/schemas/image => generated 6083 bytes in 5 msecs (HTTP/1.1 200) 4 headers in 158 bytes (1 switches on core 0)
Jun 09 12:54:41.709284 np0000002441 devstack@g-api.service[102062]: DEBUG glance_store.backend [None req-6e830576-a3f0-4dff-acfc-0ca2fd24bcf7 tempest-ImageDependencyTests-941371564 tempest-ImageDependencyTests-941371564-project-member] Attempting to import store swift {{(pid=102062) _load_store /opt/stack/data/venv/lib/python3.12/site-packages/glance_store/backend.py:215}}
Jun 09 12:54:41.710124 np0000002441 devstack@g-api.service[102062]: DEBUG glance_store.capabilities [None req-6e830576-a3f0-4dff-acfc-0ca2fd24bcf7 tempest-ImageDependencyTests-941371564 tempest-ImageDependencyTests-941371564-project-member] Store glance_store._drivers.swift.store.SingleTenantStore doesn't support updating dynamic storage capabilities. Please overwrite 'update_capabilities' method of the store to implement updating logics if needed. {{(pid=102062) update_capabilities /opt/stack/data/venv/lib/python3.12/site-packages/glance_store/capabilities.py:91}}
Jun 09 12:54:41.710366 np0000002441 devstack@g-api.service[102062]: DEBUG glance_store.driver [None req-6e830576-a3f0-4dff-acfc-0ca2fd24bcf7 tempest-ImageDependencyTests-941371564 tempest-ImageDependencyTests-941371564-project-member] Late loading location class glance_store._drivers.swift.store.StoreLocation {{(pid=102062) get_store_location_class /opt/stack/data/venv/lib/python3.12/site-packages/glance_store/driver.py:134}}
Jun 09 12:54:41.710550 np0000002441 devstack@g-api.service[102062]: DEBUG glance_store.location [None req-6e830576-a3f0-4dff-acfc-0ca2fd24bcf7 tempest-ImageDependencyTests-941371564 tempest-ImageDependencyTests-941371564-project-member] Registering scheme swift+https with {'store': , 'location_class': , 'store_entry': 'swift'} {{(pid=102062) register_scheme_map /opt/stack/data/venv/lib/python3.12/site-packages/glance_store/location.py:146}}
Jun 09 12:54:41.710747 np0000002441 devstack@g-api.service[102062]: DEBUG glance_store.location [None req-6e830576-a3f0-4dff-acfc-0ca2fd24bcf7 tempest-ImageDependencyTests-941371564 tempest-ImageDependencyTests-941371564-project-member] Registering scheme swift+https with {'store': , 'location_class': , 'store_entry': 'swift'} {{(pid=102062) register_scheme_map /opt/stack/data/venv/lib/python3.12/site-packages/glance_store/location.py:146}}
Jun 09 12:54:41.710906 np0000002441 devstack@g-api.service[102062]: DEBUG glance_store.location [None req-6e830576-a3f0-4dff-acfc-0ca2fd24bcf7 tempest-ImageDependencyTests-941371564 tempest-ImageDependencyTests-941371564-project-member] Registering scheme swift with {'store': , 'location_class': , 'store_entry': 'swift'} {{(pid=102062) register_scheme_map /opt/stack/data/venv/lib/python3.12/site-packages/glance_store/location.py:146}}
Jun 09 12:54:41.711128 np0000002441 devstack@g-api.service[102062]: DEBUG glance_store.location [None req-6e830576-a3f0-4dff-acfc-0ca2fd24bcf7 tempest-ImageDependencyTests-941371564 tempest-ImageDependencyTests-941371564-project-member] Registering scheme swift+https with {'store': , 'location_class': , 'store_entry': 'swift'} {{(pid=102062) register_scheme_map /opt/stack/data/venv/lib/python3.12/site-packages/glance_store/location.py:146}}
Jun 09 12:54:41.711390 np0000002441 devstack@g-api.service[102062]: DEBUG glance_store.location [None req-6e830576-a3f0-4dff-acfc-0ca2fd24bcf7 tempest-ImageDependencyTests-941371564 tempest-ImageDependencyTests-941371564-project-member] Registering scheme swift with {'store': , 'location_class': , 'store_entry': 'swift'} {{(pid=102062) register_scheme_map /opt/stack/data/venv/lib/python3.12/site-packages/glance_store/location.py:146}}
Jun 09 12:54:41.711552 np0000002441 devstack@g-api.service[102062]: DEBUG glance_store.location [None req-6e830576-a3f0-4dff-acfc-0ca2fd24bcf7 tempest-ImageDependencyTests-941371564 tempest-ImageDependencyTests-941371564-project-member] Registering scheme swift+http with {'store': , 'location_class': , 'store_entry': 'swift'} {{(pid=102062) register_scheme_map /opt/stack/data/venv/lib/python3.12/site-packages/glance_store/location.py:146}}
Jun 09 12:54:41.711771 np0000002441 devstack@g-api.service[102062]: DEBUG glance_store.location [None req-6e830576-a3f0-4dff-acfc-0ca2fd24bcf7 tempest-ImageDependencyTests-941371564 tempest-ImageDependencyTests-941371564-project-member] Registering scheme swift+https with {'store': , 'location_class': , 'store_entry': 'swift'} {{(pid=102062) register_scheme_map /opt/stack/data/venv/lib/python3.12/site-packages/glance_store/location.py:146}}
Jun 09 12:54:41.711949 np0000002441 devstack@g-api.service[102062]: DEBUG glance_store.location [None req-6e830576-a3f0-4dff-acfc-0ca2fd24bcf7 tempest-ImageDependencyTests-941371564 tempest-ImageDependencyTests-941371564-project-member] Registering scheme swift with {'store': , 'location_class': , 'store_entry': 'swift'} {{(pid=102062) register_scheme_map /opt/stack/data/venv/lib/python3.12/site-packages/glance_store/location.py:146}}
Jun 09 12:54:41.712062 np0000002441 devstack@g-api.service[102062]: DEBUG glance_store.location [None req-6e830576-a3f0-4dff-acfc-0ca2fd24bcf7 tempest-ImageDependencyTests-941371564 tempest-ImageDependencyTests-941371564-project-member] Registering scheme swift+http with {'store': , 'location_class': , 'store_entry': 'swift'} {{(pid=102062) register_scheme_map /opt/stack/data/venv/lib/python3.12/site-packages/glance_store/location.py:146}}
Jun 09 12:54:41.712182 np0000002441 devstack@g-api.service[102062]: DEBUG glance_store.location [None req-6e830576-a3f0-4dff-acfc-0ca2fd24bcf7 tempest-ImageDependencyTests-941371564 tempest-ImageDependencyTests-941371564-project-member] Registering scheme swift+config with {'store': , 'location_class': , 'store_entry': 'swift'} {{(pid=102062) register_scheme_map /opt/stack/data/venv/lib/python3.12/site-packages/glance_store/location.py:146}}
Jun 09 12:54:41.712293 np0000002441 devstack@g-api.service[102062]: DEBUG glance_store.backend [None req-6e830576-a3f0-4dff-acfc-0ca2fd24bcf7 tempest-ImageDependencyTests-941371564 tempest-ImageDependencyTests-941371564-project-member] Skipping store.set_acls... not implemented. {{(pid=102062) set_acls /opt/stack/data/venv/lib/python3.12/site-packages/glance_store/backend.py:507}}
Jun 09 12:54:41.714575 np0000002441 devstack@g-api.service[102062]: [pid: 102062|app: 0|req: 97/300] 127.0.0.1 () {40 vars in 843 bytes} [Tue Jun 9 12:54:40 2026] PUT /v2/images/6f4ef9e4-c909-4c90-93e0-a9f07b3dbe40/file => generated 0 bytes in 1347 msecs (HTTP/1.1 204) 4 headers in 171 bytes (1 switches on core 0)
Jun 09 12:54:41.725590 np0000002441 devstack@g-api.service[102060]: DEBUG glance.api.middleware.version_negotiation [None req-961af702-bc72-45b5-80c7-16869cac4ec1 tempest-TestServerVolumeAttachmentScenario-1004585060 tempest-TestServerVolumeAttachmentScenario-1004585060-project-member] Determining version of request: GET /v2/images/6f4ef9e4-c909-4c90-93e0-a9f07b3dbe40 Accept: application/json {{(pid=102060) process_request /opt/stack/glance/glance/api/middleware/version_negotiation.py:44}}
Jun 09 12:54:41.725770 np0000002441 devstack@g-api.service[102060]: DEBUG glance.api.middleware.version_negotiation [None req-961af702-bc72-45b5-80c7-16869cac4ec1 tempest-TestServerVolumeAttachmentScenario-1004585060 tempest-TestServerVolumeAttachmentScenario-1004585060-project-member] Using url versioning {{(pid=102060) process_request /opt/stack/glance/glance/api/middleware/version_negotiation.py:57}}
Jun 09 12:54:41.726167 np0000002441 devstack@g-api.service[102060]: DEBUG glance.api.middleware.version_negotiation [None req-961af702-bc72-45b5-80c7-16869cac4ec1 tempest-TestServerVolumeAttachmentScenario-1004585060 tempest-TestServerVolumeAttachmentScenario-1004585060-project-member] Matched version: v2 {{(pid=102060) process_request /opt/stack/glance/glance/api/middleware/version_negotiation.py:69}}
Jun 09 12:54:41.726339 np0000002441 devstack@g-api.service[102060]: DEBUG glance.api.middleware.version_negotiation [None req-961af702-bc72-45b5-80c7-16869cac4ec1 tempest-TestServerVolumeAttachmentScenario-1004585060 tempest-TestServerVolumeAttachmentScenario-1004585060-project-member] new path /v2/images/6f4ef9e4-c909-4c90-93e0-a9f07b3dbe40 {{(pid=102060) process_request /opt/stack/glance/glance/api/middleware/version_negotiation.py:70}}
Jun 09 12:54:41.738977 np0000002441 devstack@g-api.service[102060]: [pid: 102060|app: 0|req: 102/301] 127.0.0.1 () {40 vars in 834 bytes} [Tue Jun 9 12:54:41 2026] GET /v2/images/6f4ef9e4-c909-4c90-93e0-a9f07b3dbe40 => generated 808 bytes in 13 msecs (HTTP/1.1 200) 4 headers in 157 bytes (1 switches on core 0)
Jun 09 12:54:41.834244 np0000002441 devstack@g-api.service[102061]: DEBUG glance.api.middleware.version_negotiation [None req-961af702-bc72-45b5-80c7-16869cac4ec1 tempest-TestServerVolumeAttachmentScenario-1004585060 tempest-TestServerVolumeAttachmentScenario-1004585060-project-member] Determining version of request: GET /v2/images/6f4ef9e4-c909-4c90-93e0-a9f07b3dbe40 Accept: */* {{(pid=102061) process_request /opt/stack/glance/glance/api/middleware/version_negotiation.py:44}}
Jun 09 12:54:41.834374 np0000002441 devstack@g-api.service[102061]: DEBUG glance.api.middleware.version_negotiation [None req-961af702-bc72-45b5-80c7-16869cac4ec1 tempest-TestServerVolumeAttachmentScenario-1004585060 tempest-TestServerVolumeAttachmentScenario-1004585060-project-member] Using url versioning {{(pid=102061) process_request /opt/stack/glance/glance/api/middleware/version_negotiation.py:57}}
Jun 09 12:54:41.834529 np0000002441 devstack@g-api.service[102061]: DEBUG glance.api.middleware.version_negotiation [None req-961af702-bc72-45b5-80c7-16869cac4ec1 tempest-TestServerVolumeAttachmentScenario-1004585060 tempest-TestServerVolumeAttachmentScenario-1004585060-project-member] Matched version: v2 {{(pid=102061) process_request /opt/stack/glance/glance/api/middleware/version_negotiation.py:69}}
Jun 09 12:54:41.834639 np0000002441 devstack@g-api.service[102061]: DEBUG glance.api.middleware.version_negotiation [None req-961af702-bc72-45b5-80c7-16869cac4ec1 tempest-TestServerVolumeAttachmentScenario-1004585060 tempest-TestServerVolumeAttachmentScenario-1004585060-project-member] new path /v2/images/6f4ef9e4-c909-4c90-93e0-a9f07b3dbe40 {{(pid=102061) process_request /opt/stack/glance/glance/api/middleware/version_negotiation.py:70}}
Jun 09 12:54:41.845662 np0000002441 devstack@g-api.service[102061]: [pid: 102061|app: 0|req: 103/302] 127.0.0.1 () {44 vars in 1111 bytes} [Tue Jun 9 12:54:41 2026] GET /v2/images/6f4ef9e4-c909-4c90-93e0-a9f07b3dbe40 => generated 808 bytes in 11 msecs (HTTP/1.1 200) 4 headers in 157 bytes (1 switches on core 0)
Jun 09 12:54:41.855869 np0000002441 devstack@g-api.service[102062]: DEBUG glance.api.middleware.version_negotiation [None req-6e830576-a3f0-4dff-acfc-0ca2fd24bcf7 tempest-ImageDependencyTests-941371564 tempest-ImageDependencyTests-941371564-project-member] Determining version of request: GET /v2/schemas/image Accept: */* {{(pid=102062) process_request /opt/stack/glance/glance/api/middleware/version_negotiation.py:44}}
Jun 09 12:54:41.856011 np0000002441 devstack@g-api.service[102062]: DEBUG glance.api.middleware.version_negotiation [None req-6e830576-a3f0-4dff-acfc-0ca2fd24bcf7 tempest-ImageDependencyTests-941371564 tempest-ImageDependencyTests-941371564-project-member] Using url versioning {{(pid=102062) process_request /opt/stack/glance/glance/api/middleware/version_negotiation.py:57}}
Jun 09 12:54:41.856257 np0000002441 devstack@g-api.service[102062]: DEBUG glance.api.middleware.version_negotiation [None req-6e830576-a3f0-4dff-acfc-0ca2fd24bcf7 tempest-ImageDependencyTests-941371564 tempest-ImageDependencyTests-941371564-project-member] Matched version: v2 {{(pid=102062) process_request /opt/stack/glance/glance/api/middleware/version_negotiation.py:69}}
Jun 09 12:54:41.856392 np0000002441 devstack@g-api.service[102062]: DEBUG glance.api.middleware.version_negotiation [None req-6e830576-a3f0-4dff-acfc-0ca2fd24bcf7 tempest-ImageDependencyTests-941371564 tempest-ImageDependencyTests-941371564-project-member] new path /v2/schemas/image {{(pid=102062) process_request /opt/stack/glance/glance/api/middleware/version_negotiation.py:70}}
Jun 09 12:54:41.860024 np0000002441 devstack@g-api.service[102062]: [pid: 102062|app: 0|req: 98/303] 127.0.0.1 () {44 vars in 1051 bytes} [Tue Jun 9 12:54:41 2026] GET /v2/schemas/image => generated 6083 bytes in 5 msecs (HTTP/1.1 200) 4 headers in 158 bytes (1 switches on core 0)
Jun 09 12:54:41.873223 np0000002441 devstack@g-api.service[102060]: DEBUG glance.api.middleware.version_negotiation [None req-b47bd56c-3e8e-49c5-866f-0723e35f7da8 tempest-ImageDependencyTests-941371564 tempest-ImageDependencyTests-941371564-project-member] Determining version of request: GET /v2/schemas/image Accept: */* {{(pid=102060) process_request /opt/stack/glance/glance/api/middleware/version_negotiation.py:44}}
Jun 09 12:54:41.873223 np0000002441 devstack@g-api.service[102060]: DEBUG glance.api.middleware.version_negotiation [None req-b47bd56c-3e8e-49c5-866f-0723e35f7da8 tempest-ImageDependencyTests-941371564 tempest-ImageDependencyTests-941371564-project-member] Using url versioning {{(pid=102060) process_request /opt/stack/glance/glance/api/middleware/version_negotiation.py:57}}
