Jun 09 12:45:44.147349 np0000002441 nova-scheduler[95765]: DEBUG cotyledon.oslo_config_glue [-] oslo_limit.connect_retries = None {{(pid=95765) log_opt_values /opt/stack/data/venv/lib/python3.12/site-packages/oslo_config/cfg.py:3256}}
Jun 09 12:45:44.147349 np0000002441 nova-scheduler[95765]: DEBUG cotyledon.oslo_config_glue [-] oslo_limit.connect_retry_delay = None {{(pid=95765) log_opt_values /opt/stack/data/venv/lib/python3.12/site-packages/oslo_config/cfg.py:3256}}
Jun 09 12:45:44.147349 np0000002441 nova-scheduler[95765]: DEBUG cotyledon.oslo_config_glue [-] oslo_limit.endpoint_id = None {{(pid=95765) log_opt_values /opt/stack/data/venv/lib/python3.12/site-packages/oslo_config/cfg.py:3256}}
Jun 09 12:45:44.147349 np0000002441 nova-scheduler[95765]: DEBUG cotyledon.oslo_config_glue [-] oslo_limit.endpoint_interface = public {{(pid=95765) log_opt_values /opt/stack/data/venv/lib/python3.12/site-packages/oslo_config/cfg.py:3256}}
Jun 09 12:45:44.147349 np0000002441 nova-scheduler[95765]: DEBUG cotyledon.oslo_config_glue [-] oslo_limit.endpoint_override = None {{(pid=95765) log_opt_values /opt/stack/data/venv/lib/python3.12/site-packages/oslo_config/cfg.py:3256}}
Jun 09 12:45:44.147349 np0000002441 nova-scheduler[95765]: DEBUG cotyledon.oslo_config_glue [-] oslo_limit.endpoint_region_name = None {{(pid=95765) log_opt_values /opt/stack/data/venv/lib/python3.12/site-packages/oslo_config/cfg.py:3256}}
Jun 09 12:45:44.147665 np0000002441 nova-scheduler[95765]: DEBUG cotyledon.oslo_config_glue [-] oslo_limit.endpoint_service_name = None {{(pid=95765) log_opt_values /opt/stack/data/venv/lib/python3.12/site-packages/oslo_config/cfg.py:3256}}
Jun 09 12:45:44.147665 np0000002441 nova-scheduler[95765]: DEBUG cotyledon.oslo_config_glue [-] oslo_limit.endpoint_service_type = None {{(pid=95765) log_opt_values /opt/stack/data/venv/lib/python3.12/site-packages/oslo_config/cfg.py:3256}}
Jun 09 12:45:44.147665 np0000002441 nova-scheduler[95765]: DEBUG cotyledon.oslo_config_glue [-] oslo_limit.insecure = False {{(pid=95765) log_opt_values /opt/stack/data/venv/lib/python3.12/site-packages/oslo_config/cfg.py:3256}}
Jun 09 12:45:44.147665 np0000002441 nova-scheduler[95765]: DEBUG cotyledon.oslo_config_glue [-] oslo_limit.keyfile = None {{(pid=95765) log_opt_values /opt/stack/data/venv/lib/python3.12/site-packages/oslo_config/cfg.py:3256}}
Jun 09 12:45:44.147665 np0000002441 nova-scheduler[95765]: DEBUG cotyledon.oslo_config_glue [-] oslo_limit.max_version = None {{(pid=95765) log_opt_values /opt/stack/data/venv/lib/python3.12/site-packages/oslo_config/cfg.py:3256}}
Jun 09 12:45:44.147665 np0000002441 nova-scheduler[95765]: DEBUG cotyledon.oslo_config_glue [-] oslo_limit.min_version = None {{(pid=95765) log_opt_values /opt/stack/data/venv/lib/python3.12/site-packages/oslo_config/cfg.py:3256}}
Jun 09 12:45:44.147665 np0000002441 nova-scheduler[95765]: DEBUG cotyledon.oslo_config_glue [-] oslo_limit.region_name = None {{(pid=95765) log_opt_values /opt/stack/data/venv/lib/python3.12/site-packages/oslo_config/cfg.py:3256}}
Jun 09 12:45:44.147665 np0000002441 nova-scheduler[95765]: DEBUG cotyledon.oslo_config_glue [-] oslo_limit.retriable_status_codes = None {{(pid=95765) log_opt_values /opt/stack/data/venv/lib/python3.12/site-packages/oslo_config/cfg.py:3256}}
Jun 09 12:45:44.147665 np0000002441 nova-scheduler[95765]: DEBUG cotyledon.oslo_config_glue [-] oslo_limit.service_name = None {{(pid=95765) log_opt_values /opt/stack/data/venv/lib/python3.12/site-packages/oslo_config/cfg.py:3256}}
Jun 09 12:45:44.147987 np0000002441 nova-scheduler[95765]: DEBUG cotyledon.oslo_config_glue [-] oslo_limit.service_type = None {{(pid=95765) log_opt_values /opt/stack/data/venv/lib/python3.12/site-packages/oslo_config/cfg.py:3256}}
Jun 09 12:45:44.147987 np0000002441 nova-scheduler[95765]: DEBUG cotyledon.oslo_config_glue [-] oslo_limit.split_loggers = False {{(pid=95765) log_opt_values /opt/stack/data/venv/lib/python3.12/site-packages/oslo_config/cfg.py:3256}}
Jun 09 12:45:44.147987 np0000002441 nova-scheduler[95765]: DEBUG cotyledon.oslo_config_glue [-] oslo_limit.status_code_retries = None {{(pid=95765) log_opt_values /opt/stack/data/venv/lib/python3.12/site-packages/oslo_config/cfg.py:3256}}
Jun 09 12:45:44.147987 np0000002441 nova-scheduler[95765]: DEBUG cotyledon.oslo_config_glue [-] oslo_limit.status_code_retry_delay = None {{(pid=95765) log_opt_values /opt/stack/data/venv/lib/python3.12/site-packages/oslo_config/cfg.py:3256}}
Jun 09 12:45:44.147987 np0000002441 nova-scheduler[95765]: DEBUG cotyledon.oslo_config_glue [-] oslo_limit.timeout = None {{(pid=95765) log_opt_values /opt/stack/data/venv/lib/python3.12/site-packages/oslo_config/cfg.py:3256}}
Jun 09 12:45:44.147987 np0000002441 nova-scheduler[95765]: DEBUG cotyledon.oslo_config_glue [-] oslo_limit.valid_interfaces = None {{(pid=95765) log_opt_values /opt/stack/data/venv/lib/python3.12/site-packages/oslo_config/cfg.py:3256}}
Jun 09 12:45:44.147987 np0000002441 nova-scheduler[95765]: DEBUG cotyledon.oslo_config_glue [-] oslo_limit.version = None {{(pid=95765) log_opt_values /opt/stack/data/venv/lib/python3.12/site-packages/oslo_config/cfg.py:3256}}
Jun 09 12:45:44.147987 np0000002441 nova-scheduler[95765]: DEBUG cotyledon.oslo_config_glue [-] oslo_reports.file_event_handler = None {{(pid=95765) log_opt_values /opt/stack/data/venv/lib/python3.12/site-packages/oslo_config/cfg.py:3256}}
Jun 09 12:45:44.147987 np0000002441 nova-scheduler[95765]: DEBUG cotyledon.oslo_config_glue [-] oslo_reports.file_event_handler_interval = 1 {{(pid=95765) log_opt_values /opt/stack/data/venv/lib/python3.12/site-packages/oslo_config/cfg.py:3256}}
Jun 09 12:45:44.148328 np0000002441 nova-scheduler[95765]: DEBUG cotyledon.oslo_config_glue [-] oslo_reports.log_dir = None {{(pid=95765) log_opt_values /opt/stack/data/venv/lib/python3.12/site-packages/oslo_config/cfg.py:3256}}
Jun 09 12:45:44.148328 np0000002441 nova-scheduler[95765]: DEBUG cotyledon.oslo_config_glue [-] ******************************************************************************** {{(pid=95765) log_opt_values /opt/stack/data/venv/lib/python3.12/site-packages/oslo_config/cfg.py:3263}}
Jun 09 12:45:44.148328 np0000002441 nova-scheduler[95765]: DEBUG cotyledon._service_worker [-] Run service ServiceWrapper(1) [95765] {{(pid=95765) wait_forever /opt/stack/data/venv/lib/python3.12/site-packages/cotyledon/_service_worker.py:218}}
Jun 09 12:45:44.148328 np0000002441 nova-scheduler[95765]: INFO nova.service [-] Starting scheduler node (version 33.1.0)
Jun 09 12:45:44.148328 np0000002441 nova-scheduler[95765]: INFO dbcounter [None req-c768dd77-06e7-4f8b-aa11-394fff3fb2a9 None None] Registered counter for database nova_cell0
Jun 09 12:45:44.148502 np0000002441 nova-scheduler[95763]: DEBUG oslo_db.sqlalchemy.engines [None req-55268920-bee9-4e56-8a41-80447a822d87 None None] MySQL server mode set to STRICT_TRANS_TABLES,STRICT_ALL_TABLES,NO_ZERO_IN_DATE,NO_ZERO_DATE,ERROR_FOR_DIVISION_BY_ZERO,TRADITIONAL,NO_ENGINE_SUBSTITUTION {{(pid=95763) _check_effective_sql_mode /opt/stack/data/venv/lib/python3.12/site-packages/oslo_db/sqlalchemy/engines.py:325}}
Jun 09 12:45:44.148502 np0000002441 nova-scheduler[95763]: DEBUG dbcounter [-] [95763] Writer thread running {{(pid=95763) stat_writer /opt/stack/data/venv/lib/python3.12/site-packages/dbcounter.py:102}}
Jun 09 12:45:44.163293 np0000002441 nova-scheduler[95763]: DEBUG nova.service [None req-55268920-bee9-4e56-8a41-80447a822d87 None None] Creating RPC server for service: nova-scheduler on topic: scheduler {{(pid=95763) start /opt/stack/nova/nova/service.py:195}}
Jun 09 12:45:44.177780 np0000002441 nova-scheduler[95767]: DEBUG oslo_db.sqlalchemy.engines [None req-532d4f54-0d6b-486b-9938-a391f5178522 None None] MySQL server mode set to STRICT_TRANS_TABLES,STRICT_ALL_TABLES,NO_ZERO_IN_DATE,NO_ZERO_DATE,ERROR_FOR_DIVISION_BY_ZERO,TRADITIONAL,NO_ENGINE_SUBSTITUTION {{(pid=95767) _check_effective_sql_mode /opt/stack/data/venv/lib/python3.12/site-packages/oslo_db/sqlalchemy/engines.py:325}}
Jun 09 12:45:44.181538 np0000002441 nova-scheduler[95765]: DEBUG oslo_db.sqlalchemy.engines [None req-c768dd77-06e7-4f8b-aa11-394fff3fb2a9 None None] MySQL server mode set to STRICT_TRANS_TABLES,STRICT_ALL_TABLES,NO_ZERO_IN_DATE,NO_ZERO_DATE,ERROR_FOR_DIVISION_BY_ZERO,TRADITIONAL,NO_ENGINE_SUBSTITUTION {{(pid=95765) _check_effective_sql_mode /opt/stack/data/venv/lib/python3.12/site-packages/oslo_db/sqlalchemy/engines.py:325}}
Jun 09 12:45:44.189711 np0000002441 nova-scheduler[95767]: DEBUG dbcounter [-] [95767] Writer thread running {{(pid=95767) stat_writer /opt/stack/data/venv/lib/python3.12/site-packages/dbcounter.py:102}}
Jun 09 12:45:44.193414 np0000002441 nova-scheduler[95767]: DEBUG nova.service [None req-532d4f54-0d6b-486b-9938-a391f5178522 None None] Creating RPC server for service: nova-scheduler on topic: scheduler {{(pid=95767) start /opt/stack/nova/nova/service.py:195}}
Jun 09 12:45:44.196993 np0000002441 nova-scheduler[95763]: DEBUG nova.service [None req-55268920-bee9-4e56-8a41-80447a822d87 None None] Join ServiceGroup membership for this service scheduler {{(pid=95763) start /opt/stack/nova/nova/service.py:221}}
Jun 09 12:45:44.197240 np0000002441 nova-scheduler[95763]: DEBUG nova.servicegroup.drivers.db [None req-55268920-bee9-4e56-8a41-80447a822d87 None None] DB_Driver: join new ServiceGroup member np0000002441 to the scheduler group, service = {{(pid=95763) join /opt/stack/nova/nova/servicegroup/drivers/db.py:44}}
Jun 09 12:45:44.197390 np0000002441 nova-scheduler[95765]: DEBUG dbcounter [-] [95765] Writer thread running {{(pid=95765) stat_writer /opt/stack/data/venv/lib/python3.12/site-packages/dbcounter.py:102}}
Jun 09 12:45:44.200989 np0000002441 nova-scheduler[95765]: DEBUG nova.service [None req-c768dd77-06e7-4f8b-aa11-394fff3fb2a9 None None] Creating RPC server for service: nova-scheduler on topic: scheduler {{(pid=95765) start /opt/stack/nova/nova/service.py:195}}
Jun 09 12:45:44.219776 np0000002441 nova-scheduler[95767]: DEBUG nova.service [None req-532d4f54-0d6b-486b-9938-a391f5178522 None None] Join ServiceGroup membership for this service scheduler {{(pid=95767) start /opt/stack/nova/nova/service.py:221}}
Jun 09 12:45:44.220273 np0000002441 nova-scheduler[95767]: DEBUG nova.servicegroup.drivers.db [None req-532d4f54-0d6b-486b-9938-a391f5178522 None None] DB_Driver: join new ServiceGroup member np0000002441 to the scheduler group, service = {{(pid=95767) join /opt/stack/nova/nova/servicegroup/drivers/db.py:44}}
Jun 09 12:45:44.229203 np0000002441 nova-scheduler[95765]: DEBUG nova.service [None req-c768dd77-06e7-4f8b-aa11-394fff3fb2a9 None None] Join ServiceGroup membership for this service scheduler {{(pid=95765) start /opt/stack/nova/nova/service.py:221}}
Jun 09 12:45:44.229709 np0000002441 nova-scheduler[95765]: DEBUG nova.servicegroup.drivers.db [None req-c768dd77-06e7-4f8b-aa11-394fff3fb2a9 None None] DB_Driver: join new ServiceGroup member np0000002441 to the scheduler group, service = {{(pid=95765) join /opt/stack/nova/nova/servicegroup/drivers/db.py:44}}
Jun 09 12:45:49.213781 np0000002441 nova-scheduler[95763]: DEBUG oslo.service.backend._threading.loopingcall [-] Fixed interval looping call 'nova.servicegroup.drivers.db.DbDriver._report_state' sleeping for 119.99 seconds {{(pid=95763) _run_loop /opt/stack/data/venv/lib/python3.12/site-packages/oslo_service/backend/_threading/loopingcall.py:125}}
Jun 09 12:45:49.236824 np0000002441 nova-scheduler[95767]: DEBUG oslo.service.backend._threading.loopingcall [-] Fixed interval looping call 'nova.servicegroup.drivers.db.DbDriver._report_state' sleeping for 119.99 seconds {{(pid=95767) _run_loop /opt/stack/data/venv/lib/python3.12/site-packages/oslo_service/backend/_threading/loopingcall.py:125}}
Jun 09 12:45:49.245673 np0000002441 nova-scheduler[95765]: DEBUG oslo.service.backend._threading.loopingcall [-] Fixed interval looping call 'nova.servicegroup.drivers.db.DbDriver._report_state' sleeping for 119.99 seconds {{(pid=95765) _run_loop /opt/stack/data/venv/lib/python3.12/site-packages/oslo_service/backend/_threading/loopingcall.py:125}}
Jun 09 12:45:52.762033 np0000002441 nova-scheduler[94498]: DEBUG dbcounter [-] [94498] Writing DB stats nova_api:SELECT=3 {{(pid=94498) stat_writer /opt/stack/data/venv/lib/python3.12/site-packages/dbcounter.py:115}}
Jun 09 12:45:52.892313 np0000002441 nova-scheduler[94498]: DEBUG dbcounter [-] [94498] Writing DB stats nova_cell0:SELECT=1 {{(pid=94498) stat_writer /opt/stack/data/venv/lib/python3.12/site-packages/dbcounter.py:115}}
Jun 09 12:45:52.900446 np0000002441 nova-scheduler[94498]: DEBUG dbcounter [-] [94498] Writing DB stats nova_cell1:SELECT=1 {{(pid=94498) stat_writer /opt/stack/data/venv/lib/python3.12/site-packages/dbcounter.py:115}}
Jun 09 12:45:58.199530 np0000002441 nova-scheduler[95763]: DEBUG oslo.service.backend._threading.loopingcall [None req-bf86c7a5-b2c9-46c3-8b50-94f579862987 None None] Dynamic interval looping call 'nova.service.Service.periodic_tasks' sleeping for 60.00 seconds {{(pid=95763) _run_loop /opt/stack/data/venv/lib/python3.12/site-packages/oslo_service/backend/_threading/loopingcall.py:125}}
Jun 09 12:45:59.206335 np0000002441 nova-scheduler[95763]: DEBUG dbcounter [-] [95763] Writing DB stats nova_cell0:SELECT=4,nova_cell0:INSERT=1,nova_cell0:UPDATE=1 {{(pid=95763) stat_writer /opt/stack/data/venv/lib/python3.12/site-packages/dbcounter.py:115}}
Jun 09 12:45:59.234135 np0000002441 nova-scheduler[95767]: DEBUG dbcounter [-] [95767] Writing DB stats nova_cell0:SELECT=3 {{(pid=95767) stat_writer /opt/stack/data/venv/lib/python3.12/site-packages/dbcounter.py:115}}
Jun 09 12:45:59.242664 np0000002441 nova-scheduler[95765]: DEBUG dbcounter [-] [95765] Writing DB stats nova_cell0:SELECT=3 {{(pid=95765) stat_writer /opt/stack/data/venv/lib/python3.12/site-packages/dbcounter.py:115}}
Jun 09 12:46:01.226543 np0000002441 nova-scheduler[95767]: DEBUG oslo.service.backend._threading.loopingcall [None req-8dd7f4c7-ce1e-4bcf-8cf2-73d923b63770 None None] Dynamic interval looping call 'nova.service.Service.periodic_tasks' sleeping for 60.00 seconds {{(pid=95767) _run_loop /opt/stack/data/venv/lib/python3.12/site-packages/oslo_service/backend/_threading/loopingcall.py:125}}
Jun 09 12:46:20.236567 np0000002441 nova-scheduler[95765]: DEBUG oslo.service.backend._threading.loopingcall [None req-59bfb3b7-b462-4f36-b4e7-f20db6a6bc47 None None] Dynamic interval looping call 'nova.service.Service.periodic_tasks' sleeping for 60.00 seconds {{(pid=95765) _run_loop /opt/stack/data/venv/lib/python3.12/site-packages/oslo_service/backend/_threading/loopingcall.py:125}}
Jun 09 12:46:58.200125 np0000002441 nova-scheduler[95763]: DEBUG oslo.service.backend._threading.loopingcall [None req-bf86c7a5-b2c9-46c3-8b50-94f579862987 None None] Dynamic interval looping call 'nova.service.Service.periodic_tasks' sleeping for 60.00 seconds {{(pid=95763) _run_loop /opt/stack/data/venv/lib/python3.12/site-packages/oslo_service/backend/_threading/loopingcall.py:125}}
Jun 09 12:47:01.227143 np0000002441 nova-scheduler[95767]: DEBUG oslo.service.backend._threading.loopingcall [None req-8dd7f4c7-ce1e-4bcf-8cf2-73d923b63770 None None] Dynamic interval looping call 'nova.service.Service.periodic_tasks' sleeping for 60.00 seconds {{(pid=95767) _run_loop /opt/stack/data/venv/lib/python3.12/site-packages/oslo_service/backend/_threading/loopingcall.py:125}}
Jun 09 12:47:20.237193 np0000002441 nova-scheduler[95765]: DEBUG oslo.service.backend._threading.loopingcall [None req-59bfb3b7-b462-4f36-b4e7-f20db6a6bc47 None None] Dynamic interval looping call 'nova.service.Service.periodic_tasks' sleeping for 60.00 seconds {{(pid=95765) _run_loop /opt/stack/data/venv/lib/python3.12/site-packages/oslo_service/backend/_threading/loopingcall.py:125}}
Jun 09 12:47:49.210865 np0000002441 nova-scheduler[95763]: DEBUG oslo.service.backend._threading.loopingcall [-] Fixed interval looping call 'nova.servicegroup.drivers.db.DbDriver._report_state' sleeping for 119.99 seconds {{(pid=95763) _run_loop /opt/stack/data/venv/lib/python3.12/site-packages/oslo_service/backend/_threading/loopingcall.py:125}}
Jun 09 12:47:49.230579 np0000002441 nova-scheduler[95767]: DEBUG oslo.service.backend._threading.loopingcall [-] Fixed interval looping call 'nova.servicegroup.drivers.db.DbDriver._report_state' sleeping for 120.00 seconds {{(pid=95767) _run_loop /opt/stack/data/venv/lib/python3.12/site-packages/oslo_service/backend/_threading/loopingcall.py:125}}
Jun 09 12:47:49.239434 np0000002441 nova-scheduler[95765]: DEBUG oslo.service.backend._threading.loopingcall [-] Fixed interval looping call 'nova.servicegroup.drivers.db.DbDriver._report_state' sleeping for 120.00 seconds {{(pid=95765) _run_loop /opt/stack/data/venv/lib/python3.12/site-packages/oslo_service/backend/_threading/loopingcall.py:125}}
Jun 09 12:47:58.200617 np0000002441 nova-scheduler[95763]: DEBUG oslo.service.backend._threading.loopingcall [None req-bf86c7a5-b2c9-46c3-8b50-94f579862987 None None] Dynamic interval looping call 'nova.service.Service.periodic_tasks' sleeping for 60.00 seconds {{(pid=95763) _run_loop /opt/stack/data/venv/lib/python3.12/site-packages/oslo_service/backend/_threading/loopingcall.py:125}}
Jun 09 12:47:59.208388 np0000002441 nova-scheduler[95763]: DEBUG dbcounter [-] [95763] Writing DB stats nova_cell0:SELECT=1,nova_cell0:UPDATE=1 {{(pid=95763) stat_writer /opt/stack/data/venv/lib/python3.12/site-packages/dbcounter.py:115}}
Jun 09 12:47:59.229399 np0000002441 nova-scheduler[95767]: DEBUG dbcounter [-] [95767] Writing DB stats nova_cell0:SELECT=1 {{(pid=95767) stat_writer /opt/stack/data/venv/lib/python3.12/site-packages/dbcounter.py:115}}
Jun 09 12:47:59.237624 np0000002441 nova-scheduler[95765]: DEBUG dbcounter [-] [95765] Writing DB stats nova_cell0:SELECT=1 {{(pid=95765) stat_writer /opt/stack/data/venv/lib/python3.12/site-packages/dbcounter.py:115}}
Jun 09 12:48:01.227744 np0000002441 nova-scheduler[95767]: DEBUG oslo.service.backend._threading.loopingcall [None req-8dd7f4c7-ce1e-4bcf-8cf2-73d923b63770 None None] Dynamic interval looping call 'nova.service.Service.periodic_tasks' sleeping for 60.00 seconds {{(pid=95767) _run_loop /opt/stack/data/venv/lib/python3.12/site-packages/oslo_service/backend/_threading/loopingcall.py:125}}
Jun 09 12:48:20.237708 np0000002441 nova-scheduler[95765]: DEBUG oslo.service.backend._threading.loopingcall [None req-59bfb3b7-b462-4f36-b4e7-f20db6a6bc47 None None] Dynamic interval looping call 'nova.service.Service.periodic_tasks' sleeping for 60.00 seconds {{(pid=95765) _run_loop /opt/stack/data/venv/lib/python3.12/site-packages/oslo_service/backend/_threading/loopingcall.py:125}}
Jun 09 12:48:40.673773 np0000002441 nova-scheduler[95763]: DEBUG nova.scheduler.manager [None req-2dc44efe-19f0-4110-93dc-2e7ea8beb0cf tempest-DeleteServersTestJSON-569479645 tempest-DeleteServersTestJSON-569479645-project-member] Starting to schedule for instances: ['ccc83d69-b455-4c1b-bee9-f68744beb69c'] {{(pid=95763) select_destinations /opt/stack/nova/nova/scheduler/manager.py:210}}
Jun 09 12:48:40.674286 np0000002441 nova-scheduler[95763]: DEBUG nova.scheduler.request_filter [None req-2dc44efe-19f0-4110-93dc-2e7ea8beb0cf tempest-DeleteServersTestJSON-569479645 tempest-DeleteServersTestJSON-569479645-project-member] compute_status_filter request filter added forbidden trait COMPUTE_STATUS_DISABLED {{(pid=95763) compute_status_filter /opt/stack/nova/nova/scheduler/request_filter.py:253}}
Jun 09 12:48:40.674456 np0000002441 nova-scheduler[95763]: DEBUG nova.scheduler.request_filter [None req-2dc44efe-19f0-4110-93dc-2e7ea8beb0cf tempest-DeleteServersTestJSON-569479645 tempest-DeleteServersTestJSON-569479645-project-member] Request filter 'compute_status_filter' took 0.0 seconds {{(pid=95763) wrapper /opt/stack/nova/nova/scheduler/request_filter.py:46}}
Jun 09 12:48:40.674792 np0000002441 nova-scheduler[95763]: DEBUG nova.scheduler.request_filter [None req-2dc44efe-19f0-4110-93dc-2e7ea8beb0cf tempest-DeleteServersTestJSON-569479645 tempest-DeleteServersTestJSON-569479645-project-member] Request filter 'accelerators_filter' took 0.0 seconds {{(pid=95763) wrapper /opt/stack/nova/nova/scheduler/request_filter.py:46}}
Jun 09 12:48:40.675439 np0000002441 nova-scheduler[95763]: DEBUG nova.scheduler.request_filter [None req-2dc44efe-19f0-4110-93dc-2e7ea8beb0cf tempest-DeleteServersTestJSON-569479645 tempest-DeleteServersTestJSON-569479645-project-member] Request filter 'packed_virtqueue_filter' took 0.0 seconds {{(pid=95763) wrapper /opt/stack/nova/nova/scheduler/request_filter.py:46}}
Jun 09 12:48:40.675938 np0000002441 nova-scheduler[95763]: DEBUG nova.scheduler.request_filter [None req-2dc44efe-19f0-4110-93dc-2e7ea8beb0cf tempest-DeleteServersTestJSON-569479645 tempest-DeleteServersTestJSON-569479645-project-member] Request filter 'remote_managed_ports_filter' took 0.0 seconds {{(pid=95763) wrapper /opt/stack/nova/nova/scheduler/request_filter.py:46}}
Jun 09 12:48:40.675991 np0000002441 nova-scheduler[95763]: DEBUG nova.scheduler.request_filter [None req-2dc44efe-19f0-4110-93dc-2e7ea8beb0cf tempest-DeleteServersTestJSON-569479645 tempest-DeleteServersTestJSON-569479645-project-member] ephemeral_encryption_filter skipped {{(pid=95763) ephemeral_encryption_filter /opt/stack/nova/nova/scheduler/request_filter.py:426}}
Jun 09 12:48:40.676714 np0000002441 nova-scheduler[95763]: DEBUG nova.scheduler.request_filter [None req-2dc44efe-19f0-4110-93dc-2e7ea8beb0cf tempest-DeleteServersTestJSON-569479645 tempest-DeleteServersTestJSON-569479645-project-member] virtio_sound_filter skipped {{(pid=95763) virtio_sound_filter /opt/stack/nova/nova/scheduler/request_filter.py:460}}
Jun 09 12:48:40.677356 np0000002441 nova-scheduler[95763]: DEBUG nova.scheduler.request_filter [None req-2dc44efe-19f0-4110-93dc-2e7ea8beb0cf tempest-DeleteServersTestJSON-569479645 tempest-DeleteServersTestJSON-569479645-project-member] tpm_secret_security_filter skipped {{(pid=95763) tpm_secret_security_filter /opt/stack/nova/nova/scheduler/request_filter.py:477}}
Jun 09 12:48:41.314066 np0000002441 nova-scheduler[95763]: INFO nova.utils [None req-2dc44efe-19f0-4110-93dc-2e7ea8beb0cf tempest-DeleteServersTestJSON-569479645 tempest-DeleteServersTestJSON-569479645-project-member] The cell worker thread pool ForkProcess-1.cell_worker is initialized
Jun 09 12:48:41.314391 np0000002441 nova-scheduler[95763]: DEBUG oslo_concurrency.lockutils [None req-2dc44efe-19f0-4110-93dc-2e7ea8beb0cf tempest-DeleteServersTestJSON-569479645 tempest-DeleteServersTestJSON-569479645-project-member] Acquiring lock "62e9840c-3675-44d5-b336-449ed97192cd" by "nova.context.set_target_cell..get_or_set_cached_cell_and_set_connections" {{(pid=95763) inner /opt/stack/data/venv/lib/python3.12/site-packages/oslo_concurrency/lockutils.py:511}}
Jun 09 12:48:41.314726 np0000002441 nova-scheduler[95763]: DEBUG oslo_concurrency.lockutils [None req-2dc44efe-19f0-4110-93dc-2e7ea8beb0cf tempest-DeleteServersTestJSON-569479645 tempest-DeleteServersTestJSON-569479645-project-member] Lock "62e9840c-3675-44d5-b336-449ed97192cd" acquired by "nova.context.set_target_cell..get_or_set_cached_cell_and_set_connections" :: waited 0.000s {{(pid=95763) inner /opt/stack/data/venv/lib/python3.12/site-packages/oslo_concurrency/lockutils.py:524}}
Jun 09 12:48:41.316806 np0000002441 nova-scheduler[95763]: DEBUG oslo_concurrency.lockutils [None req-2dc44efe-19f0-4110-93dc-2e7ea8beb0cf tempest-DeleteServersTestJSON-569479645 tempest-DeleteServersTestJSON-569479645-project-member] Lock "62e9840c-3675-44d5-b336-449ed97192cd" "released" by "nova.context.set_target_cell..get_or_set_cached_cell_and_set_connections" :: held 0.002s {{(pid=95763) inner /opt/stack/data/venv/lib/python3.12/site-packages/oslo_concurrency/lockutils.py:543}}
Jun 09 12:48:41.319905 np0000002441 nova-scheduler[95763]: INFO dbcounter [None req-2dc44efe-19f0-4110-93dc-2e7ea8beb0cf tempest-DeleteServersTestJSON-569479645 tempest-DeleteServersTestJSON-569479645-project-member] Registered counter for database nova_cell1
Jun 09 12:48:41.365129 np0000002441 nova-scheduler[95763]: DEBUG oslo_db.sqlalchemy.engines [None req-2dc44efe-19f0-4110-93dc-2e7ea8beb0cf tempest-DeleteServersTestJSON-569479645 tempest-DeleteServersTestJSON-569479645-project-member] MySQL server mode set to STRICT_TRANS_TABLES,STRICT_ALL_TABLES,NO_ZERO_IN_DATE,NO_ZERO_DATE,ERROR_FOR_DIVISION_BY_ZERO,TRADITIONAL,NO_ENGINE_SUBSTITUTION {{(pid=95763) _check_effective_sql_mode /opt/stack/data/venv/lib/python3.12/site-packages/oslo_db/sqlalchemy/engines.py:325}}
Jun 09 12:48:41.370558 np0000002441 nova-scheduler[95763]: DEBUG dbcounter [-] [95763] Writer thread running {{(pid=95763) stat_writer /opt/stack/data/venv/lib/python3.12/site-packages/dbcounter.py:102}}
Jun 09 12:48:41.382545 np0000002441 nova-scheduler[95763]: DEBUG oslo_db.sqlalchemy.engines [None req-2dc44efe-19f0-4110-93dc-2e7ea8beb0cf tempest-DeleteServersTestJSON-569479645 tempest-DeleteServersTestJSON-569479645-project-member] Parent process 94498 forked (95763) with an open database connection, which is being discarded and recreated. {{(pid=95763) checkout /opt/stack/data/venv/lib/python3.12/site-packages/oslo_db/sqlalchemy/engines.py:402}}
Jun 09 12:48:41.428937 np0000002441 nova-scheduler[95763]: DEBUG dbcounter [-] [95763] Writer thread running {{(pid=95763) stat_writer /opt/stack/data/venv/lib/python3.12/site-packages/dbcounter.py:102}}
Jun 09 12:48:41.433596 np0000002441 nova-scheduler[95763]: DEBUG oslo_concurrency.lockutils [None req-2dc44efe-19f0-4110-93dc-2e7ea8beb0cf tempest-DeleteServersTestJSON-569479645 tempest-DeleteServersTestJSON-569479645-project-member] Acquiring lock "62e9840c-3675-44d5-b336-449ed97192cd" by "nova.context.set_target_cell..get_or_set_cached_cell_and_set_connections" {{(pid=95763) inner /opt/stack/data/venv/lib/python3.12/site-packages/oslo_concurrency/lockutils.py:511}}
Jun 09 12:48:41.433913 np0000002441 nova-scheduler[95763]: DEBUG oslo_concurrency.lockutils [None req-2dc44efe-19f0-4110-93dc-2e7ea8beb0cf tempest-DeleteServersTestJSON-569479645 tempest-DeleteServersTestJSON-569479645-project-member] Lock "62e9840c-3675-44d5-b336-449ed97192cd" acquired by "nova.context.set_target_cell..get_or_set_cached_cell_and_set_connections" :: waited 0.001s {{(pid=95763) inner /opt/stack/data/venv/lib/python3.12/site-packages/oslo_concurrency/lockutils.py:524}}
Jun 09 12:48:41.434041 np0000002441 nova-scheduler[95763]: DEBUG oslo_concurrency.lockutils [None req-2dc44efe-19f0-4110-93dc-2e7ea8beb0cf tempest-DeleteServersTestJSON-569479645 tempest-DeleteServersTestJSON-569479645-project-member] Lock "62e9840c-3675-44d5-b336-449ed97192cd" "released" by "nova.context.set_target_cell..get_or_set_cached_cell_and_set_connections" :: held 0.000s {{(pid=95763) inner /opt/stack/data/venv/lib/python3.12/site-packages/oslo_concurrency/lockutils.py:543}}
Jun 09 12:48:41.437830 np0000002441 nova-scheduler[95763]: DEBUG oslo_concurrency.lockutils [None req-2dc44efe-19f0-4110-93dc-2e7ea8beb0cf tempest-DeleteServersTestJSON-569479645 tempest-DeleteServersTestJSON-569479645-project-member] Acquiring lock "('np0000002441', 'np0000002441')" by "nova.scheduler.host_manager.HostState.update.._locked_update" {{(pid=95763) inner /opt/stack/data/venv/lib/python3.12/site-packages/oslo_concurrency/lockutils.py:511}}
Jun 09 12:48:41.438001 np0000002441 nova-scheduler[95763]: DEBUG oslo_concurrency.lockutils [None req-2dc44efe-19f0-4110-93dc-2e7ea8beb0cf tempest-DeleteServersTestJSON-569479645 tempest-DeleteServersTestJSON-569479645-project-member] Lock "('np0000002441', 'np0000002441')" acquired by "nova.scheduler.host_manager.HostState.update.._locked_update" :: waited 0.000s {{(pid=95763) inner /opt/stack/data/venv/lib/python3.12/site-packages/oslo_concurrency/lockutils.py:524}}
Jun 09 12:48:41.438911 np0000002441 nova-scheduler[95763]: DEBUG nova.scheduler.host_manager [None req-2dc44efe-19f0-4110-93dc-2e7ea8beb0cf tempest-DeleteServersTestJSON-569479645 tempest-DeleteServersTestJSON-569479645-project-member] Update host state from compute node: ComputeNode(cpu_allocation_ratio=4.0,cpu_info='{"arch": "x86_64", "model": "EPYC-Milan", "vendor": "AMD", "topology": {"cells": 1, "sockets": 12, "cores": 1, "threads": 1}, "maxphysaddr": {"mode": "emulate", "bits": 40}, "features": ["smap", "clflush", "bmi2", "osvw", "pclmuldq", "ssbd", "cmp_legacy", "fsgsbase", "amd-ssbd", "cx16", "pcid", "avx2", "sse4a", "rdctl-no", "tsc_adjust", "no-nested-data-bp", "bmi1", "rdpid", "sep", "arat", "vmcb-clean", "clwb", "avx", "misalignsse", "pfthreshold", "mmxext", "tsc-deadline", "xsave", "clzero", "stibp-always-on", "sha-ni", "sse4.2", "svme-addr-chk", "umip", "xsaveopt", "fpu", "x2apic", "lm", "smep", "pause-filter", "rdrand", "vpclmulqdq", "apic", "perfctr_core", "cx8", "xgetbv1", "xsaveerptr", "popcnt", "fsrm", "fma", "ibrs", "abm", "lbrv", "mce", "svm", "npt", "vgif", "sse4.1", "gds-no", "pse36", "pschange-mc-no", "topoext", "adx", "pae", "sse", "amd-psfd", "pge", "movbe", "stibp", "virt-ssbd", "pku", "xsavec", "pdpe1gb", "ssse3", "vme", "v-vmsave-vmload", "wbnoinvd", "lahf_lm", "3dnowprefetch", "clflushopt", "nx", "amd-stibp", "lfence-always-serializing", "de", "sse2", "fxsr_opt", "pni", "f16c", "mds-no", "pse", "invpcid", "hypervisor", "arch-capabilities", "rdseed", "spec-ctrl", "mtrr", "cr8legacy", "mmx", "null-sel-clr-base", "flushbyasid", "skip-l1dfl-vmentry", "ibpb", "pat", "tsc-scale", "vaes", "syscall", "nrip-save", "mca", "cmov", "erms", "fxsr", "msr", "rdtscp", "aes", "xsaves", "tsc"]}',created_at=2026-06-09T12:46:09Z,current_workload=0,deleted=False,deleted_at=None,disk_allocation_ratio=1.0,disk_available_least=74,free_disk_gb=95,free_ram_mb=23518,host='np0000002441',host_ip=10.4.3.55,hypervisor_hostname='np0000002441',hypervisor_type='QEMU',hypervisor_version=8002002,id=1,local_gb=95,local_gb_used=0,mapped=1,memory_mb=24030,memory_mb_used=512,metrics='[]',numa_topology='{"nova_object.name": "NUMATopology", "nova_object.namespace": "nova", "nova_object.version": "1.2", "nova_object.data": {"cells": [{"nova_object.name": "NUMACell", "nova_object.namespace": "nova", "nova_object.version": "1.5", "nova_object.data": {"id": 0, "cpuset": [0, 1, 2, 3, 4, 5, 6, 7, 8, 9, 10, 11], "pcpuset": [0, 1, 2, 3, 4, 5, 6, 7, 8, 9, 10, 11], "memory": 24030, "cpu_usage": 0, "memory_usage": 0, "pinned_cpus": [], "siblings": [[6], [2], [5], [11], [8], [4], [1], [7], [10], [0], [3], [9]], "mempages": [{"nova_object.name": "NUMAPagesTopology", "nova_object.namespace": "nova", "nova_object.version": "1.1", "nova_object.data": {"size_kb": 4, "total": 6151798, "used": 0, "reserved": 0}, "nova_object.changes": ["reserved", "total", "size_kb", "used"]}, {"nova_object.name": "NUMAPagesTopology", "nova_object.namespace": "nova", "nova_object.version": "1.1", "nova_object.data": {"size_kb": 2048, "total": 0, "used": 0, "reserved": 0}, "nova_object.changes": ["reserved", "total", "size_kb", "used"]}, {"nova_object.name": "NUMAPagesTopology", "nova_object.namespace": "nova", "nova_object.version": "1.1", "nova_object.data": {"size_kb": 1048576, "total": 0, "used": 0, "reserved": 0}, "nova_object.changes": ["reserved", "total", "size_kb", "used"]}], "network_metadata": {"nova_object.name": "NetworkMetadata", "nova_object.namespace": "nova", "nova_object.version": "1.0", "nova_object.data": {"physnets": [], "tunneled": false}, "nova_object.changes": ["physnets", "tunneled"]}, "socket": null}, "nova_object.changes": ["pcpuset", "mempages", "cpu_usage", "pinned_cpus", "cpuset", "siblings", "id", "socket", "memory_usage", "network_metadata", "memory"]}]}, "nova_object.changes": ["cells"]}',pci_device_pools=PciDevicePoolList,ram_allocation_ratio=1.0,running_vms=0,service_id=3,stats={failed_builds='0',uptime=' 12:47:55 up 27 min, 2 users, load average: 1.02, 1.29, 0.76
Jun 09 12:48:41.438911 np0000002441 nova-scheduler[95763]: '},supported_hv_specs=[HVSpec,HVSpec,HVSpec,HVSpec,HVSpec,HVSpec,HVSpec,HVSpec,HVSpec,HVSpec,HVSpec,HVSpec,HVSpec,HVSpec,HVSpec,HVSpec,HVSpec,HVSpec,HVSpec,HVSpec,HVSpec,HVSpec,HVSpec,HVSpec,HVSpec],updated_at=2026-06-09T12:47:57Z,uuid=120ffc0b-71f2-44b1-bbc8-77d6314dcfc2,vcpus=12,vcpus_used=0) {{(pid=95763) _locked_update /opt/stack/nova/nova/scheduler/host_manager.py:168}}
Jun 09 12:48:41.439776 np0000002441 nova-scheduler[95763]: DEBUG nova.scheduler.host_manager [None req-2dc44efe-19f0-4110-93dc-2e7ea8beb0cf tempest-DeleteServersTestJSON-569479645 tempest-DeleteServersTestJSON-569479645-project-member] Update host state with aggregates: [] {{(pid=95763) _locked_update /opt/stack/nova/nova/scheduler/host_manager.py:171}}
Jun 09 12:48:41.439836 np0000002441 nova-scheduler[95763]: DEBUG nova.scheduler.host_manager [None req-2dc44efe-19f0-4110-93dc-2e7ea8beb0cf tempest-DeleteServersTestJSON-569479645 tempest-DeleteServersTestJSON-569479645-project-member] Update host state with service dict: {'id': 3, 'uuid': '294227d5-5320-46fc-8160-6338f682186a', 'host': 'np0000002441', 'binary': 'nova-compute', 'topic': 'compute', 'report_count': 2, 'disabled': False, 'disabled_reason': None, 'last_seen_up': datetime.datetime(2026, 6, 9, 12, 48, 18, tzinfo=datetime.timezone.utc), 'forced_down': False, 'version': 72, 'created_at': datetime.datetime(2026, 6, 9, 12, 46, 8, tzinfo=datetime.timezone.utc), 'updated_at': datetime.datetime(2026, 6, 9, 12, 48, 18, tzinfo=datetime.timezone.utc), 'deleted_at': None, 'deleted': False} {{(pid=95763) _locked_update /opt/stack/nova/nova/scheduler/host_manager.py:174}}
Jun 09 12:48:41.439924 np0000002441 nova-scheduler[95763]: DEBUG nova.scheduler.host_manager [None req-2dc44efe-19f0-4110-93dc-2e7ea8beb0cf tempest-DeleteServersTestJSON-569479645 tempest-DeleteServersTestJSON-569479645-project-member] Update host state with instances: [] {{(pid=95763) _locked_update /opt/stack/nova/nova/scheduler/host_manager.py:177}}
Jun 09 12:48:41.440031 np0000002441 nova-scheduler[95763]: DEBUG oslo_concurrency.lockutils [None req-2dc44efe-19f0-4110-93dc-2e7ea8beb0cf tempest-DeleteServersTestJSON-569479645 tempest-DeleteServersTestJSON-569479645-project-member] Lock "('np0000002441', 'np0000002441')" "released" by "nova.scheduler.host_manager.HostState.update.._locked_update" :: held 0.002s {{(pid=95763) inner /opt/stack/data/venv/lib/python3.12/site-packages/oslo_concurrency/lockutils.py:543}}
Jun 09 12:48:41.440461 np0000002441 nova-scheduler[95763]: DEBUG nova.filters [None req-2dc44efe-19f0-4110-93dc-2e7ea8beb0cf tempest-DeleteServersTestJSON-569479645 tempest-DeleteServersTestJSON-569479645-project-member] Starting with 1 host(s) {{(pid=95763) get_filtered_objects /opt/stack/nova/nova/filters.py:70}}
Jun 09 12:48:41.440640 np0000002441 nova-scheduler[95763]: DEBUG nova.filters [None req-2dc44efe-19f0-4110-93dc-2e7ea8beb0cf tempest-DeleteServersTestJSON-569479645 tempest-DeleteServersTestJSON-569479645-project-member] Filter ComputeFilter returned 1 host(s) {{(pid=95763) get_filtered_objects /opt/stack/nova/nova/filters.py:102}}
Jun 09 12:48:41.440810 np0000002441 nova-scheduler[95763]: DEBUG nova.filters [None req-2dc44efe-19f0-4110-93dc-2e7ea8beb0cf tempest-DeleteServersTestJSON-569479645 tempest-DeleteServersTestJSON-569479645-project-member] Filter ComputeCapabilitiesFilter returned 1 host(s) {{(pid=95763) get_filtered_objects /opt/stack/nova/nova/filters.py:102}}
Jun 09 12:48:41.441253 np0000002441 nova-scheduler[95763]: DEBUG nova.filters [None req-2dc44efe-19f0-4110-93dc-2e7ea8beb0cf tempest-DeleteServersTestJSON-569479645 tempest-DeleteServersTestJSON-569479645-project-member] Filter ImagePropertiesFilter returned 1 host(s) {{(pid=95763) get_filtered_objects /opt/stack/nova/nova/filters.py:102}}
Jun 09 12:48:41.441402 np0000002441 nova-scheduler[95763]: DEBUG nova.filters [None req-2dc44efe-19f0-4110-93dc-2e7ea8beb0cf tempest-DeleteServersTestJSON-569479645 tempest-DeleteServersTestJSON-569479645-project-member] Filter ServerGroupAntiAffinityFilter returned 1 host(s) {{(pid=95763) get_filtered_objects /opt/stack/nova/nova/filters.py:102}}
Jun 09 12:48:41.441505 np0000002441 nova-scheduler[95763]: DEBUG nova.filters [None req-2dc44efe-19f0-4110-93dc-2e7ea8beb0cf tempest-DeleteServersTestJSON-569479645 tempest-DeleteServersTestJSON-569479645-project-member] Filter ServerGroupAffinityFilter returned 1 host(s) {{(pid=95763) get_filtered_objects /opt/stack/nova/nova/filters.py:102}}
Jun 09 12:48:41.441617 np0000002441 nova-scheduler[95763]: DEBUG nova.filters [None req-2dc44efe-19f0-4110-93dc-2e7ea8beb0cf tempest-DeleteServersTestJSON-569479645 tempest-DeleteServersTestJSON-569479645-project-member] Filter SameHostFilter returned 1 host(s) {{(pid=95763) get_filtered_objects /opt/stack/nova/nova/filters.py:102}}
Jun 09 12:48:41.441715 np0000002441 nova-scheduler[95763]: DEBUG nova.filters [None req-2dc44efe-19f0-4110-93dc-2e7ea8beb0cf tempest-DeleteServersTestJSON-569479645 tempest-DeleteServersTestJSON-569479645-project-member] Filter DifferentHostFilter returned 1 host(s) {{(pid=95763) get_filtered_objects /opt/stack/nova/nova/filters.py:102}}
Jun 09 12:48:41.442038 np0000002441 nova-scheduler[95763]: DEBUG nova.scheduler.manager [None req-2dc44efe-19f0-4110-93dc-2e7ea8beb0cf tempest-DeleteServersTestJSON-569479645 tempest-DeleteServersTestJSON-569479645-project-member] Filtered [(np0000002441, np0000002441) ram: 23518MB disk: 75776MB io_ops: 0 instances: 0, allocation_candidates: 1] {{(pid=95763) _get_sorted_hosts /opt/stack/nova/nova/scheduler/manager.py:743}}
Jun 09 12:48:41.442038 np0000002441 nova-scheduler[95763]: DEBUG nova.scheduler.manager [None req-2dc44efe-19f0-4110-93dc-2e7ea8beb0cf tempest-DeleteServersTestJSON-569479645 tempest-DeleteServersTestJSON-569479645-project-member] Weighed [WeighedHost [host: (np0000002441, np0000002441) ram: 23518MB disk: 75776MB io_ops: 0 instances: 0, allocation_candidates: 1, weight: 0.0]] {{(pid=95763) _get_sorted_hosts /opt/stack/nova/nova/scheduler/manager.py:765}}
Jun 09 12:48:41.442204 np0000002441 nova-scheduler[95763]: DEBUG nova.scheduler.utils [None req-2dc44efe-19f0-4110-93dc-2e7ea8beb0cf tempest-DeleteServersTestJSON-569479645 tempest-DeleteServersTestJSON-569479645-project-member] Attempting to claim resources in the placement API for instance ccc83d69-b455-4c1b-bee9-f68744beb69c {{(pid=95763) claim_resources /opt/stack/nova/nova/scheduler/utils.py:1345}}
Jun 09 12:48:41.609051 np0000002441 nova-scheduler[95763]: DEBUG nova.scheduler.manager [None req-2dc44efe-19f0-4110-93dc-2e7ea8beb0cf tempest-DeleteServersTestJSON-569479645 tempest-DeleteServersTestJSON-569479645-project-member] [instance: ccc83d69-b455-4c1b-bee9-f68744beb69c] Selected host: (np0000002441, np0000002441) ram: 23518MB disk: 75776MB io_ops: 0 instances: 0, allocation_candidates: 1 {{(pid=95763) _consume_selected_host /opt/stack/nova/nova/scheduler/manager.py:625}}
Jun 09 12:48:41.610103 np0000002441 nova-scheduler[95763]: DEBUG oslo_concurrency.lockutils [None req-2dc44efe-19f0-4110-93dc-2e7ea8beb0cf tempest-DeleteServersTestJSON-569479645 tempest-DeleteServersTestJSON-569479645-project-member] Acquiring lock "('np0000002441', 'np0000002441')" by "nova.scheduler.host_manager.HostState.consume_from_request.._locked" {{(pid=95763) inner /opt/stack/data/venv/lib/python3.12/site-packages/oslo_concurrency/lockutils.py:511}}
Jun 09 12:48:41.610103 np0000002441 nova-scheduler[95763]: DEBUG oslo_concurrency.lockutils [None req-2dc44efe-19f0-4110-93dc-2e7ea8beb0cf tempest-DeleteServersTestJSON-569479645 tempest-DeleteServersTestJSON-569479645-project-member] Lock "('np0000002441', 'np0000002441')" acquired by "nova.scheduler.host_manager.HostState.consume_from_request.._locked" :: waited 0.001s {{(pid=95763) inner /opt/stack/data/venv/lib/python3.12/site-packages/oslo_concurrency/lockutils.py:524}}
Jun 09 12:48:41.610281 np0000002441 nova-scheduler[95763]: DEBUG oslo_concurrency.lockutils [None req-2dc44efe-19f0-4110-93dc-2e7ea8beb0cf tempest-DeleteServersTestJSON-569479645 tempest-DeleteServersTestJSON-569479645-project-member] Lock "('np0000002441', 'np0000002441')" "released" by "nova.scheduler.host_manager.HostState.consume_from_request.._locked" :: held 0.000s {{(pid=95763) inner /opt/stack/data/venv/lib/python3.12/site-packages/oslo_concurrency/lockutils.py:543}}
Jun 09 12:48:49.836292 np0000002441 nova-scheduler[95767]: DEBUG nova.scheduler.manager [None req-acce813a-0baa-4c6a-ad29-5dc835aa84f0 tempest-ServerActionsTestOtherB-1495711586 tempest-ServerActionsTestOtherB-1495711586-project-member] Starting to schedule for instances: ['4f13dde4-cd5f-43e2-904e-95e11b85f68b'] {{(pid=95767) select_destinations /opt/stack/nova/nova/scheduler/manager.py:210}}
Jun 09 12:48:49.837218 np0000002441 nova-scheduler[95767]: DEBUG nova.scheduler.request_filter [None req-acce813a-0baa-4c6a-ad29-5dc835aa84f0 tempest-ServerActionsTestOtherB-1495711586 tempest-ServerActionsTestOtherB-1495711586-project-member] compute_status_filter request filter added forbidden trait COMPUTE_STATUS_DISABLED {{(pid=95767) compute_status_filter /opt/stack/nova/nova/scheduler/request_filter.py:253}}
Jun 09 12:48:49.837431 np0000002441 nova-scheduler[95767]: DEBUG nova.scheduler.request_filter [None req-acce813a-0baa-4c6a-ad29-5dc835aa84f0 tempest-ServerActionsTestOtherB-1495711586 tempest-ServerActionsTestOtherB-1495711586-project-member] Request filter 'compute_status_filter' took 0.0 seconds {{(pid=95767) wrapper /opt/stack/nova/nova/scheduler/request_filter.py:46}}
Jun 09 12:48:49.837670 np0000002441 nova-scheduler[95767]: DEBUG nova.scheduler.request_filter [None req-acce813a-0baa-4c6a-ad29-5dc835aa84f0 tempest-ServerActionsTestOtherB-1495711586 tempest-ServerActionsTestOtherB-1495711586-project-member] Request filter 'accelerators_filter' took 0.0 seconds {{(pid=95767) wrapper /opt/stack/nova/nova/scheduler/request_filter.py:46}}
Jun 09 12:48:49.837947 np0000002441 nova-scheduler[95767]: DEBUG nova.scheduler.request_filter [None req-acce813a-0baa-4c6a-ad29-5dc835aa84f0 tempest-ServerActionsTestOtherB-1495711586 tempest-ServerActionsTestOtherB-1495711586-project-member] Request filter 'packed_virtqueue_filter' took 0.0 seconds {{(pid=95767) wrapper /opt/stack/nova/nova/scheduler/request_filter.py:46}}
Jun 09 12:48:49.838469 np0000002441 nova-scheduler[95767]: DEBUG nova.scheduler.request_filter [None req-acce813a-0baa-4c6a-ad29-5dc835aa84f0 tempest-ServerActionsTestOtherB-1495711586 tempest-ServerActionsTestOtherB-1495711586-project-member] Request filter 'remote_managed_ports_filter' took 0.0 seconds {{(pid=95767) wrapper /opt/stack/nova/nova/scheduler/request_filter.py:46}}
Jun 09 12:48:49.838643 np0000002441 nova-scheduler[95767]: DEBUG nova.scheduler.request_filter [None req-acce813a-0baa-4c6a-ad29-5dc835aa84f0 tempest-ServerActionsTestOtherB-1495711586 tempest-ServerActionsTestOtherB-1495711586-project-member] ephemeral_encryption_filter skipped {{(pid=95767) ephemeral_encryption_filter /opt/stack/nova/nova/scheduler/request_filter.py:426}}
Jun 09 12:48:49.839231 np0000002441 nova-scheduler[95767]: DEBUG nova.scheduler.request_filter [None req-acce813a-0baa-4c6a-ad29-5dc835aa84f0 tempest-ServerActionsTestOtherB-1495711586 tempest-ServerActionsTestOtherB-1495711586-project-member] virtio_sound_filter skipped {{(pid=95767) virtio_sound_filter /opt/stack/nova/nova/scheduler/request_filter.py:460}}
Jun 09 12:48:49.839394 np0000002441 nova-scheduler[95767]: DEBUG nova.scheduler.request_filter [None req-acce813a-0baa-4c6a-ad29-5dc835aa84f0 tempest-ServerActionsTestOtherB-1495711586 tempest-ServerActionsTestOtherB-1495711586-project-member] tpm_secret_security_filter skipped {{(pid=95767) tpm_secret_security_filter /opt/stack/nova/nova/scheduler/request_filter.py:477}}
Jun 09 12:48:49.948177 np0000002441 nova-scheduler[95767]: INFO nova.utils [None req-acce813a-0baa-4c6a-ad29-5dc835aa84f0 tempest-ServerActionsTestOtherB-1495711586 tempest-ServerActionsTestOtherB-1495711586-project-member] The cell worker thread pool ForkProcess-3.cell_worker is initialized
Jun 09 12:48:49.948487 np0000002441 nova-scheduler[95767]: DEBUG oslo_concurrency.lockutils [None req-acce813a-0baa-4c6a-ad29-5dc835aa84f0 tempest-ServerActionsTestOtherB-1495711586 tempest-ServerActionsTestOtherB-1495711586-project-member] Acquiring lock "62e9840c-3675-44d5-b336-449ed97192cd" by "nova.context.set_target_cell..get_or_set_cached_cell_and_set_connections" {{(pid=95767) inner /opt/stack/data/venv/lib/python3.12/site-packages/oslo_concurrency/lockutils.py:511}}
Jun 09 12:48:49.948680 np0000002441 nova-scheduler[95767]: DEBUG oslo_concurrency.lockutils [None req-acce813a-0baa-4c6a-ad29-5dc835aa84f0 tempest-ServerActionsTestOtherB-1495711586 tempest-ServerActionsTestOtherB-1495711586-project-member] Lock "62e9840c-3675-44d5-b336-449ed97192cd" acquired by "nova.context.set_target_cell..get_or_set_cached_cell_and_set_connections" :: waited 0.000s {{(pid=95767) inner /opt/stack/data/venv/lib/python3.12/site-packages/oslo_concurrency/lockutils.py:524}}
Jun 09 12:48:49.950069 np0000002441 nova-scheduler[95767]: DEBUG oslo_concurrency.lockutils [None req-acce813a-0baa-4c6a-ad29-5dc835aa84f0 tempest-ServerActionsTestOtherB-1495711586 tempest-ServerActionsTestOtherB-1495711586-project-member] Lock "62e9840c-3675-44d5-b336-449ed97192cd" "released" by "nova.context.set_target_cell..get_or_set_cached_cell_and_set_connections" :: held 0.001s {{(pid=95767) inner /opt/stack/data/venv/lib/python3.12/site-packages/oslo_concurrency/lockutils.py:543}}
Jun 09 12:48:49.953855 np0000002441 nova-scheduler[95767]: INFO dbcounter [None req-acce813a-0baa-4c6a-ad29-5dc835aa84f0 tempest-ServerActionsTestOtherB-1495711586 tempest-ServerActionsTestOtherB-1495711586-project-member] Registered counter for database nova_cell1
Jun 09 12:48:50.000059 np0000002441 nova-scheduler[95767]: DEBUG oslo_db.sqlalchemy.engines [None req-acce813a-0baa-4c6a-ad29-5dc835aa84f0 tempest-ServerActionsTestOtherB-1495711586 tempest-ServerActionsTestOtherB-1495711586-project-member] MySQL server mode set to STRICT_TRANS_TABLES,STRICT_ALL_TABLES,NO_ZERO_IN_DATE,NO_ZERO_DATE,ERROR_FOR_DIVISION_BY_ZERO,TRADITIONAL,NO_ENGINE_SUBSTITUTION {{(pid=95767) _check_effective_sql_mode /opt/stack/data/venv/lib/python3.12/site-packages/oslo_db/sqlalchemy/engines.py:325}}
Jun 09 12:48:50.006428 np0000002441 nova-scheduler[95767]: DEBUG dbcounter [-] [95767] Writer thread running {{(pid=95767) stat_writer /opt/stack/data/venv/lib/python3.12/site-packages/dbcounter.py:102}}
Jun 09 12:48:50.060581 np0000002441 nova-scheduler[95767]: DEBUG dbcounter [-] [95767] Writer thread running {{(pid=95767) stat_writer /opt/stack/data/venv/lib/python3.12/site-packages/dbcounter.py:102}}
Jun 09 12:48:50.063442 np0000002441 nova-scheduler[95767]: DEBUG oslo_concurrency.lockutils [None req-acce813a-0baa-4c6a-ad29-5dc835aa84f0 tempest-ServerActionsTestOtherB-1495711586 tempest-ServerActionsTestOtherB-1495711586-project-member] Acquiring lock "62e9840c-3675-44d5-b336-449ed97192cd" by "nova.context.set_target_cell..get_or_set_cached_cell_and_set_connections" {{(pid=95767) inner /opt/stack/data/venv/lib/python3.12/site-packages/oslo_concurrency/lockutils.py:511}}
Jun 09 12:48:50.063611 np0000002441 nova-scheduler[95767]: DEBUG oslo_concurrency.lockutils [None req-acce813a-0baa-4c6a-ad29-5dc835aa84f0 tempest-ServerActionsTestOtherB-1495711586 tempest-ServerActionsTestOtherB-1495711586-project-member] Lock "62e9840c-3675-44d5-b336-449ed97192cd" acquired by "nova.context.set_target_cell..get_or_set_cached_cell_and_set_connections" :: waited 0.000s {{(pid=95767) inner /opt/stack/data/venv/lib/python3.12/site-packages/oslo_concurrency/lockutils.py:524}}
Jun 09 12:48:50.063748 np0000002441 nova-scheduler[95767]: DEBUG oslo_concurrency.lockutils [None req-acce813a-0baa-4c6a-ad29-5dc835aa84f0 tempest-ServerActionsTestOtherB-1495711586 tempest-ServerActionsTestOtherB-1495711586-project-member] Lock "62e9840c-3675-44d5-b336-449ed97192cd" "released" by "nova.context.set_target_cell..get_or_set_cached_cell_and_set_connections" :: held 0.000s {{(pid=95767) inner /opt/stack/data/venv/lib/python3.12/site-packages/oslo_concurrency/lockutils.py:543}}
Jun 09 12:48:50.070524 np0000002441 nova-scheduler[95767]: DEBUG oslo_concurrency.lockutils [None req-acce813a-0baa-4c6a-ad29-5dc835aa84f0 tempest-ServerActionsTestOtherB-1495711586 tempest-ServerActionsTestOtherB-1495711586-project-member] Acquiring lock "('np0000002441', 'np0000002441')" by "nova.scheduler.host_manager.HostState.update.._locked_update" {{(pid=95767) inner /opt/stack/data/venv/lib/python3.12/site-packages/oslo_concurrency/lockutils.py:511}}
Jun 09 12:48:50.070735 np0000002441 nova-scheduler[95767]: DEBUG oslo_concurrency.lockutils [None req-acce813a-0baa-4c6a-ad29-5dc835aa84f0 tempest-ServerActionsTestOtherB-1495711586 tempest-ServerActionsTestOtherB-1495711586-project-member] Lock "('np0000002441', 'np0000002441')" acquired by "nova.scheduler.host_manager.HostState.update.._locked_update" :: waited 0.000s {{(pid=95767) inner /opt/stack/data/venv/lib/python3.12/site-packages/oslo_concurrency/lockutils.py:524}}
