Aug 07 16:59:39.309213 np0000006737 nova-scheduler[96606]: DEBUG cotyledon.oslo_config_glue [-] workarounds.libvirt_disable_apic = False {{(pid=96606) log_opt_values /opt/stack/data/venv/lib/python3.12/site-packages/oslo_config/cfg.py:3545}}
Aug 07 16:59:39.309213 np0000006737 nova-scheduler[96606]: DEBUG cotyledon.oslo_config_glue [-] workarounds.never_download_image_if_on_rbd = False {{(pid=96606) log_opt_values /opt/stack/data/venv/lib/python3.12/site-packages/oslo_config/cfg.py:3545}}
Aug 07 16:59:39.309213 np0000006737 nova-scheduler[96606]: DEBUG cotyledon.oslo_config_glue [-] workarounds.qemu_monitor_announce_self_count = 3 {{(pid=96606) log_opt_values /opt/stack/data/venv/lib/python3.12/site-packages/oslo_config/cfg.py:3545}}
Aug 07 16:59:39.309213 np0000006737 nova-scheduler[96606]: DEBUG cotyledon.oslo_config_glue [-] workarounds.qemu_monitor_announce_self_interval = 1 {{(pid=96606) log_opt_values /opt/stack/data/venv/lib/python3.12/site-packages/oslo_config/cfg.py:3545}}
Aug 07 16:59:39.309213 np0000006737 nova-scheduler[96606]: DEBUG cotyledon.oslo_config_glue [-] workarounds.reserve_disk_resource_for_image_cache = False {{(pid=96606) log_opt_values /opt/stack/data/venv/lib/python3.12/site-packages/oslo_config/cfg.py:3545}}
Aug 07 16:59:39.309542 np0000006737 nova-scheduler[96606]: DEBUG cotyledon.oslo_config_glue [-] workarounds.skip_cpu_compare_at_startup = False {{(pid=96606) log_opt_values /opt/stack/data/venv/lib/python3.12/site-packages/oslo_config/cfg.py:3545}}
Aug 07 16:59:39.309542 np0000006737 nova-scheduler[96606]: DEBUG cotyledon.oslo_config_glue [-] workarounds.skip_cpu_compare_on_dest = False {{(pid=96606) log_opt_values /opt/stack/data/venv/lib/python3.12/site-packages/oslo_config/cfg.py:3545}}
Aug 07 16:59:39.309542 np0000006737 nova-scheduler[96606]: DEBUG cotyledon.oslo_config_glue [-] workarounds.skip_hypervisor_version_check_on_lm = False {{(pid=96606) log_opt_values /opt/stack/data/venv/lib/python3.12/site-packages/oslo_config/cfg.py:3545}}
Aug 07 16:59:39.309542 np0000006737 nova-scheduler[96606]: DEBUG cotyledon.oslo_config_glue [-] workarounds.skip_reserve_in_use_ironic_nodes = False {{(pid=96606) log_opt_values /opt/stack/data/venv/lib/python3.12/site-packages/oslo_config/cfg.py:3545}}
Aug 07 16:59:39.309542 np0000006737 nova-scheduler[96606]: DEBUG cotyledon.oslo_config_glue [-] workarounds.unified_limits_count_pcpu_as_vcpu = False {{(pid=96606) log_opt_values /opt/stack/data/venv/lib/python3.12/site-packages/oslo_config/cfg.py:3545}}
Aug 07 16:59:39.309542 np0000006737 nova-scheduler[96606]: DEBUG cotyledon.oslo_config_glue [-] workarounds.wait_for_vif_plugged_event_during_hard_reboot = [] {{(pid=96606) log_opt_values /opt/stack/data/venv/lib/python3.12/site-packages/oslo_config/cfg.py:3545}}
Aug 07 16:59:39.309769 np0000006737 nova-scheduler[96599]: DEBUG oslo_db.sqlalchemy.engines [None req-ae86ca04-72d3-4b2a-b7b4-cdda9741e3c0 None None] MySQL server mode set to STRICT_TRANS_TABLES,STRICT_ALL_TABLES,NO_ZERO_IN_DATE,NO_ZERO_DATE,ERROR_FOR_DIVISION_BY_ZERO,TRADITIONAL,NO_ENGINE_SUBSTITUTION {{(pid=96599) _check_effective_sql_mode /opt/stack/data/venv/lib/python3.12/site-packages/oslo_db/sqlalchemy/engines.py:325}}
Aug 07 16:59:39.309821 np0000006737 nova-scheduler[96606]: DEBUG cotyledon.oslo_config_glue [-] wsgi.api_paste_config = /etc/nova/api-paste.ini {{(pid=96606) log_opt_values /opt/stack/data/venv/lib/python3.12/site-packages/oslo_config/cfg.py:3545}}
Aug 07 16:59:39.309821 np0000006737 nova-scheduler[96606]: DEBUG cotyledon.oslo_config_glue [-] wsgi.secure_proxy_ssl_header = None {{(pid=96606) log_opt_values /opt/stack/data/venv/lib/python3.12/site-packages/oslo_config/cfg.py:3545}}
Aug 07 16:59:39.309821 np0000006737 nova-scheduler[96606]: DEBUG cotyledon.oslo_config_glue [-] zvm.ca_file = None {{(pid=96606) log_opt_values /opt/stack/data/venv/lib/python3.12/site-packages/oslo_config/cfg.py:3545}}
Aug 07 16:59:39.309821 np0000006737 nova-scheduler[96606]: DEBUG cotyledon.oslo_config_glue [-] zvm.cloud_connector_url = None {{(pid=96606) log_opt_values /opt/stack/data/venv/lib/python3.12/site-packages/oslo_config/cfg.py:3545}}
Aug 07 16:59:39.309821 np0000006737 nova-scheduler[96606]: DEBUG cotyledon.oslo_config_glue [-] zvm.image_tmp_path = /opt/stack/data/nova/images {{(pid=96606) log_opt_values /opt/stack/data/venv/lib/python3.12/site-packages/oslo_config/cfg.py:3545}}
Aug 07 16:59:39.309821 np0000006737 nova-scheduler[96606]: DEBUG cotyledon.oslo_config_glue [-] zvm.reachable_timeout = 300 {{(pid=96606) log_opt_values /opt/stack/data/venv/lib/python3.12/site-packages/oslo_config/cfg.py:3545}}
Aug 07 16:59:39.309821 np0000006737 nova-scheduler[96606]: DEBUG cotyledon.oslo_config_glue [-] oslo_versionedobjects.fatal_exception_format_errors = False {{(pid=96606) log_opt_values /opt/stack/data/venv/lib/python3.12/site-packages/oslo_config/cfg.py:3545}}
Aug 07 16:59:39.309821 np0000006737 nova-scheduler[96606]: DEBUG cotyledon.oslo_config_glue [-] oslo_middleware.http_basic_auth_user_file = /etc/htpasswd {{(pid=96606) log_opt_values /opt/stack/data/venv/lib/python3.12/site-packages/oslo_config/cfg.py:3545}}
Aug 07 16:59:39.309821 np0000006737 nova-scheduler[96606]: DEBUG cotyledon.oslo_config_glue [-] oslo_messaging_metrics.metrics_buffer_size = 1000 {{(pid=96606) log_opt_values /opt/stack/data/venv/lib/python3.12/site-packages/oslo_config/cfg.py:3545}}
Aug 07 16:59:39.310145 np0000006737 nova-scheduler[96606]: DEBUG cotyledon.oslo_config_glue [-] oslo_messaging_metrics.metrics_enabled = False {{(pid=96606) log_opt_values /opt/stack/data/venv/lib/python3.12/site-packages/oslo_config/cfg.py:3545}}
Aug 07 16:59:39.310145 np0000006737 nova-scheduler[96606]: DEBUG cotyledon.oslo_config_glue [-] oslo_messaging_metrics.metrics_process_name = {{(pid=96606) log_opt_values /opt/stack/data/venv/lib/python3.12/site-packages/oslo_config/cfg.py:3545}}
Aug 07 16:59:39.310145 np0000006737 nova-scheduler[96606]: DEBUG cotyledon.oslo_config_glue [-] oslo_messaging_metrics.metrics_socket_file = /var/tmp/metrics_collector.sock {{(pid=96606) log_opt_values /opt/stack/data/venv/lib/python3.12/site-packages/oslo_config/cfg.py:3545}}
Aug 07 16:59:39.310145 np0000006737 nova-scheduler[96606]: DEBUG cotyledon.oslo_config_glue [-] oslo_messaging_metrics.metrics_thread_stop_timeout = 10 {{(pid=96606) log_opt_values /opt/stack/data/venv/lib/python3.12/site-packages/oslo_config/cfg.py:3545}}
Aug 07 16:59:39.310145 np0000006737 nova-scheduler[96606]: DEBUG cotyledon.oslo_config_glue [-] profiler.connection_string = messaging:// {{(pid=96606) log_opt_values /opt/stack/data/venv/lib/python3.12/site-packages/oslo_config/cfg.py:3545}}
Aug 07 16:59:39.310145 np0000006737 nova-scheduler[96606]: DEBUG cotyledon.oslo_config_glue [-] profiler.enabled = False {{(pid=96606) log_opt_values /opt/stack/data/venv/lib/python3.12/site-packages/oslo_config/cfg.py:3545}}
Aug 07 16:59:39.310145 np0000006737 nova-scheduler[96606]: DEBUG cotyledon.oslo_config_glue [-] profiler.es_doc_type = notification {{(pid=96606) log_opt_values /opt/stack/data/venv/lib/python3.12/site-packages/oslo_config/cfg.py:3545}}
Aug 07 16:59:39.310145 np0000006737 nova-scheduler[96606]: DEBUG cotyledon.oslo_config_glue [-] profiler.es_scroll_size = 10000 {{(pid=96606) log_opt_values /opt/stack/data/venv/lib/python3.12/site-packages/oslo_config/cfg.py:3545}}
Aug 07 16:59:39.310145 np0000006737 nova-scheduler[96606]: DEBUG cotyledon.oslo_config_glue [-] profiler.es_scroll_time = 2m {{(pid=96606) log_opt_values /opt/stack/data/venv/lib/python3.12/site-packages/oslo_config/cfg.py:3545}}
Aug 07 16:59:39.310468 np0000006737 nova-scheduler[96606]: DEBUG cotyledon.oslo_config_glue [-] profiler.filter_error_trace = False {{(pid=96606) log_opt_values /opt/stack/data/venv/lib/python3.12/site-packages/oslo_config/cfg.py:3545}}
Aug 07 16:59:39.310468 np0000006737 nova-scheduler[96606]: DEBUG cotyledon.oslo_config_glue [-] profiler.hmac_keys = **** {{(pid=96606) log_opt_values /opt/stack/data/venv/lib/python3.12/site-packages/oslo_config/cfg.py:3545}}
Aug 07 16:59:39.310468 np0000006737 nova-scheduler[96606]: DEBUG cotyledon.oslo_config_glue [-] profiler.sentinel_service_name = mymaster {{(pid=96606) log_opt_values /opt/stack/data/venv/lib/python3.12/site-packages/oslo_config/cfg.py:3545}}
Aug 07 16:59:39.310468 np0000006737 nova-scheduler[96606]: DEBUG cotyledon.oslo_config_glue [-] profiler.socket_timeout = 0.1 {{(pid=96606) log_opt_values /opt/stack/data/venv/lib/python3.12/site-packages/oslo_config/cfg.py:3545}}
Aug 07 16:59:39.310468 np0000006737 nova-scheduler[96606]: DEBUG cotyledon.oslo_config_glue [-] profiler.trace_requests = False {{(pid=96606) log_opt_values /opt/stack/data/venv/lib/python3.12/site-packages/oslo_config/cfg.py:3545}}
Aug 07 16:59:39.310468 np0000006737 nova-scheduler[96606]: DEBUG cotyledon.oslo_config_glue [-] profiler.trace_sqlalchemy = False {{(pid=96606) log_opt_values /opt/stack/data/venv/lib/python3.12/site-packages/oslo_config/cfg.py:3545}}
Aug 07 16:59:39.310468 np0000006737 nova-scheduler[96606]: DEBUG cotyledon.oslo_config_glue [-] profiler_jaeger.process_tags = {} {{(pid=96606) log_opt_values /opt/stack/data/venv/lib/python3.12/site-packages/oslo_config/cfg.py:3545}}
Aug 07 16:59:39.310468 np0000006737 nova-scheduler[96606]: DEBUG cotyledon.oslo_config_glue [-] profiler_jaeger.service_name_prefix = None {{(pid=96606) log_opt_values /opt/stack/data/venv/lib/python3.12/site-packages/oslo_config/cfg.py:3545}}
Aug 07 16:59:39.310468 np0000006737 nova-scheduler[96606]: DEBUG cotyledon.oslo_config_glue [-] profiler_otlp.service_name_prefix = None {{(pid=96606) log_opt_values /opt/stack/data/venv/lib/python3.12/site-packages/oslo_config/cfg.py:3545}}
Aug 07 16:59:39.310762 np0000006737 nova-scheduler[96606]: DEBUG cotyledon.oslo_config_glue [-] oslo_messaging_rabbit.amqp_auto_delete = False {{(pid=96606) log_opt_values /opt/stack/data/venv/lib/python3.12/site-packages/oslo_config/cfg.py:3545}}
Aug 07 16:59:39.310762 np0000006737 nova-scheduler[96606]: DEBUG cotyledon.oslo_config_glue [-] oslo_messaging_rabbit.amqp_durable_queues = False {{(pid=96606) log_opt_values /opt/stack/data/venv/lib/python3.12/site-packages/oslo_config/cfg.py:3545}}
Aug 07 16:59:39.310762 np0000006737 nova-scheduler[96606]: DEBUG cotyledon.oslo_config_glue [-] oslo_messaging_rabbit.conn_pool_min_size = 2 {{(pid=96606) log_opt_values /opt/stack/data/venv/lib/python3.12/site-packages/oslo_config/cfg.py:3545}}
Aug 07 16:59:39.310762 np0000006737 nova-scheduler[96606]: DEBUG cotyledon.oslo_config_glue [-] oslo_messaging_rabbit.conn_pool_ttl = 1200 {{(pid=96606) log_opt_values /opt/stack/data/venv/lib/python3.12/site-packages/oslo_config/cfg.py:3545}}
Aug 07 16:59:39.310762 np0000006737 nova-scheduler[96606]: DEBUG cotyledon.oslo_config_glue [-] oslo_messaging_rabbit.direct_mandatory_flag = True {{(pid=96606) log_opt_values /opt/stack/data/venv/lib/python3.12/site-packages/oslo_config/cfg.py:3545}}
Aug 07 16:59:39.310762 np0000006737 nova-scheduler[96606]: DEBUG cotyledon.oslo_config_glue [-] oslo_messaging_rabbit.enable_cancel_on_failover = False {{(pid=96606) log_opt_values /opt/stack/data/venv/lib/python3.12/site-packages/oslo_config/cfg.py:3545}}
Aug 07 16:59:39.310762 np0000006737 nova-scheduler[96606]: DEBUG cotyledon.oslo_config_glue [-] oslo_messaging_rabbit.heartbeat_rate = 3 {{(pid=96606) log_opt_values /opt/stack/data/venv/lib/python3.12/site-packages/oslo_config/cfg.py:3545}}
Aug 07 16:59:39.310762 np0000006737 nova-scheduler[96606]: DEBUG cotyledon.oslo_config_glue [-] oslo_messaging_rabbit.heartbeat_timeout_threshold = 60 {{(pid=96606) log_opt_values /opt/stack/data/venv/lib/python3.12/site-packages/oslo_config/cfg.py:3545}}
Aug 07 16:59:39.310762 np0000006737 nova-scheduler[96606]: DEBUG cotyledon.oslo_config_glue [-] oslo_messaging_rabbit.hostname = np0000006737 {{(pid=96606) log_opt_values /opt/stack/data/venv/lib/python3.12/site-packages/oslo_config/cfg.py:3545}}
Aug 07 16:59:39.311265 np0000006737 nova-scheduler[96606]: DEBUG cotyledon.oslo_config_glue [-] oslo_messaging_rabbit.kombu_compression = None {{(pid=96606) log_opt_values /opt/stack/data/venv/lib/python3.12/site-packages/oslo_config/cfg.py:3545}}
Aug 07 16:59:39.311265 np0000006737 nova-scheduler[96606]: DEBUG cotyledon.oslo_config_glue [-] oslo_messaging_rabbit.kombu_failover_strategy = round-robin {{(pid=96606) log_opt_values /opt/stack/data/venv/lib/python3.12/site-packages/oslo_config/cfg.py:3545}}
Aug 07 16:59:39.311265 np0000006737 nova-scheduler[96606]: DEBUG cotyledon.oslo_config_glue [-] oslo_messaging_rabbit.kombu_missing_consumer_retry_timeout = 60 {{(pid=96606) log_opt_values /opt/stack/data/venv/lib/python3.12/site-packages/oslo_config/cfg.py:3545}}
Aug 07 16:59:39.311265 np0000006737 nova-scheduler[96606]: DEBUG cotyledon.oslo_config_glue [-] oslo_messaging_rabbit.kombu_reconnect_delay = 1.0 {{(pid=96606) log_opt_values /opt/stack/data/venv/lib/python3.12/site-packages/oslo_config/cfg.py:3545}}
Aug 07 16:59:39.311265 np0000006737 nova-scheduler[96606]: DEBUG cotyledon.oslo_config_glue [-] oslo_messaging_rabbit.kombu_reconnect_splay = 0.0 {{(pid=96606) log_opt_values /opt/stack/data/venv/lib/python3.12/site-packages/oslo_config/cfg.py:3545}}
Aug 07 16:59:39.311265 np0000006737 nova-scheduler[96606]: DEBUG cotyledon.oslo_config_glue [-] oslo_messaging_rabbit.processname = nova-scheduler {{(pid=96606) log_opt_values /opt/stack/data/venv/lib/python3.12/site-packages/oslo_config/cfg.py:3545}}
Aug 07 16:59:39.311265 np0000006737 nova-scheduler[96606]: DEBUG cotyledon.oslo_config_glue [-] oslo_messaging_rabbit.rabbit_ha_queues = False {{(pid=96606) log_opt_values /opt/stack/data/venv/lib/python3.12/site-packages/oslo_config/cfg.py:3545}}
Aug 07 16:59:39.311265 np0000006737 nova-scheduler[96606]: DEBUG cotyledon.oslo_config_glue [-] oslo_messaging_rabbit.rabbit_interval_max = 30 {{(pid=96606) log_opt_values /opt/stack/data/venv/lib/python3.12/site-packages/oslo_config/cfg.py:3545}}
Aug 07 16:59:39.311265 np0000006737 nova-scheduler[96606]: DEBUG cotyledon.oslo_config_glue [-] oslo_messaging_rabbit.rabbit_login_method = AMQPLAIN {{(pid=96606) log_opt_values /opt/stack/data/venv/lib/python3.12/site-packages/oslo_config/cfg.py:3545}}
Aug 07 16:59:39.311566 np0000006737 nova-scheduler[96606]: DEBUG cotyledon.oslo_config_glue [-] oslo_messaging_rabbit.rabbit_qos_prefetch_count = 0 {{(pid=96606) log_opt_values /opt/stack/data/venv/lib/python3.12/site-packages/oslo_config/cfg.py:3545}}
Aug 07 16:59:39.311566 np0000006737 nova-scheduler[96606]: DEBUG cotyledon.oslo_config_glue [-] oslo_messaging_rabbit.rabbit_quorum_delivery_limit = 0 {{(pid=96606) log_opt_values /opt/stack/data/venv/lib/python3.12/site-packages/oslo_config/cfg.py:3545}}
Aug 07 16:59:39.311566 np0000006737 nova-scheduler[96606]: DEBUG cotyledon.oslo_config_glue [-] oslo_messaging_rabbit.rabbit_quorum_max_memory_bytes = 0 {{(pid=96606) log_opt_values /opt/stack/data/venv/lib/python3.12/site-packages/oslo_config/cfg.py:3545}}
Aug 07 16:59:39.311566 np0000006737 nova-scheduler[96606]: DEBUG cotyledon.oslo_config_glue [-] oslo_messaging_rabbit.rabbit_quorum_max_memory_length = 0 {{(pid=96606) log_opt_values /opt/stack/data/venv/lib/python3.12/site-packages/oslo_config/cfg.py:3545}}
Aug 07 16:59:39.311566 np0000006737 nova-scheduler[96606]: DEBUG cotyledon.oslo_config_glue [-] oslo_messaging_rabbit.rabbit_quorum_queue = False {{(pid=96606) log_opt_values /opt/stack/data/venv/lib/python3.12/site-packages/oslo_config/cfg.py:3545}}
Aug 07 16:59:39.311566 np0000006737 nova-scheduler[96606]: DEBUG cotyledon.oslo_config_glue [-] oslo_messaging_rabbit.rabbit_retry_backoff = 2 {{(pid=96606) log_opt_values /opt/stack/data/venv/lib/python3.12/site-packages/oslo_config/cfg.py:3545}}
Aug 07 16:59:39.311566 np0000006737 nova-scheduler[96606]: DEBUG cotyledon.oslo_config_glue [-] oslo_messaging_rabbit.rabbit_retry_interval = 1 {{(pid=96606) log_opt_values /opt/stack/data/venv/lib/python3.12/site-packages/oslo_config/cfg.py:3545}}
Aug 07 16:59:39.311566 np0000006737 nova-scheduler[96606]: DEBUG cotyledon.oslo_config_glue [-] oslo_messaging_rabbit.rabbit_stream_fanout = False {{(pid=96606) log_opt_values /opt/stack/data/venv/lib/python3.12/site-packages/oslo_config/cfg.py:3545}}
Aug 07 16:59:39.311878 np0000006737 nova-scheduler[96606]: DEBUG cotyledon.oslo_config_glue [-] oslo_messaging_rabbit.rabbit_transient_queues_ttl = 1800 {{(pid=96606) log_opt_values /opt/stack/data/venv/lib/python3.12/site-packages/oslo_config/cfg.py:3545}}
Aug 07 16:59:39.311878 np0000006737 nova-scheduler[96606]: DEBUG cotyledon.oslo_config_glue [-] oslo_messaging_rabbit.rabbit_transient_quorum_queue = False {{(pid=96606) log_opt_values /opt/stack/data/venv/lib/python3.12/site-packages/oslo_config/cfg.py:3545}}
Aug 07 16:59:39.311878 np0000006737 nova-scheduler[96606]: DEBUG cotyledon.oslo_config_glue [-] oslo_messaging_rabbit.rpc_conn_pool_size = 30 {{(pid=96606) log_opt_values /opt/stack/data/venv/lib/python3.12/site-packages/oslo_config/cfg.py:3545}}
Aug 07 16:59:39.311878 np0000006737 nova-scheduler[96606]: DEBUG cotyledon.oslo_config_glue [-] oslo_messaging_rabbit.ssl = False {{(pid=96606) log_opt_values /opt/stack/data/venv/lib/python3.12/site-packages/oslo_config/cfg.py:3545}}
Aug 07 16:59:39.311878 np0000006737 nova-scheduler[96606]: DEBUG cotyledon.oslo_config_glue [-] oslo_messaging_rabbit.ssl_ca_file = {{(pid=96606) log_opt_values /opt/stack/data/venv/lib/python3.12/site-packages/oslo_config/cfg.py:3545}}
Aug 07 16:59:39.311878 np0000006737 nova-scheduler[96606]: DEBUG cotyledon.oslo_config_glue [-] oslo_messaging_rabbit.ssl_cert_file = {{(pid=96606) log_opt_values /opt/stack/data/venv/lib/python3.12/site-packages/oslo_config/cfg.py:3545}}
Aug 07 16:59:39.311878 np0000006737 nova-scheduler[96606]: DEBUG cotyledon.oslo_config_glue [-] oslo_messaging_rabbit.ssl_enforce_fips_mode = False {{(pid=96606) log_opt_values /opt/stack/data/venv/lib/python3.12/site-packages/oslo_config/cfg.py:3545}}
Aug 07 16:59:39.311878 np0000006737 nova-scheduler[96606]: DEBUG cotyledon.oslo_config_glue [-] oslo_messaging_rabbit.ssl_enforce_hostname_verification = True {{(pid=96606) log_opt_values /opt/stack/data/venv/lib/python3.12/site-packages/oslo_config/cfg.py:3545}}
Aug 07 16:59:39.311878 np0000006737 nova-scheduler[96606]: DEBUG cotyledon.oslo_config_glue [-] oslo_messaging_rabbit.ssl_key_file = {{(pid=96606) log_opt_values /opt/stack/data/venv/lib/python3.12/site-packages/oslo_config/cfg.py:3545}}
Aug 07 16:59:39.312218 np0000006737 nova-scheduler[96606]: DEBUG cotyledon.oslo_config_glue [-] oslo_messaging_rabbit.ssl_version = {{(pid=96606) log_opt_values /opt/stack/data/venv/lib/python3.12/site-packages/oslo_config/cfg.py:3545}}
Aug 07 16:59:39.312218 np0000006737 nova-scheduler[96606]: DEBUG cotyledon.oslo_config_glue [-] oslo_messaging_rabbit.use_queue_manager = False {{(pid=96606) log_opt_values /opt/stack/data/venv/lib/python3.12/site-packages/oslo_config/cfg.py:3545}}
Aug 07 16:59:39.312218 np0000006737 nova-scheduler[96606]: DEBUG cotyledon.oslo_config_glue [-] oslo_messaging_notifications.driver = ['messagingv2'] {{(pid=96606) log_opt_values /opt/stack/data/venv/lib/python3.12/site-packages/oslo_config/cfg.py:3545}}
Aug 07 16:59:39.312218 np0000006737 nova-scheduler[96606]: DEBUG cotyledon.oslo_config_glue [-] oslo_messaging_notifications.retry = -1 {{(pid=96606) log_opt_values /opt/stack/data/venv/lib/python3.12/site-packages/oslo_config/cfg.py:3545}}
Aug 07 16:59:39.312218 np0000006737 nova-scheduler[96606]: DEBUG cotyledon.oslo_config_glue [-] oslo_messaging_notifications.topics = ['notifications'] {{(pid=96606) log_opt_values /opt/stack/data/venv/lib/python3.12/site-packages/oslo_config/cfg.py:3545}}
Aug 07 16:59:39.312218 np0000006737 nova-scheduler[96606]: DEBUG cotyledon.oslo_config_glue [-] oslo_messaging_notifications.transport_url = **** {{(pid=96606) log_opt_values /opt/stack/data/venv/lib/python3.12/site-packages/oslo_config/cfg.py:3545}}
Aug 07 16:59:39.312218 np0000006737 nova-scheduler[96606]: DEBUG cotyledon.oslo_config_glue [-] oslo_limit.auth_section = None {{(pid=96606) log_opt_values /opt/stack/data/venv/lib/python3.12/site-packages/oslo_config/cfg.py:3545}}
Aug 07 16:59:39.312218 np0000006737 nova-scheduler[96606]: DEBUG cotyledon.oslo_config_glue [-] oslo_limit.auth_type = None {{(pid=96606) log_opt_values /opt/stack/data/venv/lib/python3.12/site-packages/oslo_config/cfg.py:3545}}
Aug 07 16:59:39.312218 np0000006737 nova-scheduler[96606]: DEBUG cotyledon.oslo_config_glue [-] oslo_limit.cafile = None {{(pid=96606) log_opt_values /opt/stack/data/venv/lib/python3.12/site-packages/oslo_config/cfg.py:3545}}
Aug 07 16:59:39.312594 np0000006737 nova-scheduler[96606]: DEBUG cotyledon.oslo_config_glue [-] oslo_limit.certfile = None {{(pid=96606) log_opt_values /opt/stack/data/venv/lib/python3.12/site-packages/oslo_config/cfg.py:3545}}
Aug 07 16:59:39.312594 np0000006737 nova-scheduler[96606]: DEBUG cotyledon.oslo_config_glue [-] oslo_limit.collect_timing = False {{(pid=96606) log_opt_values /opt/stack/data/venv/lib/python3.12/site-packages/oslo_config/cfg.py:3545}}
Aug 07 16:59:39.312594 np0000006737 nova-scheduler[96606]: DEBUG cotyledon.oslo_config_glue [-] oslo_limit.connect_retries = None {{(pid=96606) log_opt_values /opt/stack/data/venv/lib/python3.12/site-packages/oslo_config/cfg.py:3545}}
Aug 07 16:59:39.312594 np0000006737 nova-scheduler[96606]: DEBUG cotyledon.oslo_config_glue [-] oslo_limit.connect_retry_delay = None {{(pid=96606) log_opt_values /opt/stack/data/venv/lib/python3.12/site-packages/oslo_config/cfg.py:3545}}
Aug 07 16:59:39.312594 np0000006737 nova-scheduler[96606]: DEBUG cotyledon.oslo_config_glue [-] oslo_limit.endpoint_id = None {{(pid=96606) log_opt_values /opt/stack/data/venv/lib/python3.12/site-packages/oslo_config/cfg.py:3545}}
Aug 07 16:59:39.312594 np0000006737 nova-scheduler[96606]: DEBUG cotyledon.oslo_config_glue [-] oslo_limit.endpoint_interface = public {{(pid=96606) log_opt_values /opt/stack/data/venv/lib/python3.12/site-packages/oslo_config/cfg.py:3545}}
Aug 07 16:59:39.312594 np0000006737 nova-scheduler[96606]: DEBUG cotyledon.oslo_config_glue [-] oslo_limit.endpoint_override = None {{(pid=96606) log_opt_values /opt/stack/data/venv/lib/python3.12/site-packages/oslo_config/cfg.py:3545}}
Aug 07 16:59:39.312594 np0000006737 nova-scheduler[96606]: DEBUG cotyledon.oslo_config_glue [-] oslo_limit.endpoint_region_name = None {{(pid=96606) log_opt_values /opt/stack/data/venv/lib/python3.12/site-packages/oslo_config/cfg.py:3545}}
Aug 07 16:59:39.312594 np0000006737 nova-scheduler[96606]: DEBUG cotyledon.oslo_config_glue [-] oslo_limit.endpoint_service_name = None {{(pid=96606) log_opt_values /opt/stack/data/venv/lib/python3.12/site-packages/oslo_config/cfg.py:3545}}
Aug 07 16:59:39.312935 np0000006737 nova-scheduler[96606]: DEBUG cotyledon.oslo_config_glue [-] oslo_limit.endpoint_service_type = None {{(pid=96606) log_opt_values /opt/stack/data/venv/lib/python3.12/site-packages/oslo_config/cfg.py:3545}}
Aug 07 16:59:39.312935 np0000006737 nova-scheduler[96606]: DEBUG cotyledon.oslo_config_glue [-] oslo_limit.insecure = False {{(pid=96606) log_opt_values /opt/stack/data/venv/lib/python3.12/site-packages/oslo_config/cfg.py:3545}}
Aug 07 16:59:39.312935 np0000006737 nova-scheduler[96606]: DEBUG cotyledon.oslo_config_glue [-] oslo_limit.keyfile = None {{(pid=96606) log_opt_values /opt/stack/data/venv/lib/python3.12/site-packages/oslo_config/cfg.py:3545}}
Aug 07 16:59:39.312935 np0000006737 nova-scheduler[96606]: DEBUG cotyledon.oslo_config_glue [-] oslo_limit.max_version = None {{(pid=96606) log_opt_values /opt/stack/data/venv/lib/python3.12/site-packages/oslo_config/cfg.py:3545}}
Aug 07 16:59:39.312935 np0000006737 nova-scheduler[96606]: DEBUG cotyledon.oslo_config_glue [-] oslo_limit.min_version = None {{(pid=96606) log_opt_values /opt/stack/data/venv/lib/python3.12/site-packages/oslo_config/cfg.py:3545}}
Aug 07 16:59:39.312935 np0000006737 nova-scheduler[96606]: DEBUG cotyledon.oslo_config_glue [-] oslo_limit.region_name = None {{(pid=96606) log_opt_values /opt/stack/data/venv/lib/python3.12/site-packages/oslo_config/cfg.py:3545}}
Aug 07 16:59:39.312935 np0000006737 nova-scheduler[96606]: DEBUG cotyledon.oslo_config_glue [-] oslo_limit.retriable_status_codes = None {{(pid=96606) log_opt_values /opt/stack/data/venv/lib/python3.12/site-packages/oslo_config/cfg.py:3545}}
Aug 07 16:59:39.312935 np0000006737 nova-scheduler[96606]: DEBUG cotyledon.oslo_config_glue [-] oslo_limit.service_name = None {{(pid=96606) log_opt_values /opt/stack/data/venv/lib/python3.12/site-packages/oslo_config/cfg.py:3545}}
Aug 07 16:59:39.312935 np0000006737 nova-scheduler[96606]: DEBUG cotyledon.oslo_config_glue [-] oslo_limit.service_type = None {{(pid=96606) log_opt_values /opt/stack/data/venv/lib/python3.12/site-packages/oslo_config/cfg.py:3545}}
Aug 07 16:59:39.313320 np0000006737 nova-scheduler[96606]: DEBUG cotyledon.oslo_config_glue [-] oslo_limit.split_loggers = False {{(pid=96606) log_opt_values /opt/stack/data/venv/lib/python3.12/site-packages/oslo_config/cfg.py:3545}}
Aug 07 16:59:39.313320 np0000006737 nova-scheduler[96606]: DEBUG cotyledon.oslo_config_glue [-] oslo_limit.status_code_retries = None {{(pid=96606) log_opt_values /opt/stack/data/venv/lib/python3.12/site-packages/oslo_config/cfg.py:3545}}
Aug 07 16:59:39.313320 np0000006737 nova-scheduler[96606]: DEBUG cotyledon.oslo_config_glue [-] oslo_limit.status_code_retry_delay = None {{(pid=96606) log_opt_values /opt/stack/data/venv/lib/python3.12/site-packages/oslo_config/cfg.py:3545}}
Aug 07 16:59:39.313320 np0000006737 nova-scheduler[96606]: DEBUG cotyledon.oslo_config_glue [-] oslo_limit.timeout = None {{(pid=96606) log_opt_values /opt/stack/data/venv/lib/python3.12/site-packages/oslo_config/cfg.py:3545}}
Aug 07 16:59:39.313320 np0000006737 nova-scheduler[96606]: DEBUG cotyledon.oslo_config_glue [-] oslo_limit.valid_interfaces = None {{(pid=96606) log_opt_values /opt/stack/data/venv/lib/python3.12/site-packages/oslo_config/cfg.py:3545}}
Aug 07 16:59:39.313320 np0000006737 nova-scheduler[96606]: DEBUG cotyledon.oslo_config_glue [-] oslo_limit.version = None {{(pid=96606) log_opt_values /opt/stack/data/venv/lib/python3.12/site-packages/oslo_config/cfg.py:3545}}
Aug 07 16:59:39.313320 np0000006737 nova-scheduler[96606]: DEBUG cotyledon.oslo_config_glue [-] oslo_reports.file_event_handler = None {{(pid=96606) log_opt_values /opt/stack/data/venv/lib/python3.12/site-packages/oslo_config/cfg.py:3545}}
Aug 07 16:59:39.313320 np0000006737 nova-scheduler[96606]: DEBUG cotyledon.oslo_config_glue [-] oslo_reports.file_event_handler_interval = 1 {{(pid=96606) log_opt_values /opt/stack/data/venv/lib/python3.12/site-packages/oslo_config/cfg.py:3545}}
Aug 07 16:59:39.313320 np0000006737 nova-scheduler[96606]: DEBUG cotyledon.oslo_config_glue [-] oslo_reports.log_dir = None {{(pid=96606) log_opt_values /opt/stack/data/venv/lib/python3.12/site-packages/oslo_config/cfg.py:3545}}
Aug 07 16:59:39.313663 np0000006737 nova-scheduler[96606]: DEBUG cotyledon.oslo_config_glue [-] ******************************************************************************** {{(pid=96606) log_opt_values /opt/stack/data/venv/lib/python3.12/site-packages/oslo_config/cfg.py:3552}}
Aug 07 16:59:39.313663 np0000006737 nova-scheduler[96606]: DEBUG cotyledon._service_worker [-] Run service ServiceWrapper(3) [96606] {{(pid=96606) wait_forever /opt/stack/data/venv/lib/python3.12/site-packages/cotyledon/_service_worker.py:218}}
Aug 07 16:59:39.313663 np0000006737 nova-scheduler[96606]: INFO nova.service [-] Starting scheduler node (version 33.1.0)
Aug 07 16:59:39.313756 np0000006737 nova-scheduler[96599]: DEBUG dbcounter [-] [96599] Writer thread running {{(pid=96599) stat_writer /opt/stack/data/venv/lib/python3.12/site-packages/dbcounter.py:102}}
Aug 07 16:59:39.313799 np0000006737 nova-scheduler[96606]: INFO dbcounter [None req-8e7158e9-2836-4e33-8433-51f1a79f26df None None] Registered counter for database nova_cell0
Aug 07 16:59:39.313844 np0000006737 nova-scheduler[96599]: DEBUG nova.service [None req-ae86ca04-72d3-4b2a-b7b4-cdda9741e3c0 None None] Creating RPC server for service: nova-scheduler on topic: scheduler {{(pid=96599) start /opt/stack/nova/nova/service.py:196}}
Aug 07 16:59:39.313883 np0000006737 nova-scheduler[96602]: DEBUG oslo_db.sqlalchemy.engines [None req-229151e6-62bd-4850-abc5-4a1530030fde None None] MySQL server mode set to STRICT_TRANS_TABLES,STRICT_ALL_TABLES,NO_ZERO_IN_DATE,NO_ZERO_DATE,ERROR_FOR_DIVISION_BY_ZERO,TRADITIONAL,NO_ENGINE_SUBSTITUTION {{(pid=96602) _check_effective_sql_mode /opt/stack/data/venv/lib/python3.12/site-packages/oslo_db/sqlalchemy/engines.py:325}}
Aug 07 16:59:39.313883 np0000006737 nova-scheduler[96602]: DEBUG dbcounter [-] [96602] Writer thread running {{(pid=96602) stat_writer /opt/stack/data/venv/lib/python3.12/site-packages/dbcounter.py:102}}
Aug 07 16:59:39.313883 np0000006737 nova-scheduler[96602]: DEBUG nova.service [None req-229151e6-62bd-4850-abc5-4a1530030fde None None] Creating RPC server for service: nova-scheduler on topic: scheduler {{(pid=96602) start /opt/stack/nova/nova/service.py:196}}
Aug 07 16:59:39.313995 np0000006737 nova-scheduler[96604]: DEBUG oslo_db.sqlalchemy.engines [None req-ad4df599-b678-40e5-bb08-ae19c9407d7e None None] MySQL server mode set to STRICT_TRANS_TABLES,STRICT_ALL_TABLES,NO_ZERO_IN_DATE,NO_ZERO_DATE,ERROR_FOR_DIVISION_BY_ZERO,TRADITIONAL,NO_ENGINE_SUBSTITUTION {{(pid=96604) _check_effective_sql_mode /opt/stack/data/venv/lib/python3.12/site-packages/oslo_db/sqlalchemy/engines.py:325}}
Aug 07 16:59:39.313995 np0000006737 nova-scheduler[96604]: DEBUG dbcounter [-] [96604] Writer thread running {{(pid=96604) stat_writer /opt/stack/data/venv/lib/python3.12/site-packages/dbcounter.py:102}}
Aug 07 16:59:39.314107 np0000006737 nova-scheduler[96599]: DEBUG nova.service [None req-ae86ca04-72d3-4b2a-b7b4-cdda9741e3c0 None None] Join ServiceGroup membership for this service scheduler {{(pid=96599) start /opt/stack/nova/nova/service.py:222}}
Aug 07 16:59:39.314107 np0000006737 nova-scheduler[96599]: DEBUG nova.servicegroup.drivers.db [None req-ae86ca04-72d3-4b2a-b7b4-cdda9741e3c0 None None] DB_Driver: join new ServiceGroup member np0000006737 to the scheduler group, service = {{(pid=96599) join /opt/stack/nova/nova/servicegroup/drivers/db.py:44}}
Aug 07 16:59:39.314214 np0000006737 nova-scheduler[96604]: DEBUG nova.service [None req-ad4df599-b678-40e5-bb08-ae19c9407d7e None None] Creating RPC server for service: nova-scheduler on topic: scheduler {{(pid=96604) start /opt/stack/nova/nova/service.py:196}}
Aug 07 16:59:39.314264 np0000006737 nova-scheduler[96606]: DEBUG oslo_db.sqlalchemy.engines [None req-8e7158e9-2836-4e33-8433-51f1a79f26df None None] MySQL server mode set to STRICT_TRANS_TABLES,STRICT_ALL_TABLES,NO_ZERO_IN_DATE,NO_ZERO_DATE,ERROR_FOR_DIVISION_BY_ZERO,TRADITIONAL,NO_ENGINE_SUBSTITUTION {{(pid=96606) _check_effective_sql_mode /opt/stack/data/venv/lib/python3.12/site-packages/oslo_db/sqlalchemy/engines.py:325}}
Aug 07 16:59:39.314311 np0000006737 nova-scheduler[96602]: DEBUG nova.service [None req-229151e6-62bd-4850-abc5-4a1530030fde None None] Join ServiceGroup membership for this service scheduler {{(pid=96602) start /opt/stack/nova/nova/service.py:222}}
Aug 07 16:59:39.314311 np0000006737 nova-scheduler[96602]: DEBUG nova.servicegroup.drivers.db [None req-229151e6-62bd-4850-abc5-4a1530030fde None None] DB_Driver: join new ServiceGroup member np0000006737 to the scheduler group, service = {{(pid=96602) join /opt/stack/nova/nova/servicegroup/drivers/db.py:44}}
Aug 07 16:59:39.322133 np0000006737 nova-scheduler[96606]: DEBUG dbcounter [-] [96606] Writer thread running {{(pid=96606) stat_writer /opt/stack/data/venv/lib/python3.12/site-packages/dbcounter.py:102}}
Aug 07 16:59:39.325951 np0000006737 nova-scheduler[96606]: DEBUG nova.service [None req-8e7158e9-2836-4e33-8433-51f1a79f26df None None] Creating RPC server for service: nova-scheduler on topic: scheduler {{(pid=96606) start /opt/stack/nova/nova/service.py:196}}
Aug 07 16:59:39.329133 np0000006737 nova-scheduler[96604]: DEBUG nova.service [None req-ad4df599-b678-40e5-bb08-ae19c9407d7e None None] Join ServiceGroup membership for this service scheduler {{(pid=96604) start /opt/stack/nova/nova/service.py:222}}
Aug 07 16:59:39.329459 np0000006737 nova-scheduler[96604]: DEBUG nova.servicegroup.drivers.db [None req-ad4df599-b678-40e5-bb08-ae19c9407d7e None None] DB_Driver: join new ServiceGroup member np0000006737 to the scheduler group, service = {{(pid=96604) join /opt/stack/nova/nova/servicegroup/drivers/db.py:44}}
Aug 07 16:59:39.345677 np0000006737 nova-scheduler[96606]: DEBUG nova.service [None req-8e7158e9-2836-4e33-8433-51f1a79f26df None None] Join ServiceGroup membership for this service scheduler {{(pid=96606) start /opt/stack/nova/nova/service.py:222}}
Aug 07 16:59:39.346039 np0000006737 nova-scheduler[96606]: DEBUG nova.servicegroup.drivers.db [None req-8e7158e9-2836-4e33-8433-51f1a79f26df None None] DB_Driver: join new ServiceGroup member np0000006737 to the scheduler group, service = {{(pid=96606) join /opt/stack/nova/nova/servicegroup/drivers/db.py:44}}
Aug 07 16:59:44.315512 np0000006737 nova-scheduler[96599]: DEBUG oslo.service.backend._threading.loopingcall [-] Fixed interval looping call 'nova.servicegroup.drivers.db.DbDriver._report_state' sleeping for 119.99 seconds {{(pid=96599) _run_loop /opt/stack/data/venv/lib/python3.12/site-packages/oslo_service/backend/_threading/loopingcall.py:125}}
Aug 07 16:59:44.325230 np0000006737 nova-scheduler[96602]: DEBUG oslo.service.backend._threading.loopingcall [-] Fixed interval looping call 'nova.servicegroup.drivers.db.DbDriver._report_state' sleeping for 119.99 seconds {{(pid=96602) _run_loop /opt/stack/data/venv/lib/python3.12/site-packages/oslo_service/backend/_threading/loopingcall.py:125}}
Aug 07 16:59:44.340907 np0000006737 nova-scheduler[96604]: DEBUG oslo.service.backend._threading.loopingcall [-] Fixed interval looping call 'nova.servicegroup.drivers.db.DbDriver._report_state' sleeping for 119.99 seconds {{(pid=96604) _run_loop /opt/stack/data/venv/lib/python3.12/site-packages/oslo_service/backend/_threading/loopingcall.py:125}}
Aug 07 16:59:44.356691 np0000006737 nova-scheduler[96606]: DEBUG oslo.service.backend._threading.loopingcall [-] Fixed interval looping call 'nova.servicegroup.drivers.db.DbDriver._report_state' sleeping for 119.99 seconds {{(pid=96606) _run_loop /opt/stack/data/venv/lib/python3.12/site-packages/oslo_service/backend/_threading/loopingcall.py:125}}
Aug 07 16:59:47.820120 np0000006737 nova-scheduler[95402]: DEBUG dbcounter [-] [95402] Writing DB stats nova_api:SELECT=3 {{(pid=95402) stat_writer /opt/stack/data/venv/lib/python3.12/site-packages/dbcounter.py:115}}
Aug 07 16:59:48.007157 np0000006737 nova-scheduler[95402]: DEBUG dbcounter [-] [95402] Writing DB stats nova_cell1:SELECT=1 {{(pid=95402) stat_writer /opt/stack/data/venv/lib/python3.12/site-packages/dbcounter.py:115}}
Aug 07 16:59:48.009535 np0000006737 nova-scheduler[95402]: DEBUG dbcounter [-] [95402] Writing DB stats nova_cell0:SELECT=1 {{(pid=95402) stat_writer /opt/stack/data/venv/lib/python3.12/site-packages/dbcounter.py:115}}
Aug 07 16:59:53.332102 np0000006737 nova-scheduler[96604]: DEBUG oslo.service.backend._threading.loopingcall [None req-1fa7df66-bcef-41ee-99e0-3db441010341 None None] Dynamic interval looping call 'nova.service.Service.periodic_tasks' sleeping for 60.00 seconds {{(pid=96604) _run_loop /opt/stack/data/venv/lib/python3.12/site-packages/oslo_service/backend/_threading/loopingcall.py:125}}
Aug 07 16:59:54.311742 np0000006737 nova-scheduler[96599]: DEBUG dbcounter [-] [96599] Writing DB stats nova_cell0:SELECT=4,nova_cell0:INSERT=1,nova_cell0:UPDATE=1 {{(pid=96599) stat_writer /opt/stack/data/venv/lib/python3.12/site-packages/dbcounter.py:115}}
Aug 07 16:59:54.321881 np0000006737 nova-scheduler[96602]: DEBUG dbcounter [-] [96602] Writing DB stats nova_cell0:SELECT=3 {{(pid=96602) stat_writer /opt/stack/data/venv/lib/python3.12/site-packages/dbcounter.py:115}}
Aug 07 16:59:54.340403 np0000006737 nova-scheduler[96604]: DEBUG dbcounter [-] [96604] Writing DB stats nova_cell0:SELECT=3 {{(pid=96604) stat_writer /opt/stack/data/venv/lib/python3.12/site-packages/dbcounter.py:115}}
Aug 07 16:59:54.353974 np0000006737 nova-scheduler[96606]: DEBUG dbcounter [-] [96606] Writing DB stats nova_cell0:SELECT=3 {{(pid=96606) stat_writer /opt/stack/data/venv/lib/python3.12/site-packages/dbcounter.py:115}}
Aug 07 16:59:55.303946 np0000006737 nova-scheduler[96599]: DEBUG oslo.service.backend._threading.loopingcall [None req-f4887bc3-fa7c-4dc2-bbc2-11699017fbe4 None None] Dynamic interval looping call 'nova.service.Service.periodic_tasks' sleeping for 60.00 seconds {{(pid=96599) _run_loop /opt/stack/data/venv/lib/python3.12/site-packages/oslo_service/backend/_threading/loopingcall.py:125}}
Aug 07 17:00:08.348268 np0000006737 nova-scheduler[96606]: DEBUG oslo.service.backend._threading.loopingcall [None req-794c6a11-a112-427d-9260-cfa4a7792e36 None None] Dynamic interval looping call 'nova.service.Service.periodic_tasks' sleeping for 60.00 seconds {{(pid=96606) _run_loop /opt/stack/data/venv/lib/python3.12/site-packages/oslo_service/backend/_threading/loopingcall.py:125}}
Aug 07 17:00:28.315151 np0000006737 nova-scheduler[96602]: DEBUG oslo.service.backend._threading.loopingcall [None req-ad1e2c39-3dbf-4053-a3d3-a16589c68a58 None None] Dynamic interval looping call 'nova.service.Service.periodic_tasks' sleeping for 60.00 seconds {{(pid=96602) _run_loop /opt/stack/data/venv/lib/python3.12/site-packages/oslo_service/backend/_threading/loopingcall.py:125}}
Aug 07 17:00:53.332729 np0000006737 nova-scheduler[96604]: DEBUG oslo.service.backend._threading.loopingcall [None req-1fa7df66-bcef-41ee-99e0-3db441010341 None None] Dynamic interval looping call 'nova.service.Service.periodic_tasks' sleeping for 60.00 seconds {{(pid=96604) _run_loop /opt/stack/data/venv/lib/python3.12/site-packages/oslo_service/backend/_threading/loopingcall.py:125}}
Aug 07 17:00:55.304547 np0000006737 nova-scheduler[96599]: DEBUG oslo.service.backend._threading.loopingcall [None req-f4887bc3-fa7c-4dc2-bbc2-11699017fbe4 None None] Dynamic interval looping call 'nova.service.Service.periodic_tasks' sleeping for 60.00 seconds {{(pid=96599) _run_loop /opt/stack/data/venv/lib/python3.12/site-packages/oslo_service/backend/_threading/loopingcall.py:125}}
Aug 07 17:01:08.348850 np0000006737 nova-scheduler[96606]: DEBUG oslo.service.backend._threading.loopingcall [None req-794c6a11-a112-427d-9260-cfa4a7792e36 None None] Dynamic interval looping call 'nova.service.Service.periodic_tasks' sleeping for 60.00 seconds {{(pid=96606) _run_loop /opt/stack/data/venv/lib/python3.12/site-packages/oslo_service/backend/_threading/loopingcall.py:125}}
Aug 07 17:01:28.315738 np0000006737 nova-scheduler[96602]: DEBUG oslo.service.backend._threading.loopingcall [None req-ad1e2c39-3dbf-4053-a3d3-a16589c68a58 None None] Dynamic interval looping call 'nova.service.Service.periodic_tasks' sleeping for 60.00 seconds {{(pid=96602) _run_loop /opt/stack/data/venv/lib/python3.12/site-packages/oslo_service/backend/_threading/loopingcall.py:125}}
Aug 07 17:01:44.313917 np0000006737 nova-scheduler[96599]: DEBUG oslo.service.backend._threading.loopingcall [-] Fixed interval looping call 'nova.servicegroup.drivers.db.DbDriver._report_state' sleeping for 119.99 seconds {{(pid=96599) _run_loop /opt/stack/data/venv/lib/python3.12/site-packages/oslo_service/backend/_threading/loopingcall.py:125}}
Aug 07 17:01:44.320579 np0000006737 nova-scheduler[96602]: DEBUG oslo.service.backend._threading.loopingcall [-] Fixed interval looping call 'nova.servicegroup.drivers.db.DbDriver._report_state' sleeping for 120.00 seconds {{(pid=96602) _run_loop /opt/stack/data/venv/lib/python3.12/site-packages/oslo_service/backend/_threading/loopingcall.py:125}}
Aug 07 17:01:44.335469 np0000006737 nova-scheduler[96604]: DEBUG oslo.service.backend._threading.loopingcall [-] Fixed interval looping call 'nova.servicegroup.drivers.db.DbDriver._report_state' sleeping for 120.00 seconds {{(pid=96604) _run_loop /opt/stack/data/venv/lib/python3.12/site-packages/oslo_service/backend/_threading/loopingcall.py:125}}
Aug 07 17:01:44.352000 np0000006737 nova-scheduler[96606]: DEBUG oslo.service.backend._threading.loopingcall [-] Fixed interval looping call 'nova.servicegroup.drivers.db.DbDriver._report_state' sleeping for 120.00 seconds {{(pid=96606) _run_loop /opt/stack/data/venv/lib/python3.12/site-packages/oslo_service/backend/_threading/loopingcall.py:125}}
Aug 07 17:01:53.333335 np0000006737 nova-scheduler[96604]: DEBUG oslo.service.backend._threading.loopingcall [None req-1fa7df66-bcef-41ee-99e0-3db441010341 None None] Dynamic interval looping call 'nova.service.Service.periodic_tasks' sleeping for 60.00 seconds {{(pid=96604) _run_loop /opt/stack/data/venv/lib/python3.12/site-packages/oslo_service/backend/_threading/loopingcall.py:125}}
Aug 07 17:01:54.309877 np0000006737 nova-scheduler[96599]: DEBUG dbcounter [-] [96599] Writing DB stats nova_cell0:SELECT=1,nova_cell0:UPDATE=1 {{(pid=96599) stat_writer /opt/stack/data/venv/lib/python3.12/site-packages/dbcounter.py:115}}
Aug 07 17:01:54.318281 np0000006737 nova-scheduler[96602]: DEBUG dbcounter [-] [96602] Writing DB stats nova_cell0:SELECT=1 {{(pid=96602) stat_writer /opt/stack/data/venv/lib/python3.12/site-packages/dbcounter.py:115}}
Aug 07 17:01:54.333056 np0000006737 nova-scheduler[96604]: DEBUG dbcounter [-] [96604] Writing DB stats nova_cell0:SELECT=1 {{(pid=96604) stat_writer /opt/stack/data/venv/lib/python3.12/site-packages/dbcounter.py:115}}
Aug 07 17:01:54.349504 np0000006737 nova-scheduler[96606]: DEBUG dbcounter [-] [96606] Writing DB stats nova_cell0:SELECT=1 {{(pid=96606) stat_writer /opt/stack/data/venv/lib/python3.12/site-packages/dbcounter.py:115}}
Aug 07 17:01:55.305042 np0000006737 nova-scheduler[96599]: DEBUG oslo.service.backend._threading.loopingcall [None req-f4887bc3-fa7c-4dc2-bbc2-11699017fbe4 None None] Dynamic interval looping call 'nova.service.Service.periodic_tasks' sleeping for 60.00 seconds {{(pid=96599) _run_loop /opt/stack/data/venv/lib/python3.12/site-packages/oslo_service/backend/_threading/loopingcall.py:125}}
Aug 07 17:02:08.349473 np0000006737 nova-scheduler[96606]: DEBUG oslo.service.backend._threading.loopingcall [None req-794c6a11-a112-427d-9260-cfa4a7792e36 None None] Dynamic interval looping call 'nova.service.Service.periodic_tasks' sleeping for 60.00 seconds {{(pid=96606) _run_loop /opt/stack/data/venv/lib/python3.12/site-packages/oslo_service/backend/_threading/loopingcall.py:125}}
Aug 07 17:02:09.399337 np0000006737 nova-scheduler[96599]: DEBUG nova.scheduler.manager [None req-e4569db9-20f1-4e1d-8a36-823acb218b5d tempest-ServerActionsTestOtherB-525046465 tempest-ServerActionsTestOtherB-525046465-project-member] Starting to schedule for instances: ['81f53999-b2e5-4434-8b68-b676c57a92ca'] {{(pid=96599) select_destinations /opt/stack/nova/nova/scheduler/manager.py:209}}
Aug 07 17:02:09.399337 np0000006737 nova-scheduler[96599]: DEBUG nova.scheduler.request_filter [None req-e4569db9-20f1-4e1d-8a36-823acb218b5d tempest-ServerActionsTestOtherB-525046465 tempest-ServerActionsTestOtherB-525046465-project-member] compute_status_filter request filter added forbidden trait COMPUTE_STATUS_DISABLED {{(pid=96599) compute_status_filter /opt/stack/nova/nova/scheduler/request_filter.py:253}}
Aug 07 17:02:09.399337 np0000006737 nova-scheduler[96599]: DEBUG nova.scheduler.request_filter [None req-e4569db9-20f1-4e1d-8a36-823acb218b5d tempest-ServerActionsTestOtherB-525046465 tempest-ServerActionsTestOtherB-525046465-project-member] Request filter 'compute_status_filter' took 0.0 seconds {{(pid=96599) wrapper /opt/stack/nova/nova/scheduler/request_filter.py:46}}
Aug 07 17:02:09.399874 np0000006737 nova-scheduler[96599]: DEBUG nova.scheduler.request_filter [None req-e4569db9-20f1-4e1d-8a36-823acb218b5d tempest-ServerActionsTestOtherB-525046465 tempest-ServerActionsTestOtherB-525046465-project-member] Request filter 'accelerators_filter' took 0.0 seconds {{(pid=96599) wrapper /opt/stack/nova/nova/scheduler/request_filter.py:46}}
Aug 07 17:02:09.399999 np0000006737 nova-scheduler[96599]: DEBUG nova.scheduler.request_filter [None req-e4569db9-20f1-4e1d-8a36-823acb218b5d tempest-ServerActionsTestOtherB-525046465 tempest-ServerActionsTestOtherB-525046465-project-member] Request filter 'packed_virtqueue_filter' took 0.0 seconds {{(pid=96599) wrapper /opt/stack/nova/nova/scheduler/request_filter.py:46}}
Aug 07 17:02:09.400533 np0000006737 nova-scheduler[96599]: DEBUG nova.scheduler.request_filter [None req-e4569db9-20f1-4e1d-8a36-823acb218b5d tempest-ServerActionsTestOtherB-525046465 tempest-ServerActionsTestOtherB-525046465-project-member] Request filter 'remote_managed_ports_filter' took 0.0 seconds {{(pid=96599) wrapper /opt/stack/nova/nova/scheduler/request_filter.py:46}}
Aug 07 17:02:09.400678 np0000006737 nova-scheduler[96599]: DEBUG nova.scheduler.request_filter [None req-e4569db9-20f1-4e1d-8a36-823acb218b5d tempest-ServerActionsTestOtherB-525046465 tempest-ServerActionsTestOtherB-525046465-project-member] ephemeral_encryption_filter skipped {{(pid=96599) ephemeral_encryption_filter /opt/stack/nova/nova/scheduler/request_filter.py:426}}
Aug 07 17:02:09.402338 np0000006737 nova-scheduler[96599]: DEBUG nova.scheduler.request_filter [None req-e4569db9-20f1-4e1d-8a36-823acb218b5d tempest-ServerActionsTestOtherB-525046465 tempest-ServerActionsTestOtherB-525046465-project-member] virtio_sound_filter skipped {{(pid=96599) virtio_sound_filter /opt/stack/nova/nova/scheduler/request_filter.py:460}}
Aug 07 17:02:09.402338 np0000006737 nova-scheduler[96599]: DEBUG nova.scheduler.request_filter [None req-e4569db9-20f1-4e1d-8a36-823acb218b5d tempest-ServerActionsTestOtherB-525046465 tempest-ServerActionsTestOtherB-525046465-project-member] tpm_secret_security_filter skipped {{(pid=96599) tpm_secret_security_filter /opt/stack/nova/nova/scheduler/request_filter.py:477}}
Aug 07 17:02:10.227642 np0000006737 nova-scheduler[96599]: INFO nova.utils [None req-e4569db9-20f1-4e1d-8a36-823acb218b5d tempest-ServerActionsTestOtherB-525046465 tempest-ServerActionsTestOtherB-525046465-project-member] The cell worker thread pool ForkProcess-1.cell_worker is initialized
Aug 07 17:02:10.227985 np0000006737 nova-scheduler[96599]: DEBUG oslo_concurrency.lockutils [None req-e4569db9-20f1-4e1d-8a36-823acb218b5d tempest-ServerActionsTestOtherB-525046465 tempest-ServerActionsTestOtherB-525046465-project-member] Acquiring lock "11ce4ea4-be89-4ee0-8b57-b8aea7e99e45" by "nova.context.set_target_cell..get_or_set_cached_cell_and_set_connections" {{(pid=96599) inner /opt/stack/data/venv/lib/python3.12/site-packages/oslo_concurrency/lockutils.py:512}}
Aug 07 17:02:10.228257 np0000006737 nova-scheduler[96599]: DEBUG oslo_concurrency.lockutils [None req-e4569db9-20f1-4e1d-8a36-823acb218b5d tempest-ServerActionsTestOtherB-525046465 tempest-ServerActionsTestOtherB-525046465-project-member] Lock "11ce4ea4-be89-4ee0-8b57-b8aea7e99e45" acquired by "nova.context.set_target_cell..get_or_set_cached_cell_and_set_connections" :: waited 0.000s {{(pid=96599) inner /opt/stack/data/venv/lib/python3.12/site-packages/oslo_concurrency/lockutils.py:525}}
Aug 07 17:02:10.230117 np0000006737 nova-scheduler[96599]: DEBUG oslo_concurrency.lockutils [None req-e4569db9-20f1-4e1d-8a36-823acb218b5d tempest-ServerActionsTestOtherB-525046465 tempest-ServerActionsTestOtherB-525046465-project-member] Lock "11ce4ea4-be89-4ee0-8b57-b8aea7e99e45" "released" by "nova.context.set_target_cell..get_or_set_cached_cell_and_set_connections" :: held 0.002s {{(pid=96599) inner /opt/stack/data/venv/lib/python3.12/site-packages/oslo_concurrency/lockutils.py:544}}
Aug 07 17:02:10.232070 np0000006737 nova-scheduler[96599]: INFO dbcounter [None req-e4569db9-20f1-4e1d-8a36-823acb218b5d tempest-ServerActionsTestOtherB-525046465 tempest-ServerActionsTestOtherB-525046465-project-member] Registered counter for database nova_cell1
Aug 07 17:02:10.287098 np0000006737 nova-scheduler[96599]: DEBUG oslo_db.sqlalchemy.engines [None req-e4569db9-20f1-4e1d-8a36-823acb218b5d tempest-ServerActionsTestOtherB-525046465 tempest-ServerActionsTestOtherB-525046465-project-member] MySQL server mode set to STRICT_TRANS_TABLES,STRICT_ALL_TABLES,NO_ZERO_IN_DATE,NO_ZERO_DATE,ERROR_FOR_DIVISION_BY_ZERO,TRADITIONAL,NO_ENGINE_SUBSTITUTION {{(pid=96599) _check_effective_sql_mode /opt/stack/data/venv/lib/python3.12/site-packages/oslo_db/sqlalchemy/engines.py:325}}
Aug 07 17:02:10.295318 np0000006737 nova-scheduler[96599]: DEBUG dbcounter [-] [96599] Writer thread running {{(pid=96599) stat_writer /opt/stack/data/venv/lib/python3.12/site-packages/dbcounter.py:102}}
Aug 07 17:02:10.309251 np0000006737 nova-scheduler[96599]: DEBUG oslo_db.sqlalchemy.engines [None req-e4569db9-20f1-4e1d-8a36-823acb218b5d tempest-ServerActionsTestOtherB-525046465 tempest-ServerActionsTestOtherB-525046465-project-member] Parent process 95402 forked (96599) with an open database connection, which is being discarded and recreated. {{(pid=96599) checkout /opt/stack/data/venv/lib/python3.12/site-packages/oslo_db/sqlalchemy/engines.py:402}}
Aug 07 17:02:10.350182 np0000006737 nova-scheduler[96599]: DEBUG dbcounter [-] [96599] Writer thread running {{(pid=96599) stat_writer /opt/stack/data/venv/lib/python3.12/site-packages/dbcounter.py:102}}
