Jul 03 16:45:57.344250 np0000004445 nova-scheduler[93250]: DEBUG cotyledon.oslo_config_glue [-] oslo_limit.collect_timing = False {{(pid=93250) log_opt_values /opt/stack/data/venv/lib/python3.12/site-packages/oslo_config/cfg.py:3253}}
Jul 03 16:45:57.344250 np0000004445 nova-scheduler[93250]: DEBUG cotyledon.oslo_config_glue [-] oslo_limit.connect_retries = None {{(pid=93250) log_opt_values /opt/stack/data/venv/lib/python3.12/site-packages/oslo_config/cfg.py:3253}}
Jul 03 16:45:57.344250 np0000004445 nova-scheduler[93250]: DEBUG cotyledon.oslo_config_glue [-] oslo_limit.connect_retry_delay = None {{(pid=93250) log_opt_values /opt/stack/data/venv/lib/python3.12/site-packages/oslo_config/cfg.py:3253}}
Jul 03 16:45:57.344250 np0000004445 nova-scheduler[93250]: DEBUG cotyledon.oslo_config_glue [-] oslo_limit.endpoint_id = None {{(pid=93250) log_opt_values /opt/stack/data/venv/lib/python3.12/site-packages/oslo_config/cfg.py:3253}}
Jul 03 16:45:57.344250 np0000004445 nova-scheduler[93250]: DEBUG cotyledon.oslo_config_glue [-] oslo_limit.endpoint_interface = public {{(pid=93250) log_opt_values /opt/stack/data/venv/lib/python3.12/site-packages/oslo_config/cfg.py:3253}}
Jul 03 16:45:57.344250 np0000004445 nova-scheduler[93250]: DEBUG cotyledon.oslo_config_glue [-] oslo_limit.endpoint_override = None {{(pid=93250) log_opt_values /opt/stack/data/venv/lib/python3.12/site-packages/oslo_config/cfg.py:3253}}
Jul 03 16:45:57.344250 np0000004445 nova-scheduler[93250]: DEBUG cotyledon.oslo_config_glue [-] oslo_limit.endpoint_region_name = None {{(pid=93250) log_opt_values /opt/stack/data/venv/lib/python3.12/site-packages/oslo_config/cfg.py:3253}}
Jul 03 16:45:57.344250 np0000004445 nova-scheduler[93250]: DEBUG cotyledon.oslo_config_glue [-] oslo_limit.endpoint_service_name = None {{(pid=93250) log_opt_values /opt/stack/data/venv/lib/python3.12/site-packages/oslo_config/cfg.py:3253}}
Jul 03 16:45:57.344459 np0000004445 nova-scheduler[93250]: DEBUG cotyledon.oslo_config_glue [-] oslo_limit.endpoint_service_type = None {{(pid=93250) log_opt_values /opt/stack/data/venv/lib/python3.12/site-packages/oslo_config/cfg.py:3253}}
Jul 03 16:45:57.344459 np0000004445 nova-scheduler[93250]: DEBUG cotyledon.oslo_config_glue [-] oslo_limit.insecure = False {{(pid=93250) log_opt_values /opt/stack/data/venv/lib/python3.12/site-packages/oslo_config/cfg.py:3253}}
Jul 03 16:45:57.344459 np0000004445 nova-scheduler[93250]: DEBUG cotyledon.oslo_config_glue [-] oslo_limit.keyfile = None {{(pid=93250) log_opt_values /opt/stack/data/venv/lib/python3.12/site-packages/oslo_config/cfg.py:3253}}
Jul 03 16:45:57.344459 np0000004445 nova-scheduler[93250]: DEBUG cotyledon.oslo_config_glue [-] oslo_limit.max_version = None {{(pid=93250) log_opt_values /opt/stack/data/venv/lib/python3.12/site-packages/oslo_config/cfg.py:3253}}
Jul 03 16:45:57.344459 np0000004445 nova-scheduler[93250]: DEBUG cotyledon.oslo_config_glue [-] oslo_limit.min_version = None {{(pid=93250) log_opt_values /opt/stack/data/venv/lib/python3.12/site-packages/oslo_config/cfg.py:3253}}
Jul 03 16:45:57.344459 np0000004445 nova-scheduler[93250]: DEBUG cotyledon.oslo_config_glue [-] oslo_limit.region_name = None {{(pid=93250) log_opt_values /opt/stack/data/venv/lib/python3.12/site-packages/oslo_config/cfg.py:3253}}
Jul 03 16:45:57.344459 np0000004445 nova-scheduler[93250]: DEBUG cotyledon.oslo_config_glue [-] oslo_limit.retriable_status_codes = None {{(pid=93250) log_opt_values /opt/stack/data/venv/lib/python3.12/site-packages/oslo_config/cfg.py:3253}}
Jul 03 16:45:57.344459 np0000004445 nova-scheduler[93250]: DEBUG cotyledon.oslo_config_glue [-] oslo_limit.service_name = None {{(pid=93250) log_opt_values /opt/stack/data/venv/lib/python3.12/site-packages/oslo_config/cfg.py:3253}}
Jul 03 16:45:57.344459 np0000004445 nova-scheduler[93250]: DEBUG cotyledon.oslo_config_glue [-] oslo_limit.service_type = None {{(pid=93250) log_opt_values /opt/stack/data/venv/lib/python3.12/site-packages/oslo_config/cfg.py:3253}}
Jul 03 16:45:57.344632 np0000004445 nova-scheduler[93250]: DEBUG cotyledon.oslo_config_glue [-] oslo_limit.split_loggers = False {{(pid=93250) log_opt_values /opt/stack/data/venv/lib/python3.12/site-packages/oslo_config/cfg.py:3253}}
Jul 03 16:45:57.344632 np0000004445 nova-scheduler[93250]: DEBUG cotyledon.oslo_config_glue [-] oslo_limit.status_code_retries = None {{(pid=93250) log_opt_values /opt/stack/data/venv/lib/python3.12/site-packages/oslo_config/cfg.py:3253}}
Jul 03 16:45:57.344632 np0000004445 nova-scheduler[93250]: DEBUG cotyledon.oslo_config_glue [-] oslo_limit.status_code_retry_delay = None {{(pid=93250) log_opt_values /opt/stack/data/venv/lib/python3.12/site-packages/oslo_config/cfg.py:3253}}
Jul 03 16:45:57.344632 np0000004445 nova-scheduler[93250]: DEBUG cotyledon.oslo_config_glue [-] oslo_limit.timeout = None {{(pid=93250) log_opt_values /opt/stack/data/venv/lib/python3.12/site-packages/oslo_config/cfg.py:3253}}
Jul 03 16:45:57.344632 np0000004445 nova-scheduler[93250]: DEBUG cotyledon.oslo_config_glue [-] oslo_limit.valid_interfaces = None {{(pid=93250) log_opt_values /opt/stack/data/venv/lib/python3.12/site-packages/oslo_config/cfg.py:3253}}
Jul 03 16:45:57.344632 np0000004445 nova-scheduler[93250]: DEBUG cotyledon.oslo_config_glue [-] oslo_limit.version = None {{(pid=93250) log_opt_values /opt/stack/data/venv/lib/python3.12/site-packages/oslo_config/cfg.py:3253}}
Jul 03 16:45:57.344632 np0000004445 nova-scheduler[93250]: DEBUG cotyledon.oslo_config_glue [-] oslo_reports.file_event_handler = None {{(pid=93250) log_opt_values /opt/stack/data/venv/lib/python3.12/site-packages/oslo_config/cfg.py:3253}}
Jul 03 16:45:57.344632 np0000004445 nova-scheduler[93250]: DEBUG cotyledon.oslo_config_glue [-] oslo_reports.file_event_handler_interval = 1 {{(pid=93250) log_opt_values /opt/stack/data/venv/lib/python3.12/site-packages/oslo_config/cfg.py:3253}}
Jul 03 16:45:57.344632 np0000004445 nova-scheduler[93250]: DEBUG cotyledon.oslo_config_glue [-] oslo_reports.log_dir = None {{(pid=93250) log_opt_values /opt/stack/data/venv/lib/python3.12/site-packages/oslo_config/cfg.py:3253}}
Jul 03 16:45:57.344815 np0000004445 nova-scheduler[93250]: DEBUG cotyledon.oslo_config_glue [-] ******************************************************************************** {{(pid=93250) log_opt_values /opt/stack/data/venv/lib/python3.12/site-packages/oslo_config/cfg.py:3260}}
Jul 03 16:45:57.344815 np0000004445 nova-scheduler[93250]: DEBUG cotyledon._service_worker [-] Run service ServiceWrapper(2) [93250] {{(pid=93250) wait_forever /opt/stack/data/venv/lib/python3.12/site-packages/cotyledon/_service_worker.py:218}}
Jul 03 16:45:57.344878 np0000004445 nova-scheduler[93248]: INFO dbcounter [None req-fcf4724a-1fa7-49aa-b932-f5812ef9305a None None] Registered counter for database nova_cell0
Jul 03 16:45:57.344926 np0000004445 nova-scheduler[93250]: INFO nova.service [-] Starting scheduler node (version 33.1.0)
Jul 03 16:45:57.344926 np0000004445 nova-scheduler[93250]: INFO dbcounter [None req-ba3a8e63-0e0b-4371-be52-ed1ccaf854e3 None None] Registered counter for database nova_cell0
Jul 03 16:45:57.350714 np0000004445 nova-scheduler[93246]: DEBUG oslo_db.sqlalchemy.engines [None req-56bcc16a-8a51-497c-bdef-aa9453d33120 None None] MySQL server mode set to STRICT_TRANS_TABLES,STRICT_ALL_TABLES,NO_ZERO_IN_DATE,NO_ZERO_DATE,ERROR_FOR_DIVISION_BY_ZERO,TRADITIONAL,NO_ENGINE_SUBSTITUTION {{(pid=93246) _check_effective_sql_mode /opt/stack/data/venv/lib/python3.12/site-packages/oslo_db/sqlalchemy/engines.py:325}}
Jul 03 16:45:57.367855 np0000004445 nova-scheduler[93246]: DEBUG dbcounter [-] [93246] Writer thread running {{(pid=93246) stat_writer /opt/stack/data/venv/lib/python3.12/site-packages/dbcounter.py:102}}
Jul 03 16:45:57.379277 np0000004445 nova-scheduler[93250]: DEBUG oslo_db.sqlalchemy.engines [None req-ba3a8e63-0e0b-4371-be52-ed1ccaf854e3 None None] MySQL server mode set to STRICT_TRANS_TABLES,STRICT_ALL_TABLES,NO_ZERO_IN_DATE,NO_ZERO_DATE,ERROR_FOR_DIVISION_BY_ZERO,TRADITIONAL,NO_ENGINE_SUBSTITUTION {{(pid=93250) _check_effective_sql_mode /opt/stack/data/venv/lib/python3.12/site-packages/oslo_db/sqlalchemy/engines.py:325}}
Jul 03 16:45:57.393991 np0000004445 nova-scheduler[93246]: DEBUG nova.service [None req-56bcc16a-8a51-497c-bdef-aa9453d33120 None None] Creating RPC server for service: nova-scheduler on topic: scheduler {{(pid=93246) start /opt/stack/nova/nova/service.py:196}}
Jul 03 16:45:57.394709 np0000004445 nova-scheduler[93248]: DEBUG oslo_db.sqlalchemy.engines [None req-fcf4724a-1fa7-49aa-b932-f5812ef9305a None None] MySQL server mode set to STRICT_TRANS_TABLES,STRICT_ALL_TABLES,NO_ZERO_IN_DATE,NO_ZERO_DATE,ERROR_FOR_DIVISION_BY_ZERO,TRADITIONAL,NO_ENGINE_SUBSTITUTION {{(pid=93248) _check_effective_sql_mode /opt/stack/data/venv/lib/python3.12/site-packages/oslo_db/sqlalchemy/engines.py:325}}
Jul 03 16:45:57.399259 np0000004445 nova-scheduler[93250]: DEBUG dbcounter [-] [93250] Writer thread running {{(pid=93250) stat_writer /opt/stack/data/venv/lib/python3.12/site-packages/dbcounter.py:102}}
Jul 03 16:45:57.402985 np0000004445 nova-scheduler[93250]: DEBUG nova.service [None req-ba3a8e63-0e0b-4371-be52-ed1ccaf854e3 None None] Creating RPC server for service: nova-scheduler on topic: scheduler {{(pid=93250) start /opt/stack/nova/nova/service.py:196}}
Jul 03 16:45:57.422327 np0000004445 nova-scheduler[93248]: DEBUG dbcounter [-] [93248] Writer thread running {{(pid=93248) stat_writer /opt/stack/data/venv/lib/python3.12/site-packages/dbcounter.py:102}}
Jul 03 16:45:57.427255 np0000004445 nova-scheduler[93250]: DEBUG nova.service [None req-ba3a8e63-0e0b-4371-be52-ed1ccaf854e3 None None] Join ServiceGroup membership for this service scheduler {{(pid=93250) start /opt/stack/nova/nova/service.py:222}}
Jul 03 16:45:57.427421 np0000004445 nova-scheduler[93246]: DEBUG nova.service [None req-56bcc16a-8a51-497c-bdef-aa9453d33120 None None] Join ServiceGroup membership for this service scheduler {{(pid=93246) start /opt/stack/nova/nova/service.py:222}}
Jul 03 16:45:57.427451 np0000004445 nova-scheduler[93248]: DEBUG nova.service [None req-fcf4724a-1fa7-49aa-b932-f5812ef9305a None None] Creating RPC server for service: nova-scheduler on topic: scheduler {{(pid=93248) start /opt/stack/nova/nova/service.py:196}}
Jul 03 16:45:57.427491 np0000004445 nova-scheduler[93250]: DEBUG nova.servicegroup.drivers.db [None req-ba3a8e63-0e0b-4371-be52-ed1ccaf854e3 None None] DB_Driver: join new ServiceGroup member np0000004445 to the scheduler group, service = {{(pid=93250) join /opt/stack/nova/nova/servicegroup/drivers/db.py:44}}
Jul 03 16:45:57.427519 np0000004445 nova-scheduler[93246]: DEBUG nova.servicegroup.drivers.db [None req-56bcc16a-8a51-497c-bdef-aa9453d33120 None None] DB_Driver: join new ServiceGroup member np0000004445 to the scheduler group, service = {{(pid=93246) join /opt/stack/nova/nova/servicegroup/drivers/db.py:44}}
Jul 03 16:45:57.446292 np0000004445 nova-scheduler[93248]: DEBUG nova.service [None req-fcf4724a-1fa7-49aa-b932-f5812ef9305a None None] Join ServiceGroup membership for this service scheduler {{(pid=93248) start /opt/stack/nova/nova/service.py:222}}
Jul 03 16:45:57.446637 np0000004445 nova-scheduler[93248]: DEBUG nova.servicegroup.drivers.db [None req-fcf4724a-1fa7-49aa-b932-f5812ef9305a None None] DB_Driver: join new ServiceGroup member np0000004445 to the scheduler group, service = {{(pid=93248) join /opt/stack/nova/nova/servicegroup/drivers/db.py:44}}
Jul 03 16:46:02.442314 np0000004445 nova-scheduler[93246]: DEBUG oslo.service.backend._threading.loopingcall [-] Fixed interval looping call 'nova.servicegroup.drivers.db.DbDriver._report_state' sleeping for 119.99 seconds {{(pid=93246) _run_loop /opt/stack/data/venv/lib/python3.12/site-packages/oslo_service/backend/_threading/loopingcall.py:125}}
Jul 03 16:46:02.443053 np0000004445 nova-scheduler[93250]: DEBUG oslo.service.backend._threading.loopingcall [-] Fixed interval looping call 'nova.servicegroup.drivers.db.DbDriver._report_state' sleeping for 119.99 seconds {{(pid=93250) _run_loop /opt/stack/data/venv/lib/python3.12/site-packages/oslo_service/backend/_threading/loopingcall.py:125}}
Jul 03 16:46:02.459442 np0000004445 nova-scheduler[93248]: DEBUG oslo.service.backend._threading.loopingcall [-] Fixed interval looping call 'nova.servicegroup.drivers.db.DbDriver._report_state' sleeping for 119.99 seconds {{(pid=93248) _run_loop /opt/stack/data/venv/lib/python3.12/site-packages/oslo_service/backend/_threading/loopingcall.py:125}}
Jul 03 16:46:05.908086 np0000004445 nova-scheduler[92050]: DEBUG dbcounter [-] [92050] Writing DB stats nova_api:SELECT=3 {{(pid=92050) stat_writer /opt/stack/data/venv/lib/python3.12/site-packages/dbcounter.py:115}}
Jul 03 16:46:06.087247 np0000004445 nova-scheduler[92050]: DEBUG dbcounter [-] [92050] Writing DB stats nova_cell0:SELECT=1 {{(pid=92050) stat_writer /opt/stack/data/venv/lib/python3.12/site-packages/dbcounter.py:115}}
Jul 03 16:46:06.087704 np0000004445 nova-scheduler[92050]: DEBUG dbcounter [-] [92050] Writing DB stats nova_cell1:SELECT=1 {{(pid=92050) stat_writer /opt/stack/data/venv/lib/python3.12/site-packages/dbcounter.py:115}}
Jul 03 16:46:12.437486 np0000004445 nova-scheduler[93246]: DEBUG dbcounter [-] [93246] Writing DB stats nova_cell0:SELECT=4,nova_cell0:INSERT=1,nova_cell0:UPDATE=1 {{(pid=93246) stat_writer /opt/stack/data/venv/lib/python3.12/site-packages/dbcounter.py:115}}
Jul 03 16:46:12.438972 np0000004445 nova-scheduler[93250]: DEBUG dbcounter [-] [93250] Writing DB stats nova_cell0:SELECT=3,nova_cell0:UPDATE=1 {{(pid=93250) stat_writer /opt/stack/data/venv/lib/python3.12/site-packages/dbcounter.py:115}}
Jul 03 16:46:12.456108 np0000004445 nova-scheduler[93248]: DEBUG dbcounter [-] [93248] Writing DB stats nova_cell0:SELECT=3 {{(pid=93248) stat_writer /opt/stack/data/venv/lib/python3.12/site-packages/dbcounter.py:115}}
Jul 03 16:46:19.429839 np0000004445 nova-scheduler[93250]: DEBUG oslo.service.backend._threading.loopingcall [None req-86545871-8979-4d4c-9444-321cc08ec66c None None] Dynamic interval looping call 'nova.service.Service.periodic_tasks' sleeping for 60.00 seconds {{(pid=93250) _run_loop /opt/stack/data/venv/lib/python3.12/site-packages/oslo_service/backend/_threading/loopingcall.py:125}}
Jul 03 16:46:31.448948 np0000004445 nova-scheduler[93248]: DEBUG oslo.service.backend._threading.loopingcall [None req-13742425-dcc1-4d18-a4c8-19aef8c199af None None] Dynamic interval looping call 'nova.service.Service.periodic_tasks' sleeping for 60.00 seconds {{(pid=93248) _run_loop /opt/stack/data/venv/lib/python3.12/site-packages/oslo_service/backend/_threading/loopingcall.py:125}}
Jul 03 16:46:39.428928 np0000004445 nova-scheduler[93246]: DEBUG oslo.service.backend._threading.loopingcall [None req-3f718be0-4c29-4b4f-81e8-b75d402fb0d8 None None] Dynamic interval looping call 'nova.service.Service.periodic_tasks' sleeping for 60.00 seconds {{(pid=93246) _run_loop /opt/stack/data/venv/lib/python3.12/site-packages/oslo_service/backend/_threading/loopingcall.py:125}}
Jul 03 16:47:19.430343 np0000004445 nova-scheduler[93250]: DEBUG oslo.service.backend._threading.loopingcall [None req-86545871-8979-4d4c-9444-321cc08ec66c None None] Dynamic interval looping call 'nova.service.Service.periodic_tasks' sleeping for 60.00 seconds {{(pid=93250) _run_loop /opt/stack/data/venv/lib/python3.12/site-packages/oslo_service/backend/_threading/loopingcall.py:125}}
Jul 03 16:47:31.450083 np0000004445 nova-scheduler[93248]: DEBUG oslo.service.backend._threading.loopingcall [None req-13742425-dcc1-4d18-a4c8-19aef8c199af None None] Dynamic interval looping call 'nova.service.Service.periodic_tasks' sleeping for 60.00 seconds {{(pid=93248) _run_loop /opt/stack/data/venv/lib/python3.12/site-packages/oslo_service/backend/_threading/loopingcall.py:125}}
Jul 03 16:47:39.429641 np0000004445 nova-scheduler[93246]: DEBUG oslo.service.backend._threading.loopingcall [None req-3f718be0-4c29-4b4f-81e8-b75d402fb0d8 None None] Dynamic interval looping call 'nova.service.Service.periodic_tasks' sleeping for 60.00 seconds {{(pid=93246) _run_loop /opt/stack/data/venv/lib/python3.12/site-packages/oslo_service/backend/_threading/loopingcall.py:125}}
Jul 03 16:48:02.446494 np0000004445 nova-scheduler[93246]: DEBUG oslo.service.backend._threading.loopingcall [-] Fixed interval looping call 'nova.servicegroup.drivers.db.DbDriver._report_state' sleeping for 119.99 seconds {{(pid=93246) _run_loop /opt/stack/data/venv/lib/python3.12/site-packages/oslo_service/backend/_threading/loopingcall.py:125}}
Jul 03 16:48:02.447316 np0000004445 nova-scheduler[93250]: DEBUG oslo.service.backend._threading.loopingcall [-] Fixed interval looping call 'nova.servicegroup.drivers.db.DbDriver._report_state' sleeping for 119.99 seconds {{(pid=93250) _run_loop /opt/stack/data/venv/lib/python3.12/site-packages/oslo_service/backend/_threading/loopingcall.py:125}}
Jul 03 16:48:02.453898 np0000004445 nova-scheduler[93248]: DEBUG oslo.service.backend._threading.loopingcall [-] Fixed interval looping call 'nova.servicegroup.drivers.db.DbDriver._report_state' sleeping for 120.00 seconds {{(pid=93248) _run_loop /opt/stack/data/venv/lib/python3.12/site-packages/oslo_service/backend/_threading/loopingcall.py:125}}
Jul 03 16:48:12.437269 np0000004445 nova-scheduler[93246]: DEBUG dbcounter [-] [93246] Writing DB stats nova_cell0:SELECT=1,nova_cell0:UPDATE=1 {{(pid=93246) stat_writer /opt/stack/data/venv/lib/python3.12/site-packages/dbcounter.py:115}}
Jul 03 16:48:12.437724 np0000004445 nova-scheduler[93250]: DEBUG dbcounter [-] [93250] Writing DB stats nova_cell0:SELECT=1,nova_cell0:UPDATE=1 {{(pid=93250) stat_writer /opt/stack/data/venv/lib/python3.12/site-packages/dbcounter.py:115}}
Jul 03 16:48:12.452385 np0000004445 nova-scheduler[93248]: DEBUG dbcounter [-] [93248] Writing DB stats nova_cell0:SELECT=1 {{(pid=93248) stat_writer /opt/stack/data/venv/lib/python3.12/site-packages/dbcounter.py:115}}
Jul 03 16:48:19.431235 np0000004445 nova-scheduler[93250]: DEBUG oslo.service.backend._threading.loopingcall [None req-86545871-8979-4d4c-9444-321cc08ec66c None None] Dynamic interval looping call 'nova.service.Service.periodic_tasks' sleeping for 60.00 seconds {{(pid=93250) _run_loop /opt/stack/data/venv/lib/python3.12/site-packages/oslo_service/backend/_threading/loopingcall.py:125}}
Jul 03 16:48:31.450860 np0000004445 nova-scheduler[93248]: DEBUG oslo.service.backend._threading.loopingcall [None req-13742425-dcc1-4d18-a4c8-19aef8c199af None None] Dynamic interval looping call 'nova.service.Service.periodic_tasks' sleeping for 60.00 seconds {{(pid=93248) _run_loop /opt/stack/data/venv/lib/python3.12/site-packages/oslo_service/backend/_threading/loopingcall.py:125}}
Jul 03 16:48:35.050660 np0000004445 nova-scheduler[93246]: DEBUG nova.scheduler.manager [None req-4fc55188-c276-4ee3-ba7e-551fcab65fa5 tempest-DeleteServersTestJSON-1510808037 tempest-DeleteServersTestJSON-1510808037-project-member] Starting to schedule for instances: ['f1ef3ca0-6786-4799-8ff7-32f6c60f8475'] {{(pid=93246) select_destinations /opt/stack/nova/nova/scheduler/manager.py:209}}
Jul 03 16:48:35.051052 np0000004445 nova-scheduler[93246]: DEBUG nova.scheduler.request_filter [None req-4fc55188-c276-4ee3-ba7e-551fcab65fa5 tempest-DeleteServersTestJSON-1510808037 tempest-DeleteServersTestJSON-1510808037-project-member] compute_status_filter request filter added forbidden trait COMPUTE_STATUS_DISABLED {{(pid=93246) compute_status_filter /opt/stack/nova/nova/scheduler/request_filter.py:253}}
Jul 03 16:48:35.051052 np0000004445 nova-scheduler[93246]: DEBUG nova.scheduler.request_filter [None req-4fc55188-c276-4ee3-ba7e-551fcab65fa5 tempest-DeleteServersTestJSON-1510808037 tempest-DeleteServersTestJSON-1510808037-project-member] Request filter 'compute_status_filter' took 0.0 seconds {{(pid=93246) wrapper /opt/stack/nova/nova/scheduler/request_filter.py:46}}
Jul 03 16:48:35.051248 np0000004445 nova-scheduler[93246]: DEBUG nova.scheduler.request_filter [None req-4fc55188-c276-4ee3-ba7e-551fcab65fa5 tempest-DeleteServersTestJSON-1510808037 tempest-DeleteServersTestJSON-1510808037-project-member] Request filter 'accelerators_filter' took 0.0 seconds {{(pid=93246) wrapper /opt/stack/nova/nova/scheduler/request_filter.py:46}}
Jul 03 16:48:35.051416 np0000004445 nova-scheduler[93246]: DEBUG nova.scheduler.request_filter [None req-4fc55188-c276-4ee3-ba7e-551fcab65fa5 tempest-DeleteServersTestJSON-1510808037 tempest-DeleteServersTestJSON-1510808037-project-member] Request filter 'packed_virtqueue_filter' took 0.0 seconds {{(pid=93246) wrapper /opt/stack/nova/nova/scheduler/request_filter.py:46}}
Jul 03 16:48:35.051793 np0000004445 nova-scheduler[93246]: DEBUG nova.scheduler.request_filter [None req-4fc55188-c276-4ee3-ba7e-551fcab65fa5 tempest-DeleteServersTestJSON-1510808037 tempest-DeleteServersTestJSON-1510808037-project-member] Request filter 'remote_managed_ports_filter' took 0.0 seconds {{(pid=93246) wrapper /opt/stack/nova/nova/scheduler/request_filter.py:46}}
Jul 03 16:48:35.052007 np0000004445 nova-scheduler[93246]: DEBUG nova.scheduler.request_filter [None req-4fc55188-c276-4ee3-ba7e-551fcab65fa5 tempest-DeleteServersTestJSON-1510808037 tempest-DeleteServersTestJSON-1510808037-project-member] ephemeral_encryption_filter skipped {{(pid=93246) ephemeral_encryption_filter /opt/stack/nova/nova/scheduler/request_filter.py:426}}
Jul 03 16:48:35.052210 np0000004445 nova-scheduler[93246]: DEBUG nova.scheduler.request_filter [None req-4fc55188-c276-4ee3-ba7e-551fcab65fa5 tempest-DeleteServersTestJSON-1510808037 tempest-DeleteServersTestJSON-1510808037-project-member] virtio_sound_filter skipped {{(pid=93246) virtio_sound_filter /opt/stack/nova/nova/scheduler/request_filter.py:460}}
Jul 03 16:48:35.052341 np0000004445 nova-scheduler[93246]: DEBUG nova.scheduler.request_filter [None req-4fc55188-c276-4ee3-ba7e-551fcab65fa5 tempest-DeleteServersTestJSON-1510808037 tempest-DeleteServersTestJSON-1510808037-project-member] tpm_secret_security_filter skipped {{(pid=93246) tpm_secret_security_filter /opt/stack/nova/nova/scheduler/request_filter.py:477}}
Jul 03 16:48:35.826660 np0000004445 nova-scheduler[93246]: INFO nova.utils [None req-4fc55188-c276-4ee3-ba7e-551fcab65fa5 tempest-DeleteServersTestJSON-1510808037 tempest-DeleteServersTestJSON-1510808037-project-member] The cell worker thread pool ForkProcess-1.cell_worker is initialized
Jul 03 16:48:35.827024 np0000004445 nova-scheduler[93246]: DEBUG oslo_concurrency.lockutils [None req-4fc55188-c276-4ee3-ba7e-551fcab65fa5 tempest-DeleteServersTestJSON-1510808037 tempest-DeleteServersTestJSON-1510808037-project-member] Acquiring lock "6fcc7d35-9d51-4054-a8a8-5235fc3f9206" by "nova.context.set_target_cell..get_or_set_cached_cell_and_set_connections" {{(pid=93246) inner /opt/stack/data/venv/lib/python3.12/site-packages/oslo_concurrency/lockutils.py:511}}
Jul 03 16:48:35.827262 np0000004445 nova-scheduler[93246]: DEBUG oslo_concurrency.lockutils [None req-4fc55188-c276-4ee3-ba7e-551fcab65fa5 tempest-DeleteServersTestJSON-1510808037 tempest-DeleteServersTestJSON-1510808037-project-member] Lock "6fcc7d35-9d51-4054-a8a8-5235fc3f9206" acquired by "nova.context.set_target_cell..get_or_set_cached_cell_and_set_connections" :: waited 0.000s {{(pid=93246) inner /opt/stack/data/venv/lib/python3.12/site-packages/oslo_concurrency/lockutils.py:524}}
Jul 03 16:48:35.828778 np0000004445 nova-scheduler[93246]: DEBUG oslo_concurrency.lockutils [None req-4fc55188-c276-4ee3-ba7e-551fcab65fa5 tempest-DeleteServersTestJSON-1510808037 tempest-DeleteServersTestJSON-1510808037-project-member] Lock "6fcc7d35-9d51-4054-a8a8-5235fc3f9206" "released" by "nova.context.set_target_cell..get_or_set_cached_cell_and_set_connections" :: held 0.001s {{(pid=93246) inner /opt/stack/data/venv/lib/python3.12/site-packages/oslo_concurrency/lockutils.py:543}}
Jul 03 16:48:35.831612 np0000004445 nova-scheduler[93246]: INFO dbcounter [None req-4fc55188-c276-4ee3-ba7e-551fcab65fa5 tempest-DeleteServersTestJSON-1510808037 tempest-DeleteServersTestJSON-1510808037-project-member] Registered counter for database nova_cell1
Jul 03 16:48:35.871113 np0000004445 nova-scheduler[93246]: DEBUG oslo_db.sqlalchemy.engines [None req-4fc55188-c276-4ee3-ba7e-551fcab65fa5 tempest-DeleteServersTestJSON-1510808037 tempest-DeleteServersTestJSON-1510808037-project-member] MySQL server mode set to STRICT_TRANS_TABLES,STRICT_ALL_TABLES,NO_ZERO_IN_DATE,NO_ZERO_DATE,ERROR_FOR_DIVISION_BY_ZERO,TRADITIONAL,NO_ENGINE_SUBSTITUTION {{(pid=93246) _check_effective_sql_mode /opt/stack/data/venv/lib/python3.12/site-packages/oslo_db/sqlalchemy/engines.py:325}}
Jul 03 16:48:35.878498 np0000004445 nova-scheduler[93246]: DEBUG dbcounter [-] [93246] Writer thread running {{(pid=93246) stat_writer /opt/stack/data/venv/lib/python3.12/site-packages/dbcounter.py:102}}
Jul 03 16:48:35.893146 np0000004445 nova-scheduler[93246]: DEBUG oslo_db.sqlalchemy.engines [None req-4fc55188-c276-4ee3-ba7e-551fcab65fa5 tempest-DeleteServersTestJSON-1510808037 tempest-DeleteServersTestJSON-1510808037-project-member] Parent process 92050 forked (93246) with an open database connection, which is being discarded and recreated. {{(pid=93246) checkout /opt/stack/data/venv/lib/python3.12/site-packages/oslo_db/sqlalchemy/engines.py:402}}
Jul 03 16:48:35.953910 np0000004445 nova-scheduler[93246]: DEBUG dbcounter [-] [93246] Writer thread running {{(pid=93246) stat_writer /opt/stack/data/venv/lib/python3.12/site-packages/dbcounter.py:102}}
Jul 03 16:48:35.960201 np0000004445 nova-scheduler[93246]: DEBUG oslo_concurrency.lockutils [None req-4fc55188-c276-4ee3-ba7e-551fcab65fa5 tempest-DeleteServersTestJSON-1510808037 tempest-DeleteServersTestJSON-1510808037-project-member] Acquiring lock "6fcc7d35-9d51-4054-a8a8-5235fc3f9206" by "nova.context.set_target_cell..get_or_set_cached_cell_and_set_connections" {{(pid=93246) inner /opt/stack/data/venv/lib/python3.12/site-packages/oslo_concurrency/lockutils.py:511}}
Jul 03 16:48:35.960201 np0000004445 nova-scheduler[93246]: DEBUG oslo_concurrency.lockutils [None req-4fc55188-c276-4ee3-ba7e-551fcab65fa5 tempest-DeleteServersTestJSON-1510808037 tempest-DeleteServersTestJSON-1510808037-project-member] Lock "6fcc7d35-9d51-4054-a8a8-5235fc3f9206" acquired by "nova.context.set_target_cell..get_or_set_cached_cell_and_set_connections" :: waited 0.000s {{(pid=93246) inner /opt/stack/data/venv/lib/python3.12/site-packages/oslo_concurrency/lockutils.py:524}}
Jul 03 16:48:35.960350 np0000004445 nova-scheduler[93246]: DEBUG oslo_concurrency.lockutils [None req-4fc55188-c276-4ee3-ba7e-551fcab65fa5 tempest-DeleteServersTestJSON-1510808037 tempest-DeleteServersTestJSON-1510808037-project-member] Lock "6fcc7d35-9d51-4054-a8a8-5235fc3f9206" "released" by "nova.context.set_target_cell..get_or_set_cached_cell_and_set_connections" :: held 0.000s {{(pid=93246) inner /opt/stack/data/venv/lib/python3.12/site-packages/oslo_concurrency/lockutils.py:543}}
Jul 03 16:48:35.969290 np0000004445 nova-scheduler[93246]: DEBUG oslo_concurrency.lockutils [None req-4fc55188-c276-4ee3-ba7e-551fcab65fa5 tempest-DeleteServersTestJSON-1510808037 tempest-DeleteServersTestJSON-1510808037-project-member] Acquiring lock "np0000004445-np0000004445" by "nova.scheduler.host_manager.HostState.update.._locked_update" {{(pid=93246) inner /opt/stack/data/venv/lib/python3.12/site-packages/oslo_concurrency/lockutils.py:511}}
Jul 03 16:48:35.969290 np0000004445 nova-scheduler[93246]: DEBUG oslo_concurrency.lockutils [None req-4fc55188-c276-4ee3-ba7e-551fcab65fa5 tempest-DeleteServersTestJSON-1510808037 tempest-DeleteServersTestJSON-1510808037-project-member] Lock "np0000004445-np0000004445" acquired by "nova.scheduler.host_manager.HostState.update.._locked_update" :: waited 0.000s {{(pid=93246) inner /opt/stack/data/venv/lib/python3.12/site-packages/oslo_concurrency/lockutils.py:524}}
Jul 03 16:48:35.970459 np0000004445 nova-scheduler[93246]: DEBUG nova.scheduler.host_manager [None req-4fc55188-c276-4ee3-ba7e-551fcab65fa5 tempest-DeleteServersTestJSON-1510808037 tempest-DeleteServersTestJSON-1510808037-project-member] Update host state from compute node: ComputeNode(cpu_allocation_ratio=4.0,cpu_info='{"arch": "x86_64", "model": "EPYC-Milan", "vendor": "AMD", "topology": {"cells": 1, "sockets": 16, "cores": 1, "threads": 1}, "maxphysaddr": {"mode": "emulate", "bits": 40}, "features": ["nx", "rdpid", "cmp_legacy", "arat", "xsave", "pfthreshold", "fma", "vmcb-clean", "aes", "flushbyasid", "tsc-scale", "avx2", "de", "mmx", "lfence-always-serializing", "popcnt", "v-vmsave-vmload", "pdpe1gb", "syscall", "rdseed", "amd-ssbd", "pcid", "lm", "misalignsse", "pku", "cmov", "rdrand", "avx", "xsaveopt", "ssbd", "f16c", "pat", "msr", "xgetbv1", "bmi1", "invpcid", "pae", "tsc", "cx8", "xsavec", "pse", "ssse3", "tsc_adjust", "umip", "ibrs", "pause-filter", "bmi2", "xsaveerptr", "hypervisor", "mds-no", "sse", "ibpb", "movbe", "vme", "clflushopt", "sep", "mca", "vgif", "virt-ssbd", "fsgsbase", "mmxext", "pclmuldq", "sse4a", "no-nested-data-bp", "npt", "abm", "skip-l1dfl-vmentry", "rdctl-no", "clwb", "xsaves", "sse2", "3dnowprefetch", "fsrm", "topoext", "null-sel-clr-base", "fxsr", "osvw", "vaes", "fpu", "perfctr_core", "svm", "stibp", "sse4.1", "mce", "cx16", "spec-ctrl", "gds-no", "smap", "svme-addr-chk", "amd-psfd", "x2apic", "fxsr_opt", "vpclmulqdq", "tsc-deadline", "lbrv", "amd-stibp", "sse4.2", "lahf_lm", "adx", "stibp-always-on", "pni", "erms", "clflush", "rdtscp", "cr8legacy", "arch-capabilities", "clzero", "sha-ni", "wbnoinvd", "pge", "pse36", "nrip-save", "apic", "pschange-mc-no", "smep", "mtrr"]}',created_at=2026-07-03T16:46:25Z,current_workload=0,deleted=False,deleted_at=None,disk_allocation_ratio=1.0,disk_available_least=73,free_disk_gb=95,free_ram_mb=62765,host='np0000004445',host_ip=10.4.3.64,hypervisor_hostname='np0000004445',hypervisor_type='QEMU',hypervisor_version=8002002,id=1,local_gb=95,local_gb_used=0,mapped=1,memory_mb=63277,memory_mb_used=512,metrics='[]',numa_topology='{"nova_object.name": "NUMATopology", "nova_object.namespace": "nova", "nova_object.version": "1.2", "nova_object.data": {"cells": [{"nova_object.name": "NUMACell", "nova_object.namespace": "nova", "nova_object.version": "1.5", "nova_object.data": {"id": 0, "cpuset": [0, 1, 2, 3, 4, 5, 6, 7, 8, 9, 10, 11, 12, 13, 14, 15], "pcpuset": [0, 1, 2, 3, 4, 5, 6, 7, 8, 9, 10, 11, 12, 13, 14, 15], "memory": 63277, "cpu_usage": 0, "memory_usage": 0, "pinned_cpus": [], "siblings": [[6], [12], [2], [15], [5], [11], [8], [14], [4], [1], [7], [10], [0], [13], [3], [9]], "mempages": [{"nova_object.name": "NUMAPagesTopology", "nova_object.namespace": "nova", "nova_object.version": "1.1", "nova_object.data": {"size_kb": 4, "total": 16177929, "used": 0, "reserved": 0}, "nova_object.changes": ["used", "size_kb", "total", "reserved"]}, {"nova_object.name": "NUMAPagesTopology", "nova_object.namespace": "nova", "nova_object.version": "1.1", "nova_object.data": {"size_kb": 2048, "total": 41, "used": 0, "reserved": 0}, "nova_object.changes": ["used", "size_kb", "total", "reserved"]}, {"nova_object.name": "NUMAPagesTopology", "nova_object.namespace": "nova", "nova_object.version": "1.1", "nova_object.data": {"size_kb": 1048576, "total": 0, "used": 0, "reserved": 0}, "nova_object.changes": ["used", "size_kb", "total", "reserved"]}], "network_metadata": {"nova_object.name": "NetworkMetadata", "nova_object.namespace": "nova", "nova_object.version": "1.0", "nova_object.data": {"physnets": [], "tunneled": false}, "nova_object.changes": ["physnets", "tunneled"]}, "socket": null}, "nova_object.changes": ["id", "mempages", "pinned_cpus", "network_metadata", "cpu_usage", "memory_usage", "siblings", "cpuset", "pcpuset", "memory", "socket"]}]}, "nova_object.changes": ["cells"]}',pci_device_pools=PciDevicePoolList,ram_allocation_ratio=1.0,running_vms=0,service_id=3,stats={failed_builds='0',uptime=' 16:48:09 up 14 min, 2 users, load average: 1.68, 1.74, 1.01
Jul 03 16:48:35.970459 np0000004445 nova-scheduler[93246]: '},supported_hv_specs=[HVSpec,HVSpec,HVSpec,HVSpec,HVSpec,HVSpec,HVSpec,HVSpec,HVSpec,HVSpec,HVSpec,HVSpec,HVSpec,HVSpec,HVSpec,HVSpec,HVSpec,HVSpec,HVSpec,HVSpec,HVSpec,HVSpec,HVSpec,HVSpec,HVSpec],updated_at=2026-07-03T16:48:11Z,uuid=15b7d3fd-a550-4ea1-802b-faf3ec04b7ca,vcpus=16,vcpus_used=0) {{(pid=93246) _locked_update /opt/stack/nova/nova/scheduler/host_manager.py:168}}
Jul 03 16:48:35.971651 np0000004445 nova-scheduler[93246]: DEBUG nova.scheduler.host_manager [None req-4fc55188-c276-4ee3-ba7e-551fcab65fa5 tempest-DeleteServersTestJSON-1510808037 tempest-DeleteServersTestJSON-1510808037-project-member] Update host state with aggregates: [] {{(pid=93246) _locked_update /opt/stack/nova/nova/scheduler/host_manager.py:171}}
Jul 03 16:48:35.972215 np0000004445 nova-scheduler[93246]: DEBUG nova.scheduler.host_manager [None req-4fc55188-c276-4ee3-ba7e-551fcab65fa5 tempest-DeleteServersTestJSON-1510808037 tempest-DeleteServersTestJSON-1510808037-project-member] Update host state with service dict: {'id': 3, 'uuid': '4aaeb207-9220-48f1-a8e2-83f1da96d05a', 'host': 'np0000004445', 'binary': 'nova-compute', 'topic': 'compute', 'report_count': 2, 'disabled': False, 'disabled_reason': None, 'last_seen_up': datetime.datetime(2026, 7, 3, 16, 48, 34, tzinfo=datetime.timezone.utc), 'forced_down': False, 'version': 72, 'created_at': datetime.datetime(2026, 7, 3, 16, 46, 23, tzinfo=datetime.timezone.utc), 'updated_at': datetime.datetime(2026, 7, 3, 16, 48, 34, tzinfo=datetime.timezone.utc), 'deleted_at': None, 'deleted': False} {{(pid=93246) _locked_update /opt/stack/nova/nova/scheduler/host_manager.py:174}}
Jul 03 16:48:35.972215 np0000004445 nova-scheduler[93246]: DEBUG nova.scheduler.host_manager [None req-4fc55188-c276-4ee3-ba7e-551fcab65fa5 tempest-DeleteServersTestJSON-1510808037 tempest-DeleteServersTestJSON-1510808037-project-member] Update host state with instances: [] {{(pid=93246) _locked_update /opt/stack/nova/nova/scheduler/host_manager.py:177}}
Jul 03 16:48:35.972215 np0000004445 nova-scheduler[93246]: DEBUG oslo_concurrency.lockutils [None req-4fc55188-c276-4ee3-ba7e-551fcab65fa5 tempest-DeleteServersTestJSON-1510808037 tempest-DeleteServersTestJSON-1510808037-project-member] Lock "np0000004445-np0000004445" "released" by "nova.scheduler.host_manager.HostState.update.._locked_update" :: held 0.003s {{(pid=93246) inner /opt/stack/data/venv/lib/python3.12/site-packages/oslo_concurrency/lockutils.py:543}}
Jul 03 16:48:35.972714 np0000004445 nova-scheduler[93246]: DEBUG nova.filters [None req-4fc55188-c276-4ee3-ba7e-551fcab65fa5 tempest-DeleteServersTestJSON-1510808037 tempest-DeleteServersTestJSON-1510808037-project-member] Starting with 1 host(s) {{(pid=93246) get_filtered_objects /opt/stack/nova/nova/filters.py:70}}
Jul 03 16:48:35.973714 np0000004445 nova-scheduler[93246]: DEBUG nova.filters [None req-4fc55188-c276-4ee3-ba7e-551fcab65fa5 tempest-DeleteServersTestJSON-1510808037 tempest-DeleteServersTestJSON-1510808037-project-member] Filter ComputeFilter returned 1 host(s) {{(pid=93246) get_filtered_objects /opt/stack/nova/nova/filters.py:102}}
Jul 03 16:48:35.973714 np0000004445 nova-scheduler[93246]: DEBUG nova.filters [None req-4fc55188-c276-4ee3-ba7e-551fcab65fa5 tempest-DeleteServersTestJSON-1510808037 tempest-DeleteServersTestJSON-1510808037-project-member] Filter ComputeCapabilitiesFilter returned 1 host(s) {{(pid=93246) get_filtered_objects /opt/stack/nova/nova/filters.py:102}}
Jul 03 16:48:35.973714 np0000004445 nova-scheduler[93246]: DEBUG nova.filters [None req-4fc55188-c276-4ee3-ba7e-551fcab65fa5 tempest-DeleteServersTestJSON-1510808037 tempest-DeleteServersTestJSON-1510808037-project-member] Filter ImagePropertiesFilter returned 1 host(s) {{(pid=93246) get_filtered_objects /opt/stack/nova/nova/filters.py:102}}
Jul 03 16:48:35.973714 np0000004445 nova-scheduler[93246]: DEBUG nova.filters [None req-4fc55188-c276-4ee3-ba7e-551fcab65fa5 tempest-DeleteServersTestJSON-1510808037 tempest-DeleteServersTestJSON-1510808037-project-member] Filter ServerGroupAntiAffinityFilter returned 1 host(s) {{(pid=93246) get_filtered_objects /opt/stack/nova/nova/filters.py:102}}
Jul 03 16:48:35.973909 np0000004445 nova-scheduler[93246]: DEBUG nova.filters [None req-4fc55188-c276-4ee3-ba7e-551fcab65fa5 tempest-DeleteServersTestJSON-1510808037 tempest-DeleteServersTestJSON-1510808037-project-member] Filter ServerGroupAffinityFilter returned 1 host(s) {{(pid=93246) get_filtered_objects /opt/stack/nova/nova/filters.py:102}}
Jul 03 16:48:35.974329 np0000004445 nova-scheduler[93246]: DEBUG nova.filters [None req-4fc55188-c276-4ee3-ba7e-551fcab65fa5 tempest-DeleteServersTestJSON-1510808037 tempest-DeleteServersTestJSON-1510808037-project-member] Filter SameHostFilter returned 1 host(s) {{(pid=93246) get_filtered_objects /opt/stack/nova/nova/filters.py:102}}
Jul 03 16:48:35.974329 np0000004445 nova-scheduler[93246]: DEBUG nova.filters [None req-4fc55188-c276-4ee3-ba7e-551fcab65fa5 tempest-DeleteServersTestJSON-1510808037 tempest-DeleteServersTestJSON-1510808037-project-member] Filter DifferentHostFilter returned 1 host(s) {{(pid=93246) get_filtered_objects /opt/stack/nova/nova/filters.py:102}}
Jul 03 16:48:35.974329 np0000004445 nova-scheduler[93246]: DEBUG nova.scheduler.manager [None req-4fc55188-c276-4ee3-ba7e-551fcab65fa5 tempest-DeleteServersTestJSON-1510808037 tempest-DeleteServersTestJSON-1510808037-project-member] Filtered [(np0000004445, np0000004445) ram: 62765MB disk: 74752MB io_ops: 0 instances: 0, allocation_candidates: 1] {{(pid=93246) _get_sorted_hosts /opt/stack/nova/nova/scheduler/manager.py:742}}
Jul 03 16:48:35.974647 np0000004445 nova-scheduler[93246]: DEBUG nova.scheduler.manager [None req-4fc55188-c276-4ee3-ba7e-551fcab65fa5 tempest-DeleteServersTestJSON-1510808037 tempest-DeleteServersTestJSON-1510808037-project-member] Weighed [WeighedHost [host: (np0000004445, np0000004445) ram: 62765MB disk: 74752MB io_ops: 0 instances: 0, allocation_candidates: 1, weight: 0.0]] {{(pid=93246) _get_sorted_hosts /opt/stack/nova/nova/scheduler/manager.py:764}}
Jul 03 16:48:35.974819 np0000004445 nova-scheduler[93246]: DEBUG nova.scheduler.utils [None req-4fc55188-c276-4ee3-ba7e-551fcab65fa5 tempest-DeleteServersTestJSON-1510808037 tempest-DeleteServersTestJSON-1510808037-project-member] Attempting to claim resources in the placement API for instance f1ef3ca0-6786-4799-8ff7-32f6c60f8475 {{(pid=93246) claim_resources /opt/stack/nova/nova/scheduler/utils.py:1345}}
Jul 03 16:48:36.167811 np0000004445 nova-scheduler[93246]: DEBUG nova.scheduler.manager [None req-4fc55188-c276-4ee3-ba7e-551fcab65fa5 tempest-DeleteServersTestJSON-1510808037 tempest-DeleteServersTestJSON-1510808037-project-member] [instance: f1ef3ca0-6786-4799-8ff7-32f6c60f8475] Selected host: (np0000004445, np0000004445) ram: 62765MB disk: 74752MB io_ops: 0 instances: 0, allocation_candidates: 1 {{(pid=93246) _consume_selected_host /opt/stack/nova/nova/scheduler/manager.py:624}}
Jul 03 16:48:36.167811 np0000004445 nova-scheduler[93246]: DEBUG oslo_concurrency.lockutils [None req-4fc55188-c276-4ee3-ba7e-551fcab65fa5 tempest-DeleteServersTestJSON-1510808037 tempest-DeleteServersTestJSON-1510808037-project-member] Acquiring lock "np0000004445-np0000004445" by "nova.scheduler.host_manager.HostState.consume_from_request.._locked" {{(pid=93246) inner /opt/stack/data/venv/lib/python3.12/site-packages/oslo_concurrency/lockutils.py:511}}
Jul 03 16:48:36.167811 np0000004445 nova-scheduler[93246]: DEBUG oslo_concurrency.lockutils [None req-4fc55188-c276-4ee3-ba7e-551fcab65fa5 tempest-DeleteServersTestJSON-1510808037 tempest-DeleteServersTestJSON-1510808037-project-member] Lock "np0000004445-np0000004445" acquired by "nova.scheduler.host_manager.HostState.consume_from_request.._locked" :: waited 0.000s {{(pid=93246) inner /opt/stack/data/venv/lib/python3.12/site-packages/oslo_concurrency/lockutils.py:524}}
Jul 03 16:48:36.167811 np0000004445 nova-scheduler[93246]: DEBUG oslo_concurrency.lockutils [None req-4fc55188-c276-4ee3-ba7e-551fcab65fa5 tempest-DeleteServersTestJSON-1510808037 tempest-DeleteServersTestJSON-1510808037-project-member] Lock "np0000004445-np0000004445" "released" by "nova.scheduler.host_manager.HostState.consume_from_request.._locked" :: held 0.000s {{(pid=93246) inner /opt/stack/data/venv/lib/python3.12/site-packages/oslo_concurrency/lockutils.py:543}}
Jul 03 16:48:37.002497 np0000004445 nova-scheduler[93250]: DEBUG nova.scheduler.manager [None req-260f1b32-4867-45c6-bcdf-993dc822ed6a tempest-ServerStableDeviceRescueTest-348411602 tempest-ServerStableDeviceRescueTest-348411602-project-member] Starting to schedule for instances: ['6c55543b-8eef-4de0-8a68-11fa85f15031'] {{(pid=93250) select_destinations /opt/stack/nova/nova/scheduler/manager.py:209}}
Jul 03 16:48:37.002497 np0000004445 nova-scheduler[93250]: DEBUG nova.scheduler.request_filter [None req-260f1b32-4867-45c6-bcdf-993dc822ed6a tempest-ServerStableDeviceRescueTest-348411602 tempest-ServerStableDeviceRescueTest-348411602-project-member] compute_status_filter request filter added forbidden trait COMPUTE_STATUS_DISABLED {{(pid=93250) compute_status_filter /opt/stack/nova/nova/scheduler/request_filter.py:253}}
Jul 03 16:48:37.003031 np0000004445 nova-scheduler[93250]: DEBUG nova.scheduler.request_filter [None req-260f1b32-4867-45c6-bcdf-993dc822ed6a tempest-ServerStableDeviceRescueTest-348411602 tempest-ServerStableDeviceRescueTest-348411602-project-member] Request filter 'compute_status_filter' took 0.0 seconds {{(pid=93250) wrapper /opt/stack/nova/nova/scheduler/request_filter.py:46}}
Jul 03 16:48:37.003720 np0000004445 nova-scheduler[93250]: DEBUG nova.scheduler.request_filter [None req-260f1b32-4867-45c6-bcdf-993dc822ed6a tempest-ServerStableDeviceRescueTest-348411602 tempest-ServerStableDeviceRescueTest-348411602-project-member] Request filter 'accelerators_filter' took 0.0 seconds {{(pid=93250) wrapper /opt/stack/nova/nova/scheduler/request_filter.py:46}}
Jul 03 16:48:37.004046 np0000004445 nova-scheduler[93250]: DEBUG nova.scheduler.request_filter [None req-260f1b32-4867-45c6-bcdf-993dc822ed6a tempest-ServerStableDeviceRescueTest-348411602 tempest-ServerStableDeviceRescueTest-348411602-project-member] Request filter 'packed_virtqueue_filter' took 0.0 seconds {{(pid=93250) wrapper /opt/stack/nova/nova/scheduler/request_filter.py:46}}
Jul 03 16:48:37.004521 np0000004445 nova-scheduler[93250]: DEBUG nova.scheduler.request_filter [None req-260f1b32-4867-45c6-bcdf-993dc822ed6a tempest-ServerStableDeviceRescueTest-348411602 tempest-ServerStableDeviceRescueTest-348411602-project-member] Request filter 'remote_managed_ports_filter' took 0.0 seconds {{(pid=93250) wrapper /opt/stack/nova/nova/scheduler/request_filter.py:46}}
Jul 03 16:48:37.006056 np0000004445 nova-scheduler[93250]: DEBUG nova.scheduler.request_filter [None req-260f1b32-4867-45c6-bcdf-993dc822ed6a tempest-ServerStableDeviceRescueTest-348411602 tempest-ServerStableDeviceRescueTest-348411602-project-member] ephemeral_encryption_filter skipped {{(pid=93250) ephemeral_encryption_filter /opt/stack/nova/nova/scheduler/request_filter.py:426}}
Jul 03 16:48:37.006373 np0000004445 nova-scheduler[93250]: DEBUG nova.scheduler.request_filter [None req-260f1b32-4867-45c6-bcdf-993dc822ed6a tempest-ServerStableDeviceRescueTest-348411602 tempest-ServerStableDeviceRescueTest-348411602-project-member] virtio_sound_filter skipped {{(pid=93250) virtio_sound_filter /opt/stack/nova/nova/scheduler/request_filter.py:460}}
Jul 03 16:48:37.006632 np0000004445 nova-scheduler[93250]: DEBUG nova.scheduler.request_filter [None req-260f1b32-4867-45c6-bcdf-993dc822ed6a tempest-ServerStableDeviceRescueTest-348411602 tempest-ServerStableDeviceRescueTest-348411602-project-member] tpm_secret_security_filter skipped {{(pid=93250) tpm_secret_security_filter /opt/stack/nova/nova/scheduler/request_filter.py:477}}
Jul 03 16:48:37.127043 np0000004445 nova-scheduler[93250]: INFO nova.utils [None req-260f1b32-4867-45c6-bcdf-993dc822ed6a tempest-ServerStableDeviceRescueTest-348411602 tempest-ServerStableDeviceRescueTest-348411602-project-member] The cell worker thread pool ForkProcess-3.cell_worker is initialized
Jul 03 16:48:37.127043 np0000004445 nova-scheduler[93250]: DEBUG oslo_concurrency.lockutils [None req-260f1b32-4867-45c6-bcdf-993dc822ed6a tempest-ServerStableDeviceRescueTest-348411602 tempest-ServerStableDeviceRescueTest-348411602-project-member] Acquiring lock "6fcc7d35-9d51-4054-a8a8-5235fc3f9206" by "nova.context.set_target_cell..get_or_set_cached_cell_and_set_connections" {{(pid=93250) inner /opt/stack/data/venv/lib/python3.12/site-packages/oslo_concurrency/lockutils.py:511}}
Jul 03 16:48:37.127043 np0000004445 nova-scheduler[93250]: DEBUG oslo_concurrency.lockutils [None req-260f1b32-4867-45c6-bcdf-993dc822ed6a tempest-ServerStableDeviceRescueTest-348411602 tempest-ServerStableDeviceRescueTest-348411602-project-member] Lock "6fcc7d35-9d51-4054-a8a8-5235fc3f9206" acquired by "nova.context.set_target_cell..get_or_set_cached_cell_and_set_connections" :: waited 0.000s {{(pid=93250) inner /opt/stack/data/venv/lib/python3.12/site-packages/oslo_concurrency/lockutils.py:524}}
Jul 03 16:48:37.128796 np0000004445 nova-scheduler[93250]: DEBUG oslo_concurrency.lockutils [None req-260f1b32-4867-45c6-bcdf-993dc822ed6a tempest-ServerStableDeviceRescueTest-348411602 tempest-ServerStableDeviceRescueTest-348411602-project-member] Lock "6fcc7d35-9d51-4054-a8a8-5235fc3f9206" "released" by "nova.context.set_target_cell..get_or_set_cached_cell_and_set_connections" :: held 0.002s {{(pid=93250) inner /opt/stack/data/venv/lib/python3.12/site-packages/oslo_concurrency/lockutils.py:543}}
Jul 03 16:48:37.131443 np0000004445 nova-scheduler[93250]: INFO dbcounter [None req-260f1b32-4867-45c6-bcdf-993dc822ed6a tempest-ServerStableDeviceRescueTest-348411602 tempest-ServerStableDeviceRescueTest-348411602-project-member] Registered counter for database nova_cell1
Jul 03 16:48:37.169614 np0000004445 nova-scheduler[93250]: DEBUG oslo_db.sqlalchemy.engines [None req-260f1b32-4867-45c6-bcdf-993dc822ed6a tempest-ServerStableDeviceRescueTest-348411602 tempest-ServerStableDeviceRescueTest-348411602-project-member] MySQL server mode set to STRICT_TRANS_TABLES,STRICT_ALL_TABLES,NO_ZERO_IN_DATE,NO_ZERO_DATE,ERROR_FOR_DIVISION_BY_ZERO,TRADITIONAL,NO_ENGINE_SUBSTITUTION {{(pid=93250) _check_effective_sql_mode /opt/stack/data/venv/lib/python3.12/site-packages/oslo_db/sqlalchemy/engines.py:325}}
Jul 03 16:48:37.176920 np0000004445 nova-scheduler[93250]: DEBUG dbcounter [-] [93250] Writer thread running {{(pid=93250) stat_writer /opt/stack/data/venv/lib/python3.12/site-packages/dbcounter.py:102}}
Jul 03 16:48:37.260703 np0000004445 nova-scheduler[93250]: DEBUG dbcounter [-] [93250] Writer thread running {{(pid=93250) stat_writer /opt/stack/data/venv/lib/python3.12/site-packages/dbcounter.py:102}}
Jul 03 16:48:37.268231 np0000004445 nova-scheduler[93250]: DEBUG oslo_concurrency.lockutils [None req-260f1b32-4867-45c6-bcdf-993dc822ed6a tempest-ServerStableDeviceRescueTest-348411602 tempest-ServerStableDeviceRescueTest-348411602-project-member] Acquiring lock "6fcc7d35-9d51-4054-a8a8-5235fc3f9206" by "nova.context.set_target_cell..get_or_set_cached_cell_and_set_connections" {{(pid=93250) inner /opt/stack/data/venv/lib/python3.12/site-packages/oslo_concurrency/lockutils.py:511}}
Jul 03 16:48:37.268434 np0000004445 nova-scheduler[93250]: DEBUG oslo_concurrency.lockutils [None req-260f1b32-4867-45c6-bcdf-993dc822ed6a tempest-ServerStableDeviceRescueTest-348411602 tempest-ServerStableDeviceRescueTest-348411602-project-member] Lock "6fcc7d35-9d51-4054-a8a8-5235fc3f9206" acquired by "nova.context.set_target_cell..get_or_set_cached_cell_and_set_connections" :: waited 0.000s {{(pid=93250) inner /opt/stack/data/venv/lib/python3.12/site-packages/oslo_concurrency/lockutils.py:524}}
Jul 03 16:48:37.268617 np0000004445 nova-scheduler[93250]: DEBUG oslo_concurrency.lockutils [None req-260f1b32-4867-45c6-bcdf-993dc822ed6a tempest-ServerStableDeviceRescueTest-348411602 tempest-ServerStableDeviceRescueTest-348411602-project-member] Lock "6fcc7d35-9d51-4054-a8a8-5235fc3f9206" "released" by "nova.context.set_target_cell..get_or_set_cached_cell_and_set_connections" :: held 0.000s {{(pid=93250) inner /opt/stack/data/venv/lib/python3.12/site-packages/oslo_concurrency/lockutils.py:543}}
Jul 03 16:48:37.272132 np0000004445 nova-scheduler[93250]: DEBUG oslo_concurrency.lockutils [None req-260f1b32-4867-45c6-bcdf-993dc822ed6a tempest-ServerStableDeviceRescueTest-348411602 tempest-ServerStableDeviceRescueTest-348411602-project-member] Acquiring lock "np0000004445-np0000004445" by "nova.scheduler.host_manager.HostState.update.._locked_update" {{(pid=93250) inner /opt/stack/data/venv/lib/python3.12/site-packages/oslo_concurrency/lockutils.py:511}}
Jul 03 16:48:37.272360 np0000004445 nova-scheduler[93250]: DEBUG oslo_concurrency.lockutils [None req-260f1b32-4867-45c6-bcdf-993dc822ed6a tempest-ServerStableDeviceRescueTest-348411602 tempest-ServerStableDeviceRescueTest-348411602-project-member] Lock "np0000004445-np0000004445" acquired by "nova.scheduler.host_manager.HostState.update.._locked_update" :: waited 0.000s {{(pid=93250) inner /opt/stack/data/venv/lib/python3.12/site-packages/oslo_concurrency/lockutils.py:524}}
