Jul 27 05:02:15.684699 np0000005873 devstack@g-api.service[99836]: DEBUG glance.api.middleware.version_negotiation [None req-f1663992-72cb-4bbc-af11-e82158697747 tempest-AttachSCSIVolumeTestJSON-1295659656 tempest-AttachSCSIVolumeTestJSON-1295659656-project-admin] Matched version: v2 {{(pid=99836) process_request /opt/stack/glance/glance/api/middleware/version_negotiation.py:69}}
Jul 27 05:02:15.684895 np0000005873 devstack@g-api.service[99836]: DEBUG glance.api.middleware.version_negotiation [None req-f1663992-72cb-4bbc-af11-e82158697747 tempest-AttachSCSIVolumeTestJSON-1295659656 tempest-AttachSCSIVolumeTestJSON-1295659656-project-admin] new path /v2/images/a290fc03-c312-4723-8b61-4be72fa72287/file {{(pid=99836) process_request /opt/stack/glance/glance/api/middleware/version_negotiation.py:70}}
Jul 27 05:02:15.717164 np0000005873 devstack@g-api.service[99837]: DEBUG glance.image_cache.drivers.centralized_db [None req-9437b3b5-60ff-44d9-9c8e-0c7a9a2e7415 tempest-AttachSCSIVolumeTestJSON-1295659656 tempest-AttachSCSIVolumeTestJSON-1295659656-project-admin] Fetch finished, moving '/opt/stack/data/glance/cache/incomplete/f6c1cb88-677b-43a5-8765-6f5cca249447' to '/opt/stack/data/glance/cache/f6c1cb88-677b-43a5-8765-6f5cca249447' {{(pid=99837) commit /opt/stack/glance/glance/image_cache/drivers/centralized_db.py:243}}
Jul 27 05:02:15.756248 np0000005873 devstack@g-api.service[99837]: DEBUG glance.image_cache.drivers.centralized_db [None req-9437b3b5-60ff-44d9-9c8e-0c7a9a2e7415 tempest-AttachSCSIVolumeTestJSON-1295659656 tempest-AttachSCSIVolumeTestJSON-1295659656-project-admin] Image cached successfully. {{(pid=99837) commit /opt/stack/glance/glance/image_cache/drivers/centralized_db.py:258}}
Jul 27 05:02:15.756388 np0000005873 devstack@g-api.service[99837]: [pid: 99837|app: 0|req: 10/27] 127.0.0.1 () {40 vars in 844 bytes} [Mon Jul 27 05:02:14 2026] GET /v2/images/f6c1cb88-677b-43a5-8765-6f5cca249447/file => generated 21692416 bytes in 1326 msecs (HTTP/1.1 200) 4 headers in 191 bytes (335 switches on core 0)
Jul 27 05:02:15.915638 np0000005873 devstack@g-api.service[99835]: [pid: 99835|app: 0|req: 9/28] 127.0.0.1 () {44 vars in 1111 bytes} [Mon Jul 27 05:02:15 2026] GET /v2/images/f6c1cb88-677b-43a5-8765-6f5cca249447 => generated 1044 bytes in 337 msecs (HTTP/1.1 200) 4 headers in 158 bytes (1 switches on core 0)
Jul 27 05:02:15.921557 np0000005873 devstack@g-api.service[99837]: DEBUG glance.api.middleware.version_negotiation [None req-9437b3b5-60ff-44d9-9c8e-0c7a9a2e7415 tempest-AttachSCSIVolumeTestJSON-1295659656 tempest-AttachSCSIVolumeTestJSON-1295659656-project-admin] Determining version of request: GET /v2/schemas/image Accept: */* {{(pid=99837) process_request /opt/stack/glance/glance/api/middleware/version_negotiation.py:44}}
Jul 27 05:02:15.923182 np0000005873 devstack@g-api.service[99837]: DEBUG glance.api.middleware.version_negotiation [None req-9437b3b5-60ff-44d9-9c8e-0c7a9a2e7415 tempest-AttachSCSIVolumeTestJSON-1295659656 tempest-AttachSCSIVolumeTestJSON-1295659656-project-admin] Using url versioning {{(pid=99837) process_request /opt/stack/glance/glance/api/middleware/version_negotiation.py:57}}
Jul 27 05:02:15.923182 np0000005873 devstack@g-api.service[99837]: DEBUG glance.api.middleware.version_negotiation [None req-9437b3b5-60ff-44d9-9c8e-0c7a9a2e7415 tempest-AttachSCSIVolumeTestJSON-1295659656 tempest-AttachSCSIVolumeTestJSON-1295659656-project-admin] Matched version: v2 {{(pid=99837) process_request /opt/stack/glance/glance/api/middleware/version_negotiation.py:69}}
Jul 27 05:02:15.923182 np0000005873 devstack@g-api.service[99837]: DEBUG glance.api.middleware.version_negotiation [None req-9437b3b5-60ff-44d9-9c8e-0c7a9a2e7415 tempest-AttachSCSIVolumeTestJSON-1295659656 tempest-AttachSCSIVolumeTestJSON-1295659656-project-admin] new path /v2/schemas/image {{(pid=99837) process_request /opt/stack/glance/glance/api/middleware/version_negotiation.py:70}}
Jul 27 05:02:15.925249 np0000005873 devstack@g-api.service[99837]: [pid: 99837|app: 0|req: 11/29] 127.0.0.1 () {44 vars in 1051 bytes} [Mon Jul 27 05:02:15 2026] GET /v2/schemas/image => generated 6083 bytes in 4 msecs (HTTP/1.1 200) 4 headers in 158 bytes (1 switches on core 0)
Jul 27 05:02:15.932521 np0000005873 devstack@g-api.service[99835]: DEBUG glance.api.middleware.version_negotiation [None req-ec0158a3-16f7-413d-a083-8b6c34c9ab6d tempest-ServerActionsV293TestJSON-200678977 tempest-ServerActionsV293TestJSON-200678977-project-member] Determining version of request: GET /v2/schemas/image Accept: */* {{(pid=99835) process_request /opt/stack/glance/glance/api/middleware/version_negotiation.py:44}}
Jul 27 05:02:15.932637 np0000005873 devstack@g-api.service[99835]: DEBUG glance.api.middleware.version_negotiation [None req-ec0158a3-16f7-413d-a083-8b6c34c9ab6d tempest-ServerActionsV293TestJSON-200678977 tempest-ServerActionsV293TestJSON-200678977-project-member] Using url versioning {{(pid=99835) process_request /opt/stack/glance/glance/api/middleware/version_negotiation.py:57}}
Jul 27 05:02:15.932833 np0000005873 devstack@g-api.service[99835]: DEBUG glance.api.middleware.version_negotiation [None req-ec0158a3-16f7-413d-a083-8b6c34c9ab6d tempest-ServerActionsV293TestJSON-200678977 tempest-ServerActionsV293TestJSON-200678977-project-member] Matched version: v2 {{(pid=99835) process_request /opt/stack/glance/glance/api/middleware/version_negotiation.py:69}}
Jul 27 05:02:15.932928 np0000005873 devstack@g-api.service[99835]: DEBUG glance.api.middleware.version_negotiation [None req-ec0158a3-16f7-413d-a083-8b6c34c9ab6d tempest-ServerActionsV293TestJSON-200678977 tempest-ServerActionsV293TestJSON-200678977-project-member] new path /v2/schemas/image {{(pid=99835) process_request /opt/stack/glance/glance/api/middleware/version_negotiation.py:70}}
Jul 27 05:02:15.934693 np0000005873 devstack@g-api.service[99835]: [pid: 99835|app: 0|req: 10/30] 127.0.0.1 () {44 vars in 1051 bytes} [Mon Jul 27 05:02:15 2026] GET /v2/schemas/image => generated 6083 bytes in 2 msecs (HTTP/1.1 200) 4 headers in 158 bytes (1 switches on core 0)
Jul 27 05:02:15.945449 np0000005873 devstack@g-api.service[99837]: DEBUG glance.api.middleware.version_negotiation [None req-ec0158a3-16f7-413d-a083-8b6c34c9ab6d tempest-ServerActionsV293TestJSON-200678977 tempest-ServerActionsV293TestJSON-200678977-project-member] Determining version of request: GET /v2/images/f6c1cb88-677b-43a5-8765-6f5cca249447 Accept: */* {{(pid=99837) process_request /opt/stack/glance/glance/api/middleware/version_negotiation.py:44}}
Jul 27 05:02:15.945664 np0000005873 devstack@g-api.service[99837]: DEBUG glance.api.middleware.version_negotiation [None req-ec0158a3-16f7-413d-a083-8b6c34c9ab6d tempest-ServerActionsV293TestJSON-200678977 tempest-ServerActionsV293TestJSON-200678977-project-member] Using url versioning {{(pid=99837) process_request /opt/stack/glance/glance/api/middleware/version_negotiation.py:57}}
Jul 27 05:02:15.945705 np0000005873 devstack@g-api.service[99837]: DEBUG glance.api.middleware.version_negotiation [None req-ec0158a3-16f7-413d-a083-8b6c34c9ab6d tempest-ServerActionsV293TestJSON-200678977 tempest-ServerActionsV293TestJSON-200678977-project-member] Matched version: v2 {{(pid=99837) process_request /opt/stack/glance/glance/api/middleware/version_negotiation.py:69}}
Jul 27 05:02:15.945864 np0000005873 devstack@g-api.service[99837]: DEBUG glance.api.middleware.version_negotiation [None req-ec0158a3-16f7-413d-a083-8b6c34c9ab6d tempest-ServerActionsV293TestJSON-200678977 tempest-ServerActionsV293TestJSON-200678977-project-member] new path /v2/images/f6c1cb88-677b-43a5-8765-6f5cca249447 {{(pid=99837) process_request /opt/stack/glance/glance/api/middleware/version_negotiation.py:70}}
Jul 27 05:02:15.959774 np0000005873 devstack@g-api.service[99837]: [pid: 99837|app: 0|req: 12/31] 127.0.0.1 () {44 vars in 1111 bytes} [Mon Jul 27 05:02:15 2026] GET /v2/images/f6c1cb88-677b-43a5-8765-6f5cca249447 => generated 1044 bytes in 14 msecs (HTTP/1.1 200) 4 headers in 158 bytes (1 switches on core 0)
Jul 27 05:02:15.967423 np0000005873 devstack@g-api.service[99835]: DEBUG glance.api.middleware.version_negotiation [None req-ec0158a3-16f7-413d-a083-8b6c34c9ab6d tempest-ServerActionsV293TestJSON-200678977 tempest-ServerActionsV293TestJSON-200678977-project-member] Determining version of request: GET /v2/schemas/image Accept: */* {{(pid=99835) process_request /opt/stack/glance/glance/api/middleware/version_negotiation.py:44}}
Jul 27 05:02:15.967687 np0000005873 devstack@g-api.service[99835]: DEBUG glance.api.middleware.version_negotiation [None req-ec0158a3-16f7-413d-a083-8b6c34c9ab6d tempest-ServerActionsV293TestJSON-200678977 tempest-ServerActionsV293TestJSON-200678977-project-member] Using url versioning {{(pid=99835) process_request /opt/stack/glance/glance/api/middleware/version_negotiation.py:57}}
Jul 27 05:02:15.967882 np0000005873 devstack@g-api.service[99835]: DEBUG glance.api.middleware.version_negotiation [None req-ec0158a3-16f7-413d-a083-8b6c34c9ab6d tempest-ServerActionsV293TestJSON-200678977 tempest-ServerActionsV293TestJSON-200678977-project-member] Matched version: v2 {{(pid=99835) process_request /opt/stack/glance/glance/api/middleware/version_negotiation.py:69}}
Jul 27 05:02:15.967986 np0000005873 devstack@g-api.service[99835]: DEBUG glance.api.middleware.version_negotiation [None req-ec0158a3-16f7-413d-a083-8b6c34c9ab6d tempest-ServerActionsV293TestJSON-200678977 tempest-ServerActionsV293TestJSON-200678977-project-member] new path /v2/schemas/image {{(pid=99835) process_request /opt/stack/glance/glance/api/middleware/version_negotiation.py:70}}
Jul 27 05:02:15.971604 np0000005873 devstack@g-api.service[99835]: [pid: 99835|app: 0|req: 11/32] 127.0.0.1 () {44 vars in 1051 bytes} [Mon Jul 27 05:02:15 2026] GET /v2/schemas/image => generated 6083 bytes in 4 msecs (HTTP/1.1 200) 4 headers in 158 bytes (1 switches on core 0)
Jul 27 05:02:15.982569 np0000005873 devstack@g-api.service[99837]: DEBUG glance.api.middleware.version_negotiation [None req-ec0158a3-16f7-413d-a083-8b6c34c9ab6d tempest-ServerActionsV293TestJSON-200678977 tempest-ServerActionsV293TestJSON-200678977-project-member] Determining version of request: GET /v2/schemas/image Accept: */* {{(pid=99837) process_request /opt/stack/glance/glance/api/middleware/version_negotiation.py:44}}
Jul 27 05:02:15.982696 np0000005873 devstack@g-api.service[99837]: DEBUG glance.api.middleware.version_negotiation [None req-ec0158a3-16f7-413d-a083-8b6c34c9ab6d tempest-ServerActionsV293TestJSON-200678977 tempest-ServerActionsV293TestJSON-200678977-project-member] Using url versioning {{(pid=99837) process_request /opt/stack/glance/glance/api/middleware/version_negotiation.py:57}}
Jul 27 05:02:15.982845 np0000005873 devstack@g-api.service[99837]: DEBUG glance.api.middleware.version_negotiation [None req-ec0158a3-16f7-413d-a083-8b6c34c9ab6d tempest-ServerActionsV293TestJSON-200678977 tempest-ServerActionsV293TestJSON-200678977-project-member] Matched version: v2 {{(pid=99837) process_request /opt/stack/glance/glance/api/middleware/version_negotiation.py:69}}
Jul 27 05:02:15.983104 np0000005873 devstack@g-api.service[99837]: DEBUG glance.api.middleware.version_negotiation [None req-ec0158a3-16f7-413d-a083-8b6c34c9ab6d tempest-ServerActionsV293TestJSON-200678977 tempest-ServerActionsV293TestJSON-200678977-project-member] new path /v2/schemas/image {{(pid=99837) process_request /opt/stack/glance/glance/api/middleware/version_negotiation.py:70}}
Jul 27 05:02:15.985165 np0000005873 devstack@g-api.service[99837]: [pid: 99837|app: 0|req: 13/33] 127.0.0.1 () {44 vars in 1051 bytes} [Mon Jul 27 05:02:15 2026] GET /v2/schemas/image => generated 6083 bytes in 2 msecs (HTTP/1.1 200) 4 headers in 158 bytes (1 switches on core 0)
Jul 27 05:02:16.052129 np0000005873 devstack@g-api.service[99835]: DEBUG glance.api.middleware.version_negotiation [None req-ec0158a3-16f7-413d-a083-8b6c34c9ab6d tempest-ServerActionsV293TestJSON-200678977 tempest-ServerActionsV293TestJSON-200678977-project-member] Determining version of request: GET /v2/images/f6c1cb88-677b-43a5-8765-6f5cca249447 Accept: */* {{(pid=99835) process_request /opt/stack/glance/glance/api/middleware/version_negotiation.py:44}}
Jul 27 05:02:16.052340 np0000005873 devstack@g-api.service[99835]: DEBUG glance.api.middleware.version_negotiation [None req-ec0158a3-16f7-413d-a083-8b6c34c9ab6d tempest-ServerActionsV293TestJSON-200678977 tempest-ServerActionsV293TestJSON-200678977-project-member] Using url versioning {{(pid=99835) process_request /opt/stack/glance/glance/api/middleware/version_negotiation.py:57}}
Jul 27 05:02:16.052967 np0000005873 devstack@g-api.service[99835]: DEBUG glance.api.middleware.version_negotiation [None req-ec0158a3-16f7-413d-a083-8b6c34c9ab6d tempest-ServerActionsV293TestJSON-200678977 tempest-ServerActionsV293TestJSON-200678977-project-member] Matched version: v2 {{(pid=99835) process_request /opt/stack/glance/glance/api/middleware/version_negotiation.py:69}}
Jul 27 05:02:16.052967 np0000005873 devstack@g-api.service[99835]: DEBUG glance.api.middleware.version_negotiation [None req-ec0158a3-16f7-413d-a083-8b6c34c9ab6d tempest-ServerActionsV293TestJSON-200678977 tempest-ServerActionsV293TestJSON-200678977-project-member] new path /v2/images/f6c1cb88-677b-43a5-8765-6f5cca249447 {{(pid=99835) process_request /opt/stack/glance/glance/api/middleware/version_negotiation.py:70}}
Jul 27 05:02:16.061350 np0000005873 devstack@g-api.service[99835]: [pid: 99835|app: 0|req: 12/34] 127.0.0.1 () {44 vars in 1111 bytes} [Mon Jul 27 05:02:16 2026] GET /v2/images/f6c1cb88-677b-43a5-8765-6f5cca249447 => generated 1044 bytes in 9 msecs (HTTP/1.1 200) 4 headers in 158 bytes (1 switches on core 0)
Jul 27 05:02:16.072047 np0000005873 devstack@g-api.service[99837]: DEBUG glance.api.middleware.version_negotiation [None req-ec0158a3-16f7-413d-a083-8b6c34c9ab6d tempest-ServerActionsV293TestJSON-200678977 tempest-ServerActionsV293TestJSON-200678977-project-member] Determining version of request: GET /v2/schemas/image Accept: */* {{(pid=99837) process_request /opt/stack/glance/glance/api/middleware/version_negotiation.py:44}}
Jul 27 05:02:16.072145 np0000005873 devstack@g-api.service[99837]: DEBUG glance.api.middleware.version_negotiation [None req-ec0158a3-16f7-413d-a083-8b6c34c9ab6d tempest-ServerActionsV293TestJSON-200678977 tempest-ServerActionsV293TestJSON-200678977-project-member] Using url versioning {{(pid=99837) process_request /opt/stack/glance/glance/api/middleware/version_negotiation.py:57}}
Jul 27 05:02:16.072260 np0000005873 devstack@g-api.service[99837]: DEBUG glance.api.middleware.version_negotiation [None req-ec0158a3-16f7-413d-a083-8b6c34c9ab6d tempest-ServerActionsV293TestJSON-200678977 tempest-ServerActionsV293TestJSON-200678977-project-member] Matched version: v2 {{(pid=99837) process_request /opt/stack/glance/glance/api/middleware/version_negotiation.py:69}}
Jul 27 05:02:16.072496 np0000005873 devstack@g-api.service[99837]: DEBUG glance.api.middleware.version_negotiation [None req-ec0158a3-16f7-413d-a083-8b6c34c9ab6d tempest-ServerActionsV293TestJSON-200678977 tempest-ServerActionsV293TestJSON-200678977-project-member] new path /v2/schemas/image {{(pid=99837) process_request /opt/stack/glance/glance/api/middleware/version_negotiation.py:70}}
Jul 27 05:02:16.077717 np0000005873 devstack@g-api.service[99837]: [pid: 99837|app: 0|req: 14/35] 127.0.0.1 () {44 vars in 1051 bytes} [Mon Jul 27 05:02:16 2026] GET /v2/schemas/image => generated 6083 bytes in 6 msecs (HTTP/1.1 200) 4 headers in 158 bytes (1 switches on core 0)
Jul 27 05:02:16.087281 np0000005873 devstack@g-api.service[99835]: DEBUG glance.api.middleware.version_negotiation [None req-ec0158a3-16f7-413d-a083-8b6c34c9ab6d tempest-ServerActionsV293TestJSON-200678977 tempest-ServerActionsV293TestJSON-200678977-project-member] Determining version of request: GET /v2/schemas/image Accept: */* {{(pid=99835) process_request /opt/stack/glance/glance/api/middleware/version_negotiation.py:44}}
Jul 27 05:02:16.087436 np0000005873 devstack@g-api.service[99835]: DEBUG glance.api.middleware.version_negotiation [None req-ec0158a3-16f7-413d-a083-8b6c34c9ab6d tempest-ServerActionsV293TestJSON-200678977 tempest-ServerActionsV293TestJSON-200678977-project-member] Using url versioning {{(pid=99835) process_request /opt/stack/glance/glance/api/middleware/version_negotiation.py:57}}
Jul 27 05:02:16.087586 np0000005873 devstack@g-api.service[99835]: DEBUG glance.api.middleware.version_negotiation [None req-ec0158a3-16f7-413d-a083-8b6c34c9ab6d tempest-ServerActionsV293TestJSON-200678977 tempest-ServerActionsV293TestJSON-200678977-project-member] Matched version: v2 {{(pid=99835) process_request /opt/stack/glance/glance/api/middleware/version_negotiation.py:69}}
Jul 27 05:02:16.087689 np0000005873 devstack@g-api.service[99835]: DEBUG glance.api.middleware.version_negotiation [None req-ec0158a3-16f7-413d-a083-8b6c34c9ab6d tempest-ServerActionsV293TestJSON-200678977 tempest-ServerActionsV293TestJSON-200678977-project-member] new path /v2/schemas/image {{(pid=99835) process_request /opt/stack/glance/glance/api/middleware/version_negotiation.py:70}}
Jul 27 05:02:16.090375 np0000005873 devstack@g-api.service[99835]: [pid: 99835|app: 0|req: 13/36] 127.0.0.1 () {44 vars in 1051 bytes} [Mon Jul 27 05:02:16 2026] GET /v2/schemas/image => generated 6083 bytes in 3 msecs (HTTP/1.1 200) 4 headers in 158 bytes (1 switches on core 0)
Jul 27 05:02:16.457439 np0000005873 devstack@g-api.service[99836]: INFO glance.api.v2.image_data [None req-bf983a99-baf0-4efb-b44f-2f67435dbf18 tempest-AttachSCSIVolumeTestJSON-1295659656 tempest-AttachSCSIVolumeTestJSON-1295659656-project-admin] Unable to create trust: no such option collect_timing in group [keystone_authtoken] Use the existing user token.
Jul 27 05:02:17.000829 np0000005873 devstack@g-api.service[99837]: DEBUG glance.api.middleware.version_negotiation [None req-ec0158a3-16f7-413d-a083-8b6c34c9ab6d tempest-ServerActionsV293TestJSON-200678977 tempest-ServerActionsV293TestJSON-200678977-project-member] Determining version of request: GET /versions Accept: */* {{(pid=99837) process_request /opt/stack/glance/glance/api/middleware/version_negotiation.py:44}}
Jul 27 05:02:17.001737 np0000005873 devstack@g-api.service[99837]: [pid: 99837|app: 0|req: 15/37] 127.0.0.1 () {44 vars in 1035 bytes} [Mon Jul 27 05:02:17 2026] GET /versions => generated 1501 bytes in 1 msecs (HTTP/1.1 200) 3 headers in 92 bytes (1 switches on core 0)
Jul 27 05:02:17.010704 np0000005873 devstack@g-api.service[99835]: DEBUG glance.api.middleware.version_negotiation [None req-ec0158a3-16f7-413d-a083-8b6c34c9ab6d tempest-ServerActionsV293TestJSON-200678977 tempest-ServerActionsV293TestJSON-200678977-project-member] Determining version of request: GET /v2/images/f6c1cb88-677b-43a5-8765-6f5cca249447/locations Accept: */* {{(pid=99835) process_request /opt/stack/glance/glance/api/middleware/version_negotiation.py:44}}
Jul 27 05:02:17.011054 np0000005873 devstack@g-api.service[99835]: DEBUG glance.api.middleware.version_negotiation [None req-ec0158a3-16f7-413d-a083-8b6c34c9ab6d tempest-ServerActionsV293TestJSON-200678977 tempest-ServerActionsV293TestJSON-200678977-project-member] Using url versioning {{(pid=99835) process_request /opt/stack/glance/glance/api/middleware/version_negotiation.py:57}}
Jul 27 05:02:17.011054 np0000005873 devstack@g-api.service[99835]: DEBUG glance.api.middleware.version_negotiation [None req-ec0158a3-16f7-413d-a083-8b6c34c9ab6d tempest-ServerActionsV293TestJSON-200678977 tempest-ServerActionsV293TestJSON-200678977-project-member] Matched version: v2 {{(pid=99835) process_request /opt/stack/glance/glance/api/middleware/version_negotiation.py:69}}
Jul 27 05:02:17.011128 np0000005873 devstack@g-api.service[99835]: DEBUG glance.api.middleware.version_negotiation [None req-ec0158a3-16f7-413d-a083-8b6c34c9ab6d tempest-ServerActionsV293TestJSON-200678977 tempest-ServerActionsV293TestJSON-200678977-project-member] new path /v2/images/f6c1cb88-677b-43a5-8765-6f5cca249447/locations {{(pid=99835) process_request /opt/stack/glance/glance/api/middleware/version_negotiation.py:70}}
Jul 27 05:02:17.183119 np0000005873 devstack@g-api.service[99836]: DEBUG glance.location [None req-bf983a99-baf0-4efb-b44f-2f67435dbf18 tempest-AttachSCSIVolumeTestJSON-1295659656 tempest-AttachSCSIVolumeTestJSON-1295659656-project-admin] Enabling in-flight format inspection for qcow2 {{(pid=99836) set_data /opt/stack/glance/glance/location.py:596}}
Jul 27 05:02:17.183424 np0000005873 devstack@g-api.service[99836]: DEBUG glance_store.backend [None req-bf983a99-baf0-4efb-b44f-2f67435dbf18 tempest-AttachSCSIVolumeTestJSON-1295659656 tempest-AttachSCSIVolumeTestJSON-1295659656-project-admin] Attempting to import store swift {{(pid=99836) _load_store /opt/stack/data/venv/lib/python3.12/site-packages/glance_store/backend.py:215}}
Jul 27 05:02:17.184622 np0000005873 devstack@g-api.service[99836]: DEBUG glance_store.capabilities [None req-bf983a99-baf0-4efb-b44f-2f67435dbf18 tempest-AttachSCSIVolumeTestJSON-1295659656 tempest-AttachSCSIVolumeTestJSON-1295659656-project-admin] Store glance_store._drivers.swift.store.SingleTenantStore doesn't support updating dynamic storage capabilities. Please overwrite 'update_capabilities' method of the store to implement updating logics if needed. {{(pid=99836) update_capabilities /opt/stack/data/venv/lib/python3.12/site-packages/glance_store/capabilities.py:91}}
Jul 27 05:02:17.184726 np0000005873 devstack@g-api.service[99836]: DEBUG glance_store.driver [None req-bf983a99-baf0-4efb-b44f-2f67435dbf18 tempest-AttachSCSIVolumeTestJSON-1295659656 tempest-AttachSCSIVolumeTestJSON-1295659656-project-admin] Late loading location class glance_store._drivers.swift.store.StoreLocation {{(pid=99836) get_store_location_class /opt/stack/data/venv/lib/python3.12/site-packages/glance_store/driver.py:134}}
Jul 27 05:02:17.184803 np0000005873 devstack@g-api.service[99836]: DEBUG glance_store.location [None req-bf983a99-baf0-4efb-b44f-2f67435dbf18 tempest-AttachSCSIVolumeTestJSON-1295659656 tempest-AttachSCSIVolumeTestJSON-1295659656-project-admin] Registering scheme swift+https with {'store': , 'location_class': , 'store_entry': 'swift'} {{(pid=99836) register_scheme_map /opt/stack/data/venv/lib/python3.12/site-packages/glance_store/location.py:146}}
Jul 27 05:02:17.184920 np0000005873 devstack@g-api.service[99836]: DEBUG glance_store.location [None req-bf983a99-baf0-4efb-b44f-2f67435dbf18 tempest-AttachSCSIVolumeTestJSON-1295659656 tempest-AttachSCSIVolumeTestJSON-1295659656-project-admin] Registering scheme swift+https with {'store': , 'location_class': , 'store_entry': 'swift'} {{(pid=99836) register_scheme_map /opt/stack/data/venv/lib/python3.12/site-packages/glance_store/location.py:146}}
Jul 27 05:02:17.185002 np0000005873 devstack@g-api.service[99836]: DEBUG glance_store.location [None req-bf983a99-baf0-4efb-b44f-2f67435dbf18 tempest-AttachSCSIVolumeTestJSON-1295659656 tempest-AttachSCSIVolumeTestJSON-1295659656-project-admin] Registering scheme swift with {'store': , 'location_class': , 'store_entry': 'swift'} {{(pid=99836) register_scheme_map /opt/stack/data/venv/lib/python3.12/site-packages/glance_store/location.py:146}}
Jul 27 05:02:17.185104 np0000005873 devstack@g-api.service[99836]: DEBUG glance_store.location [None req-bf983a99-baf0-4efb-b44f-2f67435dbf18 tempest-AttachSCSIVolumeTestJSON-1295659656 tempest-AttachSCSIVolumeTestJSON-1295659656-project-admin] Registering scheme swift+https with {'store': , 'location_class': , 'store_entry': 'swift'} {{(pid=99836) register_scheme_map /opt/stack/data/venv/lib/python3.12/site-packages/glance_store/location.py:146}}
Jul 27 05:02:17.185176 np0000005873 devstack@g-api.service[99836]: DEBUG glance_store.location [None req-bf983a99-baf0-4efb-b44f-2f67435dbf18 tempest-AttachSCSIVolumeTestJSON-1295659656 tempest-AttachSCSIVolumeTestJSON-1295659656-project-admin] Registering scheme swift with {'store': , 'location_class': , 'store_entry': 'swift'} {{(pid=99836) register_scheme_map /opt/stack/data/venv/lib/python3.12/site-packages/glance_store/location.py:146}}
Jul 27 05:02:17.185477 np0000005873 devstack@g-api.service[99836]: DEBUG glance_store.location [None req-bf983a99-baf0-4efb-b44f-2f67435dbf18 tempest-AttachSCSIVolumeTestJSON-1295659656 tempest-AttachSCSIVolumeTestJSON-1295659656-project-admin] Registering scheme swift+http with {'store': , 'location_class': , 'store_entry': 'swift'} {{(pid=99836) register_scheme_map /opt/stack/data/venv/lib/python3.12/site-packages/glance_store/location.py:146}}
Jul 27 05:02:17.187478 np0000005873 devstack@g-api.service[99836]: DEBUG glance_store.location [None req-bf983a99-baf0-4efb-b44f-2f67435dbf18 tempest-AttachSCSIVolumeTestJSON-1295659656 tempest-AttachSCSIVolumeTestJSON-1295659656-project-admin] Registering scheme swift+https with {'store': , 'location_class': , 'store_entry': 'swift'} {{(pid=99836) register_scheme_map /opt/stack/data/venv/lib/python3.12/site-packages/glance_store/location.py:146}}
Jul 27 05:02:17.187585 np0000005873 devstack@g-api.service[99836]: DEBUG glance_store.location [None req-bf983a99-baf0-4efb-b44f-2f67435dbf18 tempest-AttachSCSIVolumeTestJSON-1295659656 tempest-AttachSCSIVolumeTestJSON-1295659656-project-admin] Registering scheme swift with {'store': , 'location_class': , 'store_entry': 'swift'} {{(pid=99836) register_scheme_map /opt/stack/data/venv/lib/python3.12/site-packages/glance_store/location.py:146}}
Jul 27 05:02:17.187662 np0000005873 devstack@g-api.service[99836]: DEBUG glance_store.location [None req-bf983a99-baf0-4efb-b44f-2f67435dbf18 tempest-AttachSCSIVolumeTestJSON-1295659656 tempest-AttachSCSIVolumeTestJSON-1295659656-project-admin] Registering scheme swift+http with {'store': , 'location_class': , 'store_entry': 'swift'} {{(pid=99836) register_scheme_map /opt/stack/data/venv/lib/python3.12/site-packages/glance_store/location.py:146}}
Jul 27 05:02:17.187756 np0000005873 devstack@g-api.service[99836]: DEBUG glance_store.location [None req-bf983a99-baf0-4efb-b44f-2f67435dbf18 tempest-AttachSCSIVolumeTestJSON-1295659656 tempest-AttachSCSIVolumeTestJSON-1295659656-project-admin] Registering scheme swift+config with {'store': , 'location_class': , 'store_entry': 'swift'} {{(pid=99836) register_scheme_map /opt/stack/data/venv/lib/python3.12/site-packages/glance_store/location.py:146}}
Jul 27 05:02:17.430396 np0000005873 devstack@g-api.service[99835]: [pid: 99835|app: 0|req: 14/38] 127.0.0.1 () {44 vars in 1131 bytes} [Mon Jul 27 05:02:17 2026] GET /v2/images/f6c1cb88-677b-43a5-8765-6f5cca249447/locations => generated 92 bytes in 420 msecs (HTTP/1.1 200) 4 headers in 156 bytes (1 switches on core 0)
Jul 27 05:02:17.452376 np0000005873 devstack@g-api.service[99837]: DEBUG glance.api.middleware.version_negotiation [None req-ec0158a3-16f7-413d-a083-8b6c34c9ab6d tempest-ServerActionsV293TestJSON-200678977 tempest-ServerActionsV293TestJSON-200678977-project-member] Determining version of request: GET /v2/images/f6c1cb88-677b-43a5-8765-6f5cca249447 Accept: */* {{(pid=99837) process_request /opt/stack/glance/glance/api/middleware/version_negotiation.py:44}}
Jul 27 05:02:17.452513 np0000005873 devstack@g-api.service[99837]: DEBUG glance.api.middleware.version_negotiation [None req-ec0158a3-16f7-413d-a083-8b6c34c9ab6d tempest-ServerActionsV293TestJSON-200678977 tempest-ServerActionsV293TestJSON-200678977-project-member] Using url versioning {{(pid=99837) process_request /opt/stack/glance/glance/api/middleware/version_negotiation.py:57}}
Jul 27 05:02:17.452629 np0000005873 devstack@g-api.service[99837]: DEBUG glance.api.middleware.version_negotiation [None req-ec0158a3-16f7-413d-a083-8b6c34c9ab6d tempest-ServerActionsV293TestJSON-200678977 tempest-ServerActionsV293TestJSON-200678977-project-member] Matched version: v2 {{(pid=99837) process_request /opt/stack/glance/glance/api/middleware/version_negotiation.py:69}}
Jul 27 05:02:17.452721 np0000005873 devstack@g-api.service[99837]: DEBUG glance.api.middleware.version_negotiation [None req-ec0158a3-16f7-413d-a083-8b6c34c9ab6d tempest-ServerActionsV293TestJSON-200678977 tempest-ServerActionsV293TestJSON-200678977-project-member] new path /v2/images/f6c1cb88-677b-43a5-8765-6f5cca249447 {{(pid=99837) process_request /opt/stack/glance/glance/api/middleware/version_negotiation.py:70}}
Jul 27 05:02:17.465909 np0000005873 devstack@g-api.service[99837]: [pid: 99837|app: 0|req: 16/39] 127.0.0.1 () {44 vars in 1111 bytes} [Mon Jul 27 05:02:17 2026] GET /v2/images/f6c1cb88-677b-43a5-8765-6f5cca249447 => generated 1044 bytes in 13 msecs (HTTP/1.1 200) 4 headers in 158 bytes (1 switches on core 0)
Jul 27 05:02:17.479429 np0000005873 devstack@g-api.service[99835]: DEBUG glance.api.middleware.version_negotiation [None req-ec0158a3-16f7-413d-a083-8b6c34c9ab6d service glance] Determining version of request: GET /v2/schemas/image Accept: */* {{(pid=99835) process_request /opt/stack/glance/glance/api/middleware/version_negotiation.py:44}}
Jul 27 05:02:17.479613 np0000005873 devstack@g-api.service[99835]: DEBUG glance.api.middleware.version_negotiation [None req-ec0158a3-16f7-413d-a083-8b6c34c9ab6d service glance] Using url versioning {{(pid=99835) process_request /opt/stack/glance/glance/api/middleware/version_negotiation.py:57}}
Jul 27 05:02:17.479769 np0000005873 devstack@g-api.service[99835]: DEBUG glance.api.middleware.version_negotiation [None req-ec0158a3-16f7-413d-a083-8b6c34c9ab6d service glance] Matched version: v2 {{(pid=99835) process_request /opt/stack/glance/glance/api/middleware/version_negotiation.py:69}}
Jul 27 05:02:17.479938 np0000005873 devstack@g-api.service[99835]: DEBUG glance.api.middleware.version_negotiation [None req-ec0158a3-16f7-413d-a083-8b6c34c9ab6d service glance] new path /v2/schemas/image {{(pid=99835) process_request /opt/stack/glance/glance/api/middleware/version_negotiation.py:70}}
Jul 27 05:02:17.482410 np0000005873 devstack@g-api.service[99835]: [pid: 99835|app: 0|req: 15/40] 127.0.0.1 () {44 vars in 1051 bytes} [Mon Jul 27 05:02:17 2026] GET /v2/schemas/image => generated 6083 bytes in 3 msecs (HTTP/1.1 200) 4 headers in 158 bytes (1 switches on core 0)
Jul 27 05:02:17.491403 np0000005873 devstack@g-api.service[99837]: DEBUG glance.api.middleware.version_negotiation [None req-ec0158a3-16f7-413d-a083-8b6c34c9ab6d tempest-ServerActionsV293TestJSON-200678977 tempest-ServerActionsV293TestJSON-200678977-project-member] Determining version of request: GET /v2/schemas/image Accept: */* {{(pid=99837) process_request /opt/stack/glance/glance/api/middleware/version_negotiation.py:44}}
Jul 27 05:02:17.491542 np0000005873 devstack@g-api.service[99837]: DEBUG glance.api.middleware.version_negotiation [None req-ec0158a3-16f7-413d-a083-8b6c34c9ab6d tempest-ServerActionsV293TestJSON-200678977 tempest-ServerActionsV293TestJSON-200678977-project-member] Using url versioning {{(pid=99837) process_request /opt/stack/glance/glance/api/middleware/version_negotiation.py:57}}
Jul 27 05:02:17.491690 np0000005873 devstack@g-api.service[99837]: DEBUG glance.api.middleware.version_negotiation [None req-ec0158a3-16f7-413d-a083-8b6c34c9ab6d tempest-ServerActionsV293TestJSON-200678977 tempest-ServerActionsV293TestJSON-200678977-project-member] Matched version: v2 {{(pid=99837) process_request /opt/stack/glance/glance/api/middleware/version_negotiation.py:69}}
Jul 27 05:02:17.491795 np0000005873 devstack@g-api.service[99837]: DEBUG glance.api.middleware.version_negotiation [None req-ec0158a3-16f7-413d-a083-8b6c34c9ab6d tempest-ServerActionsV293TestJSON-200678977 tempest-ServerActionsV293TestJSON-200678977-project-member] new path /v2/schemas/image {{(pid=99837) process_request /opt/stack/glance/glance/api/middleware/version_negotiation.py:70}}
Jul 27 05:02:17.493899 np0000005873 devstack@g-api.service[99837]: [pid: 99837|app: 0|req: 17/41] 127.0.0.1 () {44 vars in 1051 bytes} [Mon Jul 27 05:02:17 2026] GET /v2/schemas/image => generated 6083 bytes in 2 msecs (HTTP/1.1 200) 4 headers in 158 bytes (1 switches on core 0)
Jul 27 05:02:17.531283 np0000005873 devstack@g-api.service[99835]: DEBUG glance.api.middleware.version_negotiation [None req-ec0158a3-16f7-413d-a083-8b6c34c9ab6d tempest-ServerActionsV293TestJSON-200678977 tempest-ServerActionsV293TestJSON-200678977-project-member] Determining version of request: GET /v2/images/f6c1cb88-677b-43a5-8765-6f5cca249447 Accept: */* {{(pid=99835) process_request /opt/stack/glance/glance/api/middleware/version_negotiation.py:44}}
Jul 27 05:02:17.531420 np0000005873 devstack@g-api.service[99835]: DEBUG glance.api.middleware.version_negotiation [None req-ec0158a3-16f7-413d-a083-8b6c34c9ab6d tempest-ServerActionsV293TestJSON-200678977 tempest-ServerActionsV293TestJSON-200678977-project-member] Using url versioning {{(pid=99835) process_request /opt/stack/glance/glance/api/middleware/version_negotiation.py:57}}
Jul 27 05:02:17.531505 np0000005873 devstack@g-api.service[99835]: DEBUG glance.api.middleware.version_negotiation [None req-ec0158a3-16f7-413d-a083-8b6c34c9ab6d tempest-ServerActionsV293TestJSON-200678977 tempest-ServerActionsV293TestJSON-200678977-project-member] Matched version: v2 {{(pid=99835) process_request /opt/stack/glance/glance/api/middleware/version_negotiation.py:69}}
Jul 27 05:02:17.531590 np0000005873 devstack@g-api.service[99835]: DEBUG glance.api.middleware.version_negotiation [None req-ec0158a3-16f7-413d-a083-8b6c34c9ab6d tempest-ServerActionsV293TestJSON-200678977 tempest-ServerActionsV293TestJSON-200678977-project-member] new path /v2/images/f6c1cb88-677b-43a5-8765-6f5cca249447 {{(pid=99835) process_request /opt/stack/glance/glance/api/middleware/version_negotiation.py:70}}
Jul 27 05:02:17.540460 np0000005873 devstack@g-api.service[99835]: [pid: 99835|app: 0|req: 16/42] 127.0.0.1 () {44 vars in 1111 bytes} [Mon Jul 27 05:02:17 2026] GET /v2/images/f6c1cb88-677b-43a5-8765-6f5cca249447 => generated 1044 bytes in 9 msecs (HTTP/1.1 200) 4 headers in 158 bytes (1 switches on core 0)
Jul 27 05:02:17.550005 np0000005873 devstack@g-api.service[99837]: DEBUG glance.api.middleware.version_negotiation [None req-ec0158a3-16f7-413d-a083-8b6c34c9ab6d tempest-ServerActionsV293TestJSON-200678977 tempest-ServerActionsV293TestJSON-200678977-project-member] Determining version of request: GET /v2/images/f6c1cb88-677b-43a5-8765-6f5cca249447/file Accept: */* {{(pid=99837) process_request /opt/stack/glance/glance/api/middleware/version_negotiation.py:44}}
Jul 27 05:02:17.550005 np0000005873 devstack@g-api.service[99837]: DEBUG glance.api.middleware.version_negotiation [None req-ec0158a3-16f7-413d-a083-8b6c34c9ab6d tempest-ServerActionsV293TestJSON-200678977 tempest-ServerActionsV293TestJSON-200678977-project-member] Using url versioning {{(pid=99837) process_request /opt/stack/glance/glance/api/middleware/version_negotiation.py:57}}
Jul 27 05:02:17.550005 np0000005873 devstack@g-api.service[99837]: DEBUG glance.api.middleware.version_negotiation [None req-ec0158a3-16f7-413d-a083-8b6c34c9ab6d tempest-ServerActionsV293TestJSON-200678977 tempest-ServerActionsV293TestJSON-200678977-project-member] Matched version: v2 {{(pid=99837) process_request /opt/stack/glance/glance/api/middleware/version_negotiation.py:69}}
Jul 27 05:02:17.550005 np0000005873 devstack@g-api.service[99837]: DEBUG glance.api.middleware.version_negotiation [None req-ec0158a3-16f7-413d-a083-8b6c34c9ab6d tempest-ServerActionsV293TestJSON-200678977 tempest-ServerActionsV293TestJSON-200678977-project-member] new path /v2/images/f6c1cb88-677b-43a5-8765-6f5cca249447/file {{(pid=99837) process_request /opt/stack/glance/glance/api/middleware/version_negotiation.py:70}}
Jul 27 05:02:17.561318 np0000005873 devstack@g-api.service[99837]: DEBUG glance.api.middleware.cache [None req-ec0158a3-16f7-413d-a083-8b6c34c9ab6d tempest-ServerActionsV293TestJSON-200678977 tempest-ServerActionsV293TestJSON-200678977-project-member] Cache hit for image 'f6c1cb88-677b-43a5-8765-6f5cca249447' {{(pid=99837) process_request /opt/stack/glance/glance/api/middleware/cache.py:160}}
Jul 27 05:02:17.609031 np0000005873 devstack@g-api.service[99836]: DEBUG swiftclient [None req-bf983a99-baf0-4efb-b44f-2f67435dbf18 tempest-AttachSCSIVolumeTestJSON-1295659656 tempest-AttachSCSIVolumeTestJSON-1295659656-project-admin] REQ: curl -i https://10.4.3.39:8080/v1/AUTH_b1eab3ca647b4141a9d71d40e961e7d7/glance -I -H "X-Auth-Token: gAAAAABqZuZZrl43..." {{(pid=99836) http_log /opt/stack/data/venv/lib/python3.12/site-packages/swiftclient/client.py:160}}
Jul 27 05:02:17.609392 np0000005873 devstack@g-api.service[99836]: DEBUG swiftclient [None req-bf983a99-baf0-4efb-b44f-2f67435dbf18 tempest-AttachSCSIVolumeTestJSON-1295659656 tempest-AttachSCSIVolumeTestJSON-1295659656-project-admin] RESP STATUS: 204 No Content {{(pid=99836) http_log /opt/stack/data/venv/lib/python3.12/site-packages/swiftclient/client.py:161}}
Jul 27 05:02:17.609392 np0000005873 devstack@g-api.service[99836]: DEBUG swiftclient [None req-bf983a99-baf0-4efb-b44f-2f67435dbf18 tempest-AttachSCSIVolumeTestJSON-1295659656 tempest-AttachSCSIVolumeTestJSON-1295659656-project-admin] RESP HEADERS: {'Date': 'Mon, 27 Jul 2026 05:02:17 GMT', 'Server': 'Apache/2.4.58 (Ubuntu)', 'Content-Type': 'text/plain; charset=utf-8', 'X-Container-Object-Count': '3', 'X-Container-Bytes-Used': '64356352', 'X-Timestamp': '1785128427.86351', 'Last-Modified': 'Mon, 27 Jul 2026 05:00:28 GMT', 'Accept-Ranges': 'bytes', 'X-Storage-Policy': 'Policy-0', 'X-Container-Sharding': 'False', 'Vary': 'Accept', 'X-Trans-Id': 'tx02b14cdd338a45f981094-006a66e659', 'X-Openstack-Request-Id': 'tx02b14cdd338a45f981094-006a66e659', 'Connection': 'close'} {{(pid=99836) http_log /opt/stack/data/venv/lib/python3.12/site-packages/swiftclient/client.py:162}}
Jul 27 05:02:17.609627 np0000005873 devstack@g-api.service[99836]: DEBUG glance_store._drivers.swift.store [None req-bf983a99-baf0-4efb-b44f-2f67435dbf18 tempest-AttachSCSIVolumeTestJSON-1295659656 tempest-AttachSCSIVolumeTestJSON-1295659656-project-admin] Adding image object 'a290fc03-c312-4723-8b61-4be72fa72287' to Swift {{(pid=99836) add /opt/stack/data/venv/lib/python3.12/site-packages/glance_store/_drivers/swift/store.py:970}}
Jul 27 05:02:17.609756 np0000005873 devstack@g-api.service[99836]: DEBUG glance_store._drivers.swift.store [None req-bf983a99-baf0-4efb-b44f-2f67435dbf18 tempest-AttachSCSIVolumeTestJSON-1295659656 tempest-AttachSCSIVolumeTestJSON-1295659656-project-admin] Cannot determine image size because it is either not provided in the request or chunked-transfer encoding is used. Adding image as a segmented object to Swift. {{(pid=99836) add /opt/stack/data/venv/lib/python3.12/site-packages/glance_store/_drivers/swift/store.py:994}}
Jul 27 05:02:17.621564 np0000005873 devstack@g-api.service[99836]: DEBUG oslo_utils.imageutils.format_inspector [None req-bf983a99-baf0-4efb-b44f-2f67435dbf18 tempest-AttachSCSIVolumeTestJSON-1295659656 tempest-AttachSCSIVolumeTestJSON-1295659656-project-admin] Format inspector for vmdk does not match, excluding from consideration (Signature KDMV not found: b'QFI\xfb') {{(pid=99836) _process_chunk /opt/stack/data/venv/lib/python3.12/site-packages/oslo_utils/imageutils/format_inspector.py:1758}}
Jul 27 05:02:17.624615 np0000005873 devstack@g-api.service[99836]: DEBUG oslo_utils.imageutils.format_inspector [None req-bf983a99-baf0-4efb-b44f-2f67435dbf18 tempest-AttachSCSIVolumeTestJSON-1295659656 tempest-AttachSCSIVolumeTestJSON-1295659656-project-admin] Format inspector for vhdx does not match, excluding from consideration (Region signature not found at 30000) {{(pid=99836) _process_chunk /opt/stack/data/venv/lib/python3.12/site-packages/oslo_utils/imageutils/format_inspector.py:1758}}
Jul 27 05:02:17.637550 np0000005873 devstack@g-api.service[99837]: [pid: 99837|app: 0|req: 18/43] 127.0.0.1 () {44 vars in 1121 bytes} [Mon Jul 27 05:02:17 2026] GET /v2/images/f6c1cb88-677b-43a5-8765-6f5cca249447/file => generated 21692416 bytes in 88 msecs (HTTP/1.1 200) 5 headers in 217 bytes (337 switches on core 0)
Jul 27 05:02:17.761971 np0000005873 devstack@g-api.service[99835]: DEBUG glance.api.middleware.version_negotiation [None req-ec0158a3-16f7-413d-a083-8b6c34c9ab6d tempest-ServerActionsV293TestJSON-200678977 tempest-ServerActionsV293TestJSON-200678977-project-member] Determining version of request: GET /v2/images/f6c1cb88-677b-43a5-8765-6f5cca249447 Accept: */* {{(pid=99835) process_request /opt/stack/glance/glance/api/middleware/version_negotiation.py:44}}
Jul 27 05:02:17.762373 np0000005873 devstack@g-api.service[99835]: DEBUG glance.api.middleware.version_negotiation [None req-ec0158a3-16f7-413d-a083-8b6c34c9ab6d tempest-ServerActionsV293TestJSON-200678977 tempest-ServerActionsV293TestJSON-200678977-project-member] Using url versioning {{(pid=99835) process_request /opt/stack/glance/glance/api/middleware/version_negotiation.py:57}}
Jul 27 05:02:17.762373 np0000005873 devstack@g-api.service[99835]: DEBUG glance.api.middleware.version_negotiation [None req-ec0158a3-16f7-413d-a083-8b6c34c9ab6d tempest-ServerActionsV293TestJSON-200678977 tempest-ServerActionsV293TestJSON-200678977-project-member] Matched version: v2 {{(pid=99835) process_request /opt/stack/glance/glance/api/middleware/version_negotiation.py:69}}
Jul 27 05:02:17.762373 np0000005873 devstack@g-api.service[99835]: DEBUG glance.api.middleware.version_negotiation [None req-ec0158a3-16f7-413d-a083-8b6c34c9ab6d tempest-ServerActionsV293TestJSON-200678977 tempest-ServerActionsV293TestJSON-200678977-project-member] new path /v2/images/f6c1cb88-677b-43a5-8765-6f5cca249447 {{(pid=99835) process_request /opt/stack/glance/glance/api/middleware/version_negotiation.py:70}}
Jul 27 05:02:17.775283 np0000005873 devstack@g-api.service[99835]: [pid: 99835|app: 0|req: 17/44] 127.0.0.1 () {44 vars in 1111 bytes} [Mon Jul 27 05:02:17 2026] GET /v2/images/f6c1cb88-677b-43a5-8765-6f5cca249447 => generated 1044 bytes in 14 msecs (HTTP/1.1 200) 4 headers in 158 bytes (1 switches on core 0)
Jul 27 05:02:17.787243 np0000005873 devstack@g-api.service[99837]: DEBUG glance.api.middleware.version_negotiation [None req-ec0158a3-16f7-413d-a083-8b6c34c9ab6d tempest-ServerActionsV293TestJSON-200678977 tempest-ServerActionsV293TestJSON-200678977-project-member] Determining version of request: GET /v2/schemas/image Accept: */* {{(pid=99837) process_request /opt/stack/glance/glance/api/middleware/version_negotiation.py:44}}
Jul 27 05:02:17.787243 np0000005873 devstack@g-api.service[99837]: DEBUG glance.api.middleware.version_negotiation [None req-ec0158a3-16f7-413d-a083-8b6c34c9ab6d tempest-ServerActionsV293TestJSON-200678977 tempest-ServerActionsV293TestJSON-200678977-project-member] Using url versioning {{(pid=99837) process_request /opt/stack/glance/glance/api/middleware/version_negotiation.py:57}}
Jul 27 05:02:17.787448 np0000005873 devstack@g-api.service[99837]: DEBUG glance.api.middleware.version_negotiation [None req-ec0158a3-16f7-413d-a083-8b6c34c9ab6d tempest-ServerActionsV293TestJSON-200678977 tempest-ServerActionsV293TestJSON-200678977-project-member] Matched version: v2 {{(pid=99837) process_request /opt/stack/glance/glance/api/middleware/version_negotiation.py:69}}
Jul 27 05:02:17.787448 np0000005873 devstack@g-api.service[99837]: DEBUG glance.api.middleware.version_negotiation [None req-ec0158a3-16f7-413d-a083-8b6c34c9ab6d tempest-ServerActionsV293TestJSON-200678977 tempest-ServerActionsV293TestJSON-200678977-project-member] new path /v2/schemas/image {{(pid=99837) process_request /opt/stack/glance/glance/api/middleware/version_negotiation.py:70}}
Jul 27 05:02:17.791599 np0000005873 devstack@g-api.service[99837]: [pid: 99837|app: 0|req: 19/45] 127.0.0.1 () {44 vars in 1051 bytes} [Mon Jul 27 05:02:17 2026] GET /v2/schemas/image => generated 6083 bytes in 5 msecs (HTTP/1.1 200) 4 headers in 158 bytes (1 switches on core 0)
Jul 27 05:02:17.895766 np0000005873 devstack@g-api.service[99836]: DEBUG swiftclient [None req-bf983a99-baf0-4efb-b44f-2f67435dbf18 tempest-AttachSCSIVolumeTestJSON-1295659656 tempest-AttachSCSIVolumeTestJSON-1295659656-project-admin] REQ: curl -i https://10.4.3.39:8080/v1/AUTH_b1eab3ca647b4141a9d71d40e961e7d7/glance/a290fc03-c312-4723-8b61-4be72fa72287-00001 -X PUT -H "X-Auth-Token: gAAAAABqZuZZrl43..." {{(pid=99836) http_log /opt/stack/data/venv/lib/python3.12/site-packages/swiftclient/client.py:160}}
Jul 27 05:02:17.895766 np0000005873 devstack@g-api.service[99836]: DEBUG swiftclient [None req-bf983a99-baf0-4efb-b44f-2f67435dbf18 tempest-AttachSCSIVolumeTestJSON-1295659656 tempest-AttachSCSIVolumeTestJSON-1295659656-project-admin] RESP STATUS: 201 Created {{(pid=99836) http_log /opt/stack/data/venv/lib/python3.12/site-packages/swiftclient/client.py:161}}
Jul 27 05:02:17.896004 np0000005873 devstack@g-api.service[99836]: DEBUG swiftclient [None req-bf983a99-baf0-4efb-b44f-2f67435dbf18 tempest-AttachSCSIVolumeTestJSON-1295659656 tempest-AttachSCSIVolumeTestJSON-1295659656-project-admin] RESP HEADERS: {'Date': 'Mon, 27 Jul 2026 05:02:17 GMT', 'Server': 'Apache/2.4.58 (Ubuntu)', 'Content-Type': 'text/html; charset=UTF-8', 'Content-Length': '0', 'Etag': '87617e24a5e30cb3b87fda8c0764838f', 'Last-Modified': 'Mon, 27 Jul 2026 05:02:18 GMT', 'X-Trans-Id': 'tx2710b323096549929023c-006a66e659', 'X-Openstack-Request-Id': 'tx2710b323096549929023c-006a66e659', 'Connection': 'close'} {{(pid=99836) http_log /opt/stack/data/venv/lib/python3.12/site-packages/swiftclient/client.py:162}}
Jul 27 05:02:17.896190 np0000005873 devstack@g-api.service[99836]: DEBUG glance_store._drivers.swift.store [None req-bf983a99-baf0-4efb-b44f-2f67435dbf18 tempest-AttachSCSIVolumeTestJSON-1295659656 tempest-AttachSCSIVolumeTestJSON-1295659656-project-admin] Wrote chunk a290fc03-c312-4723-8b61-4be72fa72287-00001 (1/?) of length 21692416 to Swift returning MD5 of content: 87617e24a5e30cb3b87fda8c0764838f {{(pid=99836) add /opt/stack/data/venv/lib/python3.12/site-packages/glance_store/_drivers/swift/store.py:1059}}
Jul 27 05:02:17.896335 np0000005873 devstack@g-api.service[99836]: DEBUG glance_store._drivers.swift.store [None req-bf983a99-baf0-4efb-b44f-2f67435dbf18 tempest-AttachSCSIVolumeTestJSON-1295659656 tempest-AttachSCSIVolumeTestJSON-1295659656-project-admin] Not writing zero-length chunk. {{(pid=99836) add /opt/stack/data/venv/lib/python3.12/site-packages/glance_store/_drivers/swift/store.py:1028}}
Jul 27 05:02:17.904304 np0000005873 devstack@g-api.service[99835]: DEBUG glance.api.middleware.version_negotiation [None req-ec0158a3-16f7-413d-a083-8b6c34c9ab6d tempest-ServerActionsV293TestJSON-200678977 tempest-ServerActionsV293TestJSON-200678977-project-member] Determining version of request: GET /v2/images/f6c1cb88-677b-43a5-8765-6f5cca249447 Accept: */* {{(pid=99835) process_request /opt/stack/glance/glance/api/middleware/version_negotiation.py:44}}
Jul 27 05:02:17.904468 np0000005873 devstack@g-api.service[99835]: DEBUG glance.api.middleware.version_negotiation [None req-ec0158a3-16f7-413d-a083-8b6c34c9ab6d tempest-ServerActionsV293TestJSON-200678977 tempest-ServerActionsV293TestJSON-200678977-project-member] Using url versioning {{(pid=99835) process_request /opt/stack/glance/glance/api/middleware/version_negotiation.py:57}}
Jul 27 05:02:17.904636 np0000005873 devstack@g-api.service[99835]: DEBUG glance.api.middleware.version_negotiation [None req-ec0158a3-16f7-413d-a083-8b6c34c9ab6d tempest-ServerActionsV293TestJSON-200678977 tempest-ServerActionsV293TestJSON-200678977-project-member] Matched version: v2 {{(pid=99835) process_request /opt/stack/glance/glance/api/middleware/version_negotiation.py:69}}
Jul 27 05:02:17.904772 np0000005873 devstack@g-api.service[99835]: DEBUG glance.api.middleware.version_negotiation [None req-ec0158a3-16f7-413d-a083-8b6c34c9ab6d tempest-ServerActionsV293TestJSON-200678977 tempest-ServerActionsV293TestJSON-200678977-project-member] new path /v2/images/f6c1cb88-677b-43a5-8765-6f5cca249447 {{(pid=99835) process_request /opt/stack/glance/glance/api/middleware/version_negotiation.py:70}}
Jul 27 05:02:17.940795 np0000005873 devstack@g-api.service[99836]: DEBUG swiftclient [None req-bf983a99-baf0-4efb-b44f-2f67435dbf18 tempest-AttachSCSIVolumeTestJSON-1295659656 tempest-AttachSCSIVolumeTestJSON-1295659656-project-admin] REQ: curl -i https://10.4.3.39:8080/v1/AUTH_b1eab3ca647b4141a9d71d40e961e7d7/glance/a290fc03-c312-4723-8b61-4be72fa72287 -X PUT -H "X-Object-Manifest: glance/a290fc03-c312-4723-8b61-4be72fa72287-" -H "X-Auth-Token: gAAAAABqZuZZrl43..." -H "Content-Length: 0" {{(pid=99836) http_log /opt/stack/data/venv/lib/python3.12/site-packages/swiftclient/client.py:160}}
Jul 27 05:02:17.940996 np0000005873 devstack@g-api.service[99836]: DEBUG swiftclient [None req-bf983a99-baf0-4efb-b44f-2f67435dbf18 tempest-AttachSCSIVolumeTestJSON-1295659656 tempest-AttachSCSIVolumeTestJSON-1295659656-project-admin] RESP STATUS: 201 Created {{(pid=99836) http_log /opt/stack/data/venv/lib/python3.12/site-packages/swiftclient/client.py:161}}
Jul 27 05:02:17.941239 np0000005873 devstack@g-api.service[99836]: DEBUG swiftclient [None req-bf983a99-baf0-4efb-b44f-2f67435dbf18 tempest-AttachSCSIVolumeTestJSON-1295659656 tempest-AttachSCSIVolumeTestJSON-1295659656-project-admin] RESP HEADERS: {'Date': 'Mon, 27 Jul 2026 05:02:17 GMT', 'Server': 'Apache/2.4.58 (Ubuntu)', 'Content-Type': 'text/html; charset=UTF-8', 'Content-Length': '0', 'Etag': 'd41d8cd98f00b204e9800998ecf8427e', 'Last-Modified': 'Mon, 27 Jul 2026 05:02:18 GMT', 'X-Trans-Id': 'tx1897267f98b649faaa1b8-006a66e659', 'X-Openstack-Request-Id': 'tx1897267f98b649faaa1b8-006a66e659', 'Connection': 'close'} {{(pid=99836) http_log /opt/stack/data/venv/lib/python3.12/site-packages/swiftclient/client.py:162}}
