Jul 27 04:59:59.320047 np0000005873 nova-scheduler[93513]: DEBUG cotyledon.oslo_config_glue [-] oslo_messaging_rabbit.rabbit_quorum_max_memory_bytes = 0 {{(pid=93513) log_opt_values /opt/stack/data/venv/lib/python3.12/site-packages/oslo_config/cfg.py:3253}}
Jul 27 04:59:59.320047 np0000005873 nova-scheduler[93513]: DEBUG cotyledon.oslo_config_glue [-] oslo_messaging_rabbit.rabbit_quorum_max_memory_length = 0 {{(pid=93513) log_opt_values /opt/stack/data/venv/lib/python3.12/site-packages/oslo_config/cfg.py:3253}}
Jul 27 04:59:59.320047 np0000005873 nova-scheduler[93513]: DEBUG cotyledon.oslo_config_glue [-] oslo_messaging_rabbit.rabbit_quorum_queue = False {{(pid=93513) log_opt_values /opt/stack/data/venv/lib/python3.12/site-packages/oslo_config/cfg.py:3253}}
Jul 27 04:59:59.320047 np0000005873 nova-scheduler[93513]: DEBUG cotyledon.oslo_config_glue [-] oslo_messaging_rabbit.rabbit_retry_backoff = 2 {{(pid=93513) log_opt_values /opt/stack/data/venv/lib/python3.12/site-packages/oslo_config/cfg.py:3253}}
Jul 27 04:59:59.320047 np0000005873 nova-scheduler[93513]: DEBUG cotyledon.oslo_config_glue [-] oslo_messaging_rabbit.rabbit_retry_interval = 1 {{(pid=93513) log_opt_values /opt/stack/data/venv/lib/python3.12/site-packages/oslo_config/cfg.py:3253}}
Jul 27 04:59:59.320047 np0000005873 nova-scheduler[93513]: DEBUG cotyledon.oslo_config_glue [-] oslo_messaging_rabbit.rabbit_stream_fanout = False {{(pid=93513) log_opt_values /opt/stack/data/venv/lib/python3.12/site-packages/oslo_config/cfg.py:3253}}
Jul 27 04:59:59.320234 np0000005873 nova-scheduler[93513]: DEBUG cotyledon.oslo_config_glue [-] oslo_messaging_rabbit.rabbit_transient_queues_ttl = 1800 {{(pid=93513) log_opt_values /opt/stack/data/venv/lib/python3.12/site-packages/oslo_config/cfg.py:3253}}
Jul 27 04:59:59.320234 np0000005873 nova-scheduler[93513]: DEBUG cotyledon.oslo_config_glue [-] oslo_messaging_rabbit.rabbit_transient_quorum_queue = False {{(pid=93513) log_opt_values /opt/stack/data/venv/lib/python3.12/site-packages/oslo_config/cfg.py:3253}}
Jul 27 04:59:59.320234 np0000005873 nova-scheduler[93513]: DEBUG cotyledon.oslo_config_glue [-] oslo_messaging_rabbit.rpc_conn_pool_size = 30 {{(pid=93513) log_opt_values /opt/stack/data/venv/lib/python3.12/site-packages/oslo_config/cfg.py:3253}}
Jul 27 04:59:59.320234 np0000005873 nova-scheduler[93513]: DEBUG cotyledon.oslo_config_glue [-] oslo_messaging_rabbit.ssl = False {{(pid=93513) log_opt_values /opt/stack/data/venv/lib/python3.12/site-packages/oslo_config/cfg.py:3253}}
Jul 27 04:59:59.320234 np0000005873 nova-scheduler[93513]: DEBUG cotyledon.oslo_config_glue [-] oslo_messaging_rabbit.ssl_ca_file = {{(pid=93513) log_opt_values /opt/stack/data/venv/lib/python3.12/site-packages/oslo_config/cfg.py:3253}}
Jul 27 04:59:59.320234 np0000005873 nova-scheduler[93513]: DEBUG cotyledon.oslo_config_glue [-] oslo_messaging_rabbit.ssl_cert_file = {{(pid=93513) log_opt_values /opt/stack/data/venv/lib/python3.12/site-packages/oslo_config/cfg.py:3253}}
Jul 27 04:59:59.320234 np0000005873 nova-scheduler[93513]: DEBUG cotyledon.oslo_config_glue [-] oslo_messaging_rabbit.ssl_enforce_fips_mode = False {{(pid=93513) log_opt_values /opt/stack/data/venv/lib/python3.12/site-packages/oslo_config/cfg.py:3253}}
Jul 27 04:59:59.320234 np0000005873 nova-scheduler[93513]: DEBUG cotyledon.oslo_config_glue [-] oslo_messaging_rabbit.ssl_enforce_hostname_verification = True {{(pid=93513) log_opt_values /opt/stack/data/venv/lib/python3.12/site-packages/oslo_config/cfg.py:3253}}
Jul 27 04:59:59.320234 np0000005873 nova-scheduler[93513]: DEBUG cotyledon.oslo_config_glue [-] oslo_messaging_rabbit.ssl_key_file = {{(pid=93513) log_opt_values /opt/stack/data/venv/lib/python3.12/site-packages/oslo_config/cfg.py:3253}}
Jul 27 04:59:59.320481 np0000005873 nova-scheduler[93513]: DEBUG cotyledon.oslo_config_glue [-] oslo_messaging_rabbit.ssl_version = {{(pid=93513) log_opt_values /opt/stack/data/venv/lib/python3.12/site-packages/oslo_config/cfg.py:3253}}
Jul 27 04:59:59.320481 np0000005873 nova-scheduler[93513]: DEBUG cotyledon.oslo_config_glue [-] oslo_messaging_rabbit.use_queue_manager = False {{(pid=93513) log_opt_values /opt/stack/data/venv/lib/python3.12/site-packages/oslo_config/cfg.py:3253}}
Jul 27 04:59:59.320481 np0000005873 nova-scheduler[93513]: DEBUG cotyledon.oslo_config_glue [-] oslo_messaging_notifications.driver = ['messagingv2'] {{(pid=93513) log_opt_values /opt/stack/data/venv/lib/python3.12/site-packages/oslo_config/cfg.py:3253}}
Jul 27 04:59:59.320481 np0000005873 nova-scheduler[93513]: DEBUG cotyledon.oslo_config_glue [-] oslo_messaging_notifications.retry = -1 {{(pid=93513) log_opt_values /opt/stack/data/venv/lib/python3.12/site-packages/oslo_config/cfg.py:3253}}
Jul 27 04:59:59.320481 np0000005873 nova-scheduler[93513]: DEBUG cotyledon.oslo_config_glue [-] oslo_messaging_notifications.topics = ['notifications'] {{(pid=93513) log_opt_values /opt/stack/data/venv/lib/python3.12/site-packages/oslo_config/cfg.py:3253}}
Jul 27 04:59:59.320481 np0000005873 nova-scheduler[93513]: DEBUG cotyledon.oslo_config_glue [-] oslo_messaging_notifications.transport_url = **** {{(pid=93513) log_opt_values /opt/stack/data/venv/lib/python3.12/site-packages/oslo_config/cfg.py:3253}}
Jul 27 04:59:59.320481 np0000005873 nova-scheduler[93513]: DEBUG cotyledon.oslo_config_glue [-] oslo_limit.auth_section = None {{(pid=93513) log_opt_values /opt/stack/data/venv/lib/python3.12/site-packages/oslo_config/cfg.py:3253}}
Jul 27 04:59:59.320481 np0000005873 nova-scheduler[93513]: DEBUG cotyledon.oslo_config_glue [-] oslo_limit.auth_type = None {{(pid=93513) log_opt_values /opt/stack/data/venv/lib/python3.12/site-packages/oslo_config/cfg.py:3253}}
Jul 27 04:59:59.320481 np0000005873 nova-scheduler[93513]: DEBUG cotyledon.oslo_config_glue [-] oslo_limit.cafile = None {{(pid=93513) log_opt_values /opt/stack/data/venv/lib/python3.12/site-packages/oslo_config/cfg.py:3253}}
Jul 27 04:59:59.320718 np0000005873 nova-scheduler[93513]: DEBUG cotyledon.oslo_config_glue [-] oslo_limit.certfile = None {{(pid=93513) log_opt_values /opt/stack/data/venv/lib/python3.12/site-packages/oslo_config/cfg.py:3253}}
Jul 27 04:59:59.320718 np0000005873 nova-scheduler[93513]: DEBUG cotyledon.oslo_config_glue [-] oslo_limit.collect_timing = False {{(pid=93513) log_opt_values /opt/stack/data/venv/lib/python3.12/site-packages/oslo_config/cfg.py:3253}}
Jul 27 04:59:59.320718 np0000005873 nova-scheduler[93513]: DEBUG cotyledon.oslo_config_glue [-] oslo_limit.connect_retries = None {{(pid=93513) log_opt_values /opt/stack/data/venv/lib/python3.12/site-packages/oslo_config/cfg.py:3253}}
Jul 27 04:59:59.320718 np0000005873 nova-scheduler[93513]: DEBUG cotyledon.oslo_config_glue [-] oslo_limit.connect_retry_delay = None {{(pid=93513) log_opt_values /opt/stack/data/venv/lib/python3.12/site-packages/oslo_config/cfg.py:3253}}
Jul 27 04:59:59.320718 np0000005873 nova-scheduler[93513]: DEBUG cotyledon.oslo_config_glue [-] oslo_limit.endpoint_id = None {{(pid=93513) log_opt_values /opt/stack/data/venv/lib/python3.12/site-packages/oslo_config/cfg.py:3253}}
Jul 27 04:59:59.320718 np0000005873 nova-scheduler[93513]: DEBUG cotyledon.oslo_config_glue [-] oslo_limit.endpoint_interface = public {{(pid=93513) log_opt_values /opt/stack/data/venv/lib/python3.12/site-packages/oslo_config/cfg.py:3253}}
Jul 27 04:59:59.320718 np0000005873 nova-scheduler[93513]: DEBUG cotyledon.oslo_config_glue [-] oslo_limit.endpoint_override = None {{(pid=93513) log_opt_values /opt/stack/data/venv/lib/python3.12/site-packages/oslo_config/cfg.py:3253}}
Jul 27 04:59:59.320718 np0000005873 nova-scheduler[93513]: DEBUG cotyledon.oslo_config_glue [-] oslo_limit.endpoint_region_name = None {{(pid=93513) log_opt_values /opt/stack/data/venv/lib/python3.12/site-packages/oslo_config/cfg.py:3253}}
Jul 27 04:59:59.320718 np0000005873 nova-scheduler[93513]: DEBUG cotyledon.oslo_config_glue [-] oslo_limit.endpoint_service_name = None {{(pid=93513) log_opt_values /opt/stack/data/venv/lib/python3.12/site-packages/oslo_config/cfg.py:3253}}
Jul 27 04:59:59.320926 np0000005873 nova-scheduler[93513]: DEBUG cotyledon.oslo_config_glue [-] oslo_limit.endpoint_service_type = None {{(pid=93513) log_opt_values /opt/stack/data/venv/lib/python3.12/site-packages/oslo_config/cfg.py:3253}}
Jul 27 04:59:59.320926 np0000005873 nova-scheduler[93513]: DEBUG cotyledon.oslo_config_glue [-] oslo_limit.insecure = False {{(pid=93513) log_opt_values /opt/stack/data/venv/lib/python3.12/site-packages/oslo_config/cfg.py:3253}}
Jul 27 04:59:59.320926 np0000005873 nova-scheduler[93513]: DEBUG cotyledon.oslo_config_glue [-] oslo_limit.keyfile = None {{(pid=93513) log_opt_values /opt/stack/data/venv/lib/python3.12/site-packages/oslo_config/cfg.py:3253}}
Jul 27 04:59:59.320926 np0000005873 nova-scheduler[93513]: DEBUG cotyledon.oslo_config_glue [-] oslo_limit.max_version = None {{(pid=93513) log_opt_values /opt/stack/data/venv/lib/python3.12/site-packages/oslo_config/cfg.py:3253}}
Jul 27 04:59:59.320926 np0000005873 nova-scheduler[93513]: DEBUG cotyledon.oslo_config_glue [-] oslo_limit.min_version = None {{(pid=93513) log_opt_values /opt/stack/data/venv/lib/python3.12/site-packages/oslo_config/cfg.py:3253}}
Jul 27 04:59:59.320926 np0000005873 nova-scheduler[93513]: DEBUG cotyledon.oslo_config_glue [-] oslo_limit.region_name = None {{(pid=93513) log_opt_values /opt/stack/data/venv/lib/python3.12/site-packages/oslo_config/cfg.py:3253}}
Jul 27 04:59:59.320926 np0000005873 nova-scheduler[93513]: DEBUG cotyledon.oslo_config_glue [-] oslo_limit.retriable_status_codes = None {{(pid=93513) log_opt_values /opt/stack/data/venv/lib/python3.12/site-packages/oslo_config/cfg.py:3253}}
Jul 27 04:59:59.320926 np0000005873 nova-scheduler[93513]: DEBUG cotyledon.oslo_config_glue [-] oslo_limit.service_name = None {{(pid=93513) log_opt_values /opt/stack/data/venv/lib/python3.12/site-packages/oslo_config/cfg.py:3253}}
Jul 27 04:59:59.320926 np0000005873 nova-scheduler[93513]: DEBUG cotyledon.oslo_config_glue [-] oslo_limit.service_type = None {{(pid=93513) log_opt_values /opt/stack/data/venv/lib/python3.12/site-packages/oslo_config/cfg.py:3253}}
Jul 27 04:59:59.321167 np0000005873 nova-scheduler[93513]: DEBUG cotyledon.oslo_config_glue [-] oslo_limit.split_loggers = False {{(pid=93513) log_opt_values /opt/stack/data/venv/lib/python3.12/site-packages/oslo_config/cfg.py:3253}}
Jul 27 04:59:59.321167 np0000005873 nova-scheduler[93513]: DEBUG cotyledon.oslo_config_glue [-] oslo_limit.status_code_retries = None {{(pid=93513) log_opt_values /opt/stack/data/venv/lib/python3.12/site-packages/oslo_config/cfg.py:3253}}
Jul 27 04:59:59.321167 np0000005873 nova-scheduler[93513]: DEBUG cotyledon.oslo_config_glue [-] oslo_limit.status_code_retry_delay = None {{(pid=93513) log_opt_values /opt/stack/data/venv/lib/python3.12/site-packages/oslo_config/cfg.py:3253}}
Jul 27 04:59:59.321167 np0000005873 nova-scheduler[93513]: DEBUG cotyledon.oslo_config_glue [-] oslo_limit.timeout = None {{(pid=93513) log_opt_values /opt/stack/data/venv/lib/python3.12/site-packages/oslo_config/cfg.py:3253}}
Jul 27 04:59:59.321167 np0000005873 nova-scheduler[93513]: DEBUG cotyledon.oslo_config_glue [-] oslo_limit.valid_interfaces = None {{(pid=93513) log_opt_values /opt/stack/data/venv/lib/python3.12/site-packages/oslo_config/cfg.py:3253}}
Jul 27 04:59:59.321167 np0000005873 nova-scheduler[93513]: DEBUG cotyledon.oslo_config_glue [-] oslo_limit.version = None {{(pid=93513) log_opt_values /opt/stack/data/venv/lib/python3.12/site-packages/oslo_config/cfg.py:3253}}
Jul 27 04:59:59.321167 np0000005873 nova-scheduler[93513]: DEBUG cotyledon.oslo_config_glue [-] oslo_reports.file_event_handler = None {{(pid=93513) log_opt_values /opt/stack/data/venv/lib/python3.12/site-packages/oslo_config/cfg.py:3253}}
Jul 27 04:59:59.321167 np0000005873 nova-scheduler[93513]: DEBUG cotyledon.oslo_config_glue [-] oslo_reports.file_event_handler_interval = 1 {{(pid=93513) log_opt_values /opt/stack/data/venv/lib/python3.12/site-packages/oslo_config/cfg.py:3253}}
Jul 27 04:59:59.321167 np0000005873 nova-scheduler[93513]: DEBUG cotyledon.oslo_config_glue [-] oslo_reports.log_dir = None {{(pid=93513) log_opt_values /opt/stack/data/venv/lib/python3.12/site-packages/oslo_config/cfg.py:3253}}
Jul 27 04:59:59.321379 np0000005873 nova-scheduler[93513]: DEBUG cotyledon.oslo_config_glue [-] ******************************************************************************** {{(pid=93513) log_opt_values /opt/stack/data/venv/lib/python3.12/site-packages/oslo_config/cfg.py:3260}}
Jul 27 04:59:59.321379 np0000005873 nova-scheduler[93513]: DEBUG cotyledon._service_worker [-] Run service ServiceWrapper(2) [93513] {{(pid=93513) wait_forever /opt/stack/data/venv/lib/python3.12/site-packages/cotyledon/_service_worker.py:218}}
Jul 27 04:59:59.321379 np0000005873 nova-scheduler[93513]: INFO nova.service [-] Starting scheduler node (version 33.1.0)
Jul 27 04:59:59.321379 np0000005873 nova-scheduler[93513]: INFO dbcounter [None req-62473fb7-8d84-40fd-a0ee-9cd787d201e2 None None] Registered counter for database nova_cell0
Jul 27 04:59:59.330125 np0000005873 nova-scheduler[93497]: DEBUG oslo_db.sqlalchemy.engines [None req-b155893e-5c75-486f-a34a-10f43d4ec992 None None] MySQL server mode set to STRICT_TRANS_TABLES,STRICT_ALL_TABLES,NO_ZERO_IN_DATE,NO_ZERO_DATE,ERROR_FOR_DIVISION_BY_ZERO,TRADITIONAL,NO_ENGINE_SUBSTITUTION {{(pid=93497) _check_effective_sql_mode /opt/stack/data/venv/lib/python3.12/site-packages/oslo_db/sqlalchemy/engines.py:325}}
Jul 27 04:59:59.339129 np0000005873 nova-scheduler[93497]: DEBUG dbcounter [-] [93497] Writer thread running {{(pid=93497) stat_writer /opt/stack/data/venv/lib/python3.12/site-packages/dbcounter.py:102}}
Jul 27 04:59:59.340132 np0000005873 nova-scheduler[93494]: DEBUG oslo_db.sqlalchemy.engines [None req-6556eeda-5f49-42e1-9e8d-084b13bd8886 None None] MySQL server mode set to STRICT_TRANS_TABLES,STRICT_ALL_TABLES,NO_ZERO_IN_DATE,NO_ZERO_DATE,ERROR_FOR_DIVISION_BY_ZERO,TRADITIONAL,NO_ENGINE_SUBSTITUTION {{(pid=93494) _check_effective_sql_mode /opt/stack/data/venv/lib/python3.12/site-packages/oslo_db/sqlalchemy/engines.py:325}}
Jul 27 04:59:59.350211 np0000005873 nova-scheduler[93494]: DEBUG dbcounter [-] [93494] Writer thread running {{(pid=93494) stat_writer /opt/stack/data/venv/lib/python3.12/site-packages/dbcounter.py:102}}
Jul 27 04:59:59.352499 np0000005873 nova-scheduler[93513]: DEBUG oslo_db.sqlalchemy.engines [None req-62473fb7-8d84-40fd-a0ee-9cd787d201e2 None None] MySQL server mode set to STRICT_TRANS_TABLES,STRICT_ALL_TABLES,NO_ZERO_IN_DATE,NO_ZERO_DATE,ERROR_FOR_DIVISION_BY_ZERO,TRADITIONAL,NO_ENGINE_SUBSTITUTION {{(pid=93513) _check_effective_sql_mode /opt/stack/data/venv/lib/python3.12/site-packages/oslo_db/sqlalchemy/engines.py:325}}
Jul 27 04:59:59.357032 np0000005873 nova-scheduler[93497]: DEBUG nova.service [None req-b155893e-5c75-486f-a34a-10f43d4ec992 None None] Creating RPC server for service: nova-scheduler on topic: scheduler {{(pid=93497) start /opt/stack/nova/nova/service.py:196}}
Jul 27 04:59:59.362102 np0000005873 nova-scheduler[93513]: DEBUG dbcounter [-] [93513] Writer thread running {{(pid=93513) stat_writer /opt/stack/data/venv/lib/python3.12/site-packages/dbcounter.py:102}}
Jul 27 04:59:59.364798 np0000005873 nova-scheduler[93513]: DEBUG nova.service [None req-62473fb7-8d84-40fd-a0ee-9cd787d201e2 None None] Creating RPC server for service: nova-scheduler on topic: scheduler {{(pid=93513) start /opt/stack/nova/nova/service.py:196}}
Jul 27 04:59:59.365638 np0000005873 nova-scheduler[93494]: DEBUG nova.service [None req-6556eeda-5f49-42e1-9e8d-084b13bd8886 None None] Creating RPC server for service: nova-scheduler on topic: scheduler {{(pid=93494) start /opt/stack/nova/nova/service.py:196}}
Jul 27 04:59:59.384321 np0000005873 nova-scheduler[93513]: DEBUG nova.service [None req-62473fb7-8d84-40fd-a0ee-9cd787d201e2 None None] Join ServiceGroup membership for this service scheduler {{(pid=93513) start /opt/stack/nova/nova/service.py:222}}
Jul 27 04:59:59.384476 np0000005873 nova-scheduler[93497]: DEBUG nova.service [None req-b155893e-5c75-486f-a34a-10f43d4ec992 None None] Join ServiceGroup membership for this service scheduler {{(pid=93497) start /opt/stack/nova/nova/service.py:222}}
Jul 27 04:59:59.384606 np0000005873 nova-scheduler[93513]: DEBUG nova.servicegroup.drivers.db [None req-62473fb7-8d84-40fd-a0ee-9cd787d201e2 None None] DB_Driver: join new ServiceGroup member np0000005873 to the scheduler group, service = {{(pid=93513) join /opt/stack/nova/nova/servicegroup/drivers/db.py:44}}
Jul 27 04:59:59.384652 np0000005873 nova-scheduler[93497]: DEBUG nova.servicegroup.drivers.db [None req-b155893e-5c75-486f-a34a-10f43d4ec992 None None] DB_Driver: join new ServiceGroup member np0000005873 to the scheduler group, service = {{(pid=93497) join /opt/stack/nova/nova/servicegroup/drivers/db.py:44}}
Jul 27 04:59:59.385914 np0000005873 nova-scheduler[93494]: DEBUG nova.service [None req-6556eeda-5f49-42e1-9e8d-084b13bd8886 None None] Join ServiceGroup membership for this service scheduler {{(pid=93494) start /opt/stack/nova/nova/service.py:222}}
Jul 27 04:59:59.386126 np0000005873 nova-scheduler[93494]: DEBUG nova.servicegroup.drivers.db [None req-6556eeda-5f49-42e1-9e8d-084b13bd8886 None None] DB_Driver: join new ServiceGroup member np0000005873 to the scheduler group, service = {{(pid=93494) join /opt/stack/nova/nova/servicegroup/drivers/db.py:44}}
Jul 27 05:00:04.408220 np0000005873 nova-scheduler[93497]: DEBUG oslo.service.backend._threading.loopingcall [-] Fixed interval looping call 'nova.servicegroup.drivers.db.DbDriver._report_state' sleeping for 119.98 seconds {{(pid=93497) _run_loop /opt/stack/data/venv/lib/python3.12/site-packages/oslo_service/backend/_threading/loopingcall.py:125}}
Jul 27 05:00:04.409267 np0000005873 nova-scheduler[93494]: DEBUG oslo.service.backend._threading.loopingcall [-] Fixed interval looping call 'nova.servicegroup.drivers.db.DbDriver._report_state' sleeping for 119.98 seconds {{(pid=93494) _run_loop /opt/stack/data/venv/lib/python3.12/site-packages/oslo_service/backend/_threading/loopingcall.py:125}}
Jul 27 05:00:04.410254 np0000005873 nova-scheduler[93513]: DEBUG oslo.service.backend._threading.loopingcall [-] Fixed interval looping call 'nova.servicegroup.drivers.db.DbDriver._report_state' sleeping for 119.98 seconds {{(pid=93513) _run_loop /opt/stack/data/venv/lib/python3.12/site-packages/oslo_service/backend/_threading/loopingcall.py:125}}
Jul 27 05:00:07.972274 np0000005873 nova-scheduler[92231]: DEBUG dbcounter [-] [92231] Writing DB stats nova_api:SELECT=3 {{(pid=92231) stat_writer /opt/stack/data/venv/lib/python3.12/site-packages/dbcounter.py:115}}
Jul 27 05:00:08.094376 np0000005873 nova-scheduler[92231]: DEBUG dbcounter [-] [92231] Writing DB stats nova_cell1:SELECT=1 {{(pid=92231) stat_writer /opt/stack/data/venv/lib/python3.12/site-packages/dbcounter.py:115}}
Jul 27 05:00:08.101506 np0000005873 nova-scheduler[92231]: DEBUG dbcounter [-] [92231] Writing DB stats nova_cell0:SELECT=1 {{(pid=92231) stat_writer /opt/stack/data/venv/lib/python3.12/site-packages/dbcounter.py:115}}
Jul 27 05:00:14.393471 np0000005873 nova-scheduler[93497]: DEBUG dbcounter [-] [93497] Writing DB stats nova_cell0:SELECT=4,nova_cell0:INSERT=1,nova_cell0:UPDATE=1 {{(pid=93497) stat_writer /opt/stack/data/venv/lib/python3.12/site-packages/dbcounter.py:115}}
Jul 27 05:00:14.393756 np0000005873 nova-scheduler[93494]: DEBUG dbcounter [-] [93494] Writing DB stats nova_cell0:SELECT=5,nova_cell0:INSERT=1,nova_cell0:UPDATE=1 {{(pid=93494) stat_writer /opt/stack/data/venv/lib/python3.12/site-packages/dbcounter.py:115}}
Jul 27 05:00:14.397345 np0000005873 nova-scheduler[93513]: DEBUG dbcounter [-] [93513] Writing DB stats nova_cell0:SELECT=3,nova_cell0:UPDATE=1 {{(pid=93513) stat_writer /opt/stack/data/venv/lib/python3.12/site-packages/dbcounter.py:115}}
Jul 27 05:00:25.386722 np0000005873 nova-scheduler[93497]: DEBUG oslo.service.backend._threading.loopingcall [None req-9828e56c-e74c-45b7-8b24-0269218dcde7 None None] Dynamic interval looping call 'nova.service.Service.periodic_tasks' sleeping for 60.00 seconds {{(pid=93497) _run_loop /opt/stack/data/venv/lib/python3.12/site-packages/oslo_service/backend/_threading/loopingcall.py:125}}
Jul 27 05:00:28.387526 np0000005873 nova-scheduler[93513]: DEBUG oslo.service.backend._threading.loopingcall [None req-67a79331-f0e1-44a1-b72a-64ddfe30ed20 None None] Dynamic interval looping call 'nova.service.Service.periodic_tasks' sleeping for 60.00 seconds {{(pid=93513) _run_loop /opt/stack/data/venv/lib/python3.12/site-packages/oslo_service/backend/_threading/loopingcall.py:125}}
Jul 27 05:00:59.388148 np0000005873 nova-scheduler[93494]: DEBUG oslo.service.backend._threading.loopingcall [None req-dd09f9be-8893-44ae-a028-0593c9fffc58 None None] Dynamic interval looping call 'nova.service.Service.periodic_tasks' sleeping for 60.00 seconds {{(pid=93494) _run_loop /opt/stack/data/venv/lib/python3.12/site-packages/oslo_service/backend/_threading/loopingcall.py:125}}
Jul 27 05:01:25.387286 np0000005873 nova-scheduler[93497]: DEBUG oslo.service.backend._threading.loopingcall [None req-9828e56c-e74c-45b7-8b24-0269218dcde7 None None] Dynamic interval looping call 'nova.service.Service.periodic_tasks' sleeping for 60.00 seconds {{(pid=93497) _run_loop /opt/stack/data/venv/lib/python3.12/site-packages/oslo_service/backend/_threading/loopingcall.py:125}}
Jul 27 05:01:28.388422 np0000005873 nova-scheduler[93513]: DEBUG oslo.service.backend._threading.loopingcall [None req-67a79331-f0e1-44a1-b72a-64ddfe30ed20 None None] Dynamic interval looping call 'nova.service.Service.periodic_tasks' sleeping for 60.00 seconds {{(pid=93513) _run_loop /opt/stack/data/venv/lib/python3.12/site-packages/oslo_service/backend/_threading/loopingcall.py:125}}
Jul 27 05:01:59.388576 np0000005873 nova-scheduler[93494]: DEBUG oslo.service.backend._threading.loopingcall [None req-dd09f9be-8893-44ae-a028-0593c9fffc58 None None] Dynamic interval looping call 'nova.service.Service.periodic_tasks' sleeping for 60.00 seconds {{(pid=93494) _run_loop /opt/stack/data/venv/lib/python3.12/site-packages/oslo_service/backend/_threading/loopingcall.py:125}}
Jul 27 05:02:04.399882 np0000005873 nova-scheduler[93497]: DEBUG oslo.service.backend._threading.loopingcall [-] Fixed interval looping call 'nova.servicegroup.drivers.db.DbDriver._report_state' sleeping for 119.99 seconds {{(pid=93497) _run_loop /opt/stack/data/venv/lib/python3.12/site-packages/oslo_service/backend/_threading/loopingcall.py:125}}
Jul 27 05:02:04.400318 np0000005873 nova-scheduler[93513]: DEBUG oslo.service.backend._threading.loopingcall [-] Fixed interval looping call 'nova.servicegroup.drivers.db.DbDriver._report_state' sleeping for 119.99 seconds {{(pid=93513) _run_loop /opt/stack/data/venv/lib/python3.12/site-packages/oslo_service/backend/_threading/loopingcall.py:125}}
Jul 27 05:02:04.401188 np0000005873 nova-scheduler[93494]: DEBUG oslo.service.backend._threading.loopingcall [-] Fixed interval looping call 'nova.servicegroup.drivers.db.DbDriver._report_state' sleeping for 119.99 seconds {{(pid=93494) _run_loop /opt/stack/data/venv/lib/python3.12/site-packages/oslo_service/backend/_threading/loopingcall.py:125}}
Jul 27 05:02:14.393844 np0000005873 nova-scheduler[93497]: DEBUG dbcounter [-] [93497] Writing DB stats nova_cell0:SELECT=1,nova_cell0:UPDATE=1 {{(pid=93497) stat_writer /opt/stack/data/venv/lib/python3.12/site-packages/dbcounter.py:115}}
Jul 27 05:02:14.395593 np0000005873 nova-scheduler[93494]: DEBUG dbcounter [-] [93494] Writing DB stats nova_cell0:SELECT=1,nova_cell0:UPDATE=1 {{(pid=93494) stat_writer /opt/stack/data/venv/lib/python3.12/site-packages/dbcounter.py:115}}
Jul 27 05:02:14.396476 np0000005873 nova-scheduler[93513]: DEBUG dbcounter [-] [93513] Writing DB stats nova_cell0:SELECT=1,nova_cell0:UPDATE=1 {{(pid=93513) stat_writer /opt/stack/data/venv/lib/python3.12/site-packages/dbcounter.py:115}}
Jul 27 05:02:15.539990 np0000005873 nova-scheduler[93513]: DEBUG nova.scheduler.manager [None req-f2782c86-c89c-4e8e-a1ee-a01049b2b4a0 tempest-ServersNegativeTestJSON-301803973 tempest-ServersNegativeTestJSON-301803973-project-member] Starting to schedule for instances: ['4bbd8258-e48d-4f79-ac01-bd0b8ed37211'] {{(pid=93513) select_destinations /opt/stack/nova/nova/scheduler/manager.py:209}}
Jul 27 05:02:15.540809 np0000005873 nova-scheduler[93513]: DEBUG nova.scheduler.request_filter [None req-f2782c86-c89c-4e8e-a1ee-a01049b2b4a0 tempest-ServersNegativeTestJSON-301803973 tempest-ServersNegativeTestJSON-301803973-project-member] compute_status_filter request filter added forbidden trait COMPUTE_STATUS_DISABLED {{(pid=93513) compute_status_filter /opt/stack/nova/nova/scheduler/request_filter.py:253}}
Jul 27 05:02:15.540989 np0000005873 nova-scheduler[93513]: DEBUG nova.scheduler.request_filter [None req-f2782c86-c89c-4e8e-a1ee-a01049b2b4a0 tempest-ServersNegativeTestJSON-301803973 tempest-ServersNegativeTestJSON-301803973-project-member] Request filter 'compute_status_filter' took 0.0 seconds {{(pid=93513) wrapper /opt/stack/nova/nova/scheduler/request_filter.py:46}}
Jul 27 05:02:15.541649 np0000005873 nova-scheduler[93513]: DEBUG nova.scheduler.request_filter [None req-f2782c86-c89c-4e8e-a1ee-a01049b2b4a0 tempest-ServersNegativeTestJSON-301803973 tempest-ServersNegativeTestJSON-301803973-project-member] Request filter 'accelerators_filter' took 0.0 seconds {{(pid=93513) wrapper /opt/stack/nova/nova/scheduler/request_filter.py:46}}
Jul 27 05:02:15.541903 np0000005873 nova-scheduler[93513]: DEBUG nova.scheduler.request_filter [None req-f2782c86-c89c-4e8e-a1ee-a01049b2b4a0 tempest-ServersNegativeTestJSON-301803973 tempest-ServersNegativeTestJSON-301803973-project-member] Request filter 'packed_virtqueue_filter' took 0.0 seconds {{(pid=93513) wrapper /opt/stack/nova/nova/scheduler/request_filter.py:46}}
Jul 27 05:02:15.542261 np0000005873 nova-scheduler[93513]: DEBUG nova.scheduler.request_filter [None req-f2782c86-c89c-4e8e-a1ee-a01049b2b4a0 tempest-ServersNegativeTestJSON-301803973 tempest-ServersNegativeTestJSON-301803973-project-member] Request filter 'remote_managed_ports_filter' took 0.0 seconds {{(pid=93513) wrapper /opt/stack/nova/nova/scheduler/request_filter.py:46}}
Jul 27 05:02:15.542636 np0000005873 nova-scheduler[93513]: DEBUG nova.scheduler.request_filter [None req-f2782c86-c89c-4e8e-a1ee-a01049b2b4a0 tempest-ServersNegativeTestJSON-301803973 tempest-ServersNegativeTestJSON-301803973-project-member] ephemeral_encryption_filter skipped {{(pid=93513) ephemeral_encryption_filter /opt/stack/nova/nova/scheduler/request_filter.py:426}}
Jul 27 05:02:15.542741 np0000005873 nova-scheduler[93513]: DEBUG nova.scheduler.request_filter [None req-f2782c86-c89c-4e8e-a1ee-a01049b2b4a0 tempest-ServersNegativeTestJSON-301803973 tempest-ServersNegativeTestJSON-301803973-project-member] virtio_sound_filter skipped {{(pid=93513) virtio_sound_filter /opt/stack/nova/nova/scheduler/request_filter.py:460}}
Jul 27 05:02:15.542920 np0000005873 nova-scheduler[93513]: DEBUG nova.scheduler.request_filter [None req-f2782c86-c89c-4e8e-a1ee-a01049b2b4a0 tempest-ServersNegativeTestJSON-301803973 tempest-ServersNegativeTestJSON-301803973-project-member] tpm_secret_security_filter skipped {{(pid=93513) tpm_secret_security_filter /opt/stack/nova/nova/scheduler/request_filter.py:477}}
Jul 27 05:02:16.180122 np0000005873 nova-scheduler[93513]: INFO nova.utils [None req-f2782c86-c89c-4e8e-a1ee-a01049b2b4a0 tempest-ServersNegativeTestJSON-301803973 tempest-ServersNegativeTestJSON-301803973-project-member] The cell worker thread pool ForkProcess-3.cell_worker is initialized
Jul 27 05:02:16.181212 np0000005873 nova-scheduler[93513]: DEBUG oslo_concurrency.lockutils [None req-f2782c86-c89c-4e8e-a1ee-a01049b2b4a0 tempest-ServersNegativeTestJSON-301803973 tempest-ServersNegativeTestJSON-301803973-project-member] Acquiring lock "7c2475d6-0cbf-4e76-aec7-e28b498190c6" by "nova.context.set_target_cell..get_or_set_cached_cell_and_set_connections" {{(pid=93513) inner /opt/stack/data/venv/lib/python3.12/site-packages/oslo_concurrency/lockutils.py:512}}
Jul 27 05:02:16.181212 np0000005873 nova-scheduler[93513]: DEBUG oslo_concurrency.lockutils [None req-f2782c86-c89c-4e8e-a1ee-a01049b2b4a0 tempest-ServersNegativeTestJSON-301803973 tempest-ServersNegativeTestJSON-301803973-project-member] Lock "7c2475d6-0cbf-4e76-aec7-e28b498190c6" acquired by "nova.context.set_target_cell..get_or_set_cached_cell_and_set_connections" :: waited 0.000s {{(pid=93513) inner /opt/stack/data/venv/lib/python3.12/site-packages/oslo_concurrency/lockutils.py:525}}
Jul 27 05:02:16.181984 np0000005873 nova-scheduler[93513]: DEBUG oslo_concurrency.lockutils [None req-f2782c86-c89c-4e8e-a1ee-a01049b2b4a0 tempest-ServersNegativeTestJSON-301803973 tempest-ServersNegativeTestJSON-301803973-project-member] Lock "7c2475d6-0cbf-4e76-aec7-e28b498190c6" "released" by "nova.context.set_target_cell..get_or_set_cached_cell_and_set_connections" :: held 0.001s {{(pid=93513) inner /opt/stack/data/venv/lib/python3.12/site-packages/oslo_concurrency/lockutils.py:544}}
Jul 27 05:02:16.184412 np0000005873 nova-scheduler[93513]: INFO dbcounter [None req-f2782c86-c89c-4e8e-a1ee-a01049b2b4a0 tempest-ServersNegativeTestJSON-301803973 tempest-ServersNegativeTestJSON-301803973-project-member] Registered counter for database nova_cell1
Jul 27 05:02:16.232583 np0000005873 nova-scheduler[93497]: DEBUG nova.scheduler.manager [None req-d55b30ed-23b9-40e9-8d34-9f2a6143eaea tempest-DeleteServersTestJSON-996163833 tempest-DeleteServersTestJSON-996163833-project-member] Starting to schedule for instances: ['0e96021f-3d8f-4be0-82d8-b3188a319792'] {{(pid=93497) select_destinations /opt/stack/nova/nova/scheduler/manager.py:209}}
Jul 27 05:02:16.233253 np0000005873 nova-scheduler[93497]: DEBUG nova.scheduler.request_filter [None req-d55b30ed-23b9-40e9-8d34-9f2a6143eaea tempest-DeleteServersTestJSON-996163833 tempest-DeleteServersTestJSON-996163833-project-member] compute_status_filter request filter added forbidden trait COMPUTE_STATUS_DISABLED {{(pid=93497) compute_status_filter /opt/stack/nova/nova/scheduler/request_filter.py:253}}
Jul 27 05:02:16.233369 np0000005873 nova-scheduler[93497]: DEBUG nova.scheduler.request_filter [None req-d55b30ed-23b9-40e9-8d34-9f2a6143eaea tempest-DeleteServersTestJSON-996163833 tempest-DeleteServersTestJSON-996163833-project-member] Request filter 'compute_status_filter' took 0.0 seconds {{(pid=93497) wrapper /opt/stack/nova/nova/scheduler/request_filter.py:46}}
Jul 27 05:02:16.233588 np0000005873 nova-scheduler[93497]: DEBUG nova.scheduler.request_filter [None req-d55b30ed-23b9-40e9-8d34-9f2a6143eaea tempest-DeleteServersTestJSON-996163833 tempest-DeleteServersTestJSON-996163833-project-member] Request filter 'accelerators_filter' took 0.0 seconds {{(pid=93497) wrapper /opt/stack/nova/nova/scheduler/request_filter.py:46}}
Jul 27 05:02:16.233767 np0000005873 nova-scheduler[93497]: DEBUG nova.scheduler.request_filter [None req-d55b30ed-23b9-40e9-8d34-9f2a6143eaea tempest-DeleteServersTestJSON-996163833 tempest-DeleteServersTestJSON-996163833-project-member] Request filter 'packed_virtqueue_filter' took 0.0 seconds {{(pid=93497) wrapper /opt/stack/nova/nova/scheduler/request_filter.py:46}}
Jul 27 05:02:16.234047 np0000005873 nova-scheduler[93497]: DEBUG nova.scheduler.request_filter [None req-d55b30ed-23b9-40e9-8d34-9f2a6143eaea tempest-DeleteServersTestJSON-996163833 tempest-DeleteServersTestJSON-996163833-project-member] Request filter 'remote_managed_ports_filter' took 0.0 seconds {{(pid=93497) wrapper /opt/stack/nova/nova/scheduler/request_filter.py:46}}
Jul 27 05:02:16.234177 np0000005873 nova-scheduler[93497]: DEBUG nova.scheduler.request_filter [None req-d55b30ed-23b9-40e9-8d34-9f2a6143eaea tempest-DeleteServersTestJSON-996163833 tempest-DeleteServersTestJSON-996163833-project-member] ephemeral_encryption_filter skipped {{(pid=93497) ephemeral_encryption_filter /opt/stack/nova/nova/scheduler/request_filter.py:426}}
Jul 27 05:02:16.234319 np0000005873 nova-scheduler[93497]: DEBUG nova.scheduler.request_filter [None req-d55b30ed-23b9-40e9-8d34-9f2a6143eaea tempest-DeleteServersTestJSON-996163833 tempest-DeleteServersTestJSON-996163833-project-member] virtio_sound_filter skipped {{(pid=93497) virtio_sound_filter /opt/stack/nova/nova/scheduler/request_filter.py:460}}
Jul 27 05:02:16.234477 np0000005873 nova-scheduler[93497]: DEBUG nova.scheduler.request_filter [None req-d55b30ed-23b9-40e9-8d34-9f2a6143eaea tempest-DeleteServersTestJSON-996163833 tempest-DeleteServersTestJSON-996163833-project-member] tpm_secret_security_filter skipped {{(pid=93497) tpm_secret_security_filter /opt/stack/nova/nova/scheduler/request_filter.py:477}}
Jul 27 05:02:16.237159 np0000005873 nova-scheduler[93513]: DEBUG oslo_db.sqlalchemy.engines [None req-f2782c86-c89c-4e8e-a1ee-a01049b2b4a0 tempest-ServersNegativeTestJSON-301803973 tempest-ServersNegativeTestJSON-301803973-project-member] MySQL server mode set to STRICT_TRANS_TABLES,STRICT_ALL_TABLES,NO_ZERO_IN_DATE,NO_ZERO_DATE,ERROR_FOR_DIVISION_BY_ZERO,TRADITIONAL,NO_ENGINE_SUBSTITUTION {{(pid=93513) _check_effective_sql_mode /opt/stack/data/venv/lib/python3.12/site-packages/oslo_db/sqlalchemy/engines.py:325}}
Jul 27 05:02:16.242743 np0000005873 nova-scheduler[93513]: DEBUG dbcounter [-] [93513] Writer thread running {{(pid=93513) stat_writer /opt/stack/data/venv/lib/python3.12/site-packages/dbcounter.py:102}}
Jul 27 05:02:16.253794 np0000005873 nova-scheduler[93513]: DEBUG oslo_db.sqlalchemy.engines [None req-f2782c86-c89c-4e8e-a1ee-a01049b2b4a0 tempest-ServersNegativeTestJSON-301803973 tempest-ServersNegativeTestJSON-301803973-project-member] Parent process 92231 forked (93513) with an open database connection, which is being discarded and recreated. {{(pid=93513) checkout /opt/stack/data/venv/lib/python3.12/site-packages/oslo_db/sqlalchemy/engines.py:402}}
Jul 27 05:02:16.287796 np0000005873 nova-scheduler[93513]: DEBUG dbcounter [-] [93513] Writer thread running {{(pid=93513) stat_writer /opt/stack/data/venv/lib/python3.12/site-packages/dbcounter.py:102}}
Jul 27 05:02:16.290202 np0000005873 nova-scheduler[93513]: DEBUG oslo_concurrency.lockutils [None req-f2782c86-c89c-4e8e-a1ee-a01049b2b4a0 tempest-ServersNegativeTestJSON-301803973 tempest-ServersNegativeTestJSON-301803973-project-member] Acquiring lock "7c2475d6-0cbf-4e76-aec7-e28b498190c6" by "nova.context.set_target_cell..get_or_set_cached_cell_and_set_connections" {{(pid=93513) inner /opt/stack/data/venv/lib/python3.12/site-packages/oslo_concurrency/lockutils.py:512}}
Jul 27 05:02:16.290404 np0000005873 nova-scheduler[93513]: DEBUG oslo_concurrency.lockutils [None req-f2782c86-c89c-4e8e-a1ee-a01049b2b4a0 tempest-ServersNegativeTestJSON-301803973 tempest-ServersNegativeTestJSON-301803973-project-member] Lock "7c2475d6-0cbf-4e76-aec7-e28b498190c6" acquired by "nova.context.set_target_cell..get_or_set_cached_cell_and_set_connections" :: waited 0.000s {{(pid=93513) inner /opt/stack/data/venv/lib/python3.12/site-packages/oslo_concurrency/lockutils.py:525}}
Jul 27 05:02:16.290525 np0000005873 nova-scheduler[93513]: DEBUG oslo_concurrency.lockutils [None req-f2782c86-c89c-4e8e-a1ee-a01049b2b4a0 tempest-ServersNegativeTestJSON-301803973 tempest-ServersNegativeTestJSON-301803973-project-member] Lock "7c2475d6-0cbf-4e76-aec7-e28b498190c6" "released" by "nova.context.set_target_cell..get_or_set_cached_cell_and_set_connections" :: held 0.000s {{(pid=93513) inner /opt/stack/data/venv/lib/python3.12/site-packages/oslo_concurrency/lockutils.py:544}}
Jul 27 05:02:16.294863 np0000005873 nova-scheduler[93513]: DEBUG oslo_concurrency.lockutils [None req-f2782c86-c89c-4e8e-a1ee-a01049b2b4a0 tempest-ServersNegativeTestJSON-301803973 tempest-ServersNegativeTestJSON-301803973-project-member] Acquiring lock "np0000005873-np0000005873" by "nova.scheduler.host_manager.HostState.update.._locked_update" {{(pid=93513) inner /opt/stack/data/venv/lib/python3.12/site-packages/oslo_concurrency/lockutils.py:512}}
Jul 27 05:02:16.294863 np0000005873 nova-scheduler[93513]: DEBUG oslo_concurrency.lockutils [None req-f2782c86-c89c-4e8e-a1ee-a01049b2b4a0 tempest-ServersNegativeTestJSON-301803973 tempest-ServersNegativeTestJSON-301803973-project-member] Lock "np0000005873-np0000005873" acquired by "nova.scheduler.host_manager.HostState.update.._locked_update" :: waited 0.000s {{(pid=93513) inner /opt/stack/data/venv/lib/python3.12/site-packages/oslo_concurrency/lockutils.py:525}}
Jul 27 05:02:16.296062 np0000005873 nova-scheduler[93513]: DEBUG nova.scheduler.host_manager [None req-f2782c86-c89c-4e8e-a1ee-a01049b2b4a0 tempest-ServersNegativeTestJSON-301803973 tempest-ServersNegativeTestJSON-301803973-project-member] Update host state from compute node: ComputeNode(cpu_allocation_ratio=4.0,cpu_info='{"arch": "x86_64", "model": "EPYC-Milan", "vendor": "AMD", "topology": {"cells": 1, "sockets": 16, "cores": 1, "threads": 1}, "maxphysaddr": {"mode": "emulate", "bits": 40}, "features": ["invpcid", "pku", "rdtscp", "pni", "clflush", "wbnoinvd", "de", "sse", "xsaveerptr", "ssbd", "bmi1", "vgif", "clzero", "erms", "cx16", "cr8legacy", "xsaveopt", "arat", "fma", "f16c", "pse36", "nrip-save", "popcnt", "umip", "smap", "syscall", "spec-ctrl", "pcid", "sse4.1", "ssse3", "3dnowprefetch", "aes", "misalignsse", "sse4a", "pause-filter", "pfthreshold", "apic", "tsc", "abm", "vme", "mce", "amd-psfd", "tsc_adjust", "movbe", "lfence-always-serializing", "lm", "fsrm", "mmx", "v-vmsave-vmload", "rdpid", "bmi2", "mca", "clwb", "sse4.2", "ibpb", "fxsr_opt", "rdctl-no", "arch-capabilities", "xsavec", "pschange-mc-no", "stibp", "lbrv", "pdpe1gb", "xsave", "pat", "rdseed", "mtrr", "sse2", "adx", "msr", "pse", "tsc-deadline", "mmxext", "osvw", "topoext", "nx", "svme-addr-chk", "stibp-always-on", "amd-ssbd", "flushbyasid", "clflushopt", "sep", "fxsr", "virt-ssbd", "lahf_lm", "npt", "avx2", "fsgsbase", "rdrand", "xsaves", "pge", "null-sel-clr-base", "vpclmulqdq", "gds-no", "hypervisor", "svm", "cmov", "sha-ni", "smep", "vaes", "vmcb-clean", "no-nested-data-bp", "perfctr_core", "mds-no", "fpu", "xgetbv1", "ibrs", "avx", "amd-stibp", "pae", "cx8", "x2apic", "tsc-scale", "pclmuldq", "skip-l1dfl-vmentry", "cmp_legacy"]}',created_at=2026-07-27T05:00:20Z,current_workload=0,deleted=False,deleted_at=None,disk_allocation_ratio=1.0,disk_available_least=73,free_disk_gb=95,free_ram_mb=62765,host='np0000005873',host_ip=10.4.3.39,hypervisor_hostname='np0000005873',hypervisor_type='QEMU',hypervisor_version=8002002,id=1,local_gb=95,local_gb_used=0,mapped=1,memory_mb=63277,memory_mb_used=512,metrics='[]',numa_topology='{"nova_object.name": "NUMATopology", "nova_object.namespace": "nova", "nova_object.version": "1.2", "nova_object.data": {"cells": [{"nova_object.name": "NUMACell", "nova_object.namespace": "nova", "nova_object.version": "1.5", "nova_object.data": {"id": 0, "cpuset": [0, 1, 2, 3, 4, 5, 6, 7, 8, 9, 10, 11, 12, 13, 14, 15], "pcpuset": [0, 1, 2, 3, 4, 5, 6, 7, 8, 9, 10, 11, 12, 13, 14, 15], "memory": 63277, "cpu_usage": 0, "memory_usage": 0, "pinned_cpus": [], "siblings": [[6], [12], [2], [15], [5], [11], [8], [14], [4], [1], [7], [10], [0], [13], [3], [9]], "mempages": [{"nova_object.name": "NUMAPagesTopology", "nova_object.namespace": "nova", "nova_object.version": "1.1", "nova_object.data": {"size_kb": 4, "total": 16177930, "used": 0, "reserved": 0}, "nova_object.changes": ["size_kb", "reserved", "used", "total"]}, {"nova_object.name": "NUMAPagesTopology", "nova_object.namespace": "nova", "nova_object.version": "1.1", "nova_object.data": {"size_kb": 2048, "total": 41, "used": 0, "reserved": 0}, "nova_object.changes": ["size_kb", "reserved", "used", "total"]}, {"nova_object.name": "NUMAPagesTopology", "nova_object.namespace": "nova", "nova_object.version": "1.1", "nova_object.data": {"size_kb": 1048576, "total": 0, "used": 0, "reserved": 0}, "nova_object.changes": ["size_kb", "reserved", "used", "total"]}], "network_metadata": {"nova_object.name": "NetworkMetadata", "nova_object.namespace": "nova", "nova_object.version": "1.0", "nova_object.data": {"physnets": [], "tunneled": false}, "nova_object.changes": ["tunneled", "physnets"]}, "socket": null}, "nova_object.changes": ["socket", "network_metadata", "cpuset", "cpu_usage", "pcpuset", "id", "memory", "memory_usage", "pinned_cpus", "siblings", "mempages"]}]}, "nova_object.changes": ["cells"]}',pci_device_pools=PciDevicePoolList,ram_allocation_ratio=1.0,running_vms=0,service_id=2,stats={failed_builds='0',uptime=' 05:02:08 up 14 min, 2 users, load average: 2.73, 2.06, 1.09
Jul 27 05:02:16.296062 np0000005873 nova-scheduler[93513]: '},supported_hv_specs=[HVSpec,HVSpec,HVSpec,HVSpec,HVSpec,HVSpec,HVSpec,HVSpec,HVSpec,HVSpec,HVSpec,HVSpec,HVSpec,HVSpec,HVSpec,HVSpec,HVSpec,HVSpec,HVSpec,HVSpec,HVSpec,HVSpec,HVSpec,HVSpec,HVSpec],updated_at=2026-07-27T05:02:08Z,uuid=30e98db5-6eae-4b94-aff0-a4a1e48bcd10,vcpus=16,vcpus_used=0) {{(pid=93513) _locked_update /opt/stack/nova/nova/scheduler/host_manager.py:168}}
Jul 27 05:02:16.297109 np0000005873 nova-scheduler[93513]: DEBUG nova.scheduler.host_manager [None req-f2782c86-c89c-4e8e-a1ee-a01049b2b4a0 tempest-ServersNegativeTestJSON-301803973 tempest-ServersNegativeTestJSON-301803973-project-member] Update host state with aggregates: [] {{(pid=93513) _locked_update /opt/stack/nova/nova/scheduler/host_manager.py:171}}
Jul 27 05:02:16.297275 np0000005873 nova-scheduler[93513]: DEBUG nova.scheduler.host_manager [None req-f2782c86-c89c-4e8e-a1ee-a01049b2b4a0 tempest-ServersNegativeTestJSON-301803973 tempest-ServersNegativeTestJSON-301803973-project-member] Update host state with service dict: {'id': 2, 'uuid': 'e2dd4cbe-a17d-4dae-b43d-17b19367a64d', 'host': 'np0000005873', 'binary': 'nova-compute', 'topic': 'compute', 'report_count': 1, 'disabled': False, 'disabled_reason': None, 'last_seen_up': datetime.datetime(2026, 7, 27, 5, 0, 27, tzinfo=datetime.timezone.utc), 'forced_down': False, 'version': 72, 'created_at': datetime.datetime(2026, 7, 27, 5, 0, 20, tzinfo=datetime.timezone.utc), 'updated_at': datetime.datetime(2026, 7, 27, 5, 0, 27, tzinfo=datetime.timezone.utc), 'deleted_at': None, 'deleted': False} {{(pid=93513) _locked_update /opt/stack/nova/nova/scheduler/host_manager.py:174}}
Jul 27 05:02:16.297472 np0000005873 nova-scheduler[93513]: DEBUG nova.scheduler.host_manager [None req-f2782c86-c89c-4e8e-a1ee-a01049b2b4a0 tempest-ServersNegativeTestJSON-301803973 tempest-ServersNegativeTestJSON-301803973-project-member] Update host state with instances: [] {{(pid=93513) _locked_update /opt/stack/nova/nova/scheduler/host_manager.py:177}}
Jul 27 05:02:16.297575 np0000005873 nova-scheduler[93513]: DEBUG oslo_concurrency.lockutils [None req-f2782c86-c89c-4e8e-a1ee-a01049b2b4a0 tempest-ServersNegativeTestJSON-301803973 tempest-ServersNegativeTestJSON-301803973-project-member] Lock "np0000005873-np0000005873" "released" by "nova.scheduler.host_manager.HostState.update.._locked_update" :: held 0.003s {{(pid=93513) inner /opt/stack/data/venv/lib/python3.12/site-packages/oslo_concurrency/lockutils.py:544}}
Jul 27 05:02:16.298195 np0000005873 nova-scheduler[93513]: DEBUG nova.filters [None req-f2782c86-c89c-4e8e-a1ee-a01049b2b4a0 tempest-ServersNegativeTestJSON-301803973 tempest-ServersNegativeTestJSON-301803973-project-member] Starting with 1 host(s) {{(pid=93513) get_filtered_objects /opt/stack/nova/nova/filters.py:70}}
Jul 27 05:02:16.298421 np0000005873 nova-scheduler[93513]: DEBUG nova.filters [None req-f2782c86-c89c-4e8e-a1ee-a01049b2b4a0 tempest-ServersNegativeTestJSON-301803973 tempest-ServersNegativeTestJSON-301803973-project-member] Filter ComputeFilter returned 1 host(s) {{(pid=93513) get_filtered_objects /opt/stack/nova/nova/filters.py:102}}
Jul 27 05:02:16.298676 np0000005873 nova-scheduler[93513]: DEBUG nova.filters [None req-f2782c86-c89c-4e8e-a1ee-a01049b2b4a0 tempest-ServersNegativeTestJSON-301803973 tempest-ServersNegativeTestJSON-301803973-project-member] Filter ComputeCapabilitiesFilter returned 1 host(s) {{(pid=93513) get_filtered_objects /opt/stack/nova/nova/filters.py:102}}
Jul 27 05:02:16.298917 np0000005873 nova-scheduler[93513]: DEBUG nova.filters [None req-f2782c86-c89c-4e8e-a1ee-a01049b2b4a0 tempest-ServersNegativeTestJSON-301803973 tempest-ServersNegativeTestJSON-301803973-project-member] Filter ImagePropertiesFilter returned 1 host(s) {{(pid=93513) get_filtered_objects /opt/stack/nova/nova/filters.py:102}}
Jul 27 05:02:16.299094 np0000005873 nova-scheduler[93513]: DEBUG nova.filters [None req-f2782c86-c89c-4e8e-a1ee-a01049b2b4a0 tempest-ServersNegativeTestJSON-301803973 tempest-ServersNegativeTestJSON-301803973-project-member] Filter ServerGroupAntiAffinityFilter returned 1 host(s) {{(pid=93513) get_filtered_objects /opt/stack/nova/nova/filters.py:102}}
Jul 27 05:02:16.299494 np0000005873 nova-scheduler[93513]: DEBUG nova.filters [None req-f2782c86-c89c-4e8e-a1ee-a01049b2b4a0 tempest-ServersNegativeTestJSON-301803973 tempest-ServersNegativeTestJSON-301803973-project-member] Filter ServerGroupAffinityFilter returned 1 host(s) {{(pid=93513) get_filtered_objects /opt/stack/nova/nova/filters.py:102}}
Jul 27 05:02:16.299688 np0000005873 nova-scheduler[93513]: DEBUG nova.filters [None req-f2782c86-c89c-4e8e-a1ee-a01049b2b4a0 tempest-ServersNegativeTestJSON-301803973 tempest-ServersNegativeTestJSON-301803973-project-member] Filter SameHostFilter returned 1 host(s) {{(pid=93513) get_filtered_objects /opt/stack/nova/nova/filters.py:102}}
Jul 27 05:02:16.299894 np0000005873 nova-scheduler[93513]: DEBUG nova.filters [None req-f2782c86-c89c-4e8e-a1ee-a01049b2b4a0 tempest-ServersNegativeTestJSON-301803973 tempest-ServersNegativeTestJSON-301803973-project-member] Filter DifferentHostFilter returned 1 host(s) {{(pid=93513) get_filtered_objects /opt/stack/nova/nova/filters.py:102}}
Jul 27 05:02:16.300086 np0000005873 nova-scheduler[93513]: DEBUG nova.scheduler.manager [None req-f2782c86-c89c-4e8e-a1ee-a01049b2b4a0 tempest-ServersNegativeTestJSON-301803973 tempest-ServersNegativeTestJSON-301803973-project-member] Filtered [(np0000005873, np0000005873) ram: 62765MB disk: 74752MB io_ops: 0 instances: 0, allocation_candidates: 1] {{(pid=93513) _get_sorted_hosts /opt/stack/nova/nova/scheduler/manager.py:742}}
Jul 27 05:02:16.300341 np0000005873 nova-scheduler[93513]: DEBUG nova.scheduler.manager [None req-f2782c86-c89c-4e8e-a1ee-a01049b2b4a0 tempest-ServersNegativeTestJSON-301803973 tempest-ServersNegativeTestJSON-301803973-project-member] Weighed [WeighedHost [host: (np0000005873, np0000005873) ram: 62765MB disk: 74752MB io_ops: 0 instances: 0, allocation_candidates: 1, weight: 0.0]] {{(pid=93513) _get_sorted_hosts /opt/stack/nova/nova/scheduler/manager.py:764}}
Jul 27 05:02:16.300748 np0000005873 nova-scheduler[93513]: DEBUG nova.scheduler.utils [None req-f2782c86-c89c-4e8e-a1ee-a01049b2b4a0 tempest-ServersNegativeTestJSON-301803973 tempest-ServersNegativeTestJSON-301803973-project-member] Attempting to claim resources in the placement API for instance 4bbd8258-e48d-4f79-ac01-bd0b8ed37211 {{(pid=93513) claim_resources /opt/stack/nova/nova/scheduler/utils.py:1345}}
Jul 27 05:02:16.366279 np0000005873 nova-scheduler[93497]: INFO nova.utils [None req-d55b30ed-23b9-40e9-8d34-9f2a6143eaea tempest-DeleteServersTestJSON-996163833 tempest-DeleteServersTestJSON-996163833-project-member] The cell worker thread pool ForkProcess-2.cell_worker is initialized
Jul 27 05:02:16.366743 np0000005873 nova-scheduler[93497]: DEBUG oslo_concurrency.lockutils [None req-d55b30ed-23b9-40e9-8d34-9f2a6143eaea tempest-DeleteServersTestJSON-996163833 tempest-DeleteServersTestJSON-996163833-project-member] Acquiring lock "7c2475d6-0cbf-4e76-aec7-e28b498190c6" by "nova.context.set_target_cell..get_or_set_cached_cell_and_set_connections" {{(pid=93497) inner /opt/stack/data/venv/lib/python3.12/site-packages/oslo_concurrency/lockutils.py:512}}
Jul 27 05:02:16.366984 np0000005873 nova-scheduler[93497]: DEBUG oslo_concurrency.lockutils [None req-d55b30ed-23b9-40e9-8d34-9f2a6143eaea tempest-DeleteServersTestJSON-996163833 tempest-DeleteServersTestJSON-996163833-project-member] Lock "7c2475d6-0cbf-4e76-aec7-e28b498190c6" acquired by "nova.context.set_target_cell..get_or_set_cached_cell_and_set_connections" :: waited 0.000s {{(pid=93497) inner /opt/stack/data/venv/lib/python3.12/site-packages/oslo_concurrency/lockutils.py:525}}
Jul 27 05:02:16.368889 np0000005873 nova-scheduler[93497]: DEBUG oslo_concurrency.lockutils [None req-d55b30ed-23b9-40e9-8d34-9f2a6143eaea tempest-DeleteServersTestJSON-996163833 tempest-DeleteServersTestJSON-996163833-project-member] Lock "7c2475d6-0cbf-4e76-aec7-e28b498190c6" "released" by "nova.context.set_target_cell..get_or_set_cached_cell_and_set_connections" :: held 0.002s {{(pid=93497) inner /opt/stack/data/venv/lib/python3.12/site-packages/oslo_concurrency/lockutils.py:544}}
Jul 27 05:02:16.370872 np0000005873 nova-scheduler[93497]: INFO dbcounter [None req-d55b30ed-23b9-40e9-8d34-9f2a6143eaea tempest-DeleteServersTestJSON-996163833 tempest-DeleteServersTestJSON-996163833-project-member] Registered counter for database nova_cell1
Jul 27 05:02:16.413687 np0000005873 nova-scheduler[93497]: DEBUG oslo_db.sqlalchemy.engines [None req-d55b30ed-23b9-40e9-8d34-9f2a6143eaea tempest-DeleteServersTestJSON-996163833 tempest-DeleteServersTestJSON-996163833-project-member] MySQL server mode set to STRICT_TRANS_TABLES,STRICT_ALL_TABLES,NO_ZERO_IN_DATE,NO_ZERO_DATE,ERROR_FOR_DIVISION_BY_ZERO,TRADITIONAL,NO_ENGINE_SUBSTITUTION {{(pid=93497) _check_effective_sql_mode /opt/stack/data/venv/lib/python3.12/site-packages/oslo_db/sqlalchemy/engines.py:325}}
Jul 27 05:02:16.418264 np0000005873 nova-scheduler[93497]: DEBUG dbcounter [-] [93497] Writer thread running {{(pid=93497) stat_writer /opt/stack/data/venv/lib/python3.12/site-packages/dbcounter.py:102}}
