Aug 20 00:07:29.571488 np0000007832 devstack@g-api.service[103251]: DEBUG glance.api.middleware.version_negotiation [None req-9f309a9b-3e97-4f6a-9e2a-384d2d0965ce tempest-ServerActionsV293TestJSON-1995595756 tempest-ServerActionsV293TestJSON-1995595756-project-member] Determining version of request: GET /v2/schemas/image Accept: */* {{(pid=103251) process_request /opt/stack/glance/glance/api/middleware/version_negotiation.py:44}}
Aug 20 00:07:29.571732 np0000007832 devstack@g-api.service[103251]: DEBUG glance.api.middleware.version_negotiation [None req-9f309a9b-3e97-4f6a-9e2a-384d2d0965ce tempest-ServerActionsV293TestJSON-1995595756 tempest-ServerActionsV293TestJSON-1995595756-project-member] Using url versioning {{(pid=103251) process_request /opt/stack/glance/glance/api/middleware/version_negotiation.py:57}}
Aug 20 00:07:29.571852 np0000007832 devstack@g-api.service[103251]: DEBUG glance.api.middleware.version_negotiation [None req-9f309a9b-3e97-4f6a-9e2a-384d2d0965ce tempest-ServerActionsV293TestJSON-1995595756 tempest-ServerActionsV293TestJSON-1995595756-project-member] Matched version: v2 {{(pid=103251) process_request /opt/stack/glance/glance/api/middleware/version_negotiation.py:69}}
Aug 20 00:07:29.571992 np0000007832 devstack@g-api.service[103251]: DEBUG glance.api.middleware.version_negotiation [None req-9f309a9b-3e97-4f6a-9e2a-384d2d0965ce tempest-ServerActionsV293TestJSON-1995595756 tempest-ServerActionsV293TestJSON-1995595756-project-member] new path /v2/schemas/image {{(pid=103251) process_request /opt/stack/glance/glance/api/middleware/version_negotiation.py:70}}
Aug 20 00:07:29.576554 np0000007832 devstack@g-api.service[103251]: [pid: 103251|app: 0|req: 61/246] 127.0.0.1 () {44 vars in 1047 bytes} [Thu Aug 20 00:07:29 2026] GET /v2/schemas/image => generated 6083 bytes in 5 msecs (HTTP/1.1 200) 4 headers in 158 bytes (1 switches on core 0)
Aug 20 00:07:31.667394 np0000007832 devstack@g-api.service[103253]: DEBUG dbcounter [-] [103253] Writing DB stats glance:SELECT=4 {{(pid=103253) stat_writer /opt/stack/data/venv/lib/python3.12/site-packages/dbcounter.py:115}}
Aug 20 00:07:34.308584 np0000007832 devstack@g-api.service[103252]: DEBUG glance.api.middleware.version_negotiation [None req-7efce4cc-811e-4bf4-8af8-7f27b859d28f tempest-ServerBootFromVolumeStableRescueTest-679815618 tempest-ServerBootFromVolumeStableRescueTest-679815618-project-member] Determining version of request: GET /v2/schemas/image Accept: */* {{(pid=103252) process_request /opt/stack/glance/glance/api/middleware/version_negotiation.py:44}}
Aug 20 00:07:34.308883 np0000007832 devstack@g-api.service[103252]: DEBUG glance.api.middleware.version_negotiation [None req-7efce4cc-811e-4bf4-8af8-7f27b859d28f tempest-ServerBootFromVolumeStableRescueTest-679815618 tempest-ServerBootFromVolumeStableRescueTest-679815618-project-member] Using url versioning {{(pid=103252) process_request /opt/stack/glance/glance/api/middleware/version_negotiation.py:57}}
Aug 20 00:07:34.308883 np0000007832 devstack@g-api.service[103252]: DEBUG glance.api.middleware.version_negotiation [None req-7efce4cc-811e-4bf4-8af8-7f27b859d28f tempest-ServerBootFromVolumeStableRescueTest-679815618 tempest-ServerBootFromVolumeStableRescueTest-679815618-project-member] Matched version: v2 {{(pid=103252) process_request /opt/stack/glance/glance/api/middleware/version_negotiation.py:69}}
Aug 20 00:07:34.309011 np0000007832 devstack@g-api.service[103252]: DEBUG glance.api.middleware.version_negotiation [None req-7efce4cc-811e-4bf4-8af8-7f27b859d28f tempest-ServerBootFromVolumeStableRescueTest-679815618 tempest-ServerBootFromVolumeStableRescueTest-679815618-project-member] new path /v2/schemas/image {{(pid=103252) process_request /opt/stack/glance/glance/api/middleware/version_negotiation.py:70}}
Aug 20 00:07:34.312322 np0000007832 devstack@g-api.service[103252]: [pid: 103252|app: 0|req: 64/247] 127.0.0.1 () {44 vars in 1047 bytes} [Thu Aug 20 00:07:34 2026] GET /v2/schemas/image => generated 6083 bytes in 4 msecs (HTTP/1.1 200) 4 headers in 158 bytes (1 switches on core 0)
Aug 20 00:07:34.350010 np0000007832 devstack@g-api.service[103253]: DEBUG glance.api.middleware.version_negotiation [None req-7efce4cc-811e-4bf4-8af8-7f27b859d28f tempest-ServerBootFromVolumeStableRescueTest-679815618 tempest-ServerBootFromVolumeStableRescueTest-679815618-project-member] Determining version of request: POST /v2/images Accept: */* {{(pid=103253) process_request /opt/stack/glance/glance/api/middleware/version_negotiation.py:44}}
Aug 20 00:07:34.350010 np0000007832 devstack@g-api.service[103253]: DEBUG glance.api.middleware.version_negotiation [None req-7efce4cc-811e-4bf4-8af8-7f27b859d28f tempest-ServerBootFromVolumeStableRescueTest-679815618 tempest-ServerBootFromVolumeStableRescueTest-679815618-project-member] Using url versioning {{(pid=103253) process_request /opt/stack/glance/glance/api/middleware/version_negotiation.py:57}}
Aug 20 00:07:34.350010 np0000007832 devstack@g-api.service[103253]: DEBUG glance.api.middleware.version_negotiation [None req-7efce4cc-811e-4bf4-8af8-7f27b859d28f tempest-ServerBootFromVolumeStableRescueTest-679815618 tempest-ServerBootFromVolumeStableRescueTest-679815618-project-member] Matched version: v2 {{(pid=103253) process_request /opt/stack/glance/glance/api/middleware/version_negotiation.py:69}}
Aug 20 00:07:34.350010 np0000007832 devstack@g-api.service[103253]: DEBUG glance.api.middleware.version_negotiation [None req-7efce4cc-811e-4bf4-8af8-7f27b859d28f tempest-ServerBootFromVolumeStableRescueTest-679815618 tempest-ServerBootFromVolumeStableRescueTest-679815618-project-member] new path /v2/images {{(pid=103253) process_request /opt/stack/glance/glance/api/middleware/version_negotiation.py:70}}
Aug 20 00:07:34.968485 np0000007832 devstack@g-api.service[103252]: DEBUG dbcounter [-] [103252] Writing DB stats glance:SELECT=28 {{(pid=103252) stat_writer /opt/stack/data/venv/lib/python3.12/site-packages/dbcounter.py:115}}
Aug 20 00:07:35.192573 np0000007832 devstack@g-api.service[103253]: [pid: 103253|app: 0|req: 62/248] 127.0.0.1 () {46 vars in 1047 bytes} [Thu Aug 20 00:07:34 2026] POST /v2/images => generated 1357 bytes in 843 msecs (HTTP/1.1 201) 6 headers in 316 bytes (1 switches on core 0)
Aug 20 00:07:35.285420 np0000007832 devstack@g-api.service[103250]: DEBUG glance.api.middleware.version_negotiation [None req-6e22648a-64b3-49aa-ae6d-9b371ca13d56 tempest-AttachVolumeMultiAttachTest-433074302 tempest-AttachVolumeMultiAttachTest-433074302-project-member] Determining version of request: GET /v2/images/c09f01d1-d71f-4ff5-9be7-3fce8faab576 Accept: application/json {{(pid=103250) process_request /opt/stack/glance/glance/api/middleware/version_negotiation.py:44}}
Aug 20 00:07:35.285869 np0000007832 devstack@g-api.service[103250]: DEBUG glance.api.middleware.version_negotiation [None req-6e22648a-64b3-49aa-ae6d-9b371ca13d56 tempest-AttachVolumeMultiAttachTest-433074302 tempest-AttachVolumeMultiAttachTest-433074302-project-member] Using url versioning {{(pid=103250) process_request /opt/stack/glance/glance/api/middleware/version_negotiation.py:57}}
Aug 20 00:07:35.285869 np0000007832 devstack@g-api.service[103250]: DEBUG glance.api.middleware.version_negotiation [None req-6e22648a-64b3-49aa-ae6d-9b371ca13d56 tempest-AttachVolumeMultiAttachTest-433074302 tempest-AttachVolumeMultiAttachTest-433074302-project-member] Matched version: v2 {{(pid=103250) process_request /opt/stack/glance/glance/api/middleware/version_negotiation.py:69}}
Aug 20 00:07:35.285869 np0000007832 devstack@g-api.service[103250]: DEBUG glance.api.middleware.version_negotiation [None req-6e22648a-64b3-49aa-ae6d-9b371ca13d56 tempest-AttachVolumeMultiAttachTest-433074302 tempest-AttachVolumeMultiAttachTest-433074302-project-member] new path /v2/images/c09f01d1-d71f-4ff5-9be7-3fce8faab576 {{(pid=103250) process_request /opt/stack/glance/glance/api/middleware/version_negotiation.py:70}}
Aug 20 00:07:35.292073 np0000007832 devstack@g-api.service[103250]: DEBUG dbcounter [-] [103250] Writing DB stats glance:SELECT=48,glance:INSERT=21,glance:UPDATE=3 {{(pid=103250) stat_writer /opt/stack/data/venv/lib/python3.12/site-packages/dbcounter.py:115}}
Aug 20 00:07:35.311579 np0000007832 devstack@g-api.service[103250]: [pid: 103250|app: 0|req: 62/249] 127.0.0.1 () {40 vars in 830 bytes} [Thu Aug 20 00:07:35 2026] GET /v2/images/c09f01d1-d71f-4ff5-9be7-3fce8faab576 => generated 1357 bytes in 26 msecs (HTTP/1.1 200) 4 headers in 158 bytes (1 switches on core 0)
Aug 20 00:07:35.461974 np0000007832 devstack@g-api.service[103251]: DEBUG glance.api.middleware.version_negotiation [None req-6e22648a-64b3-49aa-ae6d-9b371ca13d56 tempest-AttachVolumeMultiAttachTest-433074302 tempest-AttachVolumeMultiAttachTest-433074302-project-member] Determining version of request: GET /v2/images/c09f01d1-d71f-4ff5-9be7-3fce8faab576 Accept: */* {{(pid=103251) process_request /opt/stack/glance/glance/api/middleware/version_negotiation.py:44}}
Aug 20 00:07:35.462378 np0000007832 devstack@g-api.service[103251]: DEBUG glance.api.middleware.version_negotiation [None req-6e22648a-64b3-49aa-ae6d-9b371ca13d56 tempest-AttachVolumeMultiAttachTest-433074302 tempest-AttachVolumeMultiAttachTest-433074302-project-member] Using url versioning {{(pid=103251) process_request /opt/stack/glance/glance/api/middleware/version_negotiation.py:57}}
Aug 20 00:07:35.462378 np0000007832 devstack@g-api.service[103251]: DEBUG glance.api.middleware.version_negotiation [None req-6e22648a-64b3-49aa-ae6d-9b371ca13d56 tempest-AttachVolumeMultiAttachTest-433074302 tempest-AttachVolumeMultiAttachTest-433074302-project-member] Matched version: v2 {{(pid=103251) process_request /opt/stack/glance/glance/api/middleware/version_negotiation.py:69}}
Aug 20 00:07:35.462378 np0000007832 devstack@g-api.service[103251]: DEBUG glance.api.middleware.version_negotiation [None req-6e22648a-64b3-49aa-ae6d-9b371ca13d56 tempest-AttachVolumeMultiAttachTest-433074302 tempest-AttachVolumeMultiAttachTest-433074302-project-member] new path /v2/images/c09f01d1-d71f-4ff5-9be7-3fce8faab576 {{(pid=103251) process_request /opt/stack/glance/glance/api/middleware/version_negotiation.py:70}}
Aug 20 00:07:35.483804 np0000007832 devstack@g-api.service[103251]: [pid: 103251|app: 0|req: 62/250] 127.0.0.1 () {44 vars in 1107 bytes} [Thu Aug 20 00:07:35 2026] GET /v2/images/c09f01d1-d71f-4ff5-9be7-3fce8faab576 => generated 1357 bytes in 22 msecs (HTTP/1.1 200) 4 headers in 158 bytes (1 switches on core 0)
Aug 20 00:07:35.538990 np0000007832 devstack@g-api.service[103252]: DEBUG glance.api.middleware.version_negotiation [None req-377f2721-b8b3-4d97-8423-5ef6f7fe2e8e tempest-ServerBootFromVolumeStableRescueTest-679815618 tempest-ServerBootFromVolumeStableRescueTest-679815618-project-member] Determining version of request: GET /v2/schemas/image Accept: */* {{(pid=103252) process_request /opt/stack/glance/glance/api/middleware/version_negotiation.py:44}}
Aug 20 00:07:35.542528 np0000007832 devstack@g-api.service[103252]: DEBUG glance.api.middleware.version_negotiation [None req-377f2721-b8b3-4d97-8423-5ef6f7fe2e8e tempest-ServerBootFromVolumeStableRescueTest-679815618 tempest-ServerBootFromVolumeStableRescueTest-679815618-project-member] Using url versioning {{(pid=103252) process_request /opt/stack/glance/glance/api/middleware/version_negotiation.py:57}}
Aug 20 00:07:35.542528 np0000007832 devstack@g-api.service[103252]: DEBUG glance.api.middleware.version_negotiation [None req-377f2721-b8b3-4d97-8423-5ef6f7fe2e8e tempest-ServerBootFromVolumeStableRescueTest-679815618 tempest-ServerBootFromVolumeStableRescueTest-679815618-project-member] Matched version: v2 {{(pid=103252) process_request /opt/stack/glance/glance/api/middleware/version_negotiation.py:69}}
Aug 20 00:07:35.542528 np0000007832 devstack@g-api.service[103252]: DEBUG glance.api.middleware.version_negotiation [None req-377f2721-b8b3-4d97-8423-5ef6f7fe2e8e tempest-ServerBootFromVolumeStableRescueTest-679815618 tempest-ServerBootFromVolumeStableRescueTest-679815618-project-member] new path /v2/schemas/image {{(pid=103252) process_request /opt/stack/glance/glance/api/middleware/version_negotiation.py:70}}
Aug 20 00:07:35.542528 np0000007832 devstack@g-api.service[103252]: [pid: 103252|app: 0|req: 65/251] 127.0.0.1 () {44 vars in 1047 bytes} [Thu Aug 20 00:07:35 2026] GET /v2/schemas/image => generated 6083 bytes in 3 msecs (HTTP/1.1 200) 4 headers in 158 bytes (1 switches on core 0)
Aug 20 00:07:36.321402 np0000007832 devstack@g-api.service[103253]: DEBUG glance.api.middleware.version_negotiation [None req-377f2721-b8b3-4d97-8423-5ef6f7fe2e8e tempest-ServerBootFromVolumeStableRescueTest-679815618 tempest-ServerBootFromVolumeStableRescueTest-679815618-project-member] Determining version of request: GET /v2/images/c09f01d1-d71f-4ff5-9be7-3fce8faab576 Accept: application/json {{(pid=103253) process_request /opt/stack/glance/glance/api/middleware/version_negotiation.py:44}}
Aug 20 00:07:36.323299 np0000007832 devstack@g-api.service[103253]: DEBUG glance.api.middleware.version_negotiation [None req-377f2721-b8b3-4d97-8423-5ef6f7fe2e8e tempest-ServerBootFromVolumeStableRescueTest-679815618 tempest-ServerBootFromVolumeStableRescueTest-679815618-project-member] Using url versioning {{(pid=103253) process_request /opt/stack/glance/glance/api/middleware/version_negotiation.py:57}}
Aug 20 00:07:36.323299 np0000007832 devstack@g-api.service[103253]: DEBUG glance.api.middleware.version_negotiation [None req-377f2721-b8b3-4d97-8423-5ef6f7fe2e8e tempest-ServerBootFromVolumeStableRescueTest-679815618 tempest-ServerBootFromVolumeStableRescueTest-679815618-project-member] Matched version: v2 {{(pid=103253) process_request /opt/stack/glance/glance/api/middleware/version_negotiation.py:69}}
Aug 20 00:07:36.323299 np0000007832 devstack@g-api.service[103253]: DEBUG glance.api.middleware.version_negotiation [None req-377f2721-b8b3-4d97-8423-5ef6f7fe2e8e tempest-ServerBootFromVolumeStableRescueTest-679815618 tempest-ServerBootFromVolumeStableRescueTest-679815618-project-member] new path /v2/images/c09f01d1-d71f-4ff5-9be7-3fce8faab576 {{(pid=103253) process_request /opt/stack/glance/glance/api/middleware/version_negotiation.py:70}}
Aug 20 00:07:36.339927 np0000007832 devstack@g-api.service[103253]: [pid: 103253|app: 0|req: 63/252] 127.0.0.1 () {40 vars in 830 bytes} [Thu Aug 20 00:07:36 2026] GET /v2/images/c09f01d1-d71f-4ff5-9be7-3fce8faab576 => generated 1357 bytes in 19 msecs (HTTP/1.1 200) 4 headers in 158 bytes (1 switches on core 0)
Aug 20 00:07:36.763230 np0000007832 devstack@g-api.service[103250]: DEBUG glance.api.middleware.version_negotiation [None req-f8531cce-6b05-4136-ab8c-0d554052e8a5 tempest-ServerBootFromVolumeStableRescueTest-679815618 tempest-ServerBootFromVolumeStableRescueTest-679815618-project-member] Determining version of request: GET /v2/images/c09f01d1-d71f-4ff5-9be7-3fce8faab576 Accept: */* {{(pid=103250) process_request /opt/stack/glance/glance/api/middleware/version_negotiation.py:44}}
Aug 20 00:07:36.763230 np0000007832 devstack@g-api.service[103250]: DEBUG glance.api.middleware.version_negotiation [None req-f8531cce-6b05-4136-ab8c-0d554052e8a5 tempest-ServerBootFromVolumeStableRescueTest-679815618 tempest-ServerBootFromVolumeStableRescueTest-679815618-project-member] Using url versioning {{(pid=103250) process_request /opt/stack/glance/glance/api/middleware/version_negotiation.py:57}}
Aug 20 00:07:36.763230 np0000007832 devstack@g-api.service[103250]: DEBUG glance.api.middleware.version_negotiation [None req-f8531cce-6b05-4136-ab8c-0d554052e8a5 tempest-ServerBootFromVolumeStableRescueTest-679815618 tempest-ServerBootFromVolumeStableRescueTest-679815618-project-member] Matched version: v2 {{(pid=103250) process_request /opt/stack/glance/glance/api/middleware/version_negotiation.py:69}}
Aug 20 00:07:36.763230 np0000007832 devstack@g-api.service[103250]: DEBUG glance.api.middleware.version_negotiation [None req-f8531cce-6b05-4136-ab8c-0d554052e8a5 tempest-ServerBootFromVolumeStableRescueTest-679815618 tempest-ServerBootFromVolumeStableRescueTest-679815618-project-member] new path /v2/images/c09f01d1-d71f-4ff5-9be7-3fce8faab576 {{(pid=103250) process_request /opt/stack/glance/glance/api/middleware/version_negotiation.py:70}}
Aug 20 00:07:36.778964 np0000007832 devstack@g-api.service[103250]: [pid: 103250|app: 0|req: 63/253] 127.0.0.1 () {44 vars in 1107 bytes} [Thu Aug 20 00:07:36 2026] GET /v2/images/c09f01d1-d71f-4ff5-9be7-3fce8faab576 => generated 1357 bytes in 18 msecs (HTTP/1.1 200) 4 headers in 158 bytes (1 switches on core 0)
Aug 20 00:07:36.853324 np0000007832 devstack@g-api.service[103251]: DEBUG glance.api.middleware.version_negotiation [None req-377f2721-b8b3-4d97-8423-5ef6f7fe2e8e tempest-ServerBootFromVolumeStableRescueTest-679815618 tempest-ServerBootFromVolumeStableRescueTest-679815618-project-member] Determining version of request: GET /v2/schemas/image Accept: */* {{(pid=103251) process_request /opt/stack/glance/glance/api/middleware/version_negotiation.py:44}}
Aug 20 00:07:36.853694 np0000007832 devstack@g-api.service[103251]: DEBUG glance.api.middleware.version_negotiation [None req-377f2721-b8b3-4d97-8423-5ef6f7fe2e8e tempest-ServerBootFromVolumeStableRescueTest-679815618 tempest-ServerBootFromVolumeStableRescueTest-679815618-project-member] Using url versioning {{(pid=103251) process_request /opt/stack/glance/glance/api/middleware/version_negotiation.py:57}}
Aug 20 00:07:36.853694 np0000007832 devstack@g-api.service[103251]: DEBUG glance.api.middleware.version_negotiation [None req-377f2721-b8b3-4d97-8423-5ef6f7fe2e8e tempest-ServerBootFromVolumeStableRescueTest-679815618 tempest-ServerBootFromVolumeStableRescueTest-679815618-project-member] Matched version: v2 {{(pid=103251) process_request /opt/stack/glance/glance/api/middleware/version_negotiation.py:69}}
Aug 20 00:07:36.853782 np0000007832 devstack@g-api.service[103251]: DEBUG glance.api.middleware.version_negotiation [None req-377f2721-b8b3-4d97-8423-5ef6f7fe2e8e tempest-ServerBootFromVolumeStableRescueTest-679815618 tempest-ServerBootFromVolumeStableRescueTest-679815618-project-member] new path /v2/schemas/image {{(pid=103251) process_request /opt/stack/glance/glance/api/middleware/version_negotiation.py:70}}
Aug 20 00:07:36.861625 np0000007832 devstack@g-api.service[103251]: [pid: 103251|app: 0|req: 63/254] 127.0.0.1 () {44 vars in 1047 bytes} [Thu Aug 20 00:07:36 2026] GET /v2/schemas/image => generated 6083 bytes in 8 msecs (HTTP/1.1 200) 4 headers in 158 bytes (1 switches on core 0)
Aug 20 00:07:36.913524 np0000007832 devstack@g-api.service[103252]: DEBUG glance.api.middleware.version_negotiation [None req-377f2721-b8b3-4d97-8423-5ef6f7fe2e8e tempest-ServerBootFromVolumeStableRescueTest-679815618 tempest-ServerBootFromVolumeStableRescueTest-679815618-project-member] Determining version of request: GET /v2/schemas/image Accept: */* {{(pid=103252) process_request /opt/stack/glance/glance/api/middleware/version_negotiation.py:44}}
Aug 20 00:07:36.913962 np0000007832 devstack@g-api.service[103252]: DEBUG glance.api.middleware.version_negotiation [None req-377f2721-b8b3-4d97-8423-5ef6f7fe2e8e tempest-ServerBootFromVolumeStableRescueTest-679815618 tempest-ServerBootFromVolumeStableRescueTest-679815618-project-member] Using url versioning {{(pid=103252) process_request /opt/stack/glance/glance/api/middleware/version_negotiation.py:57}}
Aug 20 00:07:36.913962 np0000007832 devstack@g-api.service[103252]: DEBUG glance.api.middleware.version_negotiation [None req-377f2721-b8b3-4d97-8423-5ef6f7fe2e8e tempest-ServerBootFromVolumeStableRescueTest-679815618 tempest-ServerBootFromVolumeStableRescueTest-679815618-project-member] Matched version: v2 {{(pid=103252) process_request /opt/stack/glance/glance/api/middleware/version_negotiation.py:69}}
Aug 20 00:07:36.913962 np0000007832 devstack@g-api.service[103252]: DEBUG glance.api.middleware.version_negotiation [None req-377f2721-b8b3-4d97-8423-5ef6f7fe2e8e tempest-ServerBootFromVolumeStableRescueTest-679815618 tempest-ServerBootFromVolumeStableRescueTest-679815618-project-member] new path /v2/schemas/image {{(pid=103252) process_request /opt/stack/glance/glance/api/middleware/version_negotiation.py:70}}
Aug 20 00:07:36.917605 np0000007832 devstack@g-api.service[103252]: [pid: 103252|app: 0|req: 66/255] 127.0.0.1 () {44 vars in 1047 bytes} [Thu Aug 20 00:07:36 2026] GET /v2/schemas/image => generated 6083 bytes in 4 msecs (HTTP/1.1 200) 4 headers in 158 bytes (1 switches on core 0)
Aug 20 00:07:36.971822 np0000007832 devstack@g-api.service[103253]: DEBUG glance.api.middleware.version_negotiation [None req-45847cc6-4561-42f8-a3d7-a80c98926f90 tempest-ServerBootFromVolumeStableRescueTest-679815618 tempest-ServerBootFromVolumeStableRescueTest-679815618-project-member] Determining version of request: PATCH /v2/images/c09f01d1-d71f-4ff5-9be7-3fce8faab576 Accept: */* {{(pid=103253) process_request /opt/stack/glance/glance/api/middleware/version_negotiation.py:44}}
Aug 20 00:07:36.973181 np0000007832 devstack@g-api.service[103253]: DEBUG glance.api.middleware.version_negotiation [None req-45847cc6-4561-42f8-a3d7-a80c98926f90 tempest-ServerBootFromVolumeStableRescueTest-679815618 tempest-ServerBootFromVolumeStableRescueTest-679815618-project-member] Using url versioning {{(pid=103253) process_request /opt/stack/glance/glance/api/middleware/version_negotiation.py:57}}
Aug 20 00:07:36.973181 np0000007832 devstack@g-api.service[103253]: DEBUG glance.api.middleware.version_negotiation [None req-45847cc6-4561-42f8-a3d7-a80c98926f90 tempest-ServerBootFromVolumeStableRescueTest-679815618 tempest-ServerBootFromVolumeStableRescueTest-679815618-project-member] Matched version: v2 {{(pid=103253) process_request /opt/stack/glance/glance/api/middleware/version_negotiation.py:69}}
Aug 20 00:07:36.973181 np0000007832 devstack@g-api.service[103253]: DEBUG glance.api.middleware.version_negotiation [None req-45847cc6-4561-42f8-a3d7-a80c98926f90 tempest-ServerBootFromVolumeStableRescueTest-679815618 tempest-ServerBootFromVolumeStableRescueTest-679815618-project-member] new path /v2/images/c09f01d1-d71f-4ff5-9be7-3fce8faab576 {{(pid=103253) process_request /opt/stack/glance/glance/api/middleware/version_negotiation.py:70}}
Aug 20 00:07:37.144861 np0000007832 devstack@g-api.service[103253]: [pid: 103253|app: 0|req: 64/256] 127.0.0.1 () {46 vars in 1150 bytes} [Thu Aug 20 00:07:36 2026] PATCH /v2/images/c09f01d1-d71f-4ff5-9be7-3fce8faab576 => generated 1468 bytes in 173 msecs (HTTP/1.1 200) 4 headers in 158 bytes (1 switches on core 0)
Aug 20 00:07:37.189335 np0000007832 devstack@g-api.service[103250]: DEBUG glance.api.middleware.version_negotiation [None req-377f2721-b8b3-4d97-8423-5ef6f7fe2e8e tempest-ServerBootFromVolumeStableRescueTest-679815618 tempest-ServerBootFromVolumeStableRescueTest-679815618-project-member] Determining version of request: GET /v2/images/c09f01d1-d71f-4ff5-9be7-3fce8faab576 Accept: */* {{(pid=103250) process_request /opt/stack/glance/glance/api/middleware/version_negotiation.py:44}}
Aug 20 00:07:37.189662 np0000007832 devstack@g-api.service[103250]: DEBUG glance.api.middleware.version_negotiation [None req-377f2721-b8b3-4d97-8423-5ef6f7fe2e8e tempest-ServerBootFromVolumeStableRescueTest-679815618 tempest-ServerBootFromVolumeStableRescueTest-679815618-project-member] Using url versioning {{(pid=103250) process_request /opt/stack/glance/glance/api/middleware/version_negotiation.py:57}}
Aug 20 00:07:37.192087 np0000007832 devstack@g-api.service[103250]: DEBUG glance.api.middleware.version_negotiation [None req-377f2721-b8b3-4d97-8423-5ef6f7fe2e8e tempest-ServerBootFromVolumeStableRescueTest-679815618 tempest-ServerBootFromVolumeStableRescueTest-679815618-project-member] Matched version: v2 {{(pid=103250) process_request /opt/stack/glance/glance/api/middleware/version_negotiation.py:69}}
Aug 20 00:07:37.192272 np0000007832 devstack@g-api.service[103250]: DEBUG glance.api.middleware.version_negotiation [None req-377f2721-b8b3-4d97-8423-5ef6f7fe2e8e tempest-ServerBootFromVolumeStableRescueTest-679815618 tempest-ServerBootFromVolumeStableRescueTest-679815618-project-member] new path /v2/images/c09f01d1-d71f-4ff5-9be7-3fce8faab576 {{(pid=103250) process_request /opt/stack/glance/glance/api/middleware/version_negotiation.py:70}}
Aug 20 00:07:37.212380 np0000007832 devstack@g-api.service[103250]: [pid: 103250|app: 0|req: 64/257] 127.0.0.1 () {44 vars in 1107 bytes} [Thu Aug 20 00:07:37 2026] GET /v2/images/c09f01d1-d71f-4ff5-9be7-3fce8faab576 => generated 1468 bytes in 23 msecs (HTTP/1.1 200) 4 headers in 158 bytes (1 switches on core 0)
Aug 20 00:07:37.262455 np0000007832 devstack@g-api.service[103251]: DEBUG glance.api.middleware.version_negotiation [None req-377f2721-b8b3-4d97-8423-5ef6f7fe2e8e tempest-ServerBootFromVolumeStableRescueTest-679815618 tempest-ServerBootFromVolumeStableRescueTest-679815618-project-member] Determining version of request: PUT /v2/images/c09f01d1-d71f-4ff5-9be7-3fce8faab576/file Accept: */* {{(pid=103251) process_request /opt/stack/glance/glance/api/middleware/version_negotiation.py:44}}
Aug 20 00:07:37.263225 np0000007832 devstack@g-api.service[103251]: DEBUG glance.api.middleware.version_negotiation [None req-377f2721-b8b3-4d97-8423-5ef6f7fe2e8e tempest-ServerBootFromVolumeStableRescueTest-679815618 tempest-ServerBootFromVolumeStableRescueTest-679815618-project-member] Using url versioning {{(pid=103251) process_request /opt/stack/glance/glance/api/middleware/version_negotiation.py:57}}
Aug 20 00:07:37.263225 np0000007832 devstack@g-api.service[103251]: DEBUG glance.api.middleware.version_negotiation [None req-377f2721-b8b3-4d97-8423-5ef6f7fe2e8e tempest-ServerBootFromVolumeStableRescueTest-679815618 tempest-ServerBootFromVolumeStableRescueTest-679815618-project-member] Matched version: v2 {{(pid=103251) process_request /opt/stack/glance/glance/api/middleware/version_negotiation.py:69}}
Aug 20 00:07:37.263225 np0000007832 devstack@g-api.service[103251]: DEBUG glance.api.middleware.version_negotiation [None req-377f2721-b8b3-4d97-8423-5ef6f7fe2e8e tempest-ServerBootFromVolumeStableRescueTest-679815618 tempest-ServerBootFromVolumeStableRescueTest-679815618-project-member] new path /v2/images/c09f01d1-d71f-4ff5-9be7-3fce8faab576/file {{(pid=103251) process_request /opt/stack/glance/glance/api/middleware/version_negotiation.py:70}}
Aug 20 00:07:37.354730 np0000007832 devstack@g-api.service[103252]: DEBUG glance.api.middleware.version_negotiation [None req-377f2721-b8b3-4d97-8423-5ef6f7fe2e8e tempest-ServerBootFromVolumeStableRescueTest-679815618 tempest-ServerBootFromVolumeStableRescueTest-679815618-project-member] Determining version of request: GET /v2/images/c09f01d1-d71f-4ff5-9be7-3fce8faab576 Accept: application/json {{(pid=103252) process_request /opt/stack/glance/glance/api/middleware/version_negotiation.py:44}}
Aug 20 00:07:37.354926 np0000007832 devstack@g-api.service[103252]: DEBUG glance.api.middleware.version_negotiation [None req-377f2721-b8b3-4d97-8423-5ef6f7fe2e8e tempest-ServerBootFromVolumeStableRescueTest-679815618 tempest-ServerBootFromVolumeStableRescueTest-679815618-project-member] Using url versioning {{(pid=103252) process_request /opt/stack/glance/glance/api/middleware/version_negotiation.py:57}}
Aug 20 00:07:37.355060 np0000007832 devstack@g-api.service[103252]: DEBUG glance.api.middleware.version_negotiation [None req-377f2721-b8b3-4d97-8423-5ef6f7fe2e8e tempest-ServerBootFromVolumeStableRescueTest-679815618 tempest-ServerBootFromVolumeStableRescueTest-679815618-project-member] Matched version: v2 {{(pid=103252) process_request /opt/stack/glance/glance/api/middleware/version_negotiation.py:69}}
Aug 20 00:07:37.355195 np0000007832 devstack@g-api.service[103252]: DEBUG glance.api.middleware.version_negotiation [None req-377f2721-b8b3-4d97-8423-5ef6f7fe2e8e tempest-ServerBootFromVolumeStableRescueTest-679815618 tempest-ServerBootFromVolumeStableRescueTest-679815618-project-member] new path /v2/images/c09f01d1-d71f-4ff5-9be7-3fce8faab576 {{(pid=103252) process_request /opt/stack/glance/glance/api/middleware/version_negotiation.py:70}}
Aug 20 00:07:37.373983 np0000007832 devstack@g-api.service[103252]: [pid: 103252|app: 0|req: 67/258] 127.0.0.1 () {40 vars in 830 bytes} [Thu Aug 20 00:07:37 2026] GET /v2/images/c09f01d1-d71f-4ff5-9be7-3fce8faab576 => generated 1468 bytes in 19 msecs (HTTP/1.1 200) 4 headers in 158 bytes (1 switches on core 0)
Aug 20 00:07:37.945024 np0000007832 devstack@g-api.service[103251]: INFO glance.api.v2.image_data [None req-377f2721-b8b3-4d97-8423-5ef6f7fe2e8e tempest-ServerBootFromVolumeStableRescueTest-679815618 tempest-ServerBootFromVolumeStableRescueTest-679815618-project-member] Unable to create trust: no such option collect_timing in group [keystone_authtoken] Use the existing user token.
Aug 20 00:07:38.386908 np0000007832 devstack@g-api.service[103253]: DEBUG glance.api.middleware.version_negotiation [None req-377f2721-b8b3-4d97-8423-5ef6f7fe2e8e tempest-ServerBootFromVolumeStableRescueTest-679815618 tempest-ServerBootFromVolumeStableRescueTest-679815618-project-member] Determining version of request: GET /v2/images/c09f01d1-d71f-4ff5-9be7-3fce8faab576 Accept: application/json {{(pid=103253) process_request /opt/stack/glance/glance/api/middleware/version_negotiation.py:44}}
Aug 20 00:07:38.386908 np0000007832 devstack@g-api.service[103253]: DEBUG glance.api.middleware.version_negotiation [None req-377f2721-b8b3-4d97-8423-5ef6f7fe2e8e tempest-ServerBootFromVolumeStableRescueTest-679815618 tempest-ServerBootFromVolumeStableRescueTest-679815618-project-member] Using url versioning {{(pid=103253) process_request /opt/stack/glance/glance/api/middleware/version_negotiation.py:57}}
Aug 20 00:07:38.387520 np0000007832 devstack@g-api.service[103253]: DEBUG glance.api.middleware.version_negotiation [None req-377f2721-b8b3-4d97-8423-5ef6f7fe2e8e tempest-ServerBootFromVolumeStableRescueTest-679815618 tempest-ServerBootFromVolumeStableRescueTest-679815618-project-member] Matched version: v2 {{(pid=103253) process_request /opt/stack/glance/glance/api/middleware/version_negotiation.py:69}}
Aug 20 00:07:38.387520 np0000007832 devstack@g-api.service[103253]: DEBUG glance.api.middleware.version_negotiation [None req-377f2721-b8b3-4d97-8423-5ef6f7fe2e8e tempest-ServerBootFromVolumeStableRescueTest-679815618 tempest-ServerBootFromVolumeStableRescueTest-679815618-project-member] new path /v2/images/c09f01d1-d71f-4ff5-9be7-3fce8faab576 {{(pid=103253) process_request /opt/stack/glance/glance/api/middleware/version_negotiation.py:70}}
Aug 20 00:07:38.401788 np0000007832 devstack@g-api.service[103253]: [pid: 103253|app: 0|req: 65/259] 127.0.0.1 () {40 vars in 830 bytes} [Thu Aug 20 00:07:38 2026] GET /v2/images/c09f01d1-d71f-4ff5-9be7-3fce8faab576 => generated 1468 bytes in 15 msecs (HTTP/1.1 200) 4 headers in 158 bytes (1 switches on core 0)
Aug 20 00:07:38.727429 np0000007832 devstack@g-api.service[103251]: DEBUG glance.location [None req-377f2721-b8b3-4d97-8423-5ef6f7fe2e8e tempest-ServerBootFromVolumeStableRescueTest-679815618 tempest-ServerBootFromVolumeStableRescueTest-679815618-project-member] Enabling in-flight format inspection for qcow2 {{(pid=103251) set_data /opt/stack/glance/glance/location.py:596}}
Aug 20 00:07:38.727429 np0000007832 devstack@g-api.service[103251]: DEBUG glance_store.backend [None req-377f2721-b8b3-4d97-8423-5ef6f7fe2e8e tempest-ServerBootFromVolumeStableRescueTest-679815618 tempest-ServerBootFromVolumeStableRescueTest-679815618-project-member] Attempting to import store swift {{(pid=103251) _load_store /opt/stack/data/venv/lib/python3.12/site-packages/glance_store/backend.py:215}}
Aug 20 00:07:38.729400 np0000007832 devstack@g-api.service[103251]: DEBUG glance_store.capabilities [None req-377f2721-b8b3-4d97-8423-5ef6f7fe2e8e tempest-ServerBootFromVolumeStableRescueTest-679815618 tempest-ServerBootFromVolumeStableRescueTest-679815618-project-member] Store glance_store._drivers.swift.store.SingleTenantStore doesn't support updating dynamic storage capabilities. Please overwrite 'update_capabilities' method of the store to implement updating logics if needed. {{(pid=103251) update_capabilities /opt/stack/data/venv/lib/python3.12/site-packages/glance_store/capabilities.py:91}}
Aug 20 00:07:38.729848 np0000007832 devstack@g-api.service[103251]: DEBUG glance_store.driver [None req-377f2721-b8b3-4d97-8423-5ef6f7fe2e8e tempest-ServerBootFromVolumeStableRescueTest-679815618 tempest-ServerBootFromVolumeStableRescueTest-679815618-project-member] Late loading location class glance_store._drivers.swift.store.StoreLocation {{(pid=103251) get_store_location_class /opt/stack/data/venv/lib/python3.12/site-packages/glance_store/driver.py:134}}
Aug 20 00:07:38.729848 np0000007832 devstack@g-api.service[103251]: DEBUG glance_store.location [None req-377f2721-b8b3-4d97-8423-5ef6f7fe2e8e tempest-ServerBootFromVolumeStableRescueTest-679815618 tempest-ServerBootFromVolumeStableRescueTest-679815618-project-member] Registering scheme swift+https with {'store': , 'location_class': , 'store_entry': 'swift'} {{(pid=103251) register_scheme_map /opt/stack/data/venv/lib/python3.12/site-packages/glance_store/location.py:146}}
Aug 20 00:07:38.729848 np0000007832 devstack@g-api.service[103251]: DEBUG glance_store.location [None req-377f2721-b8b3-4d97-8423-5ef6f7fe2e8e tempest-ServerBootFromVolumeStableRescueTest-679815618 tempest-ServerBootFromVolumeStableRescueTest-679815618-project-member] Registering scheme swift+https with {'store': , 'location_class': , 'store_entry': 'swift'} {{(pid=103251) register_scheme_map /opt/stack/data/venv/lib/python3.12/site-packages/glance_store/location.py:146}}
Aug 20 00:07:38.729848 np0000007832 devstack@g-api.service[103251]: DEBUG glance_store.location [None req-377f2721-b8b3-4d97-8423-5ef6f7fe2e8e tempest-ServerBootFromVolumeStableRescueTest-679815618 tempest-ServerBootFromVolumeStableRescueTest-679815618-project-member] Registering scheme swift with {'store': , 'location_class': , 'store_entry': 'swift'} {{(pid=103251) register_scheme_map /opt/stack/data/venv/lib/python3.12/site-packages/glance_store/location.py:146}}
Aug 20 00:07:38.730463 np0000007832 devstack@g-api.service[103251]: DEBUG glance_store.location [None req-377f2721-b8b3-4d97-8423-5ef6f7fe2e8e tempest-ServerBootFromVolumeStableRescueTest-679815618 tempest-ServerBootFromVolumeStableRescueTest-679815618-project-member] Registering scheme swift+https with {'store': , 'location_class': , 'store_entry': 'swift'} {{(pid=103251) register_scheme_map /opt/stack/data/venv/lib/python3.12/site-packages/glance_store/location.py:146}}
Aug 20 00:07:38.730463 np0000007832 devstack@g-api.service[103251]: DEBUG glance_store.location [None req-377f2721-b8b3-4d97-8423-5ef6f7fe2e8e tempest-ServerBootFromVolumeStableRescueTest-679815618 tempest-ServerBootFromVolumeStableRescueTest-679815618-project-member] Registering scheme swift with {'store': , 'location_class': , 'store_entry': 'swift'} {{(pid=103251) register_scheme_map /opt/stack/data/venv/lib/python3.12/site-packages/glance_store/location.py:146}}
Aug 20 00:07:38.730463 np0000007832 devstack@g-api.service[103251]: DEBUG glance_store.location [None req-377f2721-b8b3-4d97-8423-5ef6f7fe2e8e tempest-ServerBootFromVolumeStableRescueTest-679815618 tempest-ServerBootFromVolumeStableRescueTest-679815618-project-member] Registering scheme swift+http with {'store': , 'location_class': , 'store_entry': 'swift'} {{(pid=103251) register_scheme_map /opt/stack/data/venv/lib/python3.12/site-packages/glance_store/location.py:146}}
Aug 20 00:07:38.730463 np0000007832 devstack@g-api.service[103251]: DEBUG glance_store.location [None req-377f2721-b8b3-4d97-8423-5ef6f7fe2e8e tempest-ServerBootFromVolumeStableRescueTest-679815618 tempest-ServerBootFromVolumeStableRescueTest-679815618-project-member] Registering scheme swift+https with {'store': , 'location_class': , 'store_entry': 'swift'} {{(pid=103251) register_scheme_map /opt/stack/data/venv/lib/python3.12/site-packages/glance_store/location.py:146}}
Aug 20 00:07:38.730463 np0000007832 devstack@g-api.service[103251]: DEBUG glance_store.location [None req-377f2721-b8b3-4d97-8423-5ef6f7fe2e8e tempest-ServerBootFromVolumeStableRescueTest-679815618 tempest-ServerBootFromVolumeStableRescueTest-679815618-project-member] Registering scheme swift with {'store': , 'location_class': , 'store_entry': 'swift'} {{(pid=103251) register_scheme_map /opt/stack/data/venv/lib/python3.12/site-packages/glance_store/location.py:146}}
Aug 20 00:07:38.730880 np0000007832 devstack@g-api.service[103251]: DEBUG glance_store.location [None req-377f2721-b8b3-4d97-8423-5ef6f7fe2e8e tempest-ServerBootFromVolumeStableRescueTest-679815618 tempest-ServerBootFromVolumeStableRescueTest-679815618-project-member] Registering scheme swift+http with {'store': , 'location_class': , 'store_entry': 'swift'} {{(pid=103251) register_scheme_map /opt/stack/data/venv/lib/python3.12/site-packages/glance_store/location.py:146}}
Aug 20 00:07:38.730880 np0000007832 devstack@g-api.service[103251]: DEBUG glance_store.location [None req-377f2721-b8b3-4d97-8423-5ef6f7fe2e8e tempest-ServerBootFromVolumeStableRescueTest-679815618 tempest-ServerBootFromVolumeStableRescueTest-679815618-project-member] Registering scheme swift+config with {'store': , 'location_class': , 'store_entry': 'swift'} {{(pid=103251) register_scheme_map /opt/stack/data/venv/lib/python3.12/site-packages/glance_store/location.py:146}}
Aug 20 00:07:39.095620 np0000007832 devstack@g-api.service[103251]: DEBUG swiftclient [None req-377f2721-b8b3-4d97-8423-5ef6f7fe2e8e tempest-ServerBootFromVolumeStableRescueTest-679815618 tempest-ServerBootFromVolumeStableRescueTest-679815618-project-member] REQ: curl -i https://10.4.3.9:8080/v1/AUTH_2a19328364914bc185aa362b712a79b5/glance -I -H "X-Auth-Token: gAAAAABqhkVKhWMF..." {{(pid=103251) http_log /opt/stack/data/venv/lib/python3.12/site-packages/swiftclient/client.py:160}}
Aug 20 00:07:39.095620 np0000007832 devstack@g-api.service[103251]: DEBUG swiftclient [None req-377f2721-b8b3-4d97-8423-5ef6f7fe2e8e tempest-ServerBootFromVolumeStableRescueTest-679815618 tempest-ServerBootFromVolumeStableRescueTest-679815618-project-member] RESP STATUS: 204 No Content {{(pid=103251) http_log /opt/stack/data/venv/lib/python3.12/site-packages/swiftclient/client.py:161}}
Aug 20 00:07:39.095620 np0000007832 devstack@g-api.service[103251]: DEBUG swiftclient [None req-377f2721-b8b3-4d97-8423-5ef6f7fe2e8e tempest-ServerBootFromVolumeStableRescueTest-679815618 tempest-ServerBootFromVolumeStableRescueTest-679815618-project-member] RESP HEADERS: {'Date': 'Thu, 20 Aug 2026 00:07:39 GMT', 'Server': 'Apache/2.4.58 (Ubuntu)', 'Content-Type': 'text/plain; charset=utf-8', 'X-Container-Object-Count': '5', 'X-Container-Bytes-Used': '87883776', 'X-Timestamp': '1787184152.23714', 'Last-Modified': 'Thu, 20 Aug 2026 00:02:33 GMT', 'Accept-Ranges': 'bytes', 'X-Storage-Policy': 'Policy-0', 'X-Container-Sharding': 'False', 'Vary': 'Accept', 'X-Trans-Id': 'tx3e344c8c74474936abc7b-006a86454a', 'X-Openstack-Request-Id': 'tx3e344c8c74474936abc7b-006a86454a', 'Connection': 'close'} {{(pid=103251) http_log /opt/stack/data/venv/lib/python3.12/site-packages/swiftclient/client.py:162}}
Aug 20 00:07:39.095620 np0000007832 devstack@g-api.service[103251]: DEBUG glance_store._drivers.swift.store [None req-377f2721-b8b3-4d97-8423-5ef6f7fe2e8e tempest-ServerBootFromVolumeStableRescueTest-679815618 tempest-ServerBootFromVolumeStableRescueTest-679815618-project-member] Adding image object 'c09f01d1-d71f-4ff5-9be7-3fce8faab576' to Swift {{(pid=103251) add /opt/stack/data/venv/lib/python3.12/site-packages/glance_store/_drivers/swift/store.py:970}}
Aug 20 00:07:39.095620 np0000007832 devstack@g-api.service[103251]: DEBUG glance_store._drivers.swift.store [None req-377f2721-b8b3-4d97-8423-5ef6f7fe2e8e tempest-ServerBootFromVolumeStableRescueTest-679815618 tempest-ServerBootFromVolumeStableRescueTest-679815618-project-member] Cannot determine image size because it is either not provided in the request or chunked-transfer encoding is used. Adding image as a segmented object to Swift. {{(pid=103251) add /opt/stack/data/venv/lib/python3.12/site-packages/glance_store/_drivers/swift/store.py:994}}
Aug 20 00:07:39.105240 np0000007832 devstack@g-api.service[103251]: DEBUG oslo_utils.imageutils.format_inspector [None req-377f2721-b8b3-4d97-8423-5ef6f7fe2e8e tempest-ServerBootFromVolumeStableRescueTest-679815618 tempest-ServerBootFromVolumeStableRescueTest-679815618-project-member] Format inspector for vmdk does not match, excluding from consideration (Signature KDMV not found: b'QFI\xfb') {{(pid=103251) _process_chunk /opt/stack/data/venv/lib/python3.12/site-packages/oslo_utils/imageutils/format_inspector.py:1758}}
Aug 20 00:07:39.107922 np0000007832 devstack@g-api.service[103251]: DEBUG oslo_utils.imageutils.format_inspector [None req-377f2721-b8b3-4d97-8423-5ef6f7fe2e8e tempest-ServerBootFromVolumeStableRescueTest-679815618 tempest-ServerBootFromVolumeStableRescueTest-679815618-project-member] Format inspector for vhdx does not match, excluding from consideration (Region signature not found at 30000) {{(pid=103251) _process_chunk /opt/stack/data/venv/lib/python3.12/site-packages/oslo_utils/imageutils/format_inspector.py:1758}}
Aug 20 00:07:39.413768 np0000007832 devstack@g-api.service[103251]: DEBUG swiftclient [None req-377f2721-b8b3-4d97-8423-5ef6f7fe2e8e tempest-ServerBootFromVolumeStableRescueTest-679815618 tempest-ServerBootFromVolumeStableRescueTest-679815618-project-member] REQ: curl -i https://10.4.3.9:8080/v1/AUTH_2a19328364914bc185aa362b712a79b5/glance/c09f01d1-d71f-4ff5-9be7-3fce8faab576-00001 -X PUT -H "X-Auth-Token: gAAAAABqhkVKhWMF..." {{(pid=103251) http_log /opt/stack/data/venv/lib/python3.12/site-packages/swiftclient/client.py:160}}
Aug 20 00:07:39.413768 np0000007832 devstack@g-api.service[103251]: DEBUG swiftclient [None req-377f2721-b8b3-4d97-8423-5ef6f7fe2e8e tempest-ServerBootFromVolumeStableRescueTest-679815618 tempest-ServerBootFromVolumeStableRescueTest-679815618-project-member] RESP STATUS: 201 Created {{(pid=103251) http_log /opt/stack/data/venv/lib/python3.12/site-packages/swiftclient/client.py:161}}
Aug 20 00:07:39.413999 np0000007832 devstack@g-api.service[103250]: DEBUG glance.api.middleware.version_negotiation [None req-377f2721-b8b3-4d97-8423-5ef6f7fe2e8e tempest-ServerBootFromVolumeStableRescueTest-679815618 tempest-ServerBootFromVolumeStableRescueTest-679815618-project-member] Determining version of request: GET /v2/images/c09f01d1-d71f-4ff5-9be7-3fce8faab576 Accept: application/json {{(pid=103250) process_request /opt/stack/glance/glance/api/middleware/version_negotiation.py:44}}
Aug 20 00:07:39.414312 np0000007832 devstack@g-api.service[103250]: DEBUG glance.api.middleware.version_negotiation [None req-377f2721-b8b3-4d97-8423-5ef6f7fe2e8e tempest-ServerBootFromVolumeStableRescueTest-679815618 tempest-ServerBootFromVolumeStableRescueTest-679815618-project-member] Using url versioning {{(pid=103250) process_request /opt/stack/glance/glance/api/middleware/version_negotiation.py:57}}
Aug 20 00:07:39.414312 np0000007832 devstack@g-api.service[103250]: DEBUG glance.api.middleware.version_negotiation [None req-377f2721-b8b3-4d97-8423-5ef6f7fe2e8e tempest-ServerBootFromVolumeStableRescueTest-679815618 tempest-ServerBootFromVolumeStableRescueTest-679815618-project-member] Matched version: v2 {{(pid=103250) process_request /opt/stack/glance/glance/api/middleware/version_negotiation.py:69}}
Aug 20 00:07:39.414456 np0000007832 devstack@g-api.service[103251]: DEBUG swiftclient [None req-377f2721-b8b3-4d97-8423-5ef6f7fe2e8e tempest-ServerBootFromVolumeStableRescueTest-679815618 tempest-ServerBootFromVolumeStableRescueTest-679815618-project-member] RESP HEADERS: {'Date': 'Thu, 20 Aug 2026 00:07:39 GMT', 'Server': 'Apache/2.4.58 (Ubuntu)', 'Content-Type': 'text/html; charset=UTF-8', 'Content-Length': '0', 'Etag': '4fa343ee581d8d2e78533191fd1ac3e1', 'Last-Modified': 'Thu, 20 Aug 2026 00:07:40 GMT', 'X-Trans-Id': 'tx42bba293cffd430d81b64-006a86454b', 'X-Openstack-Request-Id': 'tx42bba293cffd430d81b64-006a86454b', 'Connection': 'close'} {{(pid=103251) http_log /opt/stack/data/venv/lib/python3.12/site-packages/swiftclient/client.py:162}}
Aug 20 00:07:39.414546 np0000007832 devstack@g-api.service[103250]: DEBUG glance.api.middleware.version_negotiation [None req-377f2721-b8b3-4d97-8423-5ef6f7fe2e8e tempest-ServerBootFromVolumeStableRescueTest-679815618 tempest-ServerBootFromVolumeStableRescueTest-679815618-project-member] new path /v2/images/c09f01d1-d71f-4ff5-9be7-3fce8faab576 {{(pid=103250) process_request /opt/stack/glance/glance/api/middleware/version_negotiation.py:70}}
Aug 20 00:07:39.414607 np0000007832 devstack@g-api.service[103251]: DEBUG glance_store._drivers.swift.store [None req-377f2721-b8b3-4d97-8423-5ef6f7fe2e8e tempest-ServerBootFromVolumeStableRescueTest-679815618 tempest-ServerBootFromVolumeStableRescueTest-679815618-project-member] Wrote chunk c09f01d1-d71f-4ff5-9be7-3fce8faab576-00001 (1/?) of length 23527424 to Swift returning MD5 of content: 4fa343ee581d8d2e78533191fd1ac3e1 {{(pid=103251) add /opt/stack/data/venv/lib/python3.12/site-packages/glance_store/_drivers/swift/store.py:1059}}
Aug 20 00:07:39.415192 np0000007832 devstack@g-api.service[103251]: DEBUG glance_store._drivers.swift.store [None req-377f2721-b8b3-4d97-8423-5ef6f7fe2e8e tempest-ServerBootFromVolumeStableRescueTest-679815618 tempest-ServerBootFromVolumeStableRescueTest-679815618-project-member] Not writing zero-length chunk. {{(pid=103251) add /opt/stack/data/venv/lib/python3.12/site-packages/glance_store/_drivers/swift/store.py:1028}}
Aug 20 00:07:39.435741 np0000007832 devstack@g-api.service[103250]: [pid: 103250|app: 0|req: 65/260] 127.0.0.1 () {40 vars in 830 bytes} [Thu Aug 20 00:07:39 2026] GET /v2/images/c09f01d1-d71f-4ff5-9be7-3fce8faab576 => generated 1468 bytes in 22 msecs (HTTP/1.1 200) 4 headers in 158 bytes (1 switches on core 0)
Aug 20 00:07:39.449595 np0000007832 devstack@g-api.service[103251]: DEBUG swiftclient [None req-377f2721-b8b3-4d97-8423-5ef6f7fe2e8e tempest-ServerBootFromVolumeStableRescueTest-679815618 tempest-ServerBootFromVolumeStableRescueTest-679815618-project-member] REQ: curl -i https://10.4.3.9:8080/v1/AUTH_2a19328364914bc185aa362b712a79b5/glance/c09f01d1-d71f-4ff5-9be7-3fce8faab576 -X PUT -H "X-Object-Manifest: glance/c09f01d1-d71f-4ff5-9be7-3fce8faab576-" -H "X-Auth-Token: gAAAAABqhkVKhWMF..." -H "Content-Length: 0" {{(pid=103251) http_log /opt/stack/data/venv/lib/python3.12/site-packages/swiftclient/client.py:160}}
Aug 20 00:07:39.449595 np0000007832 devstack@g-api.service[103251]: DEBUG swiftclient [None req-377f2721-b8b3-4d97-8423-5ef6f7fe2e8e tempest-ServerBootFromVolumeStableRescueTest-679815618 tempest-ServerBootFromVolumeStableRescueTest-679815618-project-member] RESP STATUS: 201 Created {{(pid=103251) http_log /opt/stack/data/venv/lib/python3.12/site-packages/swiftclient/client.py:161}}
Aug 20 00:07:39.449595 np0000007832 devstack@g-api.service[103251]: DEBUG swiftclient [None req-377f2721-b8b3-4d97-8423-5ef6f7fe2e8e tempest-ServerBootFromVolumeStableRescueTest-679815618 tempest-ServerBootFromVolumeStableRescueTest-679815618-project-member] RESP HEADERS: {'Date': 'Thu, 20 Aug 2026 00:07:39 GMT', 'Server': 'Apache/2.4.58 (Ubuntu)', 'Content-Type': 'text/html; charset=UTF-8', 'Content-Length': '0', 'Etag': 'd41d8cd98f00b204e9800998ecf8427e', 'Last-Modified': 'Thu, 20 Aug 2026 00:07:40 GMT', 'X-Trans-Id': 'tx5eb07b3ee6354d03b105a-006a86454b', 'X-Openstack-Request-Id': 'tx5eb07b3ee6354d03b105a-006a86454b', 'Connection': 'close'} {{(pid=103251) http_log /opt/stack/data/venv/lib/python3.12/site-packages/swiftclient/client.py:162}}
Aug 20 00:07:39.450196 np0000007832 devstack@g-api.service[103251]: INFO glance.location [None req-377f2721-b8b3-4d97-8423-5ef6f7fe2e8e tempest-ServerBootFromVolumeStableRescueTest-679815618 tempest-ServerBootFromVolumeStableRescueTest-679815618-project-member] Image format matched and virtual size computed: 1073741824
Aug 20 00:07:39.495709 np0000007832 devstack@g-api.service[103251]: DEBUG glance_store.backend [None req-377f2721-b8b3-4d97-8423-5ef6f7fe2e8e tempest-ServerBootFromVolumeStableRescueTest-679815618 tempest-ServerBootFromVolumeStableRescueTest-679815618-project-member] Attempting to import store swift {{(pid=103251) _load_store /opt/stack/data/venv/lib/python3.12/site-packages/glance_store/backend.py:215}}
Aug 20 00:07:39.498211 np0000007832 devstack@g-api.service[103251]: DEBUG glance_store.capabilities [None req-377f2721-b8b3-4d97-8423-5ef6f7fe2e8e tempest-ServerBootFromVolumeStableRescueTest-679815618 tempest-ServerBootFromVolumeStableRescueTest-679815618-project-member] Store glance_store._drivers.swift.store.SingleTenantStore doesn't support updating dynamic storage capabilities. Please overwrite 'update_capabilities' method of the store to implement updating logics if needed. {{(pid=103251) update_capabilities /opt/stack/data/venv/lib/python3.12/site-packages/glance_store/capabilities.py:91}}
Aug 20 00:07:39.498211 np0000007832 devstack@g-api.service[103251]: DEBUG glance_store.driver [None req-377f2721-b8b3-4d97-8423-5ef6f7fe2e8e tempest-ServerBootFromVolumeStableRescueTest-679815618 tempest-ServerBootFromVolumeStableRescueTest-679815618-project-member] Late loading location class glance_store._drivers.swift.store.StoreLocation {{(pid=103251) get_store_location_class /opt/stack/data/venv/lib/python3.12/site-packages/glance_store/driver.py:134}}
