Aug 20 00:08:16.189384 np0000007832 devstack@g-api.service[103250]: DEBUG keystoneclient.auth.identity.v3.base [None req-28db5d61-6b5c-4d3a-960b-93f86e3510f1 tempest-ServerBootFromVolumeStableRescueTest-679815618 tempest-ServerBootFromVolumeStableRescueTest-679815618-project-member] Making authentication request to https://10.4.3.9/identity/v3/auth/tokens {{(pid=103250) get_auth_ref /opt/stack/data/venv/lib/python3.12/site-packages/keystoneclient/auth/identity/v3/base.py:185}}
Aug 20 00:08:16.318919 np0000007832 devstack@g-api.service[103250]: DEBUG keystoneclient.auth.identity.v3.base [None req-28db5d61-6b5c-4d3a-960b-93f86e3510f1 tempest-ServerBootFromVolumeStableRescueTest-679815618 tempest-ServerBootFromVolumeStableRescueTest-679815618-project-member] {"token": {"methods": ["password"], "user": {"domain": {"id": "default", "name": "Default"}, "id": "16b127618290481887a5ca159c8f66b7", "name": "glance-swift", "password_expires_at": null}, "audit_ids": ["_Csq-B2nRnS3n39muMioDQ"], "expires_at": "2026-08-20T01:08:16.000000Z", "issued_at": "2026-08-20T00:08:16.000000Z", "project": {"domain": {"id": "default", "name": "Default"}, "id": "2a19328364914bc185aa362b712a79b5", "name": "service"}, "is_domain": false, "roles": [{"id": "7e8bc188a3cf4743b71ad107eaa7f994", "name": "service"}, {"id": "1c102bbf620b474bab47cafa0109bf64", "name": "ResellerAdmin"}], "catalog": [{"endpoints": [{"id": "b5c645b8cbc54547b499eac900420474", "interface": "public", "region_id": "RegionOne", "url": "https://10.4.3.9/compute/v2/2a19328364914bc185aa362b712a79b5", "region": "RegionOne"}], "id": "3079ca746cef446f8e0de043ca3f5eba", "type": "compute_legacy", "name": "nova_legacy"}, {"endpoints": [{"id": "dc8f9ab37a064f08a627502d566e78e2", "interface": "public", "region_id": "RegionOne", "url": "https://10.4.3.9/image", "region": "RegionOne"}], "id": "3bf419e69afb4f6c95bcdf68456d5285", "type": "image", "name": "glance"}, {"endpoints": [{"id": "b78476a786b74212ae3578eb152a125e", "interface": "public", "region_id": "RegionOne", "url": "https://10.4.3.9/networking", "region": "RegionOne"}], "id": "5cde03121b7742e693a9e5904c0344ce", "type": "network", "name": "neutron"}, {"endpoints": [{"id": "6edc763824194b74bce2c20be02cd18b", "interface": "public", "region_id": "RegionOne", "url": "https://10.4.3.9/placement", "region": "RegionOne"}], "id": "6ba17179b0784c919d1deb565a072af7", "type": "placement", "name": "placement"}, {"endpoints": [{"id": "b7f60602e21c4953a55b7ae926595e63", "interface": "public", "region_id": "RegionOne", "url": "https://10.4.3.9/volume/v3", "region": "RegionOne"}], "id": "8e1f8265665d4895851b327343961e4c", "type": "block-storage", "name": "cinder"}, {"endpoints": [{"id": "ea45f51a30ae4763b1fa7f4189b69332", "interface": "public", "region_id": "RegionOne", "url": "https://10.4.3.9/compute/v2.1", "region": "RegionOne"}], "id": "be50da4feaf1470eaa1116126cf3ab8e", "type": "compute", "name": "nova"}, {"endpoints": [{"id": "6e175cb3829045cda9832275316c169a", "interface": "public", "region_id": "RegionOne", "url": "https://10.4.3.9/identity", "region": "RegionOne"}], "id": "c6db60a120414d20b20a61fb22c16a6e", "type": "identity", "name": "keystone"}, {"endpoints": [{"id": "60855d8e357e467ebda5f2fbc375bf88", "interface": "admin", "region_id": "RegionOne", "url": "https://10.4.3.9:8080", "region": "RegionOne"}, {"id": "ff7cbb45eacc4441ba0fbc4c52811c2d", "interface": "public", "region_id": "RegionOne", "url": "https://10.4.3.9:8080/v1/AUTH_2a19328364914bc185aa362b712a79b5", "region": "RegionOne"}], "id": "da56a9ac5b2a4f1e934be788c3de6446", "type": "object-store", "name": "swift"}]}} {{(pid=103250) get_auth_ref /opt/stack/data/venv/lib/python3.12/site-packages/keystoneclient/auth/identity/v3/base.py:190}}
Aug 20 00:08:16.318919 np0000007832 devstack@g-api.service[103250]: DEBUG keystoneclient.httpclient [None req-28db5d61-6b5c-4d3a-960b-93f86e3510f1 tempest-ServerBootFromVolumeStableRescueTest-679815618 tempest-ServerBootFromVolumeStableRescueTest-679815618-project-member] Failed to find endpoint for management url admin endpoint for identity service not found {{(pid=103250) _process_management_url /opt/stack/data/venv/lib/python3.12/site-packages/keystoneclient/httpclient.py:670}}
Aug 20 00:08:16.342543 np0000007832 devstack@g-api.service[103252]: DEBUG glance.api.middleware.version_negotiation [None req-59a8fbd9-3b7b-42ea-b342-eadbd0f961ba tempest-ServerActionsV293TestJSON-1995595756 tempest-ServerActionsV293TestJSON-1995595756-project-member] Determining version of request: GET /v2/images/28aae22b-8fd1-42ba-a82b-d51d89872c7a Accept: */* {{(pid=103252) process_request /opt/stack/glance/glance/api/middleware/version_negotiation.py:44}}
Aug 20 00:08:16.342996 np0000007832 devstack@g-api.service[103252]: DEBUG glance.api.middleware.version_negotiation [None req-59a8fbd9-3b7b-42ea-b342-eadbd0f961ba tempest-ServerActionsV293TestJSON-1995595756 tempest-ServerActionsV293TestJSON-1995595756-project-member] Using url versioning {{(pid=103252) process_request /opt/stack/glance/glance/api/middleware/version_negotiation.py:57}}
Aug 20 00:08:16.342996 np0000007832 devstack@g-api.service[103252]: DEBUG glance.api.middleware.version_negotiation [None req-59a8fbd9-3b7b-42ea-b342-eadbd0f961ba tempest-ServerActionsV293TestJSON-1995595756 tempest-ServerActionsV293TestJSON-1995595756-project-member] Matched version: v2 {{(pid=103252) process_request /opt/stack/glance/glance/api/middleware/version_negotiation.py:69}}
Aug 20 00:08:16.342996 np0000007832 devstack@g-api.service[103252]: DEBUG glance.api.middleware.version_negotiation [None req-59a8fbd9-3b7b-42ea-b342-eadbd0f961ba tempest-ServerActionsV293TestJSON-1995595756 tempest-ServerActionsV293TestJSON-1995595756-project-member] new path /v2/images/28aae22b-8fd1-42ba-a82b-d51d89872c7a {{(pid=103252) process_request /opt/stack/glance/glance/api/middleware/version_negotiation.py:70}}
Aug 20 00:08:16.361706 np0000007832 devstack@g-api.service[103252]: [pid: 103252|app: 0|req: 86/342] 127.0.0.1 () {44 vars in 1107 bytes} [Thu Aug 20 00:08:16 2026] GET /v2/images/28aae22b-8fd1-42ba-a82b-d51d89872c7a => generated 1044 bytes in 19 msecs (HTTP/1.1 200) 4 headers in 158 bytes (1 switches on core 0)
Aug 20 00:08:16.459839 np0000007832 devstack@g-api.service[103251]: DEBUG glance.api.middleware.version_negotiation [None req-59a8fbd9-3b7b-42ea-b342-eadbd0f961ba tempest-ServerActionsV293TestJSON-1995595756 tempest-ServerActionsV293TestJSON-1995595756-project-member] Determining version of request: GET /v2/schemas/image Accept: */* {{(pid=103251) process_request /opt/stack/glance/glance/api/middleware/version_negotiation.py:44}}
Aug 20 00:08:16.460214 np0000007832 devstack@g-api.service[103251]: DEBUG glance.api.middleware.version_negotiation [None req-59a8fbd9-3b7b-42ea-b342-eadbd0f961ba tempest-ServerActionsV293TestJSON-1995595756 tempest-ServerActionsV293TestJSON-1995595756-project-member] Using url versioning {{(pid=103251) process_request /opt/stack/glance/glance/api/middleware/version_negotiation.py:57}}
Aug 20 00:08:16.460359 np0000007832 devstack@g-api.service[103251]: DEBUG glance.api.middleware.version_negotiation [None req-59a8fbd9-3b7b-42ea-b342-eadbd0f961ba tempest-ServerActionsV293TestJSON-1995595756 tempest-ServerActionsV293TestJSON-1995595756-project-member] Matched version: v2 {{(pid=103251) process_request /opt/stack/glance/glance/api/middleware/version_negotiation.py:69}}
Aug 20 00:08:16.460433 np0000007832 devstack@g-api.service[103251]: DEBUG glance.api.middleware.version_negotiation [None req-59a8fbd9-3b7b-42ea-b342-eadbd0f961ba tempest-ServerActionsV293TestJSON-1995595756 tempest-ServerActionsV293TestJSON-1995595756-project-member] new path /v2/schemas/image {{(pid=103251) process_request /opt/stack/glance/glance/api/middleware/version_negotiation.py:70}}
Aug 20 00:08:16.463557 np0000007832 devstack@g-api.service[103251]: [pid: 103251|app: 0|req: 85/343] 127.0.0.1 () {44 vars in 1047 bytes} [Thu Aug 20 00:08:16 2026] GET /v2/schemas/image => generated 6083 bytes in 3 msecs (HTTP/1.1 200) 4 headers in 158 bytes (1 switches on core 0)
Aug 20 00:08:16.529089 np0000007832 devstack@g-api.service[103253]: DEBUG glance.api.middleware.version_negotiation [None req-59a8fbd9-3b7b-42ea-b342-eadbd0f961ba tempest-ServerActionsV293TestJSON-1995595756 tempest-ServerActionsV293TestJSON-1995595756-project-member] Determining version of request: GET /v2/images/28aae22b-8fd1-42ba-a82b-d51d89872c7a Accept: */* {{(pid=103253) process_request /opt/stack/glance/glance/api/middleware/version_negotiation.py:44}}
Aug 20 00:08:16.529374 np0000007832 devstack@g-api.service[103253]: DEBUG glance.api.middleware.version_negotiation [None req-59a8fbd9-3b7b-42ea-b342-eadbd0f961ba tempest-ServerActionsV293TestJSON-1995595756 tempest-ServerActionsV293TestJSON-1995595756-project-member] Using url versioning {{(pid=103253) process_request /opt/stack/glance/glance/api/middleware/version_negotiation.py:57}}
Aug 20 00:08:16.529480 np0000007832 devstack@g-api.service[103253]: DEBUG glance.api.middleware.version_negotiation [None req-59a8fbd9-3b7b-42ea-b342-eadbd0f961ba tempest-ServerActionsV293TestJSON-1995595756 tempest-ServerActionsV293TestJSON-1995595756-project-member] Matched version: v2 {{(pid=103253) process_request /opt/stack/glance/glance/api/middleware/version_negotiation.py:69}}
Aug 20 00:08:16.529724 np0000007832 devstack@g-api.service[103253]: DEBUG glance.api.middleware.version_negotiation [None req-59a8fbd9-3b7b-42ea-b342-eadbd0f961ba tempest-ServerActionsV293TestJSON-1995595756 tempest-ServerActionsV293TestJSON-1995595756-project-member] new path /v2/images/28aae22b-8fd1-42ba-a82b-d51d89872c7a {{(pid=103253) process_request /opt/stack/glance/glance/api/middleware/version_negotiation.py:70}}
Aug 20 00:08:16.539413 np0000007832 devstack@g-api.service[103250]: DEBUG swiftclient [None req-28db5d61-6b5c-4d3a-960b-93f86e3510f1 tempest-ServerBootFromVolumeStableRescueTest-679815618 tempest-ServerBootFromVolumeStableRescueTest-679815618-project-member] REQ: curl -i https://10.4.3.9:8080/v1/AUTH_2a19328364914bc185aa362b712a79b5/glance/c09f01d1-d71f-4ff5-9be7-3fce8faab576 -I -H "X-Auth-Token: gAAAAABqhkVwRP17..." {{(pid=103250) http_log /opt/stack/data/venv/lib/python3.12/site-packages/swiftclient/client.py:160}}
Aug 20 00:08:16.539478 np0000007832 devstack@g-api.service[103250]: DEBUG swiftclient [None req-28db5d61-6b5c-4d3a-960b-93f86e3510f1 tempest-ServerBootFromVolumeStableRescueTest-679815618 tempest-ServerBootFromVolumeStableRescueTest-679815618-project-member] RESP STATUS: 200 OK {{(pid=103250) http_log /opt/stack/data/venv/lib/python3.12/site-packages/swiftclient/client.py:161}}
Aug 20 00:08:16.539782 np0000007832 devstack@g-api.service[103250]: DEBUG swiftclient [None req-28db5d61-6b5c-4d3a-960b-93f86e3510f1 tempest-ServerBootFromVolumeStableRescueTest-679815618 tempest-ServerBootFromVolumeStableRescueTest-679815618-project-member] RESP HEADERS: {'Date': 'Thu, 20 Aug 2026 00:08:16 GMT', 'Server': 'Apache/2.4.58 (Ubuntu)', 'Content-Type': 'application/octet-stream', 'Content-Length': '23527424', 'X-Object-Manifest': 'glance/c09f01d1-d71f-4ff5-9be7-3fce8faab576-', 'Last-Modified': 'Thu, 20 Aug 2026 00:07:40 GMT', 'X-Timestamp': '1787184459.42751', 'Accept-Ranges': 'bytes', 'Etag': '"9c424351ecc3b84373f916fa8ecd34a2"', 'X-Trans-Id': 'txb57c1a9c037c4612ac76d-006a864570', 'X-Openstack-Request-Id': 'txb57c1a9c037c4612ac76d-006a864570', 'Connection': 'close'} {{(pid=103250) http_log /opt/stack/data/venv/lib/python3.12/site-packages/swiftclient/client.py:162}}
Aug 20 00:08:16.542619 np0000007832 devstack@g-api.service[103253]: [pid: 103253|app: 0|req: 88/344] 127.0.0.1 () {44 vars in 1107 bytes} [Thu Aug 20 00:08:16 2026] GET /v2/images/28aae22b-8fd1-42ba-a82b-d51d89872c7a => generated 1044 bytes in 13 msecs (HTTP/1.1 200) 4 headers in 158 bytes (1 switches on core 0)
Aug 20 00:08:16.558576 np0000007832 devstack@g-api.service[103252]: DEBUG glance.api.middleware.version_negotiation [None req-59a8fbd9-3b7b-42ea-b342-eadbd0f961ba tempest-ServerActionsV293TestJSON-1995595756 tempest-ServerActionsV293TestJSON-1995595756-project-member] Determining version of request: GET /v2/schemas/image Accept: */* {{(pid=103252) process_request /opt/stack/glance/glance/api/middleware/version_negotiation.py:44}}
Aug 20 00:08:16.558930 np0000007832 devstack@g-api.service[103252]: DEBUG glance.api.middleware.version_negotiation [None req-59a8fbd9-3b7b-42ea-b342-eadbd0f961ba tempest-ServerActionsV293TestJSON-1995595756 tempest-ServerActionsV293TestJSON-1995595756-project-member] Using url versioning {{(pid=103252) process_request /opt/stack/glance/glance/api/middleware/version_negotiation.py:57}}
Aug 20 00:08:16.558930 np0000007832 devstack@g-api.service[103252]: DEBUG glance.api.middleware.version_negotiation [None req-59a8fbd9-3b7b-42ea-b342-eadbd0f961ba tempest-ServerActionsV293TestJSON-1995595756 tempest-ServerActionsV293TestJSON-1995595756-project-member] Matched version: v2 {{(pid=103252) process_request /opt/stack/glance/glance/api/middleware/version_negotiation.py:69}}
Aug 20 00:08:16.559005 np0000007832 devstack@g-api.service[103252]: DEBUG glance.api.middleware.version_negotiation [None req-59a8fbd9-3b7b-42ea-b342-eadbd0f961ba tempest-ServerActionsV293TestJSON-1995595756 tempest-ServerActionsV293TestJSON-1995595756-project-member] new path /v2/schemas/image {{(pid=103252) process_request /opt/stack/glance/glance/api/middleware/version_negotiation.py:70}}
Aug 20 00:08:16.561487 np0000007832 devstack@g-api.service[103252]: [pid: 103252|app: 0|req: 87/345] 127.0.0.1 () {44 vars in 1047 bytes} [Thu Aug 20 00:08:16 2026] GET /v2/schemas/image => generated 6083 bytes in 3 msecs (HTTP/1.1 200) 4 headers in 158 bytes (1 switches on core 0)
Aug 20 00:08:16.562569 np0000007832 devstack@g-api.service[103250]: DEBUG swiftclient [None req-28db5d61-6b5c-4d3a-960b-93f86e3510f1 tempest-ServerBootFromVolumeStableRescueTest-679815618 tempest-ServerBootFromVolumeStableRescueTest-679815618-project-member] REQ: curl -i https://10.4.3.9:8080/v1/AUTH_2a19328364914bc185aa362b712a79b5/glance?format=json&prefix=c09f01d1-d71f-4ff5-9be7-3fce8faab576- -X GET -H "X-Auth-Token: gAAAAABqhkVwRP17..." -H "Accept-Encoding: gzip" {{(pid=103250) http_log /opt/stack/data/venv/lib/python3.12/site-packages/swiftclient/client.py:160}}
Aug 20 00:08:16.562721 np0000007832 devstack@g-api.service[103250]: DEBUG swiftclient [None req-28db5d61-6b5c-4d3a-960b-93f86e3510f1 tempest-ServerBootFromVolumeStableRescueTest-679815618 tempest-ServerBootFromVolumeStableRescueTest-679815618-project-member] RESP STATUS: 200 OK {{(pid=103250) http_log /opt/stack/data/venv/lib/python3.12/site-packages/swiftclient/client.py:161}}
Aug 20 00:08:16.563551 np0000007832 devstack@g-api.service[103250]: DEBUG swiftclient [None req-28db5d61-6b5c-4d3a-960b-93f86e3510f1 tempest-ServerBootFromVolumeStableRescueTest-679815618 tempest-ServerBootFromVolumeStableRescueTest-679815618-project-member] RESP HEADERS: {'Date': 'Thu, 20 Aug 2026 00:08:16 GMT', 'Server': 'Apache/2.4.58 (Ubuntu)', 'Content-Type': 'application/json; charset=utf-8', 'Content-Length': '210', 'X-Container-Object-Count': '7', 'X-Container-Bytes-Used': '111411200', 'X-Timestamp': '1787184152.23714', 'Last-Modified': 'Thu, 20 Aug 2026 00:02:33 GMT', 'Accept-Ranges': 'bytes', 'X-Storage-Policy': 'Policy-0', 'X-Container-Sharding': 'False', 'X-Trans-Id': 'txf7d19327f9014ca9beadf-006a864570', 'X-Openstack-Request-Id': 'txf7d19327f9014ca9beadf-006a864570', 'Connection': 'close'} {{(pid=103250) http_log /opt/stack/data/venv/lib/python3.12/site-packages/swiftclient/client.py:162}}
Aug 20 00:08:16.563551 np0000007832 devstack@g-api.service[103250]: DEBUG swiftclient [None req-28db5d61-6b5c-4d3a-960b-93f86e3510f1 tempest-ServerBootFromVolumeStableRescueTest-679815618 tempest-ServerBootFromVolumeStableRescueTest-679815618-project-member] RESP BODY: b'[{"bytes": 23527424, "hash": "4fa343ee581d8d2e78533191fd1ac3e1", "name": "c09f01d1-d71f-4ff5-9be7-3fce8faab576-00001", "content_type": "application/octet-stream", "last_modified": "2026-08-20T00:07:39.115420"}]' {{(pid=103250) http_log /opt/stack/data/venv/lib/python3.12/site-packages/swiftclient/client.py:166}}
Aug 20 00:08:16.576557 np0000007832 devstack@g-api.service[103251]: DEBUG glance.api.middleware.version_negotiation [None req-59a8fbd9-3b7b-42ea-b342-eadbd0f961ba tempest-ServerActionsV293TestJSON-1995595756 tempest-ServerActionsV293TestJSON-1995595756-project-member] Determining version of request: GET /v2/schemas/image Accept: */* {{(pid=103251) process_request /opt/stack/glance/glance/api/middleware/version_negotiation.py:44}}
Aug 20 00:08:16.576557 np0000007832 devstack@g-api.service[103251]: DEBUG glance.api.middleware.version_negotiation [None req-59a8fbd9-3b7b-42ea-b342-eadbd0f961ba tempest-ServerActionsV293TestJSON-1995595756 tempest-ServerActionsV293TestJSON-1995595756-project-member] Using url versioning {{(pid=103251) process_request /opt/stack/glance/glance/api/middleware/version_negotiation.py:57}}
Aug 20 00:08:16.576557 np0000007832 devstack@g-api.service[103251]: DEBUG glance.api.middleware.version_negotiation [None req-59a8fbd9-3b7b-42ea-b342-eadbd0f961ba tempest-ServerActionsV293TestJSON-1995595756 tempest-ServerActionsV293TestJSON-1995595756-project-member] Matched version: v2 {{(pid=103251) process_request /opt/stack/glance/glance/api/middleware/version_negotiation.py:69}}
Aug 20 00:08:16.576557 np0000007832 devstack@g-api.service[103251]: DEBUG glance.api.middleware.version_negotiation [None req-59a8fbd9-3b7b-42ea-b342-eadbd0f961ba tempest-ServerActionsV293TestJSON-1995595756 tempest-ServerActionsV293TestJSON-1995595756-project-member] new path /v2/schemas/image {{(pid=103251) process_request /opt/stack/glance/glance/api/middleware/version_negotiation.py:70}}
Aug 20 00:08:16.576974 np0000007832 devstack@g-api.service[103251]: [pid: 103251|app: 0|req: 86/346] 127.0.0.1 () {44 vars in 1047 bytes} [Thu Aug 20 00:08:16 2026] GET /v2/schemas/image => generated 6083 bytes in 4 msecs (HTTP/1.1 200) 4 headers in 158 bytes (1 switches on core 0)
Aug 20 00:08:16.595793 np0000007832 devstack@g-api.service[103250]: DEBUG swiftclient [None req-28db5d61-6b5c-4d3a-960b-93f86e3510f1 tempest-ServerBootFromVolumeStableRescueTest-679815618 tempest-ServerBootFromVolumeStableRescueTest-679815618-project-member] REQ: curl -i https://10.4.3.9:8080/v1/AUTH_2a19328364914bc185aa362b712a79b5/glance/c09f01d1-d71f-4ff5-9be7-3fce8faab576-00001 DELETE -H "X-Auth-Token: gAAAAABqhkVwRP17..." {{(pid=103250) http_log /opt/stack/data/venv/lib/python3.12/site-packages/swiftclient/client.py:160}}
Aug 20 00:08:16.596005 np0000007832 devstack@g-api.service[103250]: DEBUG swiftclient [None req-28db5d61-6b5c-4d3a-960b-93f86e3510f1 tempest-ServerBootFromVolumeStableRescueTest-679815618 tempest-ServerBootFromVolumeStableRescueTest-679815618-project-member] RESP STATUS: 204 No Content {{(pid=103250) http_log /opt/stack/data/venv/lib/python3.12/site-packages/swiftclient/client.py:161}}
Aug 20 00:08:16.596145 np0000007832 devstack@g-api.service[103250]: DEBUG swiftclient [None req-28db5d61-6b5c-4d3a-960b-93f86e3510f1 tempest-ServerBootFromVolumeStableRescueTest-679815618 tempest-ServerBootFromVolumeStableRescueTest-679815618-project-member] RESP HEADERS: {'Date': 'Thu, 20 Aug 2026 00:08:16 GMT', 'Server': 'Apache/2.4.58 (Ubuntu)', 'Content-Type': 'text/html; charset=UTF-8', 'X-Trans-Id': 'tx6d1c40acfcdf43f386c35-006a864570', 'X-Openstack-Request-Id': 'tx6d1c40acfcdf43f386c35-006a864570', 'Connection': 'close'} {{(pid=103250) http_log /opt/stack/data/venv/lib/python3.12/site-packages/swiftclient/client.py:162}}
Aug 20 00:08:16.616873 np0000007832 devstack@g-api.service[103253]: DEBUG glance.api.middleware.version_negotiation [None req-59a8fbd9-3b7b-42ea-b342-eadbd0f961ba tempest-ServerActionsV293TestJSON-1995595756 tempest-ServerActionsV293TestJSON-1995595756-project-member] Determining version of request: GET /v2/images/28aae22b-8fd1-42ba-a82b-d51d89872c7a Accept: */* {{(pid=103253) process_request /opt/stack/glance/glance/api/middleware/version_negotiation.py:44}}
Aug 20 00:08:16.616873 np0000007832 devstack@g-api.service[103253]: DEBUG glance.api.middleware.version_negotiation [None req-59a8fbd9-3b7b-42ea-b342-eadbd0f961ba tempest-ServerActionsV293TestJSON-1995595756 tempest-ServerActionsV293TestJSON-1995595756-project-member] Using url versioning {{(pid=103253) process_request /opt/stack/glance/glance/api/middleware/version_negotiation.py:57}}
Aug 20 00:08:16.616873 np0000007832 devstack@g-api.service[103253]: DEBUG glance.api.middleware.version_negotiation [None req-59a8fbd9-3b7b-42ea-b342-eadbd0f961ba tempest-ServerActionsV293TestJSON-1995595756 tempest-ServerActionsV293TestJSON-1995595756-project-member] Matched version: v2 {{(pid=103253) process_request /opt/stack/glance/glance/api/middleware/version_negotiation.py:69}}
Aug 20 00:08:16.616873 np0000007832 devstack@g-api.service[103253]: DEBUG glance.api.middleware.version_negotiation [None req-59a8fbd9-3b7b-42ea-b342-eadbd0f961ba tempest-ServerActionsV293TestJSON-1995595756 tempest-ServerActionsV293TestJSON-1995595756-project-member] new path /v2/images/28aae22b-8fd1-42ba-a82b-d51d89872c7a {{(pid=103253) process_request /opt/stack/glance/glance/api/middleware/version_negotiation.py:70}}
Aug 20 00:08:16.632968 np0000007832 devstack@g-api.service[103253]: [pid: 103253|app: 0|req: 89/347] 127.0.0.1 () {44 vars in 1107 bytes} [Thu Aug 20 00:08:16 2026] GET /v2/images/28aae22b-8fd1-42ba-a82b-d51d89872c7a => generated 1044 bytes in 17 msecs (HTTP/1.1 200) 4 headers in 158 bytes (1 switches on core 0)
Aug 20 00:08:16.634015 np0000007832 devstack@g-api.service[103250]: DEBUG swiftclient [None req-28db5d61-6b5c-4d3a-960b-93f86e3510f1 tempest-ServerBootFromVolumeStableRescueTest-679815618 tempest-ServerBootFromVolumeStableRescueTest-679815618-project-member] REQ: curl -i https://10.4.3.9:8080/v1/AUTH_2a19328364914bc185aa362b712a79b5/glance/c09f01d1-d71f-4ff5-9be7-3fce8faab576 DELETE -H "X-Auth-Token: gAAAAABqhkVwRP17..." {{(pid=103250) http_log /opt/stack/data/venv/lib/python3.12/site-packages/swiftclient/client.py:160}}
Aug 20 00:08:16.634169 np0000007832 devstack@g-api.service[103250]: DEBUG swiftclient [None req-28db5d61-6b5c-4d3a-960b-93f86e3510f1 tempest-ServerBootFromVolumeStableRescueTest-679815618 tempest-ServerBootFromVolumeStableRescueTest-679815618-project-member] RESP STATUS: 204 No Content {{(pid=103250) http_log /opt/stack/data/venv/lib/python3.12/site-packages/swiftclient/client.py:161}}
Aug 20 00:08:16.634346 np0000007832 devstack@g-api.service[103250]: DEBUG swiftclient [None req-28db5d61-6b5c-4d3a-960b-93f86e3510f1 tempest-ServerBootFromVolumeStableRescueTest-679815618 tempest-ServerBootFromVolumeStableRescueTest-679815618-project-member] RESP HEADERS: {'Date': 'Thu, 20 Aug 2026 00:08:16 GMT', 'Server': 'Apache/2.4.58 (Ubuntu)', 'Content-Type': 'text/html; charset=UTF-8', 'X-Trans-Id': 'tx3c81708e83c1422aaecd0-006a864570', 'X-Openstack-Request-Id': 'tx3c81708e83c1422aaecd0-006a864570', 'Connection': 'close'} {{(pid=103250) http_log /opt/stack/data/venv/lib/python3.12/site-packages/swiftclient/client.py:162}}
Aug 20 00:08:16.643333 np0000007832 devstack@g-api.service[103252]: DEBUG glance.api.middleware.version_negotiation [None req-59a8fbd9-3b7b-42ea-b342-eadbd0f961ba tempest-ServerActionsV293TestJSON-1995595756 tempest-ServerActionsV293TestJSON-1995595756-project-member] Determining version of request: GET /v2/schemas/image Accept: */* {{(pid=103252) process_request /opt/stack/glance/glance/api/middleware/version_negotiation.py:44}}
Aug 20 00:08:16.643544 np0000007832 devstack@g-api.service[103252]: DEBUG glance.api.middleware.version_negotiation [None req-59a8fbd9-3b7b-42ea-b342-eadbd0f961ba tempest-ServerActionsV293TestJSON-1995595756 tempest-ServerActionsV293TestJSON-1995595756-project-member] Using url versioning {{(pid=103252) process_request /opt/stack/glance/glance/api/middleware/version_negotiation.py:57}}
Aug 20 00:08:16.643716 np0000007832 devstack@g-api.service[103252]: DEBUG glance.api.middleware.version_negotiation [None req-59a8fbd9-3b7b-42ea-b342-eadbd0f961ba tempest-ServerActionsV293TestJSON-1995595756 tempest-ServerActionsV293TestJSON-1995595756-project-member] Matched version: v2 {{(pid=103252) process_request /opt/stack/glance/glance/api/middleware/version_negotiation.py:69}}
Aug 20 00:08:16.643860 np0000007832 devstack@g-api.service[103252]: DEBUG glance.api.middleware.version_negotiation [None req-59a8fbd9-3b7b-42ea-b342-eadbd0f961ba tempest-ServerActionsV293TestJSON-1995595756 tempest-ServerActionsV293TestJSON-1995595756-project-member] new path /v2/schemas/image {{(pid=103252) process_request /opt/stack/glance/glance/api/middleware/version_negotiation.py:70}}
Aug 20 00:08:16.646547 np0000007832 devstack@g-api.service[103252]: [pid: 103252|app: 0|req: 88/348] 127.0.0.1 () {44 vars in 1047 bytes} [Thu Aug 20 00:08:16 2026] GET /v2/schemas/image => generated 6083 bytes in 3 msecs (HTTP/1.1 200) 4 headers in 158 bytes (1 switches on core 0)
Aug 20 00:08:16.656392 np0000007832 devstack@g-api.service[103251]: DEBUG glance.api.middleware.version_negotiation [None req-59a8fbd9-3b7b-42ea-b342-eadbd0f961ba tempest-ServerActionsV293TestJSON-1995595756 tempest-ServerActionsV293TestJSON-1995595756-project-member] Determining version of request: GET /v2/schemas/image Accept: */* {{(pid=103251) process_request /opt/stack/glance/glance/api/middleware/version_negotiation.py:44}}
Aug 20 00:08:16.656560 np0000007832 devstack@g-api.service[103251]: DEBUG glance.api.middleware.version_negotiation [None req-59a8fbd9-3b7b-42ea-b342-eadbd0f961ba tempest-ServerActionsV293TestJSON-1995595756 tempest-ServerActionsV293TestJSON-1995595756-project-member] Using url versioning {{(pid=103251) process_request /opt/stack/glance/glance/api/middleware/version_negotiation.py:57}}
Aug 20 00:08:16.656741 np0000007832 devstack@g-api.service[103251]: DEBUG glance.api.middleware.version_negotiation [None req-59a8fbd9-3b7b-42ea-b342-eadbd0f961ba tempest-ServerActionsV293TestJSON-1995595756 tempest-ServerActionsV293TestJSON-1995595756-project-member] Matched version: v2 {{(pid=103251) process_request /opt/stack/glance/glance/api/middleware/version_negotiation.py:69}}
Aug 20 00:08:16.656862 np0000007832 devstack@g-api.service[103251]: DEBUG glance.api.middleware.version_negotiation [None req-59a8fbd9-3b7b-42ea-b342-eadbd0f961ba tempest-ServerActionsV293TestJSON-1995595756 tempest-ServerActionsV293TestJSON-1995595756-project-member] new path /v2/schemas/image {{(pid=103251) process_request /opt/stack/glance/glance/api/middleware/version_negotiation.py:70}}
Aug 20 00:08:16.662585 np0000007832 devstack@g-api.service[103251]: [pid: 103251|app: 0|req: 87/349] 127.0.0.1 () {44 vars in 1047 bytes} [Thu Aug 20 00:08:16 2026] GET /v2/schemas/image => generated 6083 bytes in 6 msecs (HTTP/1.1 200) 4 headers in 158 bytes (1 switches on core 0)
Aug 20 00:08:16.783835 np0000007832 devstack@g-api.service[103250]: DEBUG glance.api.middleware.cache [None req-28db5d61-6b5c-4d3a-960b-93f86e3510f1 tempest-ServerBootFromVolumeStableRescueTest-679815618 tempest-ServerBootFromVolumeStableRescueTest-679815618-project-member] Removing image c09f01d1-d71f-4ff5-9be7-3fce8faab576 from cache {{(pid=103250) _process_DELETE_response /opt/stack/glance/glance/api/middleware/cache.py:264}}
Aug 20 00:08:16.786253 np0000007832 devstack@g-api.service[103250]: DEBUG glance.image_cache.drivers.centralized_db [None req-28db5d61-6b5c-4d3a-960b-93f86e3510f1 tempest-ServerBootFromVolumeStableRescueTest-679815618 tempest-ServerBootFromVolumeStableRescueTest-679815618-project-member] Deleting image cache file '/opt/stack/data/glance/cache/c09f01d1-d71f-4ff5-9be7-3fce8faab576' {{(pid=103250) delete_cached_file /opt/stack/glance/glance/image_cache/drivers/centralized_db.py:400}}
Aug 20 00:08:16.803044 np0000007832 devstack@g-api.service[103253]: DEBUG glance.api.middleware.version_negotiation [None req-59a8fbd9-3b7b-42ea-b342-eadbd0f961ba tempest-ServerActionsV293TestJSON-1995595756 tempest-ServerActionsV293TestJSON-1995595756-project-member] Determining version of request: GET /versions Accept: */* {{(pid=103253) process_request /opt/stack/glance/glance/api/middleware/version_negotiation.py:44}}
Aug 20 00:08:16.803585 np0000007832 devstack@g-api.service[103250]: [pid: 103250|app: 0|req: 86/350] 127.0.0.1 () {40 vars in 833 bytes} [Thu Aug 20 00:08:16 2026] DELETE /v2/images/c09f01d1-d71f-4ff5-9be7-3fce8faab576 => generated 0 bytes in 644 msecs (HTTP/1.1 204) 4 headers in 171 bytes (1 switches on core 0)
Aug 20 00:08:16.804082 np0000007832 devstack@g-api.service[103253]: [pid: 103253|app: 0|req: 90/351] 127.0.0.1 () {44 vars in 1031 bytes} [Thu Aug 20 00:08:16 2026] GET /versions => generated 1487 bytes in 2 msecs (HTTP/1.1 200) 3 headers in 92 bytes (1 switches on core 0)
Aug 20 00:08:16.813531 np0000007832 devstack@g-api.service[103252]: DEBUG glance.api.middleware.version_negotiation [None req-59a8fbd9-3b7b-42ea-b342-eadbd0f961ba tempest-ServerActionsV293TestJSON-1995595756 tempest-ServerActionsV293TestJSON-1995595756-project-member] Determining version of request: GET /v2/images/28aae22b-8fd1-42ba-a82b-d51d89872c7a/locations Accept: */* {{(pid=103252) process_request /opt/stack/glance/glance/api/middleware/version_negotiation.py:44}}
Aug 20 00:08:16.813531 np0000007832 devstack@g-api.service[103252]: DEBUG glance.api.middleware.version_negotiation [None req-59a8fbd9-3b7b-42ea-b342-eadbd0f961ba tempest-ServerActionsV293TestJSON-1995595756 tempest-ServerActionsV293TestJSON-1995595756-project-member] Using url versioning {{(pid=103252) process_request /opt/stack/glance/glance/api/middleware/version_negotiation.py:57}}
Aug 20 00:08:16.813531 np0000007832 devstack@g-api.service[103252]: DEBUG glance.api.middleware.version_negotiation [None req-59a8fbd9-3b7b-42ea-b342-eadbd0f961ba tempest-ServerActionsV293TestJSON-1995595756 tempest-ServerActionsV293TestJSON-1995595756-project-member] Matched version: v2 {{(pid=103252) process_request /opt/stack/glance/glance/api/middleware/version_negotiation.py:69}}
Aug 20 00:08:16.813531 np0000007832 devstack@g-api.service[103252]: DEBUG glance.api.middleware.version_negotiation [None req-59a8fbd9-3b7b-42ea-b342-eadbd0f961ba tempest-ServerActionsV293TestJSON-1995595756 tempest-ServerActionsV293TestJSON-1995595756-project-member] new path /v2/images/28aae22b-8fd1-42ba-a82b-d51d89872c7a/locations {{(pid=103252) process_request /opt/stack/glance/glance/api/middleware/version_negotiation.py:70}}
Aug 20 00:08:16.888742 np0000007832 devstack@g-api.service[103252]: [pid: 103252|app: 0|req: 89/352] 127.0.0.1 () {44 vars in 1127 bytes} [Thu Aug 20 00:08:16 2026] GET /v2/images/28aae22b-8fd1-42ba-a82b-d51d89872c7a/locations => generated 92 bytes in 76 msecs (HTTP/1.1 200) 4 headers in 156 bytes (1 switches on core 0)
Aug 20 00:08:20.135698 np0000007832 devstack@g-api.service[103251]: DEBUG glance.api.middleware.version_negotiation [None req-59a8fbd9-3b7b-42ea-b342-eadbd0f961ba tempest-ServerActionsV293TestJSON-1995595756 tempest-ServerActionsV293TestJSON-1995595756-project-member] Determining version of request: GET /v2/images/28aae22b-8fd1-42ba-a82b-d51d89872c7a Accept: */* {{(pid=103251) process_request /opt/stack/glance/glance/api/middleware/version_negotiation.py:44}}
Aug 20 00:08:20.135987 np0000007832 devstack@g-api.service[103251]: DEBUG glance.api.middleware.version_negotiation [None req-59a8fbd9-3b7b-42ea-b342-eadbd0f961ba tempest-ServerActionsV293TestJSON-1995595756 tempest-ServerActionsV293TestJSON-1995595756-project-member] Using url versioning {{(pid=103251) process_request /opt/stack/glance/glance/api/middleware/version_negotiation.py:57}}
Aug 20 00:08:20.136442 np0000007832 devstack@g-api.service[103251]: DEBUG glance.api.middleware.version_negotiation [None req-59a8fbd9-3b7b-42ea-b342-eadbd0f961ba tempest-ServerActionsV293TestJSON-1995595756 tempest-ServerActionsV293TestJSON-1995595756-project-member] Matched version: v2 {{(pid=103251) process_request /opt/stack/glance/glance/api/middleware/version_negotiation.py:69}}
Aug 20 00:08:20.136442 np0000007832 devstack@g-api.service[103251]: DEBUG glance.api.middleware.version_negotiation [None req-59a8fbd9-3b7b-42ea-b342-eadbd0f961ba tempest-ServerActionsV293TestJSON-1995595756 tempest-ServerActionsV293TestJSON-1995595756-project-member] new path /v2/images/28aae22b-8fd1-42ba-a82b-d51d89872c7a {{(pid=103251) process_request /opt/stack/glance/glance/api/middleware/version_negotiation.py:70}}
Aug 20 00:08:20.156442 np0000007832 devstack@g-api.service[103251]: [pid: 103251|app: 0|req: 88/353] 127.0.0.1 () {44 vars in 1107 bytes} [Thu Aug 20 00:08:20 2026] GET /v2/images/28aae22b-8fd1-42ba-a82b-d51d89872c7a => generated 1044 bytes in 21 msecs (HTTP/1.1 200) 4 headers in 158 bytes (1 switches on core 0)
Aug 20 00:08:20.172611 np0000007832 devstack@g-api.service[103250]: DEBUG glance.api.middleware.version_negotiation [None req-28db5d61-6b5c-4d3a-960b-93f86e3510f1 tempest-ServerBootFromVolumeStableRescueTest-679815618 tempest-ServerBootFromVolumeStableRescueTest-679815618-project-member] Determining version of request: GET /v2/schemas/image Accept: */* {{(pid=103250) process_request /opt/stack/glance/glance/api/middleware/version_negotiation.py:44}}
Aug 20 00:08:20.172912 np0000007832 devstack@g-api.service[103250]: DEBUG glance.api.middleware.version_negotiation [None req-28db5d61-6b5c-4d3a-960b-93f86e3510f1 tempest-ServerBootFromVolumeStableRescueTest-679815618 tempest-ServerBootFromVolumeStableRescueTest-679815618-project-member] Using url versioning {{(pid=103250) process_request /opt/stack/glance/glance/api/middleware/version_negotiation.py:57}}
Aug 20 00:08:20.173011 np0000007832 devstack@g-api.service[103250]: DEBUG glance.api.middleware.version_negotiation [None req-28db5d61-6b5c-4d3a-960b-93f86e3510f1 tempest-ServerBootFromVolumeStableRescueTest-679815618 tempest-ServerBootFromVolumeStableRescueTest-679815618-project-member] Matched version: v2 {{(pid=103250) process_request /opt/stack/glance/glance/api/middleware/version_negotiation.py:69}}
Aug 20 00:08:20.173140 np0000007832 devstack@g-api.service[103250]: DEBUG glance.api.middleware.version_negotiation [None req-28db5d61-6b5c-4d3a-960b-93f86e3510f1 tempest-ServerBootFromVolumeStableRescueTest-679815618 tempest-ServerBootFromVolumeStableRescueTest-679815618-project-member] new path /v2/schemas/image {{(pid=103250) process_request /opt/stack/glance/glance/api/middleware/version_negotiation.py:70}}
Aug 20 00:08:20.178517 np0000007832 devstack@g-api.service[103250]: [pid: 103250|app: 0|req: 87/354] 127.0.0.1 () {44 vars in 1047 bytes} [Thu Aug 20 00:08:20 2026] GET /v2/schemas/image => generated 6083 bytes in 6 msecs (HTTP/1.1 200) 4 headers in 158 bytes (1 switches on core 0)
Aug 20 00:08:20.193499 np0000007832 devstack@g-api.service[103253]: DEBUG glance.api.middleware.version_negotiation [None req-59a8fbd9-3b7b-42ea-b342-eadbd0f961ba tempest-ServerActionsV293TestJSON-1995595756 tempest-ServerActionsV293TestJSON-1995595756-project-member] Determining version of request: GET /v2/schemas/image Accept: */* {{(pid=103253) process_request /opt/stack/glance/glance/api/middleware/version_negotiation.py:44}}
Aug 20 00:08:20.193499 np0000007832 devstack@g-api.service[103253]: DEBUG glance.api.middleware.version_negotiation [None req-59a8fbd9-3b7b-42ea-b342-eadbd0f961ba tempest-ServerActionsV293TestJSON-1995595756 tempest-ServerActionsV293TestJSON-1995595756-project-member] Using url versioning {{(pid=103253) process_request /opt/stack/glance/glance/api/middleware/version_negotiation.py:57}}
Aug 20 00:08:20.194571 np0000007832 devstack@g-api.service[103253]: DEBUG glance.api.middleware.version_negotiation [None req-59a8fbd9-3b7b-42ea-b342-eadbd0f961ba tempest-ServerActionsV293TestJSON-1995595756 tempest-ServerActionsV293TestJSON-1995595756-project-member] Matched version: v2 {{(pid=103253) process_request /opt/stack/glance/glance/api/middleware/version_negotiation.py:69}}
Aug 20 00:08:20.194571 np0000007832 devstack@g-api.service[103253]: DEBUG glance.api.middleware.version_negotiation [None req-59a8fbd9-3b7b-42ea-b342-eadbd0f961ba tempest-ServerActionsV293TestJSON-1995595756 tempest-ServerActionsV293TestJSON-1995595756-project-member] new path /v2/schemas/image {{(pid=103253) process_request /opt/stack/glance/glance/api/middleware/version_negotiation.py:70}}
Aug 20 00:08:20.198182 np0000007832 devstack@g-api.service[103253]: [pid: 103253|app: 0|req: 91/355] 127.0.0.1 () {44 vars in 1047 bytes} [Thu Aug 20 00:08:20 2026] GET /v2/schemas/image => generated 6083 bytes in 5 msecs (HTTP/1.1 200) 4 headers in 158 bytes (1 switches on core 0)
Aug 20 00:08:20.815292 np0000007832 devstack@g-api.service[103252]: DEBUG glance.api.middleware.version_negotiation [None req-59a8fbd9-3b7b-42ea-b342-eadbd0f961ba service glance] Determining version of request: GET /v2/images/28aae22b-8fd1-42ba-a82b-d51d89872c7a Accept: */* {{(pid=103252) process_request /opt/stack/glance/glance/api/middleware/version_negotiation.py:44}}
Aug 20 00:08:20.815292 np0000007832 devstack@g-api.service[103252]: DEBUG glance.api.middleware.version_negotiation [None req-59a8fbd9-3b7b-42ea-b342-eadbd0f961ba service glance] Using url versioning {{(pid=103252) process_request /opt/stack/glance/glance/api/middleware/version_negotiation.py:57}}
Aug 20 00:08:20.815292 np0000007832 devstack@g-api.service[103252]: DEBUG glance.api.middleware.version_negotiation [None req-59a8fbd9-3b7b-42ea-b342-eadbd0f961ba service glance] Matched version: v2 {{(pid=103252) process_request /opt/stack/glance/glance/api/middleware/version_negotiation.py:69}}
Aug 20 00:08:20.815292 np0000007832 devstack@g-api.service[103252]: DEBUG glance.api.middleware.version_negotiation [None req-59a8fbd9-3b7b-42ea-b342-eadbd0f961ba service glance] new path /v2/images/28aae22b-8fd1-42ba-a82b-d51d89872c7a {{(pid=103252) process_request /opt/stack/glance/glance/api/middleware/version_negotiation.py:70}}
Aug 20 00:08:20.833300 np0000007832 devstack@g-api.service[103252]: [pid: 103252|app: 0|req: 90/356] 127.0.0.1 () {44 vars in 1107 bytes} [Thu Aug 20 00:08:20 2026] GET /v2/images/28aae22b-8fd1-42ba-a82b-d51d89872c7a => generated 1044 bytes in 20 msecs (HTTP/1.1 200) 4 headers in 158 bytes (1 switches on core 0)
Aug 20 00:08:20.844175 np0000007832 devstack@g-api.service[103251]: DEBUG glance.api.middleware.version_negotiation [None req-59a8fbd9-3b7b-42ea-b342-eadbd0f961ba tempest-ServerActionsV293TestJSON-1995595756 tempest-ServerActionsV293TestJSON-1995595756-project-member] Determining version of request: GET /v2/images/28aae22b-8fd1-42ba-a82b-d51d89872c7a/file Accept: */* {{(pid=103251) process_request /opt/stack/glance/glance/api/middleware/version_negotiation.py:44}}
Aug 20 00:08:20.844710 np0000007832 devstack@g-api.service[103251]: DEBUG glance.api.middleware.version_negotiation [None req-59a8fbd9-3b7b-42ea-b342-eadbd0f961ba tempest-ServerActionsV293TestJSON-1995595756 tempest-ServerActionsV293TestJSON-1995595756-project-member] Using url versioning {{(pid=103251) process_request /opt/stack/glance/glance/api/middleware/version_negotiation.py:57}}
Aug 20 00:08:20.845407 np0000007832 devstack@g-api.service[103251]: DEBUG glance.api.middleware.version_negotiation [None req-59a8fbd9-3b7b-42ea-b342-eadbd0f961ba tempest-ServerActionsV293TestJSON-1995595756 tempest-ServerActionsV293TestJSON-1995595756-project-member] Matched version: v2 {{(pid=103251) process_request /opt/stack/glance/glance/api/middleware/version_negotiation.py:69}}
Aug 20 00:08:20.845407 np0000007832 devstack@g-api.service[103251]: DEBUG glance.api.middleware.version_negotiation [None req-59a8fbd9-3b7b-42ea-b342-eadbd0f961ba tempest-ServerActionsV293TestJSON-1995595756 tempest-ServerActionsV293TestJSON-1995595756-project-member] new path /v2/images/28aae22b-8fd1-42ba-a82b-d51d89872c7a/file {{(pid=103251) process_request /opt/stack/glance/glance/api/middleware/version_negotiation.py:70}}
Aug 20 00:08:20.866517 np0000007832 devstack@g-api.service[103251]: DEBUG glance.api.middleware.cache [None req-59a8fbd9-3b7b-42ea-b342-eadbd0f961ba tempest-ServerActionsV293TestJSON-1995595756 tempest-ServerActionsV293TestJSON-1995595756-project-member] Cache hit for image '28aae22b-8fd1-42ba-a82b-d51d89872c7a' {{(pid=103251) process_request /opt/stack/glance/glance/api/middleware/cache.py:160}}
Aug 20 00:08:20.998708 np0000007832 devstack@g-api.service[103251]: [pid: 103251|app: 0|req: 89/357] 127.0.0.1 () {44 vars in 1117 bytes} [Thu Aug 20 00:08:20 2026] GET /v2/images/28aae22b-8fd1-42ba-a82b-d51d89872c7a/file => generated 21233664 bytes in 155 msecs (HTTP/1.1 200) 5 headers in 217 bytes (328 switches on core 0)
Aug 20 00:08:26.198917 np0000007832 devstack@g-api.service[103250]: DEBUG glance.api.middleware.version_negotiation [None req-59a8fbd9-3b7b-42ea-b342-eadbd0f961ba tempest-ServerActionsV293TestJSON-1995595756 tempest-ServerActionsV293TestJSON-1995595756-project-member] Determining version of request: DELETE /v2/images/0c464b9e-50b1-462b-ae73-1bac9140d5d7 Accept: application/json {{(pid=103250) process_request /opt/stack/glance/glance/api/middleware/version_negotiation.py:44}}
Aug 20 00:08:26.199693 np0000007832 devstack@g-api.service[103250]: DEBUG glance.api.middleware.version_negotiation [None req-59a8fbd9-3b7b-42ea-b342-eadbd0f961ba tempest-ServerActionsV293TestJSON-1995595756 tempest-ServerActionsV293TestJSON-1995595756-project-member] Using url versioning {{(pid=103250) process_request /opt/stack/glance/glance/api/middleware/version_negotiation.py:57}}
Aug 20 00:08:26.199693 np0000007832 devstack@g-api.service[103250]: DEBUG glance.api.middleware.version_negotiation [None req-59a8fbd9-3b7b-42ea-b342-eadbd0f961ba tempest-ServerActionsV293TestJSON-1995595756 tempest-ServerActionsV293TestJSON-1995595756-project-member] Matched version: v2 {{(pid=103250) process_request /opt/stack/glance/glance/api/middleware/version_negotiation.py:69}}
Aug 20 00:08:26.199693 np0000007832 devstack@g-api.service[103250]: DEBUG glance.api.middleware.version_negotiation [None req-59a8fbd9-3b7b-42ea-b342-eadbd0f961ba tempest-ServerActionsV293TestJSON-1995595756 tempest-ServerActionsV293TestJSON-1995595756-project-member] new path /v2/images/0c464b9e-50b1-462b-ae73-1bac9140d5d7 {{(pid=103250) process_request /opt/stack/glance/glance/api/middleware/version_negotiation.py:70}}
Aug 20 00:08:26.227522 np0000007832 devstack@g-api.service[103250]: WARNING glance.api.v2.images [None req-d41dfb4a-dfb9-449f-8d75-c188b1a363cf tempest-ServerBootFromVolumeStableRescueTest-679815618 tempest-ServerBootFromVolumeStableRescueTest-679815618-project-member] After upload to backend, deletion of staged image data has failed because it cannot be found at /tmp/staging//0c464b9e-50b1-462b-ae73-1bac9140d5d7
Aug 20 00:08:26.228243 np0000007832 devstack@g-api.service[103250]: DEBUG glance_store.backend [None req-d41dfb4a-dfb9-449f-8d75-c188b1a363cf tempest-ServerBootFromVolumeStableRescueTest-679815618 tempest-ServerBootFromVolumeStableRescueTest-679815618-project-member] Attempting to import store swift {{(pid=103250) _load_store /opt/stack/data/venv/lib/python3.12/site-packages/glance_store/backend.py:215}}
Aug 20 00:08:26.232040 np0000007832 devstack@g-api.service[103250]: DEBUG glance_store.capabilities [None req-d41dfb4a-dfb9-449f-8d75-c188b1a363cf tempest-ServerBootFromVolumeStableRescueTest-679815618 tempest-ServerBootFromVolumeStableRescueTest-679815618-project-member] Store glance_store._drivers.swift.store.SingleTenantStore doesn't support updating dynamic storage capabilities. Please overwrite 'update_capabilities' method of the store to implement updating logics if needed. {{(pid=103250) update_capabilities /opt/stack/data/venv/lib/python3.12/site-packages/glance_store/capabilities.py:91}}
Aug 20 00:08:26.232254 np0000007832 devstack@g-api.service[103250]: DEBUG glance_store.driver [None req-d41dfb4a-dfb9-449f-8d75-c188b1a363cf tempest-ServerBootFromVolumeStableRescueTest-679815618 tempest-ServerBootFromVolumeStableRescueTest-679815618-project-member] Late loading location class glance_store._drivers.swift.store.StoreLocation {{(pid=103250) get_store_location_class /opt/stack/data/venv/lib/python3.12/site-packages/glance_store/driver.py:134}}
Aug 20 00:08:26.232406 np0000007832 devstack@g-api.service[103250]: DEBUG glance_store.location [None req-d41dfb4a-dfb9-449f-8d75-c188b1a363cf tempest-ServerBootFromVolumeStableRescueTest-679815618 tempest-ServerBootFromVolumeStableRescueTest-679815618-project-member] Registering scheme swift+https with {'store': , 'location_class': , 'store_entry': 'swift'} {{(pid=103250) register_scheme_map /opt/stack/data/venv/lib/python3.12/site-packages/glance_store/location.py:146}}
Aug 20 00:08:26.232541 np0000007832 devstack@g-api.service[103250]: DEBUG glance_store.location [None req-d41dfb4a-dfb9-449f-8d75-c188b1a363cf tempest-ServerBootFromVolumeStableRescueTest-679815618 tempest-ServerBootFromVolumeStableRescueTest-679815618-project-member] Registering scheme swift+https with {'store': , 'location_class': , 'store_entry': 'swift'} {{(pid=103250) register_scheme_map /opt/stack/data/venv/lib/python3.12/site-packages/glance_store/location.py:146}}
Aug 20 00:08:26.232663 np0000007832 devstack@g-api.service[103250]: DEBUG glance_store.location [None req-d41dfb4a-dfb9-449f-8d75-c188b1a363cf tempest-ServerBootFromVolumeStableRescueTest-679815618 tempest-ServerBootFromVolumeStableRescueTest-679815618-project-member] Registering scheme swift with {'store': , 'location_class': , 'store_entry': 'swift'} {{(pid=103250) register_scheme_map /opt/stack/data/venv/lib/python3.12/site-packages/glance_store/location.py:146}}
Aug 20 00:08:26.232942 np0000007832 devstack@g-api.service[103250]: DEBUG glance_store.location [None req-d41dfb4a-dfb9-449f-8d75-c188b1a363cf tempest-ServerBootFromVolumeStableRescueTest-679815618 tempest-ServerBootFromVolumeStableRescueTest-679815618-project-member] Registering scheme swift+https with {'store': , 'location_class': , 'store_entry': 'swift'} {{(pid=103250) register_scheme_map /opt/stack/data/venv/lib/python3.12/site-packages/glance_store/location.py:146}}
Aug 20 00:08:26.232942 np0000007832 devstack@g-api.service[103250]: DEBUG glance_store.location [None req-d41dfb4a-dfb9-449f-8d75-c188b1a363cf tempest-ServerBootFromVolumeStableRescueTest-679815618 tempest-ServerBootFromVolumeStableRescueTest-679815618-project-member] Registering scheme swift with {'store': , 'location_class': , 'store_entry': 'swift'} {{(pid=103250) register_scheme_map /opt/stack/data/venv/lib/python3.12/site-packages/glance_store/location.py:146}}
Aug 20 00:08:26.233055 np0000007832 devstack@g-api.service[103250]: DEBUG glance_store.location [None req-d41dfb4a-dfb9-449f-8d75-c188b1a363cf tempest-ServerBootFromVolumeStableRescueTest-679815618 tempest-ServerBootFromVolumeStableRescueTest-679815618-project-member] Registering scheme swift+http with {'store': , 'location_class': , 'store_entry': 'swift'} {{(pid=103250) register_scheme_map /opt/stack/data/venv/lib/python3.12/site-packages/glance_store/location.py:146}}
Aug 20 00:08:26.233520 np0000007832 devstack@g-api.service[103250]: DEBUG glance_store.location [None req-d41dfb4a-dfb9-449f-8d75-c188b1a363cf tempest-ServerBootFromVolumeStableRescueTest-679815618 tempest-ServerBootFromVolumeStableRescueTest-679815618-project-member] Registering scheme swift+https with {'store': , 'location_class': , 'store_entry': 'swift'} {{(pid=103250) register_scheme_map /opt/stack/data/venv/lib/python3.12/site-packages/glance_store/location.py:146}}
Aug 20 00:08:26.233520 np0000007832 devstack@g-api.service[103250]: DEBUG glance_store.location [None req-d41dfb4a-dfb9-449f-8d75-c188b1a363cf tempest-ServerBootFromVolumeStableRescueTest-679815618 tempest-ServerBootFromVolumeStableRescueTest-679815618-project-member] Registering scheme swift with {'store': , 'location_class': , 'store_entry': 'swift'} {{(pid=103250) register_scheme_map /opt/stack/data/venv/lib/python3.12/site-packages/glance_store/location.py:146}}
Aug 20 00:08:26.233520 np0000007832 devstack@g-api.service[103250]: DEBUG glance_store.location [None req-d41dfb4a-dfb9-449f-8d75-c188b1a363cf tempest-ServerBootFromVolumeStableRescueTest-679815618 tempest-ServerBootFromVolumeStableRescueTest-679815618-project-member] Registering scheme swift+http with {'store': , 'location_class': , 'store_entry': 'swift'} {{(pid=103250) register_scheme_map /opt/stack/data/venv/lib/python3.12/site-packages/glance_store/location.py:146}}
Aug 20 00:08:26.234243 np0000007832 devstack@g-api.service[103250]: DEBUG glance_store.location [None req-d41dfb4a-dfb9-449f-8d75-c188b1a363cf tempest-ServerBootFromVolumeStableRescueTest-679815618 tempest-ServerBootFromVolumeStableRescueTest-679815618-project-member] Registering scheme swift+config with {'store': , 'location_class': , 'store_entry': 'swift'} {{(pid=103250) register_scheme_map /opt/stack/data/venv/lib/python3.12/site-packages/glance_store/location.py:146}}
Aug 20 00:08:26.234716 np0000007832 devstack@g-api.service[103250]: DEBUG keystoneclient.auth.identity.v3.base [None req-d41dfb4a-dfb9-449f-8d75-c188b1a363cf tempest-ServerBootFromVolumeStableRescueTest-679815618 tempest-ServerBootFromVolumeStableRescueTest-679815618-project-member] Making authentication request to https://10.4.3.9/identity/v3/auth/tokens {{(pid=103250) get_auth_ref /opt/stack/data/venv/lib/python3.12/site-packages/keystoneclient/auth/identity/v3/base.py:185}}
