Aug 20 00:01:57.918402 np0000007832 systemd[1]: Starting devstack@n-api-meta.service - Devstack devstack@n-api-meta.service...
Aug 20 00:01:57.924753 np0000007832 devstack@n-api-meta.service[96209]: [uWSGI] getting INI configuration from /etc/nova/nova-metadata-uwsgi.ini
Aug 20 00:01:57.927199 np0000007832 devstack@n-api-meta.service[96209]: *** Starting uWSGI 2.0.24-debian (64bit) on [Thu Aug 20 00:01:57 2026] ***
Aug 20 00:01:57.927199 np0000007832 devstack@n-api-meta.service[96209]: compiled with version: 13.2.0 on 17 April 2024 16:23:48
Aug 20 00:01:57.927199 np0000007832 devstack@n-api-meta.service[96209]: os: Linux-6.8.0-100-generic #100-Ubuntu SMP PREEMPT_DYNAMIC Tue Jan 13 16:40:06 UTC 2026
Aug 20 00:01:57.927199 np0000007832 devstack@n-api-meta.service[96209]: nodename: np0000007832
Aug 20 00:01:57.927199 np0000007832 devstack@n-api-meta.service[96209]: machine: x86_64
Aug 20 00:01:57.927199 np0000007832 devstack@n-api-meta.service[96209]: clock source: unix
Aug 20 00:01:57.927199 np0000007832 devstack@n-api-meta.service[96209]: pcre jit disabled
Aug 20 00:01:57.927199 np0000007832 devstack@n-api-meta.service[96209]: detected number of CPU cores: 16
Aug 20 00:01:57.927199 np0000007832 devstack@n-api-meta.service[96209]: current working directory: /
Aug 20 00:01:57.927199 np0000007832 devstack@n-api-meta.service[96209]: detected binary path: /usr/bin/uwsgi-core
Aug 20 00:01:57.927199 np0000007832 devstack@n-api-meta.service[96209]: your processes number limit is 257052
Aug 20 00:01:57.927199 np0000007832 devstack@n-api-meta.service[96209]: your memory page size is 4096 bytes
Aug 20 00:01:57.927602 np0000007832 devstack@n-api-meta.service[96209]: detected max file descriptor number: 2048
Aug 20 00:01:57.927602 np0000007832 devstack@n-api-meta.service[96209]: lock engine: pthread robust mutexes
Aug 20 00:01:57.927602 np0000007832 devstack@n-api-meta.service[96209]: thunder lock: enabled
Aug 20 00:01:57.927689 np0000007832 devstack@n-api-meta.service[96209]: uWSGI http bound on 0.0.0.0:8775 fd 5
Aug 20 00:01:57.927689 np0000007832 devstack@n-api-meta.service[96209]: uwsgi socket 0 bound to TCP address 127.0.0.1:41223 (port auto-assigned) fd 4
Aug 20 00:01:57.927740 np0000007832 devstack@n-api-meta.service[96209]: Python version: 3.12.3 (main, Jun 19 2026, 12:46:00) [GCC 13.3.0]
Aug 20 00:01:57.927740 np0000007832 devstack@n-api-meta.service[96209]: PEP 405 virtualenv detected: /opt/stack/data/venv
Aug 20 00:01:57.927740 np0000007832 devstack@n-api-meta.service[96209]: Set PythonHome to /opt/stack/data/venv
Aug 20 00:01:57.961858 np0000007832 devstack@n-api-meta.service[96209]: Python main interpreter initialized at 0x7763582a4668
Aug 20 00:01:57.961858 np0000007832 devstack@n-api-meta.service[96209]: python threads support enabled
Aug 20 00:01:57.961858 np0000007832 devstack@n-api-meta.service[96209]: your server socket listen backlog is limited to 100 connections
Aug 20 00:01:57.961858 np0000007832 devstack@n-api-meta.service[96209]: your mercy for graceful operations on workers is 80 seconds
Aug 20 00:01:57.962415 np0000007832 devstack@n-api-meta.service[96209]: mapped 671795 bytes (656 KB) for 4 cores
Aug 20 00:01:57.962580 np0000007832 devstack@n-api-meta.service[96209]: *** Operational MODE: preforking ***
Aug 20 00:01:57.962772 np0000007832 devstack@n-api-meta.service[96209]: *** uWSGI is running in multiple interpreter mode ***
Aug 20 00:01:57.962772 np0000007832 devstack@n-api-meta.service[96209]: spawned uWSGI master process (pid: 96209)
Aug 20 00:01:57.963004 np0000007832 systemd[1]: Started devstack@n-api-meta.service - Devstack devstack@n-api-meta.service.
Aug 20 00:01:57.963355 np0000007832 devstack@n-api-meta.service[96209]: spawned uWSGI worker 1 (pid: 96210, cores: 1)
Aug 20 00:01:57.963969 np0000007832 devstack@n-api-meta.service[96209]: spawned uWSGI worker 2 (pid: 96211, cores: 1)
Aug 20 00:01:57.964735 np0000007832 devstack@n-api-meta.service[96209]: spawned uWSGI worker 3 (pid: 96212, cores: 1)
Aug 20 00:01:57.965230 np0000007832 devstack@n-api-meta.service[96209]: spawned uWSGI worker 4 (pid: 96213, cores: 1)
Aug 20 00:01:57.965965 np0000007832 devstack@n-api-meta.service[96209]: spawned uWSGI http 1 (pid: 96214)
Aug 20 00:01:57.965965 np0000007832 devstack@n-api-meta.service[96209]: running "unix_signal:15 gracefully_kill_them_all" (master-start)...
Aug 20 00:01:59.785129 np0000007832 devstack@n-api-meta.service[96210]: INFO dbcounter [None req-92390722-e69d-4342-9534-b79a7ce25480 None None] Registered counter for database nova_api
Aug 20 00:01:59.833641 np0000007832 devstack@n-api-meta.service[96210]: DEBUG oslo_db.sqlalchemy.engines [None req-92390722-e69d-4342-9534-b79a7ce25480 None None] MySQL server mode set to STRICT_TRANS_TABLES,STRICT_ALL_TABLES,NO_ZERO_IN_DATE,NO_ZERO_DATE,ERROR_FOR_DIVISION_BY_ZERO,TRADITIONAL,NO_ENGINE_SUBSTITUTION {{(pid=96210) _check_effective_sql_mode /opt/stack/data/venv/lib/python3.12/site-packages/oslo_db/sqlalchemy/engines.py:325}}
Aug 20 00:01:59.854465 np0000007832 devstack@n-api-meta.service[96211]: INFO dbcounter [None req-9f75ca22-79eb-4ef0-840f-194869279c02 None None] Registered counter for database nova_api
Aug 20 00:01:59.857618 np0000007832 devstack@n-api-meta.service[96213]: INFO dbcounter [None req-8778454b-9071-45cc-9120-429a717f6e11 None None] Registered counter for database nova_api
Aug 20 00:01:59.865759 np0000007832 devstack@n-api-meta.service[96210]: DEBUG dbcounter [-] [96210] Writer thread running {{(pid=96210) stat_writer /opt/stack/data/venv/lib/python3.12/site-packages/dbcounter.py:102}}
Aug 20 00:01:59.869198 np0000007832 devstack@n-api-meta.service[96210]: DEBUG nova.context [None req-92390722-e69d-4342-9534-b79a7ce25480 None None] Found 2 cells: 00000000-0000-0000-0000-000000000000(cell0),53229916-1c6e-4360-a681-ef4578d1fae2(cell1) {{(pid=96210) load_cells /opt/stack/nova/nova/context.py:509}}
Aug 20 00:01:59.869519 np0000007832 devstack@n-api-meta.service[96210]: INFO nova.utils [None req-92390722-e69d-4342-9534-b79a7ce25480 None None] The cell worker thread pool MainProcess.cell_worker is initialized
Aug 20 00:01:59.872072 np0000007832 devstack@n-api-meta.service[96210]: DEBUG oslo_concurrency.lockutils [None req-92390722-e69d-4342-9534-b79a7ce25480 None None] Acquiring lock "00000000-0000-0000-0000-000000000000" by "nova.context.set_target_cell..get_or_set_cached_cell_and_set_connections" {{(pid=96210) inner /opt/stack/data/venv/lib/python3.12/site-packages/oslo_concurrency/lockutils.py:512}}
Aug 20 00:01:59.872072 np0000007832 devstack@n-api-meta.service[96210]: DEBUG oslo_concurrency.lockutils [None req-92390722-e69d-4342-9534-b79a7ce25480 None None] Lock "00000000-0000-0000-0000-000000000000" acquired by "nova.context.set_target_cell..get_or_set_cached_cell_and_set_connections" :: waited 0.000s {{(pid=96210) inner /opt/stack/data/venv/lib/python3.12/site-packages/oslo_concurrency/lockutils.py:525}}
Aug 20 00:01:59.873640 np0000007832 devstack@n-api-meta.service[96210]: DEBUG oslo_concurrency.lockutils [None req-92390722-e69d-4342-9534-b79a7ce25480 None None] Lock "00000000-0000-0000-0000-000000000000" "released" by "nova.context.set_target_cell..get_or_set_cached_cell_and_set_connections" :: held 0.002s {{(pid=96210) inner /opt/stack/data/venv/lib/python3.12/site-packages/oslo_concurrency/lockutils.py:544}}
Aug 20 00:01:59.874655 np0000007832 devstack@n-api-meta.service[96210]: DEBUG oslo_concurrency.lockutils [None req-92390722-e69d-4342-9534-b79a7ce25480 None None] Acquiring lock "53229916-1c6e-4360-a681-ef4578d1fae2" by "nova.context.set_target_cell..get_or_set_cached_cell_and_set_connections" {{(pid=96210) inner /opt/stack/data/venv/lib/python3.12/site-packages/oslo_concurrency/lockutils.py:512}}
Aug 20 00:01:59.874849 np0000007832 devstack@n-api-meta.service[96210]: DEBUG oslo_concurrency.lockutils [None req-92390722-e69d-4342-9534-b79a7ce25480 None None] Lock "53229916-1c6e-4360-a681-ef4578d1fae2" acquired by "nova.context.set_target_cell..get_or_set_cached_cell_and_set_connections" :: waited 0.000s {{(pid=96210) inner /opt/stack/data/venv/lib/python3.12/site-packages/oslo_concurrency/lockutils.py:525}}
Aug 20 00:01:59.875868 np0000007832 devstack@n-api-meta.service[96210]: DEBUG oslo_concurrency.lockutils [None req-92390722-e69d-4342-9534-b79a7ce25480 None None] Lock "53229916-1c6e-4360-a681-ef4578d1fae2" "released" by "nova.context.set_target_cell..get_or_set_cached_cell_and_set_connections" :: held 0.001s {{(pid=96210) inner /opt/stack/data/venv/lib/python3.12/site-packages/oslo_concurrency/lockutils.py:544}}
Aug 20 00:01:59.877921 np0000007832 devstack@n-api-meta.service[96210]: INFO dbcounter [None req-92390722-e69d-4342-9534-b79a7ce25480 None None] Registered counter for database nova_cell0
Aug 20 00:01:59.881419 np0000007832 devstack@n-api-meta.service[96210]: INFO dbcounter [None req-92390722-e69d-4342-9534-b79a7ce25480 None None] Registered counter for database nova_cell1
Aug 20 00:01:59.905916 np0000007832 devstack@n-api-meta.service[96213]: DEBUG oslo_db.sqlalchemy.engines [None req-8778454b-9071-45cc-9120-429a717f6e11 None None] MySQL server mode set to STRICT_TRANS_TABLES,STRICT_ALL_TABLES,NO_ZERO_IN_DATE,NO_ZERO_DATE,ERROR_FOR_DIVISION_BY_ZERO,TRADITIONAL,NO_ENGINE_SUBSTITUTION {{(pid=96213) _check_effective_sql_mode /opt/stack/data/venv/lib/python3.12/site-packages/oslo_db/sqlalchemy/engines.py:325}}
Aug 20 00:01:59.906039 np0000007832 devstack@n-api-meta.service[96212]: INFO dbcounter [None req-c4818194-8ed0-4969-b2d6-02888a2feee2 None None] Registered counter for database nova_api
Aug 20 00:01:59.917667 np0000007832 devstack@n-api-meta.service[96211]: DEBUG oslo_db.sqlalchemy.engines [None req-9f75ca22-79eb-4ef0-840f-194869279c02 None None] MySQL server mode set to STRICT_TRANS_TABLES,STRICT_ALL_TABLES,NO_ZERO_IN_DATE,NO_ZERO_DATE,ERROR_FOR_DIVISION_BY_ZERO,TRADITIONAL,NO_ENGINE_SUBSTITUTION {{(pid=96211) _check_effective_sql_mode /opt/stack/data/venv/lib/python3.12/site-packages/oslo_db/sqlalchemy/engines.py:325}}
Aug 20 00:01:59.928647 np0000007832 devstack@n-api-meta.service[96210]: DEBUG oslo_db.sqlalchemy.engines [None req-92390722-e69d-4342-9534-b79a7ce25480 None None] MySQL server mode set to STRICT_TRANS_TABLES,STRICT_ALL_TABLES,NO_ZERO_IN_DATE,NO_ZERO_DATE,ERROR_FOR_DIVISION_BY_ZERO,TRADITIONAL,NO_ENGINE_SUBSTITUTION {{(pid=96210) _check_effective_sql_mode /opt/stack/data/venv/lib/python3.12/site-packages/oslo_db/sqlalchemy/engines.py:325}}
Aug 20 00:01:59.938720 np0000007832 devstack@n-api-meta.service[96213]: DEBUG dbcounter [-] [96213] Writer thread running {{(pid=96213) stat_writer /opt/stack/data/venv/lib/python3.12/site-packages/dbcounter.py:102}}
Aug 20 00:01:59.941376 np0000007832 devstack@n-api-meta.service[96213]: DEBUG nova.context [None req-8778454b-9071-45cc-9120-429a717f6e11 None None] Found 2 cells: 00000000-0000-0000-0000-000000000000(cell0),53229916-1c6e-4360-a681-ef4578d1fae2(cell1) {{(pid=96213) load_cells /opt/stack/nova/nova/context.py:509}}
Aug 20 00:01:59.941724 np0000007832 devstack@n-api-meta.service[96213]: INFO nova.utils [None req-8778454b-9071-45cc-9120-429a717f6e11 None None] The cell worker thread pool MainProcess.cell_worker is initialized
Aug 20 00:01:59.943836 np0000007832 devstack@n-api-meta.service[96213]: DEBUG oslo_concurrency.lockutils [None req-8778454b-9071-45cc-9120-429a717f6e11 None None] Acquiring lock "00000000-0000-0000-0000-000000000000" by "nova.context.set_target_cell..get_or_set_cached_cell_and_set_connections" {{(pid=96213) inner /opt/stack/data/venv/lib/python3.12/site-packages/oslo_concurrency/lockutils.py:512}}
Aug 20 00:01:59.944032 np0000007832 devstack@n-api-meta.service[96213]: DEBUG oslo_concurrency.lockutils [None req-8778454b-9071-45cc-9120-429a717f6e11 None None] Lock "00000000-0000-0000-0000-000000000000" acquired by "nova.context.set_target_cell..get_or_set_cached_cell_and_set_connections" :: waited 0.000s {{(pid=96213) inner /opt/stack/data/venv/lib/python3.12/site-packages/oslo_concurrency/lockutils.py:525}}
Aug 20 00:01:59.945783 np0000007832 devstack@n-api-meta.service[96213]: DEBUG oslo_concurrency.lockutils [None req-8778454b-9071-45cc-9120-429a717f6e11 None None] Lock "00000000-0000-0000-0000-000000000000" "released" by "nova.context.set_target_cell..get_or_set_cached_cell_and_set_connections" :: held 0.001s {{(pid=96213) inner /opt/stack/data/venv/lib/python3.12/site-packages/oslo_concurrency/lockutils.py:544}}
Aug 20 00:01:59.945783 np0000007832 devstack@n-api-meta.service[96213]: DEBUG oslo_concurrency.lockutils [None req-8778454b-9071-45cc-9120-429a717f6e11 None None] Acquiring lock "53229916-1c6e-4360-a681-ef4578d1fae2" by "nova.context.set_target_cell..get_or_set_cached_cell_and_set_connections" {{(pid=96213) inner /opt/stack/data/venv/lib/python3.12/site-packages/oslo_concurrency/lockutils.py:512}}
Aug 20 00:01:59.945783 np0000007832 devstack@n-api-meta.service[96213]: DEBUG oslo_concurrency.lockutils [None req-8778454b-9071-45cc-9120-429a717f6e11 None None] Lock "53229916-1c6e-4360-a681-ef4578d1fae2" acquired by "nova.context.set_target_cell..get_or_set_cached_cell_and_set_connections" :: waited 0.000s {{(pid=96213) inner /opt/stack/data/venv/lib/python3.12/site-packages/oslo_concurrency/lockutils.py:525}}
Aug 20 00:01:59.946553 np0000007832 devstack@n-api-meta.service[96213]: DEBUG oslo_concurrency.lockutils [None req-8778454b-9071-45cc-9120-429a717f6e11 None None] Lock "53229916-1c6e-4360-a681-ef4578d1fae2" "released" by "nova.context.set_target_cell..get_or_set_cached_cell_and_set_connections" :: held 0.001s {{(pid=96213) inner /opt/stack/data/venv/lib/python3.12/site-packages/oslo_concurrency/lockutils.py:544}}
Aug 20 00:01:59.948227 np0000007832 devstack@n-api-meta.service[96213]: INFO dbcounter [None req-8778454b-9071-45cc-9120-429a717f6e11 None None] Registered counter for database nova_cell0
Aug 20 00:01:59.952911 np0000007832 devstack@n-api-meta.service[96213]: INFO dbcounter [None req-8778454b-9071-45cc-9120-429a717f6e11 None None] Registered counter for database nova_cell1
Aug 20 00:01:59.953007 np0000007832 devstack@n-api-meta.service[96212]: DEBUG oslo_db.sqlalchemy.engines [None req-c4818194-8ed0-4969-b2d6-02888a2feee2 None None] MySQL server mode set to STRICT_TRANS_TABLES,STRICT_ALL_TABLES,NO_ZERO_IN_DATE,NO_ZERO_DATE,ERROR_FOR_DIVISION_BY_ZERO,TRADITIONAL,NO_ENGINE_SUBSTITUTION {{(pid=96212) _check_effective_sql_mode /opt/stack/data/venv/lib/python3.12/site-packages/oslo_db/sqlalchemy/engines.py:325}}
Aug 20 00:01:59.959105 np0000007832 devstack@n-api-meta.service[96211]: DEBUG dbcounter [-] [96211] Writer thread running {{(pid=96211) stat_writer /opt/stack/data/venv/lib/python3.12/site-packages/dbcounter.py:102}}
Aug 20 00:01:59.962214 np0000007832 devstack@n-api-meta.service[96211]: DEBUG nova.context [None req-9f75ca22-79eb-4ef0-840f-194869279c02 None None] Found 2 cells: 00000000-0000-0000-0000-000000000000(cell0),53229916-1c6e-4360-a681-ef4578d1fae2(cell1) {{(pid=96211) load_cells /opt/stack/nova/nova/context.py:509}}
Aug 20 00:01:59.962509 np0000007832 devstack@n-api-meta.service[96211]: INFO nova.utils [None req-9f75ca22-79eb-4ef0-840f-194869279c02 None None] The cell worker thread pool MainProcess.cell_worker is initialized
Aug 20 00:01:59.964787 np0000007832 devstack@n-api-meta.service[96211]: DEBUG oslo_concurrency.lockutils [None req-9f75ca22-79eb-4ef0-840f-194869279c02 None None] Acquiring lock "00000000-0000-0000-0000-000000000000" by "nova.context.set_target_cell..get_or_set_cached_cell_and_set_connections" {{(pid=96211) inner /opt/stack/data/venv/lib/python3.12/site-packages/oslo_concurrency/lockutils.py:512}}
Aug 20 00:01:59.965026 np0000007832 devstack@n-api-meta.service[96211]: DEBUG oslo_concurrency.lockutils [None req-9f75ca22-79eb-4ef0-840f-194869279c02 None None] Lock "00000000-0000-0000-0000-000000000000" acquired by "nova.context.set_target_cell..get_or_set_cached_cell_and_set_connections" :: waited 0.000s {{(pid=96211) inner /opt/stack/data/venv/lib/python3.12/site-packages/oslo_concurrency/lockutils.py:525}}
Aug 20 00:01:59.965533 np0000007832 devstack@n-api-meta.service[96211]: DEBUG oslo_concurrency.lockutils [None req-9f75ca22-79eb-4ef0-840f-194869279c02 None None] Lock "00000000-0000-0000-0000-000000000000" "released" by "nova.context.set_target_cell..get_or_set_cached_cell_and_set_connections" :: held 0.001s {{(pid=96211) inner /opt/stack/data/venv/lib/python3.12/site-packages/oslo_concurrency/lockutils.py:544}}
Aug 20 00:01:59.966555 np0000007832 devstack@n-api-meta.service[96211]: DEBUG oslo_concurrency.lockutils [None req-9f75ca22-79eb-4ef0-840f-194869279c02 None None] Acquiring lock "53229916-1c6e-4360-a681-ef4578d1fae2" by "nova.context.set_target_cell..get_or_set_cached_cell_and_set_connections" {{(pid=96211) inner /opt/stack/data/venv/lib/python3.12/site-packages/oslo_concurrency/lockutils.py:512}}
Aug 20 00:01:59.966752 np0000007832 devstack@n-api-meta.service[96211]: DEBUG oslo_concurrency.lockutils [None req-9f75ca22-79eb-4ef0-840f-194869279c02 None None] Lock "53229916-1c6e-4360-a681-ef4578d1fae2" acquired by "nova.context.set_target_cell..get_or_set_cached_cell_and_set_connections" :: waited 0.000s {{(pid=96211) inner /opt/stack/data/venv/lib/python3.12/site-packages/oslo_concurrency/lockutils.py:525}}
Aug 20 00:01:59.967932 np0000007832 devstack@n-api-meta.service[96211]: DEBUG oslo_concurrency.lockutils [None req-9f75ca22-79eb-4ef0-840f-194869279c02 None None] Lock "53229916-1c6e-4360-a681-ef4578d1fae2" "released" by "nova.context.set_target_cell..get_or_set_cached_cell_and_set_connections" :: held 0.001s {{(pid=96211) inner /opt/stack/data/venv/lib/python3.12/site-packages/oslo_concurrency/lockutils.py:544}}
Aug 20 00:01:59.970097 np0000007832 devstack@n-api-meta.service[96211]: INFO dbcounter [None req-9f75ca22-79eb-4ef0-840f-194869279c02 None None] Registered counter for database nova_cell0
Aug 20 00:01:59.973909 np0000007832 devstack@n-api-meta.service[96211]: INFO dbcounter [None req-9f75ca22-79eb-4ef0-840f-194869279c02 None None] Registered counter for database nova_cell1
Aug 20 00:01:59.984515 np0000007832 devstack@n-api-meta.service[96212]: DEBUG dbcounter [-] [96212] Writer thread running {{(pid=96212) stat_writer /opt/stack/data/venv/lib/python3.12/site-packages/dbcounter.py:102}}
Aug 20 00:01:59.987483 np0000007832 devstack@n-api-meta.service[96212]: DEBUG nova.context [None req-c4818194-8ed0-4969-b2d6-02888a2feee2 None None] Found 2 cells: 00000000-0000-0000-0000-000000000000(cell0),53229916-1c6e-4360-a681-ef4578d1fae2(cell1) {{(pid=96212) load_cells /opt/stack/nova/nova/context.py:509}}
Aug 20 00:01:59.987809 np0000007832 devstack@n-api-meta.service[96212]: INFO nova.utils [None req-c4818194-8ed0-4969-b2d6-02888a2feee2 None None] The cell worker thread pool MainProcess.cell_worker is initialized
Aug 20 00:01:59.990272 np0000007832 devstack@n-api-meta.service[96212]: DEBUG oslo_concurrency.lockutils [None req-c4818194-8ed0-4969-b2d6-02888a2feee2 None None] Acquiring lock "00000000-0000-0000-0000-000000000000" by "nova.context.set_target_cell..get_or_set_cached_cell_and_set_connections" {{(pid=96212) inner /opt/stack/data/venv/lib/python3.12/site-packages/oslo_concurrency/lockutils.py:512}}
Aug 20 00:01:59.990272 np0000007832 devstack@n-api-meta.service[96212]: DEBUG oslo_concurrency.lockutils [None req-c4818194-8ed0-4969-b2d6-02888a2feee2 None None] Lock "00000000-0000-0000-0000-000000000000" acquired by "nova.context.set_target_cell..get_or_set_cached_cell_and_set_connections" :: waited 0.000s {{(pid=96212) inner /opt/stack/data/venv/lib/python3.12/site-packages/oslo_concurrency/lockutils.py:525}}
Aug 20 00:01:59.990460 np0000007832 devstack@n-api-meta.service[96212]: DEBUG oslo_concurrency.lockutils [None req-c4818194-8ed0-4969-b2d6-02888a2feee2 None None] Lock "00000000-0000-0000-0000-000000000000" "released" by "nova.context.set_target_cell..get_or_set_cached_cell_and_set_connections" :: held 0.000s {{(pid=96212) inner /opt/stack/data/venv/lib/python3.12/site-packages/oslo_concurrency/lockutils.py:544}}
Aug 20 00:01:59.991156 np0000007832 devstack@n-api-meta.service[96212]: DEBUG oslo_concurrency.lockutils [None req-c4818194-8ed0-4969-b2d6-02888a2feee2 None None] Acquiring lock "53229916-1c6e-4360-a681-ef4578d1fae2" by "nova.context.set_target_cell..get_or_set_cached_cell_and_set_connections" {{(pid=96212) inner /opt/stack/data/venv/lib/python3.12/site-packages/oslo_concurrency/lockutils.py:512}}
Aug 20 00:01:59.991299 np0000007832 devstack@n-api-meta.service[96212]: DEBUG oslo_concurrency.lockutils [None req-c4818194-8ed0-4969-b2d6-02888a2feee2 None None] Lock "53229916-1c6e-4360-a681-ef4578d1fae2" acquired by "nova.context.set_target_cell..get_or_set_cached_cell_and_set_connections" :: waited 0.000s {{(pid=96212) inner /opt/stack/data/venv/lib/python3.12/site-packages/oslo_concurrency/lockutils.py:525}}
Aug 20 00:01:59.992166 np0000007832 devstack@n-api-meta.service[96212]: DEBUG oslo_concurrency.lockutils [None req-c4818194-8ed0-4969-b2d6-02888a2feee2 None None] Lock "53229916-1c6e-4360-a681-ef4578d1fae2" "released" by "nova.context.set_target_cell..get_or_set_cached_cell_and_set_connections" :: held 0.001s {{(pid=96212) inner /opt/stack/data/venv/lib/python3.12/site-packages/oslo_concurrency/lockutils.py:544}}
Aug 20 00:01:59.994980 np0000007832 devstack@n-api-meta.service[96212]: INFO dbcounter [None req-c4818194-8ed0-4969-b2d6-02888a2feee2 None None] Registered counter for database nova_cell0
Aug 20 00:01:59.998339 np0000007832 devstack@n-api-meta.service[96212]: INFO dbcounter [None req-c4818194-8ed0-4969-b2d6-02888a2feee2 None None] Registered counter for database nova_cell1
Aug 20 00:01:59.998571 np0000007832 devstack@n-api-meta.service[96213]: DEBUG oslo_db.sqlalchemy.engines [None req-8778454b-9071-45cc-9120-429a717f6e11 None None] MySQL server mode set to STRICT_TRANS_TABLES,STRICT_ALL_TABLES,NO_ZERO_IN_DATE,NO_ZERO_DATE,ERROR_FOR_DIVISION_BY_ZERO,TRADITIONAL,NO_ENGINE_SUBSTITUTION {{(pid=96213) _check_effective_sql_mode /opt/stack/data/venv/lib/python3.12/site-packages/oslo_db/sqlalchemy/engines.py:325}}
Aug 20 00:02:00.003532 np0000007832 devstack@n-api-meta.service[96213]: DEBUG oslo_db.sqlalchemy.engines [None req-8778454b-9071-45cc-9120-429a717f6e11 None None] MySQL server mode set to STRICT_TRANS_TABLES,STRICT_ALL_TABLES,NO_ZERO_IN_DATE,NO_ZERO_DATE,ERROR_FOR_DIVISION_BY_ZERO,TRADITIONAL,NO_ENGINE_SUBSTITUTION {{(pid=96213) _check_effective_sql_mode /opt/stack/data/venv/lib/python3.12/site-packages/oslo_db/sqlalchemy/engines.py:325}}
Aug 20 00:02:00.033996 np0000007832 devstack@n-api-meta.service[96210]: DEBUG dbcounter [-] [96210] Writer thread running {{(pid=96210) stat_writer /opt/stack/data/venv/lib/python3.12/site-packages/dbcounter.py:102}}
Aug 20 00:02:00.034910 np0000007832 devstack@n-api-meta.service[96210]: DEBUG oslo_db.sqlalchemy.engines [None req-92390722-e69d-4342-9534-b79a7ce25480 None None] MySQL server mode set to STRICT_TRANS_TABLES,STRICT_ALL_TABLES,NO_ZERO_IN_DATE,NO_ZERO_DATE,ERROR_FOR_DIVISION_BY_ZERO,TRADITIONAL,NO_ENGINE_SUBSTITUTION {{(pid=96210) _check_effective_sql_mode /opt/stack/data/venv/lib/python3.12/site-packages/oslo_db/sqlalchemy/engines.py:325}}
Aug 20 00:02:00.037185 np0000007832 devstack@n-api-meta.service[96211]: DEBUG oslo_db.sqlalchemy.engines [None req-9f75ca22-79eb-4ef0-840f-194869279c02 None None] MySQL server mode set to STRICT_TRANS_TABLES,STRICT_ALL_TABLES,NO_ZERO_IN_DATE,NO_ZERO_DATE,ERROR_FOR_DIVISION_BY_ZERO,TRADITIONAL,NO_ENGINE_SUBSTITUTION {{(pid=96211) _check_effective_sql_mode /opt/stack/data/venv/lib/python3.12/site-packages/oslo_db/sqlalchemy/engines.py:325}}
Aug 20 00:02:00.044040 np0000007832 devstack@n-api-meta.service[96210]: DEBUG dbcounter [-] [96210] Writer thread running {{(pid=96210) stat_writer /opt/stack/data/venv/lib/python3.12/site-packages/dbcounter.py:102}}
Aug 20 00:02:00.048541 np0000007832 devstack@n-api-meta.service[96210]: INFO dbcounter [None req-92390722-e69d-4342-9534-b79a7ce25480 None None] Registered counter for database nova_cell0
Aug 20 00:02:00.055164 np0000007832 devstack@n-api-meta.service[96212]: DEBUG oslo_db.sqlalchemy.engines [None req-c4818194-8ed0-4969-b2d6-02888a2feee2 None None] MySQL server mode set to STRICT_TRANS_TABLES,STRICT_ALL_TABLES,NO_ZERO_IN_DATE,NO_ZERO_DATE,ERROR_FOR_DIVISION_BY_ZERO,TRADITIONAL,NO_ENGINE_SUBSTITUTION {{(pid=96212) _check_effective_sql_mode /opt/stack/data/venv/lib/python3.12/site-packages/oslo_db/sqlalchemy/engines.py:325}}
Aug 20 00:02:00.070451 np0000007832 devstack@n-api-meta.service[96211]: DEBUG oslo_db.sqlalchemy.engines [None req-9f75ca22-79eb-4ef0-840f-194869279c02 None None] MySQL server mode set to STRICT_TRANS_TABLES,STRICT_ALL_TABLES,NO_ZERO_IN_DATE,NO_ZERO_DATE,ERROR_FOR_DIVISION_BY_ZERO,TRADITIONAL,NO_ENGINE_SUBSTITUTION {{(pid=96211) _check_effective_sql_mode /opt/stack/data/venv/lib/python3.12/site-packages/oslo_db/sqlalchemy/engines.py:325}}
Aug 20 00:02:00.072377 np0000007832 devstack@n-api-meta.service[96212]: DEBUG oslo_db.sqlalchemy.engines [None req-c4818194-8ed0-4969-b2d6-02888a2feee2 None None] MySQL server mode set to STRICT_TRANS_TABLES,STRICT_ALL_TABLES,NO_ZERO_IN_DATE,NO_ZERO_DATE,ERROR_FOR_DIVISION_BY_ZERO,TRADITIONAL,NO_ENGINE_SUBSTITUTION {{(pid=96212) _check_effective_sql_mode /opt/stack/data/venv/lib/python3.12/site-packages/oslo_db/sqlalchemy/engines.py:325}}
Aug 20 00:02:00.092197 np0000007832 devstack@n-api-meta.service[96210]: DEBUG oslo_db.sqlalchemy.engines [None req-92390722-e69d-4342-9534-b79a7ce25480 None None] MySQL server mode set to STRICT_TRANS_TABLES,STRICT_ALL_TABLES,NO_ZERO_IN_DATE,NO_ZERO_DATE,ERROR_FOR_DIVISION_BY_ZERO,TRADITIONAL,NO_ENGINE_SUBSTITUTION {{(pid=96210) _check_effective_sql_mode /opt/stack/data/venv/lib/python3.12/site-packages/oslo_db/sqlalchemy/engines.py:325}}
Aug 20 00:02:00.099542 np0000007832 devstack@n-api-meta.service[96213]: DEBUG dbcounter [-] [96213] Writer thread running {{(pid=96213) stat_writer /opt/stack/data/venv/lib/python3.12/site-packages/dbcounter.py:102}}
Aug 20 00:02:00.101356 np0000007832 devstack@n-api-meta.service[96210]: DEBUG dbcounter [-] [96210] Writer thread running {{(pid=96210) stat_writer /opt/stack/data/venv/lib/python3.12/site-packages/dbcounter.py:102}}
Aug 20 00:02:00.104459 np0000007832 devstack@n-api-meta.service[96213]: DEBUG dbcounter [-] [96213] Writer thread running {{(pid=96213) stat_writer /opt/stack/data/venv/lib/python3.12/site-packages/dbcounter.py:102}}
Aug 20 00:02:00.108805 np0000007832 devstack@n-api-meta.service[96213]: INFO dbcounter [None req-8778454b-9071-45cc-9120-429a717f6e11 None None] Registered counter for database nova_cell0
Aug 20 00:02:00.125349 np0000007832 devstack@n-api-meta.service[96211]: DEBUG dbcounter [-] [96211] Writer thread running {{(pid=96211) stat_writer /opt/stack/data/venv/lib/python3.12/site-packages/dbcounter.py:102}}
Aug 20 00:02:00.130650 np0000007832 devstack@n-api-meta.service[96211]: DEBUG dbcounter [-] [96211] Writer thread running {{(pid=96211) stat_writer /opt/stack/data/venv/lib/python3.12/site-packages/dbcounter.py:102}}
Aug 20 00:02:00.135172 np0000007832 devstack@n-api-meta.service[96211]: INFO dbcounter [None req-9f75ca22-79eb-4ef0-840f-194869279c02 None None] Registered counter for database nova_cell0
Aug 20 00:02:00.150854 np0000007832 devstack@n-api-meta.service[96210]: WARNING nova.api.metadata.handler [None req-92390722-e69d-4342-9534-b79a7ce25480 None None] metadata_proxy_shared_secret is not configured, the metadata information returned by the proxy cannot be trusted
Aug 20 00:02:00.153676 np0000007832 devstack@n-api-meta.service[96210]: DEBUG nova.api.openstack.wsgi_app [None req-92390722-e69d-4342-9534-b79a7ce25480 None None] ******************************************************************************** {{(pid=96210) log_opt_values /opt/stack/data/venv/lib/python3.12/site-packages/oslo_config/cfg.py:3533}}
Aug 20 00:02:00.153817 np0000007832 devstack@n-api-meta.service[96210]: DEBUG nova.api.openstack.wsgi_app [None req-92390722-e69d-4342-9534-b79a7ce25480 None None] Configuration options gathered from: {{(pid=96210) log_opt_values /opt/stack/data/venv/lib/python3.12/site-packages/oslo_config/cfg.py:3534}}
Aug 20 00:02:00.153985 np0000007832 devstack@n-api-meta.service[96210]: DEBUG nova.api.openstack.wsgi_app [None req-92390722-e69d-4342-9534-b79a7ce25480 None None] command line args: [] {{(pid=96210) log_opt_values /opt/stack/data/venv/lib/python3.12/site-packages/oslo_config/cfg.py:3535}}
Aug 20 00:02:00.154199 np0000007832 devstack@n-api-meta.service[96210]: DEBUG nova.api.openstack.wsgi_app [None req-92390722-e69d-4342-9534-b79a7ce25480 None None] config files: ['/etc/nova/api-paste.ini', '/etc/nova/nova.conf'] {{(pid=96210) log_opt_values /opt/stack/data/venv/lib/python3.12/site-packages/oslo_config/cfg.py:3536}}
Aug 20 00:02:00.154360 np0000007832 devstack@n-api-meta.service[96210]: DEBUG nova.api.openstack.wsgi_app [None req-92390722-e69d-4342-9534-b79a7ce25480 None None] ================================================================================ {{(pid=96210) log_opt_values /opt/stack/data/venv/lib/python3.12/site-packages/oslo_config/cfg.py:3541}}
Aug 20 00:02:00.154595 np0000007832 devstack@n-api-meta.service[96210]: DEBUG nova.api.openstack.wsgi_app [None req-92390722-e69d-4342-9534-b79a7ce25480 None None] allow_resize_to_same_host = True {{(pid=96210) log_opt_values /opt/stack/data/venv/lib/python3.12/site-packages/oslo_config/cfg.py:3549}}
Aug 20 00:02:00.154836 np0000007832 devstack@n-api-meta.service[96210]: DEBUG nova.api.openstack.wsgi_app [None req-92390722-e69d-4342-9534-b79a7ce25480 None None] arq_binding_timeout = 300 {{(pid=96210) log_opt_values /opt/stack/data/venv/lib/python3.12/site-packages/oslo_config/cfg.py:3549}}
Aug 20 00:02:00.155097 np0000007832 devstack@n-api-meta.service[96213]: DEBUG oslo_db.sqlalchemy.engines [None req-8778454b-9071-45cc-9120-429a717f6e11 None None] MySQL server mode set to STRICT_TRANS_TABLES,STRICT_ALL_TABLES,NO_ZERO_IN_DATE,NO_ZERO_DATE,ERROR_FOR_DIVISION_BY_ZERO,TRADITIONAL,NO_ENGINE_SUBSTITUTION {{(pid=96213) _check_effective_sql_mode /opt/stack/data/venv/lib/python3.12/site-packages/oslo_db/sqlalchemy/engines.py:325}}
Aug 20 00:02:00.155531 np0000007832 devstack@n-api-meta.service[96210]: DEBUG nova.api.openstack.wsgi_app [None req-92390722-e69d-4342-9534-b79a7ce25480 None None] block_device_allocate_retries = 60 {{(pid=96210) log_opt_values /opt/stack/data/venv/lib/python3.12/site-packages/oslo_config/cfg.py:3549}}
Aug 20 00:02:00.155531 np0000007832 devstack@n-api-meta.service[96210]: DEBUG nova.api.openstack.wsgi_app [None req-92390722-e69d-4342-9534-b79a7ce25480 None None] block_device_allocate_retries_interval = 3 {{(pid=96210) log_opt_values /opt/stack/data/venv/lib/python3.12/site-packages/oslo_config/cfg.py:3549}}
Aug 20 00:02:00.155531 np0000007832 devstack@n-api-meta.service[96210]: DEBUG nova.api.openstack.wsgi_app [None req-92390722-e69d-4342-9534-b79a7ce25480 None None] cell_worker_thread_pool_size = 5 {{(pid=96210) log_opt_values /opt/stack/data/venv/lib/python3.12/site-packages/oslo_config/cfg.py:3549}}
Aug 20 00:02:00.155760 np0000007832 devstack@n-api-meta.service[96210]: DEBUG nova.api.openstack.wsgi_app [None req-92390722-e69d-4342-9534-b79a7ce25480 None None] cert = self.pem {{(pid=96210) log_opt_values /opt/stack/data/venv/lib/python3.12/site-packages/oslo_config/cfg.py:3549}}
Aug 20 00:02:00.156040 np0000007832 devstack@n-api-meta.service[96210]: DEBUG nova.api.openstack.wsgi_app [None req-92390722-e69d-4342-9534-b79a7ce25480 None None] compute_driver = libvirt.LibvirtDriver {{(pid=96210) log_opt_values /opt/stack/data/venv/lib/python3.12/site-packages/oslo_config/cfg.py:3549}}
Aug 20 00:02:00.156143 np0000007832 devstack@n-api-meta.service[96210]: DEBUG nova.api.openstack.wsgi_app [None req-92390722-e69d-4342-9534-b79a7ce25480 None None] compute_monitors = [] {{(pid=96210) log_opt_values /opt/stack/data/venv/lib/python3.12/site-packages/oslo_config/cfg.py:3549}}
Aug 20 00:02:00.156350 np0000007832 devstack@n-api-meta.service[96210]: DEBUG nova.api.openstack.wsgi_app [None req-92390722-e69d-4342-9534-b79a7ce25480 None None] concurrency_backend = auto {{(pid=96210) log_opt_values /opt/stack/data/venv/lib/python3.12/site-packages/oslo_config/cfg.py:3549}}
Aug 20 00:02:00.156516 np0000007832 devstack@n-api-meta.service[96210]: DEBUG nova.api.openstack.wsgi_app [None req-92390722-e69d-4342-9534-b79a7ce25480 None None] config_dir = [] {{(pid=96210) log_opt_values /opt/stack/data/venv/lib/python3.12/site-packages/oslo_config/cfg.py:3549}}
Aug 20 00:02:00.156693 np0000007832 devstack@n-api-meta.service[96210]: DEBUG nova.api.openstack.wsgi_app [None req-92390722-e69d-4342-9534-b79a7ce25480 None None] config_drive_format = iso9660 {{(pid=96210) log_opt_values /opt/stack/data/venv/lib/python3.12/site-packages/oslo_config/cfg.py:3549}}
Aug 20 00:02:00.156833 np0000007832 devstack@n-api-meta.service[96210]: DEBUG nova.api.openstack.wsgi_app [None req-92390722-e69d-4342-9534-b79a7ce25480 None None] config_file = ['/etc/nova/api-paste.ini', '/etc/nova/nova.conf'] {{(pid=96210) log_opt_values /opt/stack/data/venv/lib/python3.12/site-packages/oslo_config/cfg.py:3549}}
Aug 20 00:02:00.157030 np0000007832 devstack@n-api-meta.service[96210]: DEBUG nova.api.openstack.wsgi_app [None req-92390722-e69d-4342-9534-b79a7ce25480 None None] config_source = [] {{(pid=96210) log_opt_values /opt/stack/data/venv/lib/python3.12/site-packages/oslo_config/cfg.py:3549}}
Aug 20 00:02:00.157197 np0000007832 devstack@n-api-meta.service[96210]: DEBUG nova.api.openstack.wsgi_app [None req-92390722-e69d-4342-9534-b79a7ce25480 None None] console_host = np0000007832 {{(pid=96210) log_opt_values /opt/stack/data/venv/lib/python3.12/site-packages/oslo_config/cfg.py:3549}}
Aug 20 00:02:00.157396 np0000007832 devstack@n-api-meta.service[96210]: DEBUG nova.api.openstack.wsgi_app [None req-92390722-e69d-4342-9534-b79a7ce25480 None None] control_exchange = nova {{(pid=96210) log_opt_values /opt/stack/data/venv/lib/python3.12/site-packages/oslo_config/cfg.py:3549}}
Aug 20 00:02:00.157576 np0000007832 devstack@n-api-meta.service[96210]: DEBUG nova.api.openstack.wsgi_app [None req-92390722-e69d-4342-9534-b79a7ce25480 None None] cpu_allocation_ratio = None {{(pid=96210) log_opt_values /opt/stack/data/venv/lib/python3.12/site-packages/oslo_config/cfg.py:3549}}
Aug 20 00:02:00.157739 np0000007832 devstack@n-api-meta.service[96210]: DEBUG nova.api.openstack.wsgi_app [None req-92390722-e69d-4342-9534-b79a7ce25480 None None] daemon = False {{(pid=96210) log_opt_values /opt/stack/data/venv/lib/python3.12/site-packages/oslo_config/cfg.py:3549}}
Aug 20 00:02:00.157958 np0000007832 devstack@n-api-meta.service[96210]: DEBUG nova.api.openstack.wsgi_app [None req-92390722-e69d-4342-9534-b79a7ce25480 None None] debug = True {{(pid=96210) log_opt_values /opt/stack/data/venv/lib/python3.12/site-packages/oslo_config/cfg.py:3549}}
Aug 20 00:02:00.158182 np0000007832 devstack@n-api-meta.service[96210]: DEBUG nova.api.openstack.wsgi_app [None req-92390722-e69d-4342-9534-b79a7ce25480 None None] default_access_ip_network_name = None {{(pid=96210) log_opt_values /opt/stack/data/venv/lib/python3.12/site-packages/oslo_config/cfg.py:3549}}
Aug 20 00:02:00.158352 np0000007832 devstack@n-api-meta.service[96210]: DEBUG nova.api.openstack.wsgi_app [None req-92390722-e69d-4342-9534-b79a7ce25480 None None] default_availability_zone = nova {{(pid=96210) log_opt_values /opt/stack/data/venv/lib/python3.12/site-packages/oslo_config/cfg.py:3549}}
Aug 20 00:02:00.158529 np0000007832 devstack@n-api-meta.service[96210]: DEBUG nova.api.openstack.wsgi_app [None req-92390722-e69d-4342-9534-b79a7ce25480 None None] default_ephemeral_format = ext4 {{(pid=96210) log_opt_values /opt/stack/data/venv/lib/python3.12/site-packages/oslo_config/cfg.py:3549}}
Aug 20 00:02:00.158694 np0000007832 devstack@n-api-meta.service[96210]: DEBUG nova.api.openstack.wsgi_app [None req-92390722-e69d-4342-9534-b79a7ce25480 None None] default_green_pool_size = 1000 {{(pid=96210) log_opt_values /opt/stack/data/venv/lib/python3.12/site-packages/oslo_config/cfg.py:3549}}
Aug 20 00:02:00.159023 np0000007832 devstack@n-api-meta.service[96210]: DEBUG nova.api.openstack.wsgi_app [None req-92390722-e69d-4342-9534-b79a7ce25480 None None] default_log_levels = ['amqp=WARN', 'boto=WARN', 'sqlalchemy=WARN', 'suds=INFO', 'oslo.messaging=INFO', 'oslo_messaging=INFO', 'iso8601=WARN', 'requests.packages.urllib3.connectionpool=WARN', 'urllib3.connectionpool=WARN', 'websocket=WARN', 'requests.packages.urllib3.util.retry=WARN', 'urllib3.util.retry=WARN', 'keystonemiddleware=WARN', 'routes.middleware=WARN', 'stevedore=WARN', 'taskflow=WARN', 'keystoneauth=WARN', 'oslo.cache=INFO', 'oslo_policy=INFO', 'dogpile.core.dogpile=INFO', 'glanceclient=WARN', 'oslo.privsep.daemon=INFO'] {{(pid=96210) log_opt_values /opt/stack/data/venv/lib/python3.12/site-packages/oslo_config/cfg.py:3549}}
Aug 20 00:02:00.159774 np0000007832 devstack@n-api-meta.service[96210]: DEBUG nova.api.openstack.wsgi_app [None req-92390722-e69d-4342-9534-b79a7ce25480 None None] default_schedule_zone = None {{(pid=96210) log_opt_values /opt/stack/data/venv/lib/python3.12/site-packages/oslo_config/cfg.py:3549}}
Aug 20 00:02:00.159774 np0000007832 devstack@n-api-meta.service[96210]: DEBUG nova.api.openstack.wsgi_app [None req-92390722-e69d-4342-9534-b79a7ce25480 None None] default_thread_pool_size = 10 {{(pid=96210) log_opt_values /opt/stack/data/venv/lib/python3.12/site-packages/oslo_config/cfg.py:3549}}
Aug 20 00:02:00.159774 np0000007832 devstack@n-api-meta.service[96210]: DEBUG nova.api.openstack.wsgi_app [None req-92390722-e69d-4342-9534-b79a7ce25480 None None] disk_allocation_ratio = None {{(pid=96210) log_opt_values /opt/stack/data/venv/lib/python3.12/site-packages/oslo_config/cfg.py:3549}}
Aug 20 00:02:00.159774 np0000007832 devstack@n-api-meta.service[96210]: DEBUG nova.api.openstack.wsgi_app [None req-92390722-e69d-4342-9534-b79a7ce25480 None None] enable_new_services = True {{(pid=96210) log_opt_values /opt/stack/data/venv/lib/python3.12/site-packages/oslo_config/cfg.py:3549}}
Aug 20 00:02:00.160119 np0000007832 devstack@n-api-meta.service[96212]: DEBUG dbcounter [-] [96212] Writer thread running {{(pid=96212) stat_writer /opt/stack/data/venv/lib/python3.12/site-packages/dbcounter.py:102}}
Aug 20 00:02:00.160223 np0000007832 devstack@n-api-meta.service[96210]: DEBUG nova.api.openstack.wsgi_app [None req-92390722-e69d-4342-9534-b79a7ce25480 None None] flat_injected = False {{(pid=96210) log_opt_values /opt/stack/data/venv/lib/python3.12/site-packages/oslo_config/cfg.py:3549}}
Aug 20 00:02:00.160223 np0000007832 devstack@n-api-meta.service[96210]: DEBUG nova.api.openstack.wsgi_app [None req-92390722-e69d-4342-9534-b79a7ce25480 None None] force_config_drive = True {{(pid=96210) log_opt_values /opt/stack/data/venv/lib/python3.12/site-packages/oslo_config/cfg.py:3549}}
Aug 20 00:02:00.160223 np0000007832 devstack@n-api-meta.service[96210]: DEBUG nova.api.openstack.wsgi_app [None req-92390722-e69d-4342-9534-b79a7ce25480 None None] force_raw_images = True {{(pid=96210) log_opt_values /opt/stack/data/venv/lib/python3.12/site-packages/oslo_config/cfg.py:3549}}
Aug 20 00:02:00.160507 np0000007832 devstack@n-api-meta.service[96210]: DEBUG nova.api.openstack.wsgi_app [None req-92390722-e69d-4342-9534-b79a7ce25480 None None] graceful_shutdown_timeout = 5 {{(pid=96210) log_opt_values /opt/stack/data/venv/lib/python3.12/site-packages/oslo_config/cfg.py:3549}}
Aug 20 00:02:00.160507 np0000007832 devstack@n-api-meta.service[96210]: DEBUG nova.api.openstack.wsgi_app [None req-92390722-e69d-4342-9534-b79a7ce25480 None None] heal_instance_info_cache_interval = -1 {{(pid=96210) log_opt_values /opt/stack/data/venv/lib/python3.12/site-packages/oslo_config/cfg.py:3549}}
Aug 20 00:02:00.160748 np0000007832 devstack@n-api-meta.service[96210]: DEBUG nova.api.openstack.wsgi_app [None req-92390722-e69d-4342-9534-b79a7ce25480 None None] host = np0000007832 {{(pid=96210) log_opt_values /opt/stack/data/venv/lib/python3.12/site-packages/oslo_config/cfg.py:3549}}
Aug 20 00:02:00.160955 np0000007832 devstack@n-api-meta.service[96210]: DEBUG nova.api.openstack.wsgi_app [None req-92390722-e69d-4342-9534-b79a7ce25480 None None] initial_cpu_allocation_ratio = 4.0 {{(pid=96210) log_opt_values /opt/stack/data/venv/lib/python3.12/site-packages/oslo_config/cfg.py:3549}}
Aug 20 00:02:00.161214 np0000007832 devstack@n-api-meta.service[96210]: DEBUG nova.api.openstack.wsgi_app [None req-92390722-e69d-4342-9534-b79a7ce25480 None None] initial_disk_allocation_ratio = 1.0 {{(pid=96210) log_opt_values /opt/stack/data/venv/lib/python3.12/site-packages/oslo_config/cfg.py:3549}}
Aug 20 00:02:00.161392 np0000007832 devstack@n-api-meta.service[96210]: DEBUG nova.api.openstack.wsgi_app [None req-92390722-e69d-4342-9534-b79a7ce25480 None None] initial_ram_allocation_ratio = 1.0 {{(pid=96210) log_opt_values /opt/stack/data/venv/lib/python3.12/site-packages/oslo_config/cfg.py:3549}}
Aug 20 00:02:00.161522 np0000007832 devstack@n-api-meta.service[96210]: DEBUG nova.api.openstack.wsgi_app [None req-92390722-e69d-4342-9534-b79a7ce25480 None None] injected_network_template = /opt/stack/nova/nova/virt/interfaces.template {{(pid=96210) log_opt_values /opt/stack/data/venv/lib/python3.12/site-packages/oslo_config/cfg.py:3549}}
Aug 20 00:02:00.161756 np0000007832 devstack@n-api-meta.service[96210]: DEBUG nova.api.openstack.wsgi_app [None req-92390722-e69d-4342-9534-b79a7ce25480 None None] instance_build_timeout = 0 {{(pid=96210) log_opt_values /opt/stack/data/venv/lib/python3.12/site-packages/oslo_config/cfg.py:3549}}
Aug 20 00:02:00.161828 np0000007832 devstack@n-api-meta.service[96210]: DEBUG nova.api.openstack.wsgi_app [None req-92390722-e69d-4342-9534-b79a7ce25480 None None] instance_delete_interval = 300 {{(pid=96210) log_opt_values /opt/stack/data/venv/lib/python3.12/site-packages/oslo_config/cfg.py:3549}}
Aug 20 00:02:00.162002 np0000007832 devstack@n-api-meta.service[96210]: DEBUG nova.api.openstack.wsgi_app [None req-92390722-e69d-4342-9534-b79a7ce25480 None None] instance_format = [instance: %(uuid)s] {{(pid=96210) log_opt_values /opt/stack/data/venv/lib/python3.12/site-packages/oslo_config/cfg.py:3549}}
Aug 20 00:02:00.162154 np0000007832 devstack@n-api-meta.service[96210]: DEBUG nova.api.openstack.wsgi_app [None req-92390722-e69d-4342-9534-b79a7ce25480 None None] instance_name_template = instance-%08x {{(pid=96210) log_opt_values /opt/stack/data/venv/lib/python3.12/site-packages/oslo_config/cfg.py:3549}}
Aug 20 00:02:00.162375 np0000007832 devstack@n-api-meta.service[96210]: DEBUG nova.api.openstack.wsgi_app [None req-92390722-e69d-4342-9534-b79a7ce25480 None None] instance_usage_audit = False {{(pid=96210) log_opt_values /opt/stack/data/venv/lib/python3.12/site-packages/oslo_config/cfg.py:3549}}
Aug 20 00:02:00.162375 np0000007832 devstack@n-api-meta.service[96210]: DEBUG nova.api.openstack.wsgi_app [None req-92390722-e69d-4342-9534-b79a7ce25480 None None] instance_usage_audit_period = month {{(pid=96210) log_opt_values /opt/stack/data/venv/lib/python3.12/site-packages/oslo_config/cfg.py:3549}}
Aug 20 00:02:00.163038 np0000007832 devstack@n-api-meta.service[96210]: DEBUG nova.api.openstack.wsgi_app [None req-92390722-e69d-4342-9534-b79a7ce25480 None None] instance_uuid_format = [instance: %(uuid)s] {{(pid=96210) log_opt_values /opt/stack/data/venv/lib/python3.12/site-packages/oslo_config/cfg.py:3549}}
Aug 20 00:02:00.163038 np0000007832 devstack@n-api-meta.service[96210]: DEBUG nova.api.openstack.wsgi_app [None req-92390722-e69d-4342-9534-b79a7ce25480 None None] instances_path = /opt/stack/data/nova/instances {{(pid=96210) log_opt_values /opt/stack/data/venv/lib/python3.12/site-packages/oslo_config/cfg.py:3549}}
Aug 20 00:02:00.163271 np0000007832 devstack@n-api-meta.service[96210]: DEBUG nova.api.openstack.wsgi_app [None req-92390722-e69d-4342-9534-b79a7ce25480 None None] internal_service_availability_zone = internal {{(pid=96210) log_opt_values /opt/stack/data/venv/lib/python3.12/site-packages/oslo_config/cfg.py:3549}}
Aug 20 00:02:00.163475 np0000007832 devstack@n-api-meta.service[96210]: DEBUG nova.api.openstack.wsgi_app [None req-92390722-e69d-4342-9534-b79a7ce25480 None None] key = None {{(pid=96210) log_opt_values /opt/stack/data/venv/lib/python3.12/site-packages/oslo_config/cfg.py:3549}}
Aug 20 00:02:00.163667 np0000007832 devstack@n-api-meta.service[96210]: DEBUG nova.api.openstack.wsgi_app [None req-92390722-e69d-4342-9534-b79a7ce25480 None None] live_migration_retry_count = 30 {{(pid=96210) log_opt_values /opt/stack/data/venv/lib/python3.12/site-packages/oslo_config/cfg.py:3549}}
Aug 20 00:02:00.163903 np0000007832 devstack@n-api-meta.service[96213]: DEBUG dbcounter [-] [96213] Writer thread running {{(pid=96213) stat_writer /opt/stack/data/venv/lib/python3.12/site-packages/dbcounter.py:102}}
Aug 20 00:02:00.164015 np0000007832 devstack@n-api-meta.service[96210]: DEBUG nova.api.openstack.wsgi_app [None req-92390722-e69d-4342-9534-b79a7ce25480 None None] log_color = False {{(pid=96210) log_opt_values /opt/stack/data/venv/lib/python3.12/site-packages/oslo_config/cfg.py:3549}}
Aug 20 00:02:00.164628 np0000007832 devstack@n-api-meta.service[96210]: DEBUG nova.api.openstack.wsgi_app [None req-92390722-e69d-4342-9534-b79a7ce25480 None None] log_config_append = None {{(pid=96210) log_opt_values /opt/stack/data/venv/lib/python3.12/site-packages/oslo_config/cfg.py:3549}}
Aug 20 00:02:00.164628 np0000007832 devstack@n-api-meta.service[96210]: DEBUG nova.api.openstack.wsgi_app [None req-92390722-e69d-4342-9534-b79a7ce25480 None None] log_date_format = %Y-%m-%d %H:%M:%S {{(pid=96210) log_opt_values /opt/stack/data/venv/lib/python3.12/site-packages/oslo_config/cfg.py:3549}}
Aug 20 00:02:00.164628 np0000007832 devstack@n-api-meta.service[96210]: DEBUG nova.api.openstack.wsgi_app [None req-92390722-e69d-4342-9534-b79a7ce25480 None None] log_dir = None {{(pid=96210) log_opt_values /opt/stack/data/venv/lib/python3.12/site-packages/oslo_config/cfg.py:3549}}
Aug 20 00:02:00.164628 np0000007832 devstack@n-api-meta.service[96210]: DEBUG nova.api.openstack.wsgi_app [None req-92390722-e69d-4342-9534-b79a7ce25480 None None] log_file = None {{(pid=96210) log_opt_values /opt/stack/data/venv/lib/python3.12/site-packages/oslo_config/cfg.py:3549}}
Aug 20 00:02:00.164788 np0000007832 devstack@n-api-meta.service[96210]: DEBUG nova.api.openstack.wsgi_app [None req-92390722-e69d-4342-9534-b79a7ce25480 None None] log_options = True {{(pid=96210) log_opt_values /opt/stack/data/venv/lib/python3.12/site-packages/oslo_config/cfg.py:3549}}
Aug 20 00:02:00.165575 np0000007832 devstack@n-api-meta.service[96210]: DEBUG nova.api.openstack.wsgi_app [None req-92390722-e69d-4342-9534-b79a7ce25480 None None] log_rotate_interval = 1 {{(pid=96210) log_opt_values /opt/stack/data/venv/lib/python3.12/site-packages/oslo_config/cfg.py:3549}}
Aug 20 00:02:00.165625 np0000007832 devstack@n-api-meta.service[96212]: DEBUG dbcounter [-] [96212] Writer thread running {{(pid=96212) stat_writer /opt/stack/data/venv/lib/python3.12/site-packages/dbcounter.py:102}}
Aug 20 00:02:00.165825 np0000007832 devstack@n-api-meta.service[96210]: DEBUG nova.api.openstack.wsgi_app [None req-92390722-e69d-4342-9534-b79a7ce25480 None None] log_rotate_interval_type = days {{(pid=96210) log_opt_values /opt/stack/data/venv/lib/python3.12/site-packages/oslo_config/cfg.py:3549}}
Aug 20 00:02:00.166069 np0000007832 devstack@n-api-meta.service[96210]: DEBUG nova.api.openstack.wsgi_app [None req-92390722-e69d-4342-9534-b79a7ce25480 None None] log_rotation_type = none {{(pid=96210) log_opt_values /opt/stack/data/venv/lib/python3.12/site-packages/oslo_config/cfg.py:3549}}
Aug 20 00:02:00.166310 np0000007832 devstack@n-api-meta.service[96210]: DEBUG nova.api.openstack.wsgi_app [None req-92390722-e69d-4342-9534-b79a7ce25480 None None] logging_context_format_string = %(color)s%(levelname)s %(name)s [%(global_request_id)s %(request_id)s %(project_name)s %(user_name)s%(color)s] %(instance)s%(color)s%(message)s {{(pid=96210) log_opt_values /opt/stack/data/venv/lib/python3.12/site-packages/oslo_config/cfg.py:3549}}
Aug 20 00:02:00.166497 np0000007832 devstack@n-api-meta.service[96210]: DEBUG nova.api.openstack.wsgi_app [None req-92390722-e69d-4342-9534-b79a7ce25480 None None] logging_debug_format_suffix = {{(pid=%(process)d) %(funcName)s %(pathname)s:%(lineno)d}} {{(pid=96210) log_opt_values /opt/stack/data/venv/lib/python3.12/site-packages/oslo_config/cfg.py:3549}}
Aug 20 00:02:00.166703 np0000007832 devstack@n-api-meta.service[96210]: DEBUG nova.api.openstack.wsgi_app [None req-92390722-e69d-4342-9534-b79a7ce25480 None None] logging_default_format_string = %(color)s%(levelname)s %(name)s [-%(color)s] %(instance)s%(color)s%(message)s {{(pid=96210) log_opt_values /opt/stack/data/venv/lib/python3.12/site-packages/oslo_config/cfg.py:3549}}
Aug 20 00:02:00.166900 np0000007832 devstack@n-api-meta.service[96210]: DEBUG nova.api.openstack.wsgi_app [None req-92390722-e69d-4342-9534-b79a7ce25480 None None] logging_exception_prefix = ERROR %(name)s %(instance)s {{(pid=96210) log_opt_values /opt/stack/data/venv/lib/python3.12/site-packages/oslo_config/cfg.py:3549}}
Aug 20 00:02:00.167058 np0000007832 devstack@n-api-meta.service[96210]: DEBUG nova.api.openstack.wsgi_app [None req-92390722-e69d-4342-9534-b79a7ce25480 None None] logging_user_identity_format = %(user)s %(project)s %(domain)s %(system_scope)s %(user_domain)s %(project_domain)s {{(pid=96210) log_opt_values /opt/stack/data/venv/lib/python3.12/site-packages/oslo_config/cfg.py:3549}}
