Jul 21 20:36:22.133225 np0000005597 devstack@g-api.service[99722]: DEBUG glance.api.middleware.version_negotiation [None req-1787cde3-6eef-4a8a-8ef2-7998a4c63c7e tempest-VolumesCloneTest-900363016 tempest-VolumesCloneTest-900363016-project-member] Determining version of request: GET /v2/images/d72df0cf-2618-423c-8d9e-a18026bdc058/locations Accept: */* {{(pid=99722) process_request /opt/stack/glance/glance/api/middleware/version_negotiation.py:44}}
Jul 21 20:36:22.133552 np0000005597 devstack@g-api.service[99722]: DEBUG glance.api.middleware.version_negotiation [None req-1787cde3-6eef-4a8a-8ef2-7998a4c63c7e tempest-VolumesCloneTest-900363016 tempest-VolumesCloneTest-900363016-project-member] Using url versioning {{(pid=99722) process_request /opt/stack/glance/glance/api/middleware/version_negotiation.py:57}}
Jul 21 20:36:22.133552 np0000005597 devstack@g-api.service[99722]: DEBUG glance.api.middleware.version_negotiation [None req-1787cde3-6eef-4a8a-8ef2-7998a4c63c7e tempest-VolumesCloneTest-900363016 tempest-VolumesCloneTest-900363016-project-member] Matched version: v2 {{(pid=99722) process_request /opt/stack/glance/glance/api/middleware/version_negotiation.py:69}}
Jul 21 20:36:22.133841 np0000005597 devstack@g-api.service[99722]: DEBUG glance.api.middleware.version_negotiation [None req-1787cde3-6eef-4a8a-8ef2-7998a4c63c7e tempest-VolumesCloneTest-900363016 tempest-VolumesCloneTest-900363016-project-member] new path /v2/images/d72df0cf-2618-423c-8d9e-a18026bdc058/locations {{(pid=99722) process_request /opt/stack/glance/glance/api/middleware/version_negotiation.py:70}}
Jul 21 20:36:22.207977 np0000005597 devstack@g-api.service[99720]: DEBUG glance.api.middleware.version_negotiation [None req-d1205254-d1ef-49c7-9142-c070fbdc0fb7 tempest-ServerBootFromVolumeStableRescueTest-370006187 tempest-ServerBootFromVolumeStableRescueTest-370006187-project-member] Determining version of request: GET /v2/images/e5446527-927e-497d-95bb-ab910f1dcbfc Accept: application/json {{(pid=99720) process_request /opt/stack/glance/glance/api/middleware/version_negotiation.py:44}}
Jul 21 20:36:22.208242 np0000005597 devstack@g-api.service[99720]: DEBUG glance.api.middleware.version_negotiation [None req-d1205254-d1ef-49c7-9142-c070fbdc0fb7 tempest-ServerBootFromVolumeStableRescueTest-370006187 tempest-ServerBootFromVolumeStableRescueTest-370006187-project-member] Using url versioning {{(pid=99720) process_request /opt/stack/glance/glance/api/middleware/version_negotiation.py:57}}
Jul 21 20:36:22.208303 np0000005597 devstack@g-api.service[99720]: DEBUG glance.api.middleware.version_negotiation [None req-d1205254-d1ef-49c7-9142-c070fbdc0fb7 tempest-ServerBootFromVolumeStableRescueTest-370006187 tempest-ServerBootFromVolumeStableRescueTest-370006187-project-member] Matched version: v2 {{(pid=99720) process_request /opt/stack/glance/glance/api/middleware/version_negotiation.py:69}}
Jul 21 20:36:22.208413 np0000005597 devstack@g-api.service[99720]: DEBUG glance.api.middleware.version_negotiation [None req-d1205254-d1ef-49c7-9142-c070fbdc0fb7 tempest-ServerBootFromVolumeStableRescueTest-370006187 tempest-ServerBootFromVolumeStableRescueTest-370006187-project-member] new path /v2/images/e5446527-927e-497d-95bb-ab910f1dcbfc {{(pid=99720) process_request /opt/stack/glance/glance/api/middleware/version_negotiation.py:70}}
Jul 21 20:36:22.249629 np0000005597 devstack@g-api.service[99720]: [pid: 99720|app: 0|req: 32/91] 127.0.0.1 () {40 vars in 838 bytes} [Tue Jul 21 20:36:22 2026] GET /v2/images/e5446527-927e-497d-95bb-ab910f1dcbfc => generated 1468 bytes in 42 msecs (HTTP/1.1 200) 4 headers in 158 bytes (1 switches on core 0)
Jul 21 20:36:22.332462 np0000005597 devstack@g-api.service[99722]: [pid: 99722|app: 0|req: 30/92] 127.0.0.1 () {44 vars in 1135 bytes} [Tue Jul 21 20:36:22 2026] GET /v2/images/d72df0cf-2618-423c-8d9e-a18026bdc058/locations => generated 92 bytes in 199 msecs (HTTP/1.1 200) 4 headers in 156 bytes (1 switches on core 0)
Jul 21 20:36:22.357924 np0000005597 devstack@g-api.service[99720]: DEBUG glance.api.middleware.version_negotiation [None req-e3cb6fc1-90d1-483b-82ab-26265d346a72 tempest-ServerBootFromVolumeStableRescueTest-370006187 tempest-ServerBootFromVolumeStableRescueTest-370006187-project-member] Determining version of request: GET /v2/images/d72df0cf-2618-423c-8d9e-a18026bdc058 Accept: */* {{(pid=99720) process_request /opt/stack/glance/glance/api/middleware/version_negotiation.py:44}}
Jul 21 20:36:22.358604 np0000005597 devstack@g-api.service[99720]: DEBUG glance.api.middleware.version_negotiation [None req-e3cb6fc1-90d1-483b-82ab-26265d346a72 tempest-ServerBootFromVolumeStableRescueTest-370006187 tempest-ServerBootFromVolumeStableRescueTest-370006187-project-member] Using url versioning {{(pid=99720) process_request /opt/stack/glance/glance/api/middleware/version_negotiation.py:57}}
Jul 21 20:36:22.358604 np0000005597 devstack@g-api.service[99720]: DEBUG glance.api.middleware.version_negotiation [None req-e3cb6fc1-90d1-483b-82ab-26265d346a72 tempest-ServerBootFromVolumeStableRescueTest-370006187 tempest-ServerBootFromVolumeStableRescueTest-370006187-project-member] Matched version: v2 {{(pid=99720) process_request /opt/stack/glance/glance/api/middleware/version_negotiation.py:69}}
Jul 21 20:36:22.358604 np0000005597 devstack@g-api.service[99720]: DEBUG glance.api.middleware.version_negotiation [None req-e3cb6fc1-90d1-483b-82ab-26265d346a72 tempest-ServerBootFromVolumeStableRescueTest-370006187 tempest-ServerBootFromVolumeStableRescueTest-370006187-project-member] new path /v2/images/d72df0cf-2618-423c-8d9e-a18026bdc058 {{(pid=99720) process_request /opt/stack/glance/glance/api/middleware/version_negotiation.py:70}}
Jul 21 20:36:22.371391 np0000005597 devstack@g-api.service[99720]: [pid: 99720|app: 0|req: 33/93] 127.0.0.1 () {44 vars in 1115 bytes} [Tue Jul 21 20:36:22 2026] GET /v2/images/d72df0cf-2618-423c-8d9e-a18026bdc058 => generated 1044 bytes in 14 msecs (HTTP/1.1 200) 4 headers in 158 bytes (1 switches on core 0)
Jul 21 20:36:22.384712 np0000005597 devstack@g-api.service[99722]: DEBUG glance.api.middleware.version_negotiation [None req-1787cde3-6eef-4a8a-8ef2-7998a4c63c7e service glance] Determining version of request: GET /v2/schemas/image Accept: */* {{(pid=99722) process_request /opt/stack/glance/glance/api/middleware/version_negotiation.py:44}}
Jul 21 20:36:22.384969 np0000005597 devstack@g-api.service[99722]: DEBUG glance.api.middleware.version_negotiation [None req-1787cde3-6eef-4a8a-8ef2-7998a4c63c7e service glance] Using url versioning {{(pid=99722) process_request /opt/stack/glance/glance/api/middleware/version_negotiation.py:57}}
Jul 21 20:36:22.385498 np0000005597 devstack@g-api.service[99722]: DEBUG glance.api.middleware.version_negotiation [None req-1787cde3-6eef-4a8a-8ef2-7998a4c63c7e service glance] Matched version: v2 {{(pid=99722) process_request /opt/stack/glance/glance/api/middleware/version_negotiation.py:69}}
Jul 21 20:36:22.385498 np0000005597 devstack@g-api.service[99722]: DEBUG glance.api.middleware.version_negotiation [None req-1787cde3-6eef-4a8a-8ef2-7998a4c63c7e service glance] new path /v2/schemas/image {{(pid=99722) process_request /opt/stack/glance/glance/api/middleware/version_negotiation.py:70}}
Jul 21 20:36:22.389751 np0000005597 devstack@g-api.service[99722]: [pid: 99722|app: 0|req: 31/94] 127.0.0.1 () {44 vars in 1055 bytes} [Tue Jul 21 20:36:22 2026] GET /v2/schemas/image => generated 6083 bytes in 5 msecs (HTTP/1.1 200) 4 headers in 158 bytes (1 switches on core 0)
Jul 21 20:36:22.402471 np0000005597 devstack@g-api.service[99720]: DEBUG glance.api.middleware.version_negotiation [None req-1787cde3-6eef-4a8a-8ef2-7998a4c63c7e tempest-VolumesCloneTest-900363016 tempest-VolumesCloneTest-900363016-project-member] Determining version of request: GET /v2/schemas/image Accept: */* {{(pid=99720) process_request /opt/stack/glance/glance/api/middleware/version_negotiation.py:44}}
Jul 21 20:36:22.402740 np0000005597 devstack@g-api.service[99720]: DEBUG glance.api.middleware.version_negotiation [None req-1787cde3-6eef-4a8a-8ef2-7998a4c63c7e tempest-VolumesCloneTest-900363016 tempest-VolumesCloneTest-900363016-project-member] Using url versioning {{(pid=99720) process_request /opt/stack/glance/glance/api/middleware/version_negotiation.py:57}}
Jul 21 20:36:22.402740 np0000005597 devstack@g-api.service[99720]: DEBUG glance.api.middleware.version_negotiation [None req-1787cde3-6eef-4a8a-8ef2-7998a4c63c7e tempest-VolumesCloneTest-900363016 tempest-VolumesCloneTest-900363016-project-member] Matched version: v2 {{(pid=99720) process_request /opt/stack/glance/glance/api/middleware/version_negotiation.py:69}}
Jul 21 20:36:22.402859 np0000005597 devstack@g-api.service[99720]: DEBUG glance.api.middleware.version_negotiation [None req-1787cde3-6eef-4a8a-8ef2-7998a4c63c7e tempest-VolumesCloneTest-900363016 tempest-VolumesCloneTest-900363016-project-member] new path /v2/schemas/image {{(pid=99720) process_request /opt/stack/glance/glance/api/middleware/version_negotiation.py:70}}
Jul 21 20:36:22.406139 np0000005597 devstack@g-api.service[99720]: [pid: 99720|app: 0|req: 34/95] 127.0.0.1 () {44 vars in 1055 bytes} [Tue Jul 21 20:36:22 2026] GET /v2/schemas/image => generated 6083 bytes in 4 msecs (HTTP/1.1 200) 4 headers in 158 bytes (1 switches on core 0)
Jul 21 20:36:22.582798 np0000005597 devstack@g-api.service[99721]: INFO glance.api.v2.image_data [None req-d1205254-d1ef-49c7-9142-c070fbdc0fb7 tempest-ServerBootFromVolumeStableRescueTest-370006187 tempest-ServerBootFromVolumeStableRescueTest-370006187-project-member] Unable to create trust: no such option collect_timing in group [keystone_authtoken] Use the existing user token.
Jul 21 20:36:23.259741 np0000005597 devstack@g-api.service[99722]: DEBUG glance.api.middleware.version_negotiation [None req-1787cde3-6eef-4a8a-8ef2-7998a4c63c7e tempest-VolumesCloneTest-900363016 tempest-VolumesCloneTest-900363016-project-member] Determining version of request: GET /v2/images/e5446527-927e-497d-95bb-ab910f1dcbfc Accept: application/json {{(pid=99722) process_request /opt/stack/glance/glance/api/middleware/version_negotiation.py:44}}
Jul 21 20:36:23.260193 np0000005597 devstack@g-api.service[99722]: DEBUG glance.api.middleware.version_negotiation [None req-1787cde3-6eef-4a8a-8ef2-7998a4c63c7e tempest-VolumesCloneTest-900363016 tempest-VolumesCloneTest-900363016-project-member] Using url versioning {{(pid=99722) process_request /opt/stack/glance/glance/api/middleware/version_negotiation.py:57}}
Jul 21 20:36:23.260193 np0000005597 devstack@g-api.service[99722]: DEBUG glance.api.middleware.version_negotiation [None req-1787cde3-6eef-4a8a-8ef2-7998a4c63c7e tempest-VolumesCloneTest-900363016 tempest-VolumesCloneTest-900363016-project-member] Matched version: v2 {{(pid=99722) process_request /opt/stack/glance/glance/api/middleware/version_negotiation.py:69}}
Jul 21 20:36:23.260288 np0000005597 devstack@g-api.service[99722]: DEBUG glance.api.middleware.version_negotiation [None req-1787cde3-6eef-4a8a-8ef2-7998a4c63c7e tempest-VolumesCloneTest-900363016 tempest-VolumesCloneTest-900363016-project-member] new path /v2/images/e5446527-927e-497d-95bb-ab910f1dcbfc {{(pid=99722) process_request /opt/stack/glance/glance/api/middleware/version_negotiation.py:70}}
Jul 21 20:36:23.275417 np0000005597 devstack@g-api.service[99722]: [pid: 99722|app: 0|req: 32/96] 127.0.0.1 () {40 vars in 838 bytes} [Tue Jul 21 20:36:23 2026] GET /v2/images/e5446527-927e-497d-95bb-ab910f1dcbfc => generated 1468 bytes in 16 msecs (HTTP/1.1 200) 4 headers in 158 bytes (1 switches on core 0)
Jul 21 20:36:23.415474 np0000005597 devstack@g-api.service[99721]: DEBUG glance.location [None req-d1205254-d1ef-49c7-9142-c070fbdc0fb7 tempest-ServerBootFromVolumeStableRescueTest-370006187 tempest-ServerBootFromVolumeStableRescueTest-370006187-project-member] Enabling in-flight format inspection for qcow2 {{(pid=99721) set_data /opt/stack/glance/glance/location.py:596}}
Jul 21 20:36:23.415952 np0000005597 devstack@g-api.service[99721]: DEBUG glance_store.backend [None req-d1205254-d1ef-49c7-9142-c070fbdc0fb7 tempest-ServerBootFromVolumeStableRescueTest-370006187 tempest-ServerBootFromVolumeStableRescueTest-370006187-project-member] Attempting to import store swift {{(pid=99721) _load_store /opt/stack/data/venv/lib/python3.12/site-packages/glance_store/backend.py:215}}
Jul 21 20:36:23.417930 np0000005597 devstack@g-api.service[99721]: DEBUG glance_store.capabilities [None req-d1205254-d1ef-49c7-9142-c070fbdc0fb7 tempest-ServerBootFromVolumeStableRescueTest-370006187 tempest-ServerBootFromVolumeStableRescueTest-370006187-project-member] Store glance_store._drivers.swift.store.SingleTenantStore doesn't support updating dynamic storage capabilities. Please overwrite 'update_capabilities' method of the store to implement updating logics if needed. {{(pid=99721) update_capabilities /opt/stack/data/venv/lib/python3.12/site-packages/glance_store/capabilities.py:91}}
Jul 21 20:36:23.418077 np0000005597 devstack@g-api.service[99721]: DEBUG glance_store.driver [None req-d1205254-d1ef-49c7-9142-c070fbdc0fb7 tempest-ServerBootFromVolumeStableRescueTest-370006187 tempest-ServerBootFromVolumeStableRescueTest-370006187-project-member] Late loading location class glance_store._drivers.swift.store.StoreLocation {{(pid=99721) get_store_location_class /opt/stack/data/venv/lib/python3.12/site-packages/glance_store/driver.py:134}}
Jul 21 20:36:23.418260 np0000005597 devstack@g-api.service[99721]: DEBUG glance_store.location [None req-d1205254-d1ef-49c7-9142-c070fbdc0fb7 tempest-ServerBootFromVolumeStableRescueTest-370006187 tempest-ServerBootFromVolumeStableRescueTest-370006187-project-member] Registering scheme swift+https with {'store': , 'location_class': , 'store_entry': 'swift'} {{(pid=99721) register_scheme_map /opt/stack/data/venv/lib/python3.12/site-packages/glance_store/location.py:146}}
Jul 21 20:36:23.418349 np0000005597 devstack@g-api.service[99721]: DEBUG glance_store.location [None req-d1205254-d1ef-49c7-9142-c070fbdc0fb7 tempest-ServerBootFromVolumeStableRescueTest-370006187 tempest-ServerBootFromVolumeStableRescueTest-370006187-project-member] Registering scheme swift+https with {'store': , 'location_class': , 'store_entry': 'swift'} {{(pid=99721) register_scheme_map /opt/stack/data/venv/lib/python3.12/site-packages/glance_store/location.py:146}}
Jul 21 20:36:23.418411 np0000005597 devstack@g-api.service[99721]: DEBUG glance_store.location [None req-d1205254-d1ef-49c7-9142-c070fbdc0fb7 tempest-ServerBootFromVolumeStableRescueTest-370006187 tempest-ServerBootFromVolumeStableRescueTest-370006187-project-member] Registering scheme swift with {'store': , 'location_class': , 'store_entry': 'swift'} {{(pid=99721) register_scheme_map /opt/stack/data/venv/lib/python3.12/site-packages/glance_store/location.py:146}}
Jul 21 20:36:23.418522 np0000005597 devstack@g-api.service[99721]: DEBUG glance_store.location [None req-d1205254-d1ef-49c7-9142-c070fbdc0fb7 tempest-ServerBootFromVolumeStableRescueTest-370006187 tempest-ServerBootFromVolumeStableRescueTest-370006187-project-member] Registering scheme swift+https with {'store': , 'location_class': , 'store_entry': 'swift'} {{(pid=99721) register_scheme_map /opt/stack/data/venv/lib/python3.12/site-packages/glance_store/location.py:146}}
Jul 21 20:36:23.418650 np0000005597 devstack@g-api.service[99721]: DEBUG glance_store.location [None req-d1205254-d1ef-49c7-9142-c070fbdc0fb7 tempest-ServerBootFromVolumeStableRescueTest-370006187 tempest-ServerBootFromVolumeStableRescueTest-370006187-project-member] Registering scheme swift with {'store': , 'location_class': , 'store_entry': 'swift'} {{(pid=99721) register_scheme_map /opt/stack/data/venv/lib/python3.12/site-packages/glance_store/location.py:146}}
Jul 21 20:36:23.418867 np0000005597 devstack@g-api.service[99721]: DEBUG glance_store.location [None req-d1205254-d1ef-49c7-9142-c070fbdc0fb7 tempest-ServerBootFromVolumeStableRescueTest-370006187 tempest-ServerBootFromVolumeStableRescueTest-370006187-project-member] Registering scheme swift+http with {'store': , 'location_class': , 'store_entry': 'swift'} {{(pid=99721) register_scheme_map /opt/stack/data/venv/lib/python3.12/site-packages/glance_store/location.py:146}}
Jul 21 20:36:23.419098 np0000005597 devstack@g-api.service[99721]: DEBUG glance_store.location [None req-d1205254-d1ef-49c7-9142-c070fbdc0fb7 tempest-ServerBootFromVolumeStableRescueTest-370006187 tempest-ServerBootFromVolumeStableRescueTest-370006187-project-member] Registering scheme swift+https with {'store': , 'location_class': , 'store_entry': 'swift'} {{(pid=99721) register_scheme_map /opt/stack/data/venv/lib/python3.12/site-packages/glance_store/location.py:146}}
Jul 21 20:36:23.419210 np0000005597 devstack@g-api.service[99721]: DEBUG glance_store.location [None req-d1205254-d1ef-49c7-9142-c070fbdc0fb7 tempest-ServerBootFromVolumeStableRescueTest-370006187 tempest-ServerBootFromVolumeStableRescueTest-370006187-project-member] Registering scheme swift with {'store': , 'location_class': , 'store_entry': 'swift'} {{(pid=99721) register_scheme_map /opt/stack/data/venv/lib/python3.12/site-packages/glance_store/location.py:146}}
Jul 21 20:36:23.419422 np0000005597 devstack@g-api.service[99721]: DEBUG glance_store.location [None req-d1205254-d1ef-49c7-9142-c070fbdc0fb7 tempest-ServerBootFromVolumeStableRescueTest-370006187 tempest-ServerBootFromVolumeStableRescueTest-370006187-project-member] Registering scheme swift+http with {'store': , 'location_class': , 'store_entry': 'swift'} {{(pid=99721) register_scheme_map /opt/stack/data/venv/lib/python3.12/site-packages/glance_store/location.py:146}}
Jul 21 20:36:23.419596 np0000005597 devstack@g-api.service[99721]: DEBUG glance_store.location [None req-d1205254-d1ef-49c7-9142-c070fbdc0fb7 tempest-ServerBootFromVolumeStableRescueTest-370006187 tempest-ServerBootFromVolumeStableRescueTest-370006187-project-member] Registering scheme swift+config with {'store': , 'location_class': , 'store_entry': 'swift'} {{(pid=99721) register_scheme_map /opt/stack/data/venv/lib/python3.12/site-packages/glance_store/location.py:146}}
Jul 21 20:36:23.986344 np0000005597 devstack@g-api.service[99721]: DEBUG swiftclient [None req-d1205254-d1ef-49c7-9142-c070fbdc0fb7 tempest-ServerBootFromVolumeStableRescueTest-370006187 tempest-ServerBootFromVolumeStableRescueTest-370006187-project-member] REQ: curl -i https://10.4.3.139:8080/v1/AUTH_c94890389c414b0493373e1bed5a9cee/glance -I -H "X-Auth-Token: gAAAAABqX9hHp9Yq..." {{(pid=99721) http_log /opt/stack/data/venv/lib/python3.12/site-packages/swiftclient/client.py:160}}
Jul 21 20:36:23.986739 np0000005597 devstack@g-api.service[99721]: DEBUG swiftclient [None req-d1205254-d1ef-49c7-9142-c070fbdc0fb7 tempest-ServerBootFromVolumeStableRescueTest-370006187 tempest-ServerBootFromVolumeStableRescueTest-370006187-project-member] RESP STATUS: 204 No Content {{(pid=99721) http_log /opt/stack/data/venv/lib/python3.12/site-packages/swiftclient/client.py:161}}
Jul 21 20:36:23.986739 np0000005597 devstack@g-api.service[99721]: DEBUG swiftclient [None req-d1205254-d1ef-49c7-9142-c070fbdc0fb7 tempest-ServerBootFromVolumeStableRescueTest-370006187 tempest-ServerBootFromVolumeStableRescueTest-370006187-project-member] RESP HEADERS: {'Date': 'Tue, 21 Jul 2026 20:36:23 GMT', 'Server': 'Apache/2.4.58 (Ubuntu)', 'Content-Type': 'text/plain; charset=utf-8', 'X-Container-Object-Count': '5', 'X-Container-Bytes-Used': '86048768', 'X-Timestamp': '1784666045.54016', 'Last-Modified': 'Tue, 21 Jul 2026 20:34:06 GMT', 'Accept-Ranges': 'bytes', 'X-Storage-Policy': 'Policy-0', 'X-Container-Sharding': 'False', 'Vary': 'Accept', 'X-Trans-Id': 'tx75037580a8784530addc2-006a5fd847', 'X-Openstack-Request-Id': 'tx75037580a8784530addc2-006a5fd847', 'Connection': 'close'} {{(pid=99721) http_log /opt/stack/data/venv/lib/python3.12/site-packages/swiftclient/client.py:162}}
Jul 21 20:36:23.986912 np0000005597 devstack@g-api.service[99721]: DEBUG glance_store._drivers.swift.store [None req-d1205254-d1ef-49c7-9142-c070fbdc0fb7 tempest-ServerBootFromVolumeStableRescueTest-370006187 tempest-ServerBootFromVolumeStableRescueTest-370006187-project-member] Adding image object 'e5446527-927e-497d-95bb-ab910f1dcbfc' to Swift {{(pid=99721) add /opt/stack/data/venv/lib/python3.12/site-packages/glance_store/_drivers/swift/store.py:970}}
Jul 21 20:36:23.987055 np0000005597 devstack@g-api.service[99721]: DEBUG glance_store._drivers.swift.store [None req-d1205254-d1ef-49c7-9142-c070fbdc0fb7 tempest-ServerBootFromVolumeStableRescueTest-370006187 tempest-ServerBootFromVolumeStableRescueTest-370006187-project-member] Cannot determine image size because it is either not provided in the request or chunked-transfer encoding is used. Adding image as a segmented object to Swift. {{(pid=99721) add /opt/stack/data/venv/lib/python3.12/site-packages/glance_store/_drivers/swift/store.py:994}}
Jul 21 20:36:23.994000 np0000005597 devstack@g-api.service[99721]: DEBUG oslo_utils.imageutils.format_inspector [None req-d1205254-d1ef-49c7-9142-c070fbdc0fb7 tempest-ServerBootFromVolumeStableRescueTest-370006187 tempest-ServerBootFromVolumeStableRescueTest-370006187-project-member] Format inspector for vmdk does not match, excluding from consideration (Signature KDMV not found: b'QFI\xfb') {{(pid=99721) _process_chunk /opt/stack/data/venv/lib/python3.12/site-packages/oslo_utils/imageutils/format_inspector.py:1758}}
Jul 21 20:36:23.997012 np0000005597 devstack@g-api.service[99721]: DEBUG oslo_utils.imageutils.format_inspector [None req-d1205254-d1ef-49c7-9142-c070fbdc0fb7 tempest-ServerBootFromVolumeStableRescueTest-370006187 tempest-ServerBootFromVolumeStableRescueTest-370006187-project-member] Format inspector for vhdx does not match, excluding from consideration (Region signature not found at 30000) {{(pid=99721) _process_chunk /opt/stack/data/venv/lib/python3.12/site-packages/oslo_utils/imageutils/format_inspector.py:1758}}
Jul 21 20:36:24.287298 np0000005597 devstack@g-api.service[99720]: DEBUG glance.api.middleware.version_negotiation [None req-1787cde3-6eef-4a8a-8ef2-7998a4c63c7e tempest-VolumesCloneTest-900363016 tempest-VolumesCloneTest-900363016-project-member] Determining version of request: GET /v2/images/e5446527-927e-497d-95bb-ab910f1dcbfc Accept: application/json {{(pid=99720) process_request /opt/stack/glance/glance/api/middleware/version_negotiation.py:44}}
Jul 21 20:36:24.287298 np0000005597 devstack@g-api.service[99720]: DEBUG glance.api.middleware.version_negotiation [None req-1787cde3-6eef-4a8a-8ef2-7998a4c63c7e tempest-VolumesCloneTest-900363016 tempest-VolumesCloneTest-900363016-project-member] Using url versioning {{(pid=99720) process_request /opt/stack/glance/glance/api/middleware/version_negotiation.py:57}}
Jul 21 20:36:24.287298 np0000005597 devstack@g-api.service[99720]: DEBUG glance.api.middleware.version_negotiation [None req-1787cde3-6eef-4a8a-8ef2-7998a4c63c7e tempest-VolumesCloneTest-900363016 tempest-VolumesCloneTest-900363016-project-member] Matched version: v2 {{(pid=99720) process_request /opt/stack/glance/glance/api/middleware/version_negotiation.py:69}}
Jul 21 20:36:24.287298 np0000005597 devstack@g-api.service[99720]: DEBUG glance.api.middleware.version_negotiation [None req-1787cde3-6eef-4a8a-8ef2-7998a4c63c7e tempest-VolumesCloneTest-900363016 tempest-VolumesCloneTest-900363016-project-member] new path /v2/images/e5446527-927e-497d-95bb-ab910f1dcbfc {{(pid=99720) process_request /opt/stack/glance/glance/api/middleware/version_negotiation.py:70}}
Jul 21 20:36:24.316642 np0000005597 devstack@g-api.service[99721]: DEBUG swiftclient [None req-d1205254-d1ef-49c7-9142-c070fbdc0fb7 tempest-ServerBootFromVolumeStableRescueTest-370006187 tempest-ServerBootFromVolumeStableRescueTest-370006187-project-member] REQ: curl -i https://10.4.3.139:8080/v1/AUTH_c94890389c414b0493373e1bed5a9cee/glance/e5446527-927e-497d-95bb-ab910f1dcbfc-00001 -X PUT -H "X-Auth-Token: gAAAAABqX9hHp9Yq..." {{(pid=99721) http_log /opt/stack/data/venv/lib/python3.12/site-packages/swiftclient/client.py:160}}
Jul 21 20:36:24.316801 np0000005597 devstack@g-api.service[99721]: DEBUG swiftclient [None req-d1205254-d1ef-49c7-9142-c070fbdc0fb7 tempest-ServerBootFromVolumeStableRescueTest-370006187 tempest-ServerBootFromVolumeStableRescueTest-370006187-project-member] RESP STATUS: 201 Created {{(pid=99721) http_log /opt/stack/data/venv/lib/python3.12/site-packages/swiftclient/client.py:161}}
Jul 21 20:36:24.317048 np0000005597 devstack@g-api.service[99721]: DEBUG swiftclient [None req-d1205254-d1ef-49c7-9142-c070fbdc0fb7 tempest-ServerBootFromVolumeStableRescueTest-370006187 tempest-ServerBootFromVolumeStableRescueTest-370006187-project-member] RESP HEADERS: {'Date': 'Tue, 21 Jul 2026 20:36:24 GMT', 'Server': 'Apache/2.4.58 (Ubuntu)', 'Content-Type': 'text/html; charset=UTF-8', 'Content-Length': '0', 'Etag': '4fa343ee581d8d2e78533191fd1ac3e1', 'Last-Modified': 'Tue, 21 Jul 2026 20:36:25 GMT', 'X-Trans-Id': 'txa2815f15dc0b4c768bd43-006a5fd848', 'X-Openstack-Request-Id': 'txa2815f15dc0b4c768bd43-006a5fd848', 'Connection': 'close'} {{(pid=99721) http_log /opt/stack/data/venv/lib/python3.12/site-packages/swiftclient/client.py:162}}
Jul 21 20:36:24.317258 np0000005597 devstack@g-api.service[99721]: DEBUG glance_store._drivers.swift.store [None req-d1205254-d1ef-49c7-9142-c070fbdc0fb7 tempest-ServerBootFromVolumeStableRescueTest-370006187 tempest-ServerBootFromVolumeStableRescueTest-370006187-project-member] Wrote chunk e5446527-927e-497d-95bb-ab910f1dcbfc-00001 (1/?) of length 23527424 to Swift returning MD5 of content: 4fa343ee581d8d2e78533191fd1ac3e1 {{(pid=99721) add /opt/stack/data/venv/lib/python3.12/site-packages/glance_store/_drivers/swift/store.py:1059}}
Jul 21 20:36:24.317572 np0000005597 devstack@g-api.service[99721]: DEBUG glance_store._drivers.swift.store [None req-d1205254-d1ef-49c7-9142-c070fbdc0fb7 tempest-ServerBootFromVolumeStableRescueTest-370006187 tempest-ServerBootFromVolumeStableRescueTest-370006187-project-member] Not writing zero-length chunk. {{(pid=99721) add /opt/stack/data/venv/lib/python3.12/site-packages/glance_store/_drivers/swift/store.py:1028}}
Jul 21 20:36:24.337668 np0000005597 devstack@g-api.service[99720]: [pid: 99720|app: 0|req: 35/97] 127.0.0.1 () {40 vars in 838 bytes} [Tue Jul 21 20:36:24 2026] GET /v2/images/e5446527-927e-497d-95bb-ab910f1dcbfc => generated 1468 bytes in 51 msecs (HTTP/1.1 200) 4 headers in 158 bytes (1 switches on core 0)
Jul 21 20:36:24.350137 np0000005597 devstack@g-api.service[99721]: DEBUG swiftclient [None req-d1205254-d1ef-49c7-9142-c070fbdc0fb7 tempest-ServerBootFromVolumeStableRescueTest-370006187 tempest-ServerBootFromVolumeStableRescueTest-370006187-project-member] REQ: curl -i https://10.4.3.139:8080/v1/AUTH_c94890389c414b0493373e1bed5a9cee/glance/e5446527-927e-497d-95bb-ab910f1dcbfc -X PUT -H "X-Object-Manifest: glance/e5446527-927e-497d-95bb-ab910f1dcbfc-" -H "X-Auth-Token: gAAAAABqX9hHp9Yq..." -H "Content-Length: 0" {{(pid=99721) http_log /opt/stack/data/venv/lib/python3.12/site-packages/swiftclient/client.py:160}}
Jul 21 20:36:24.350268 np0000005597 devstack@g-api.service[99721]: DEBUG swiftclient [None req-d1205254-d1ef-49c7-9142-c070fbdc0fb7 tempest-ServerBootFromVolumeStableRescueTest-370006187 tempest-ServerBootFromVolumeStableRescueTest-370006187-project-member] RESP STATUS: 201 Created {{(pid=99721) http_log /opt/stack/data/venv/lib/python3.12/site-packages/swiftclient/client.py:161}}
Jul 21 20:36:24.350365 np0000005597 devstack@g-api.service[99721]: DEBUG swiftclient [None req-d1205254-d1ef-49c7-9142-c070fbdc0fb7 tempest-ServerBootFromVolumeStableRescueTest-370006187 tempest-ServerBootFromVolumeStableRescueTest-370006187-project-member] RESP HEADERS: {'Date': 'Tue, 21 Jul 2026 20:36:24 GMT', 'Server': 'Apache/2.4.58 (Ubuntu)', 'Content-Type': 'text/html; charset=UTF-8', 'Content-Length': '0', 'Etag': 'd41d8cd98f00b204e9800998ecf8427e', 'Last-Modified': 'Tue, 21 Jul 2026 20:36:25 GMT', 'X-Trans-Id': 'txcf34e793e8a44ff5bcea7-006a5fd848', 'X-Openstack-Request-Id': 'txcf34e793e8a44ff5bcea7-006a5fd848', 'Connection': 'close'} {{(pid=99721) http_log /opt/stack/data/venv/lib/python3.12/site-packages/swiftclient/client.py:162}}
Jul 21 20:36:24.350757 np0000005597 devstack@g-api.service[99721]: INFO glance.location [None req-d1205254-d1ef-49c7-9142-c070fbdc0fb7 tempest-ServerBootFromVolumeStableRescueTest-370006187 tempest-ServerBootFromVolumeStableRescueTest-370006187-project-member] Image format matched and virtual size computed: 1073741824
Jul 21 20:36:24.418507 np0000005597 devstack@g-api.service[99721]: DEBUG glance_store.backend [None req-d1205254-d1ef-49c7-9142-c070fbdc0fb7 tempest-ServerBootFromVolumeStableRescueTest-370006187 tempest-ServerBootFromVolumeStableRescueTest-370006187-project-member] Attempting to import store swift {{(pid=99721) _load_store /opt/stack/data/venv/lib/python3.12/site-packages/glance_store/backend.py:215}}
Jul 21 20:36:24.421360 np0000005597 devstack@g-api.service[99721]: DEBUG glance_store.capabilities [None req-d1205254-d1ef-49c7-9142-c070fbdc0fb7 tempest-ServerBootFromVolumeStableRescueTest-370006187 tempest-ServerBootFromVolumeStableRescueTest-370006187-project-member] Store glance_store._drivers.swift.store.SingleTenantStore doesn't support updating dynamic storage capabilities. Please overwrite 'update_capabilities' method of the store to implement updating logics if needed. {{(pid=99721) update_capabilities /opt/stack/data/venv/lib/python3.12/site-packages/glance_store/capabilities.py:91}}
Jul 21 20:36:24.421751 np0000005597 devstack@g-api.service[99721]: DEBUG glance_store.driver [None req-d1205254-d1ef-49c7-9142-c070fbdc0fb7 tempest-ServerBootFromVolumeStableRescueTest-370006187 tempest-ServerBootFromVolumeStableRescueTest-370006187-project-member] Late loading location class glance_store._drivers.swift.store.StoreLocation {{(pid=99721) get_store_location_class /opt/stack/data/venv/lib/python3.12/site-packages/glance_store/driver.py:134}}
Jul 21 20:36:24.421881 np0000005597 devstack@g-api.service[99721]: DEBUG glance_store.location [None req-d1205254-d1ef-49c7-9142-c070fbdc0fb7 tempest-ServerBootFromVolumeStableRescueTest-370006187 tempest-ServerBootFromVolumeStableRescueTest-370006187-project-member] Registering scheme swift+https with {'store': , 'location_class': , 'store_entry': 'swift'} {{(pid=99721) register_scheme_map /opt/stack/data/venv/lib/python3.12/site-packages/glance_store/location.py:146}}
Jul 21 20:36:24.422270 np0000005597 devstack@g-api.service[99721]: DEBUG glance_store.location [None req-d1205254-d1ef-49c7-9142-c070fbdc0fb7 tempest-ServerBootFromVolumeStableRescueTest-370006187 tempest-ServerBootFromVolumeStableRescueTest-370006187-project-member] Registering scheme swift+https with {'store': , 'location_class': , 'store_entry': 'swift'} {{(pid=99721) register_scheme_map /opt/stack/data/venv/lib/python3.12/site-packages/glance_store/location.py:146}}
Jul 21 20:36:24.422270 np0000005597 devstack@g-api.service[99721]: DEBUG glance_store.location [None req-d1205254-d1ef-49c7-9142-c070fbdc0fb7 tempest-ServerBootFromVolumeStableRescueTest-370006187 tempest-ServerBootFromVolumeStableRescueTest-370006187-project-member] Registering scheme swift with {'store': , 'location_class': , 'store_entry': 'swift'} {{(pid=99721) register_scheme_map /opt/stack/data/venv/lib/python3.12/site-packages/glance_store/location.py:146}}
Jul 21 20:36:24.422270 np0000005597 devstack@g-api.service[99721]: DEBUG glance_store.location [None req-d1205254-d1ef-49c7-9142-c070fbdc0fb7 tempest-ServerBootFromVolumeStableRescueTest-370006187 tempest-ServerBootFromVolumeStableRescueTest-370006187-project-member] Registering scheme swift+https with {'store': , 'location_class': , 'store_entry': 'swift'} {{(pid=99721) register_scheme_map /opt/stack/data/venv/lib/python3.12/site-packages/glance_store/location.py:146}}
Jul 21 20:36:24.423221 np0000005597 devstack@g-api.service[99721]: DEBUG glance_store.location [None req-d1205254-d1ef-49c7-9142-c070fbdc0fb7 tempest-ServerBootFromVolumeStableRescueTest-370006187 tempest-ServerBootFromVolumeStableRescueTest-370006187-project-member] Registering scheme swift with {'store': , 'location_class': , 'store_entry': 'swift'} {{(pid=99721) register_scheme_map /opt/stack/data/venv/lib/python3.12/site-packages/glance_store/location.py:146}}
Jul 21 20:36:24.423221 np0000005597 devstack@g-api.service[99721]: DEBUG glance_store.location [None req-d1205254-d1ef-49c7-9142-c070fbdc0fb7 tempest-ServerBootFromVolumeStableRescueTest-370006187 tempest-ServerBootFromVolumeStableRescueTest-370006187-project-member] Registering scheme swift+http with {'store': , 'location_class': , 'store_entry': 'swift'} {{(pid=99721) register_scheme_map /opt/stack/data/venv/lib/python3.12/site-packages/glance_store/location.py:146}}
Jul 21 20:36:24.423221 np0000005597 devstack@g-api.service[99721]: DEBUG glance_store.location [None req-d1205254-d1ef-49c7-9142-c070fbdc0fb7 tempest-ServerBootFromVolumeStableRescueTest-370006187 tempest-ServerBootFromVolumeStableRescueTest-370006187-project-member] Registering scheme swift+https with {'store': , 'location_class': , 'store_entry': 'swift'} {{(pid=99721) register_scheme_map /opt/stack/data/venv/lib/python3.12/site-packages/glance_store/location.py:146}}
Jul 21 20:36:24.423398 np0000005597 devstack@g-api.service[99721]: DEBUG glance_store.location [None req-d1205254-d1ef-49c7-9142-c070fbdc0fb7 tempest-ServerBootFromVolumeStableRescueTest-370006187 tempest-ServerBootFromVolumeStableRescueTest-370006187-project-member] Registering scheme swift with {'store': , 'location_class': , 'store_entry': 'swift'} {{(pid=99721) register_scheme_map /opt/stack/data/venv/lib/python3.12/site-packages/glance_store/location.py:146}}
Jul 21 20:36:24.423398 np0000005597 devstack@g-api.service[99721]: DEBUG glance_store.location [None req-d1205254-d1ef-49c7-9142-c070fbdc0fb7 tempest-ServerBootFromVolumeStableRescueTest-370006187 tempest-ServerBootFromVolumeStableRescueTest-370006187-project-member] Registering scheme swift+http with {'store': , 'location_class': , 'store_entry': 'swift'} {{(pid=99721) register_scheme_map /opt/stack/data/venv/lib/python3.12/site-packages/glance_store/location.py:146}}
Jul 21 20:36:24.423398 np0000005597 devstack@g-api.service[99721]: DEBUG glance_store.location [None req-d1205254-d1ef-49c7-9142-c070fbdc0fb7 tempest-ServerBootFromVolumeStableRescueTest-370006187 tempest-ServerBootFromVolumeStableRescueTest-370006187-project-member] Registering scheme swift+config with {'store': , 'location_class': , 'store_entry': 'swift'} {{(pid=99721) register_scheme_map /opt/stack/data/venv/lib/python3.12/site-packages/glance_store/location.py:146}}
Jul 21 20:36:24.423489 np0000005597 devstack@g-api.service[99721]: DEBUG glance_store.backend [None req-d1205254-d1ef-49c7-9142-c070fbdc0fb7 tempest-ServerBootFromVolumeStableRescueTest-370006187 tempest-ServerBootFromVolumeStableRescueTest-370006187-project-member] Skipping store.set_acls... not implemented. {{(pid=99721) set_acls /opt/stack/data/venv/lib/python3.12/site-packages/glance_store/backend.py:507}}
Jul 21 20:36:24.427081 np0000005597 devstack@g-api.service[99721]: [pid: 99721|app: 0|req: 31/98] 127.0.0.1 () {46 vars in 1158 bytes} [Tue Jul 21 20:36:21 2026] PUT /v2/images/e5446527-927e-497d-95bb-ab910f1dcbfc/file => generated 0 bytes in 3149 msecs (HTTP/1.1 204) 4 headers in 171 bytes (1 switches on core 0)
Jul 21 20:36:24.501233 np0000005597 devstack@g-api.service[99722]: DEBUG glance.api.middleware.version_negotiation [None req-11578b65-3bd0-47e2-9984-f7b7a4bdc574 tempest-ServerBootFromVolumeStableRescueTest-370006187 tempest-ServerBootFromVolumeStableRescueTest-370006187-project-member] Determining version of request: GET /v2/images/e5446527-927e-497d-95bb-ab910f1dcbfc Accept: */* {{(pid=99722) process_request /opt/stack/glance/glance/api/middleware/version_negotiation.py:44}}
Jul 21 20:36:24.501233 np0000005597 devstack@g-api.service[99722]: DEBUG glance.api.middleware.version_negotiation [None req-11578b65-3bd0-47e2-9984-f7b7a4bdc574 tempest-ServerBootFromVolumeStableRescueTest-370006187 tempest-ServerBootFromVolumeStableRescueTest-370006187-project-member] Using url versioning {{(pid=99722) process_request /opt/stack/glance/glance/api/middleware/version_negotiation.py:57}}
Jul 21 20:36:24.501233 np0000005597 devstack@g-api.service[99722]: DEBUG glance.api.middleware.version_negotiation [None req-11578b65-3bd0-47e2-9984-f7b7a4bdc574 tempest-ServerBootFromVolumeStableRescueTest-370006187 tempest-ServerBootFromVolumeStableRescueTest-370006187-project-member] Matched version: v2 {{(pid=99722) process_request /opt/stack/glance/glance/api/middleware/version_negotiation.py:69}}
Jul 21 20:36:24.501233 np0000005597 devstack@g-api.service[99722]: DEBUG glance.api.middleware.version_negotiation [None req-11578b65-3bd0-47e2-9984-f7b7a4bdc574 tempest-ServerBootFromVolumeStableRescueTest-370006187 tempest-ServerBootFromVolumeStableRescueTest-370006187-project-member] new path /v2/images/e5446527-927e-497d-95bb-ab910f1dcbfc {{(pid=99722) process_request /opt/stack/glance/glance/api/middleware/version_negotiation.py:70}}
Jul 21 20:36:24.519342 np0000005597 devstack@g-api.service[99722]: [pid: 99722|app: 0|req: 33/99] 127.0.0.1 () {44 vars in 1115 bytes} [Tue Jul 21 20:36:24 2026] GET /v2/images/e5446527-927e-497d-95bb-ab910f1dcbfc => generated 1638 bytes in 19 msecs (HTTP/1.1 200) 4 headers in 158 bytes (1 switches on core 0)
Jul 21 20:36:24.557741 np0000005597 devstack@g-api.service[99720]: DEBUG glance.api.middleware.version_negotiation [None req-e6c283f7-dba0-47bf-b17d-32e813b77e7e tempest-ServerBootFromVolumeStableRescueTest-370006187 tempest-ServerBootFromVolumeStableRescueTest-370006187-project-member] Determining version of request: GET /v2/schemas/image Accept: */* {{(pid=99720) process_request /opt/stack/glance/glance/api/middleware/version_negotiation.py:44}}
Jul 21 20:36:24.558007 np0000005597 devstack@g-api.service[99720]: DEBUG glance.api.middleware.version_negotiation [None req-e6c283f7-dba0-47bf-b17d-32e813b77e7e tempest-ServerBootFromVolumeStableRescueTest-370006187 tempest-ServerBootFromVolumeStableRescueTest-370006187-project-member] Using url versioning {{(pid=99720) process_request /opt/stack/glance/glance/api/middleware/version_negotiation.py:57}}
Jul 21 20:36:24.558243 np0000005597 devstack@g-api.service[99720]: DEBUG glance.api.middleware.version_negotiation [None req-e6c283f7-dba0-47bf-b17d-32e813b77e7e tempest-ServerBootFromVolumeStableRescueTest-370006187 tempest-ServerBootFromVolumeStableRescueTest-370006187-project-member] Matched version: v2 {{(pid=99720) process_request /opt/stack/glance/glance/api/middleware/version_negotiation.py:69}}
Jul 21 20:36:24.558926 np0000005597 devstack@g-api.service[99720]: DEBUG glance.api.middleware.version_negotiation [None req-e6c283f7-dba0-47bf-b17d-32e813b77e7e tempest-ServerBootFromVolumeStableRescueTest-370006187 tempest-ServerBootFromVolumeStableRescueTest-370006187-project-member] new path /v2/schemas/image {{(pid=99720) process_request /opt/stack/glance/glance/api/middleware/version_negotiation.py:70}}
Jul 21 20:36:24.567649 np0000005597 devstack@g-api.service[99720]: [pid: 99720|app: 0|req: 36/100] 127.0.0.1 () {44 vars in 1055 bytes} [Tue Jul 21 20:36:24 2026] GET /v2/schemas/image => generated 6083 bytes in 10 msecs (HTTP/1.1 200) 4 headers in 158 bytes (1 switches on core 0)
Jul 21 20:36:25.348167 np0000005597 devstack@g-api.service[99721]: DEBUG glance.api.middleware.version_negotiation [None req-d1205254-d1ef-49c7-9142-c070fbdc0fb7 tempest-ServerBootFromVolumeStableRescueTest-370006187 tempest-ServerBootFromVolumeStableRescueTest-370006187-project-member] Determining version of request: GET /v2/images/e5446527-927e-497d-95bb-ab910f1dcbfc Accept: application/json {{(pid=99721) process_request /opt/stack/glance/glance/api/middleware/version_negotiation.py:44}}
Jul 21 20:36:25.351122 np0000005597 devstack@g-api.service[99721]: DEBUG glance.api.middleware.version_negotiation [None req-d1205254-d1ef-49c7-9142-c070fbdc0fb7 tempest-ServerBootFromVolumeStableRescueTest-370006187 tempest-ServerBootFromVolumeStableRescueTest-370006187-project-member] Using url versioning {{(pid=99721) process_request /opt/stack/glance/glance/api/middleware/version_negotiation.py:57}}
Jul 21 20:36:25.353081 np0000005597 devstack@g-api.service[99721]: DEBUG glance.api.middleware.version_negotiation [None req-d1205254-d1ef-49c7-9142-c070fbdc0fb7 tempest-ServerBootFromVolumeStableRescueTest-370006187 tempest-ServerBootFromVolumeStableRescueTest-370006187-project-member] Matched version: v2 {{(pid=99721) process_request /opt/stack/glance/glance/api/middleware/version_negotiation.py:69}}
Jul 21 20:36:25.353463 np0000005597 devstack@g-api.service[99721]: DEBUG glance.api.middleware.version_negotiation [None req-d1205254-d1ef-49c7-9142-c070fbdc0fb7 tempest-ServerBootFromVolumeStableRescueTest-370006187 tempest-ServerBootFromVolumeStableRescueTest-370006187-project-member] new path /v2/images/e5446527-927e-497d-95bb-ab910f1dcbfc {{(pid=99721) process_request /opt/stack/glance/glance/api/middleware/version_negotiation.py:70}}
Jul 21 20:36:25.373235 np0000005597 devstack@g-api.service[99721]: [pid: 99721|app: 0|req: 32/101] 127.0.0.1 () {40 vars in 838 bytes} [Tue Jul 21 20:36:25 2026] GET /v2/images/e5446527-927e-497d-95bb-ab910f1dcbfc => generated 1638 bytes in 25 msecs (HTTP/1.1 200) 4 headers in 158 bytes (1 switches on core 0)
Jul 21 20:36:25.380362 np0000005597 devstack@g-api.service[99722]: DEBUG glance.api.middleware.version_negotiation [None req-d1205254-d1ef-49c7-9142-c070fbdc0fb7 tempest-ServerBootFromVolumeStableRescueTest-370006187 tempest-ServerBootFromVolumeStableRescueTest-370006187-project-member] Determining version of request: GET /v2/images/e5446527-927e-497d-95bb-ab910f1dcbfc Accept: application/json {{(pid=99722) process_request /opt/stack/glance/glance/api/middleware/version_negotiation.py:44}}
Jul 21 20:36:25.380596 np0000005597 devstack@g-api.service[99722]: DEBUG glance.api.middleware.version_negotiation [None req-d1205254-d1ef-49c7-9142-c070fbdc0fb7 tempest-ServerBootFromVolumeStableRescueTest-370006187 tempest-ServerBootFromVolumeStableRescueTest-370006187-project-member] Using url versioning {{(pid=99722) process_request /opt/stack/glance/glance/api/middleware/version_negotiation.py:57}}
Jul 21 20:36:25.380903 np0000005597 devstack@g-api.service[99722]: DEBUG glance.api.middleware.version_negotiation [None req-d1205254-d1ef-49c7-9142-c070fbdc0fb7 tempest-ServerBootFromVolumeStableRescueTest-370006187 tempest-ServerBootFromVolumeStableRescueTest-370006187-project-member] Matched version: v2 {{(pid=99722) process_request /opt/stack/glance/glance/api/middleware/version_negotiation.py:69}}
Jul 21 20:36:25.381064 np0000005597 devstack@g-api.service[99722]: DEBUG glance.api.middleware.version_negotiation [None req-d1205254-d1ef-49c7-9142-c070fbdc0fb7 tempest-ServerBootFromVolumeStableRescueTest-370006187 tempest-ServerBootFromVolumeStableRescueTest-370006187-project-member] new path /v2/images/e5446527-927e-497d-95bb-ab910f1dcbfc {{(pid=99722) process_request /opt/stack/glance/glance/api/middleware/version_negotiation.py:70}}
Jul 21 20:36:25.402376 np0000005597 devstack@g-api.service[99722]: [pid: 99722|app: 0|req: 34/102] 127.0.0.1 () {40 vars in 838 bytes} [Tue Jul 21 20:36:25 2026] GET /v2/images/e5446527-927e-497d-95bb-ab910f1dcbfc => generated 1638 bytes in 21 msecs (HTTP/1.1 200) 4 headers in 158 bytes (1 switches on core 0)
Jul 21 20:36:26.048061 np0000005597 devstack@g-api.service[99720]: DEBUG glance.api.middleware.version_negotiation [None req-d1205254-d1ef-49c7-9142-c070fbdc0fb7 tempest-ServerBootFromVolumeStableRescueTest-370006187 tempest-ServerBootFromVolumeStableRescueTest-370006187-project-member] Determining version of request: GET /v2/images/d72df0cf-2618-423c-8d9e-a18026bdc058 Accept: */* {{(pid=99720) process_request /opt/stack/glance/glance/api/middleware/version_negotiation.py:44}}
Jul 21 20:36:26.048566 np0000005597 devstack@g-api.service[99720]: DEBUG glance.api.middleware.version_negotiation [None req-d1205254-d1ef-49c7-9142-c070fbdc0fb7 tempest-ServerBootFromVolumeStableRescueTest-370006187 tempest-ServerBootFromVolumeStableRescueTest-370006187-project-member] Using url versioning {{(pid=99720) process_request /opt/stack/glance/glance/api/middleware/version_negotiation.py:57}}
Jul 21 20:36:26.048566 np0000005597 devstack@g-api.service[99720]: DEBUG glance.api.middleware.version_negotiation [None req-d1205254-d1ef-49c7-9142-c070fbdc0fb7 tempest-ServerBootFromVolumeStableRescueTest-370006187 tempest-ServerBootFromVolumeStableRescueTest-370006187-project-member] Matched version: v2 {{(pid=99720) process_request /opt/stack/glance/glance/api/middleware/version_negotiation.py:69}}
Jul 21 20:36:26.048566 np0000005597 devstack@g-api.service[99720]: DEBUG glance.api.middleware.version_negotiation [None req-d1205254-d1ef-49c7-9142-c070fbdc0fb7 tempest-ServerBootFromVolumeStableRescueTest-370006187 tempest-ServerBootFromVolumeStableRescueTest-370006187-project-member] new path /v2/images/d72df0cf-2618-423c-8d9e-a18026bdc058 {{(pid=99720) process_request /opt/stack/glance/glance/api/middleware/version_negotiation.py:70}}
Jul 21 20:36:26.060601 np0000005597 devstack@g-api.service[99720]: [pid: 99720|app: 0|req: 37/103] 127.0.0.1 () {44 vars in 1115 bytes} [Tue Jul 21 20:36:26 2026] GET /v2/images/d72df0cf-2618-423c-8d9e-a18026bdc058 => generated 1044 bytes in 12 msecs (HTTP/1.1 200) 4 headers in 158 bytes (1 switches on core 0)
Jul 21 20:36:26.096157 np0000005597 devstack@g-api.service[99721]: DEBUG glance.api.middleware.version_negotiation [None req-1b0e3b47-2c43-4f38-ad2f-9865dc80b4f7 tempest-ServerBootFromVolumeStableRescueTest-370006187 tempest-ServerBootFromVolumeStableRescueTest-370006187-project-member] Determining version of request: GET /v2/schemas/image Accept: */* {{(pid=99721) process_request /opt/stack/glance/glance/api/middleware/version_negotiation.py:44}}
Jul 21 20:36:26.096443 np0000005597 devstack@g-api.service[99721]: DEBUG glance.api.middleware.version_negotiation [None req-1b0e3b47-2c43-4f38-ad2f-9865dc80b4f7 tempest-ServerBootFromVolumeStableRescueTest-370006187 tempest-ServerBootFromVolumeStableRescueTest-370006187-project-member] Using url versioning {{(pid=99721) process_request /opt/stack/glance/glance/api/middleware/version_negotiation.py:57}}
Jul 21 20:36:26.096443 np0000005597 devstack@g-api.service[99721]: DEBUG glance.api.middleware.version_negotiation [None req-1b0e3b47-2c43-4f38-ad2f-9865dc80b4f7 tempest-ServerBootFromVolumeStableRescueTest-370006187 tempest-ServerBootFromVolumeStableRescueTest-370006187-project-member] Matched version: v2 {{(pid=99721) process_request /opt/stack/glance/glance/api/middleware/version_negotiation.py:69}}
Jul 21 20:36:26.096443 np0000005597 devstack@g-api.service[99721]: DEBUG glance.api.middleware.version_negotiation [None req-1b0e3b47-2c43-4f38-ad2f-9865dc80b4f7 tempest-ServerBootFromVolumeStableRescueTest-370006187 tempest-ServerBootFromVolumeStableRescueTest-370006187-project-member] new path /v2/schemas/image {{(pid=99721) process_request /opt/stack/glance/glance/api/middleware/version_negotiation.py:70}}
Jul 21 20:36:26.101607 np0000005597 devstack@g-api.service[99721]: [pid: 99721|app: 0|req: 33/104] 127.0.0.1 () {44 vars in 1055 bytes} [Tue Jul 21 20:36:26 2026] GET /v2/schemas/image => generated 6083 bytes in 6 msecs (HTTP/1.1 200) 4 headers in 158 bytes (1 switches on core 0)
Jul 21 20:36:35.370269 np0000005597 devstack@g-api.service[99721]: DEBUG dbcounter [-] [99721] Writing DB stats glance:SELECT=65,glance:INSERT=4,glance:UPDATE=4 {{(pid=99721) stat_writer /opt/stack/data/venv/lib/python3.12/site-packages/dbcounter.py:115}}
Jul 21 20:36:35.394693 np0000005597 devstack@g-api.service[99722]: DEBUG dbcounter [-] [99722] Writing DB stats glance:SELECT=43,glance:UPDATE=3,glance:INSERT=3 {{(pid=99722) stat_writer /opt/stack/data/venv/lib/python3.12/site-packages/dbcounter.py:115}}
Jul 21 20:36:36.056903 np0000005597 devstack@g-api.service[99720]: DEBUG dbcounter [-] [99720] Writing DB stats glance:SELECT=34,glance:INSERT=21 {{(pid=99720) stat_writer /opt/stack/data/venv/lib/python3.12/site-packages/dbcounter.py:115}}
Jul 21 20:36:37.076458 np0000005597 devstack@g-api.service[99722]: DEBUG glance.api.middleware.version_negotiation [None req-837233bd-e507-4f5d-9076-9db8befb869e tempest-ServerBootFromVolumeStableRescueTest-370006187 tempest-ServerBootFromVolumeStableRescueTest-370006187-project-member] Determining version of request: PATCH /v2/images/e5446527-927e-497d-95bb-ab910f1dcbfc Accept: {{(pid=99722) process_request /opt/stack/glance/glance/api/middleware/version_negotiation.py:44}}
Jul 21 20:36:37.076991 np0000005597 devstack@g-api.service[99722]: DEBUG glance.api.middleware.version_negotiation [None req-837233bd-e507-4f5d-9076-9db8befb869e tempest-ServerBootFromVolumeStableRescueTest-370006187 tempest-ServerBootFromVolumeStableRescueTest-370006187-project-member] Using url versioning {{(pid=99722) process_request /opt/stack/glance/glance/api/middleware/version_negotiation.py:57}}
Jul 21 20:36:37.076991 np0000005597 devstack@g-api.service[99722]: DEBUG glance.api.middleware.version_negotiation [None req-837233bd-e507-4f5d-9076-9db8befb869e tempest-ServerBootFromVolumeStableRescueTest-370006187 tempest-ServerBootFromVolumeStableRescueTest-370006187-project-member] Matched version: v2 {{(pid=99722) process_request /opt/stack/glance/glance/api/middleware/version_negotiation.py:69}}
