Aug 17 17:17:07.965888 np0000007559 devstack@g-api.service[99746]: DEBUG glance_store.location [-] Registering scheme https with {'store': , 'location_class': , 'store_entry': 'http'} {{(pid=99746) register_scheme_map /opt/stack/data/venv/lib/python3.12/site-packages/glance_store/location.py:146}}
Aug 17 17:17:07.965956 np0000007559 devstack@g-api.service[99746]: DEBUG glance_store.backend [-] Attempting to import store swift {{(pid=99746) _load_store /opt/stack/data/venv/lib/python3.12/site-packages/glance_store/backend.py:215}}
Aug 17 17:17:07.966196 np0000007559 devstack@g-api.service[99746]: WARNING oslo_config.cfg [-] Deprecated: Option "default_store" from group "glance_store" is deprecated for removal (
Aug 17 17:17:07.966196 np0000007559 devstack@g-api.service[99746]: This option is deprecated against new config option
Aug 17 17:17:07.966196 np0000007559 devstack@g-api.service[99746]: ``default_backend`` which acts similar to ``default_store`` config
Aug 17 17:17:07.966196 np0000007559 devstack@g-api.service[99746]: option.
Aug 17 17:17:07.966196 np0000007559 devstack@g-api.service[99746]: This option is scheduled for removal in the U development
Aug 17 17:17:07.966196 np0000007559 devstack@g-api.service[99746]: cycle.
Aug 17 17:17:07.966196 np0000007559 devstack@g-api.service[99746]: ). Its value may be silently ignored in the future.
Aug 17 17:17:07.967903 np0000007559 devstack@g-api.service[99746]: DEBUG glance_store.capabilities [-] Store glance_store._drivers.swift.store.SingleTenantStore doesn't support updating dynamic storage capabilities. Please overwrite 'update_capabilities' method of the store to implement updating logics if needed. {{(pid=99746) update_capabilities /opt/stack/data/venv/lib/python3.12/site-packages/glance_store/capabilities.py:91}}
Aug 17 17:17:07.967997 np0000007559 devstack@g-api.service[99746]: DEBUG glance_store.backend [-] Registering store swift with schemes ('swift+https', 'swift', 'swift+http', 'swift+config') {{(pid=99746) create_stores /opt/stack/data/venv/lib/python3.12/site-packages/glance_store/backend.py:261}}
Aug 17 17:17:07.968100 np0000007559 devstack@g-api.service[99746]: DEBUG glance_store.driver [-] Late loading location class glance_store._drivers.swift.store.StoreLocation {{(pid=99746) get_store_location_class /opt/stack/data/venv/lib/python3.12/site-packages/glance_store/driver.py:134}}
Aug 17 17:17:07.968230 np0000007559 devstack@g-api.service[99746]: DEBUG glance_store.location [-] Registering scheme swift+https with {'store': , 'location_class': , 'store_entry': 'swift'} {{(pid=99746) register_scheme_map /opt/stack/data/venv/lib/python3.12/site-packages/glance_store/location.py:146}}
Aug 17 17:17:07.968303 np0000007559 devstack@g-api.service[99746]: DEBUG glance_store.location [-] Registering scheme swift with {'store': , 'location_class': , 'store_entry': 'swift'} {{(pid=99746) register_scheme_map /opt/stack/data/venv/lib/python3.12/site-packages/glance_store/location.py:146}}
Aug 17 17:17:07.968408 np0000007559 devstack@g-api.service[99746]: DEBUG glance_store.location [-] Registering scheme swift+http with {'store': , 'location_class': , 'store_entry': 'swift'} {{(pid=99746) register_scheme_map /opt/stack/data/venv/lib/python3.12/site-packages/glance_store/location.py:146}}
Aug 17 17:17:07.968478 np0000007559 devstack@g-api.service[99746]: DEBUG glance_store.location [-] Registering scheme swift+config with {'store': , 'location_class': , 'store_entry': 'swift'} {{(pid=99746) register_scheme_map /opt/stack/data/venv/lib/python3.12/site-packages/glance_store/location.py:146}}
Aug 17 17:17:07.968634 np0000007559 devstack@g-api.service[99746]: DEBUG glance_store.backend [-] Attempting to import store swift {{(pid=99746) _load_store /opt/stack/data/venv/lib/python3.12/site-packages/glance_store/backend.py:215}}
Aug 17 17:17:07.969934 np0000007559 devstack@g-api.service[99746]: DEBUG glance_store.capabilities [-] Store glance_store._drivers.swift.store.SingleTenantStore doesn't support updating dynamic storage capabilities. Please overwrite 'update_capabilities' method of the store to implement updating logics if needed. {{(pid=99746) update_capabilities /opt/stack/data/venv/lib/python3.12/site-packages/glance_store/capabilities.py:91}}
Aug 17 17:17:07.970024 np0000007559 devstack@g-api.service[99746]: DEBUG glance_store.driver [-] Late loading location class glance_store._drivers.swift.store.StoreLocation {{(pid=99746) get_store_location_class /opt/stack/data/venv/lib/python3.12/site-packages/glance_store/driver.py:134}}
Aug 17 17:17:07.970123 np0000007559 devstack@g-api.service[99746]: DEBUG glance_store.location [-] Registering scheme swift+https with {'store': , 'location_class': , 'store_entry': 'swift'} {{(pid=99746) register_scheme_map /opt/stack/data/venv/lib/python3.12/site-packages/glance_store/location.py:146}}
Aug 17 17:17:07.970218 np0000007559 devstack@g-api.service[99746]: DEBUG glance_store.location [-] Registering scheme swift+https with {'store': , 'location_class': , 'store_entry': 'swift'} {{(pid=99746) register_scheme_map /opt/stack/data/venv/lib/python3.12/site-packages/glance_store/location.py:146}}
Aug 17 17:17:07.970299 np0000007559 devstack@g-api.service[99746]: DEBUG glance_store.location [-] Registering scheme swift with {'store': , 'location_class': , 'store_entry': 'swift'} {{(pid=99746) register_scheme_map /opt/stack/data/venv/lib/python3.12/site-packages/glance_store/location.py:146}}
Aug 17 17:17:07.970405 np0000007559 devstack@g-api.service[99746]: DEBUG glance_store.location [-] Registering scheme swift+https with {'store': , 'location_class': , 'store_entry': 'swift'} {{(pid=99746) register_scheme_map /opt/stack/data/venv/lib/python3.12/site-packages/glance_store/location.py:146}}
Aug 17 17:17:07.970476 np0000007559 devstack@g-api.service[99746]: DEBUG glance_store.location [-] Registering scheme swift with {'store': , 'location_class': , 'store_entry': 'swift'} {{(pid=99746) register_scheme_map /opt/stack/data/venv/lib/python3.12/site-packages/glance_store/location.py:146}}
Aug 17 17:17:07.970553 np0000007559 devstack@g-api.service[99746]: DEBUG glance_store.location [-] Registering scheme swift+http with {'store': , 'location_class': , 'store_entry': 'swift'} {{(pid=99746) register_scheme_map /opt/stack/data/venv/lib/python3.12/site-packages/glance_store/location.py:146}}
Aug 17 17:17:07.970638 np0000007559 devstack@g-api.service[99746]: DEBUG glance_store.location [-] Registering scheme swift+https with {'store': , 'location_class': , 'store_entry': 'swift'} {{(pid=99746) register_scheme_map /opt/stack/data/venv/lib/python3.12/site-packages/glance_store/location.py:146}}
Aug 17 17:17:07.970711 np0000007559 devstack@g-api.service[99746]: DEBUG glance_store.location [-] Registering scheme swift with {'store': , 'location_class': , 'store_entry': 'swift'} {{(pid=99746) register_scheme_map /opt/stack/data/venv/lib/python3.12/site-packages/glance_store/location.py:146}}
Aug 17 17:17:07.970790 np0000007559 devstack@g-api.service[99746]: DEBUG glance_store.location [-] Registering scheme swift+http with {'store': , 'location_class': , 'store_entry': 'swift'} {{(pid=99746) register_scheme_map /opt/stack/data/venv/lib/python3.12/site-packages/glance_store/location.py:146}}
Aug 17 17:17:07.970866 np0000007559 devstack@g-api.service[99746]: DEBUG glance_store.location [-] Registering scheme swift+config with {'store': , 'location_class': , 'store_entry': 'swift'} {{(pid=99746) register_scheme_map /opt/stack/data/venv/lib/python3.12/site-packages/glance_store/location.py:146}}
Aug 17 17:17:07.971226 np0000007559 devstack@g-api.service[99746]: DEBUG glance.sqlite_migration [-] SQLite caching database not located, skipping migration {{(pid=99746) get_db_path /opt/stack/glance/glance/sqlite_migration.py:68}}
Aug 17 17:17:07.971553 np0000007559 devstack@g-api.service[99746]: WARNING glance.common.wsgi_app [-] Import methods are enabled but staging directory /tmp/staging/ does not exist; Imports will fail!
Aug 17 17:17:08.069249 np0000007559 devstack@g-api.service[99747]: DEBUG glance.common.config [None req-ac6db674-cae0-4b44-90b8-0939037ada74 None None] Loading glance-api-keystone+cachemanagement from /etc/glance/glance-api-paste.ini {{(pid=99747) load_paste_app /opt/stack/glance/glance/common/config.py:772}}
Aug 17 17:17:08.077851 np0000007559 devstack@g-api.service[99743]: DEBUG glance.common.config [None req-c36fa1e1-d884-4b18-853f-817c24861df1 None None] Loading glance-api-keystone+cachemanagement from /etc/glance/glance-api-paste.ini {{(pid=99743) load_paste_app /opt/stack/glance/glance/common/config.py:772}}
Aug 17 17:17:08.112195 np0000007559 devstack@g-api.service[99746]: DEBUG glance.common.config [None req-66e1253f-8a4d-49fe-a00a-6ba285eb86cf None None] Loading glance-api-keystone+cachemanagement from /etc/glance/glance-api-paste.ini {{(pid=99746) load_paste_app /opt/stack/glance/glance/common/config.py:772}}
Aug 17 17:17:08.685370 np0000007559 devstack@g-api.service[99746]: INFO glance.image_cache [None req-66e1253f-8a4d-49fe-a00a-6ba285eb86cf None None] Image cache loaded driver 'centralized_db'.
Aug 17 17:17:08.686818 np0000007559 devstack@g-api.service[99747]: INFO glance.image_cache [None req-ac6db674-cae0-4b44-90b8-0939037ada74 None None] Image cache loaded driver 'centralized_db'.
Aug 17 17:17:08.687709 np0000007559 devstack@g-api.service[99743]: INFO glance.image_cache [None req-c36fa1e1-d884-4b18-853f-817c24861df1 None None] Image cache loaded driver 'centralized_db'.
Aug 17 17:17:08.731425 np0000007559 devstack@g-api.service[99746]: INFO dbcounter [None req-66e1253f-8a4d-49fe-a00a-6ba285eb86cf None None] Registered counter for database glance
Aug 17 17:17:08.734080 np0000007559 devstack@g-api.service[99747]: INFO dbcounter [None req-ac6db674-cae0-4b44-90b8-0939037ada74 None None] Registered counter for database glance
Aug 17 17:17:08.735681 np0000007559 devstack@g-api.service[99743]: INFO dbcounter [None req-c36fa1e1-d884-4b18-853f-817c24861df1 None None] Registered counter for database glance
Aug 17 17:17:08.770488 np0000007559 devstack@g-api.service[99746]: DEBUG oslo_db.sqlalchemy.engines [None req-66e1253f-8a4d-49fe-a00a-6ba285eb86cf None None] MySQL server mode set to STRICT_TRANS_TABLES,STRICT_ALL_TABLES,NO_ZERO_IN_DATE,NO_ZERO_DATE,ERROR_FOR_DIVISION_BY_ZERO,TRADITIONAL,NO_ENGINE_SUBSTITUTION {{(pid=99746) _check_effective_sql_mode /opt/stack/data/venv/lib/python3.12/site-packages/oslo_db/sqlalchemy/engines.py:325}}
Aug 17 17:17:08.775782 np0000007559 devstack@g-api.service[99747]: DEBUG oslo_db.sqlalchemy.engines [None req-ac6db674-cae0-4b44-90b8-0939037ada74 None None] MySQL server mode set to STRICT_TRANS_TABLES,STRICT_ALL_TABLES,NO_ZERO_IN_DATE,NO_ZERO_DATE,ERROR_FOR_DIVISION_BY_ZERO,TRADITIONAL,NO_ENGINE_SUBSTITUTION {{(pid=99747) _check_effective_sql_mode /opt/stack/data/venv/lib/python3.12/site-packages/oslo_db/sqlalchemy/engines.py:325}}
Aug 17 17:17:08.778763 np0000007559 devstack@g-api.service[99743]: DEBUG oslo_db.sqlalchemy.engines [None req-c36fa1e1-d884-4b18-853f-817c24861df1 None None] MySQL server mode set to STRICT_TRANS_TABLES,STRICT_ALL_TABLES,NO_ZERO_IN_DATE,NO_ZERO_DATE,ERROR_FOR_DIVISION_BY_ZERO,TRADITIONAL,NO_ENGINE_SUBSTITUTION {{(pid=99743) _check_effective_sql_mode /opt/stack/data/venv/lib/python3.12/site-packages/oslo_db/sqlalchemy/engines.py:325}}
Aug 17 17:17:08.878560 np0000007559 devstack@g-api.service[99746]: DEBUG dbcounter [-] [99746] Writer thread running {{(pid=99746) stat_writer /opt/stack/data/venv/lib/python3.12/site-packages/dbcounter.py:102}}
Aug 17 17:17:08.884762 np0000007559 devstack@g-api.service[99747]: DEBUG dbcounter [-] [99747] Writer thread running {{(pid=99747) stat_writer /opt/stack/data/venv/lib/python3.12/site-packages/dbcounter.py:102}}
Aug 17 17:17:08.887297 np0000007559 devstack@g-api.service[99743]: DEBUG dbcounter [-] [99743] Writer thread running {{(pid=99743) stat_writer /opt/stack/data/venv/lib/python3.12/site-packages/dbcounter.py:102}}
Aug 17 17:17:08.887422 np0000007559 devstack@g-api.service[99747]: DEBUG glance.image_cache.drivers.centralized_db [None req-ac6db674-cae0-4b44-90b8-0939037ada74 None None] Node reference is already recorded, ignoring it {{(pid=99747) configure /opt/stack/glance/glance/image_cache/drivers/centralized_db.py:71}}
Aug 17 17:17:08.889052 np0000007559 devstack@g-api.service[99746]: INFO glance.image_cache [None req-66e1253f-8a4d-49fe-a00a-6ba285eb86cf None None] Image cache loaded driver 'centralized_db'.
Aug 17 17:17:08.889572 np0000007559 devstack@g-api.service[99743]: DEBUG glance.image_cache.drivers.centralized_db [None req-c36fa1e1-d884-4b18-853f-817c24861df1 None None] Node reference is already recorded, ignoring it {{(pid=99743) configure /opt/stack/glance/glance/image_cache/drivers/centralized_db.py:71}}
Aug 17 17:17:08.892993 np0000007559 devstack@g-api.service[99747]: INFO glance.image_cache [None req-ac6db674-cae0-4b44-90b8-0939037ada74 None None] Image cache loaded driver 'centralized_db'.
Aug 17 17:17:08.894631 np0000007559 devstack@g-api.service[99743]: INFO glance.image_cache [None req-c36fa1e1-d884-4b18-853f-817c24861df1 None None] Image cache loaded driver 'centralized_db'.
Aug 17 17:17:08.895432 np0000007559 devstack@g-api.service[99746]: DEBUG glance.image_cache.drivers.centralized_db [None req-66e1253f-8a4d-49fe-a00a-6ba285eb86cf None None] Node reference is already recorded, ignoring it {{(pid=99746) configure /opt/stack/glance/glance/image_cache/drivers/centralized_db.py:71}}
Aug 17 17:17:08.899857 np0000007559 devstack@g-api.service[99746]: DEBUG glance.api.v2.cached_images [None req-66e1253f-8a4d-49fe-a00a-6ba285eb86cf None None] Started cache worker thread {{(pid=99746) __init__ /opt/stack/glance/glance/api/v2/cached_images.py:71}}
Aug 17 17:17:08.900226 np0000007559 devstack@g-api.service[99747]: DEBUG glance.image_cache.drivers.centralized_db [None req-ac6db674-cae0-4b44-90b8-0939037ada74 None None] Node reference is already recorded, ignoring it {{(pid=99747) configure /opt/stack/glance/glance/image_cache/drivers/centralized_db.py:71}}
Aug 17 17:17:08.900515 np0000007559 devstack@g-api.service[99746]: INFO glance.image_cache [None req-66e1253f-8a4d-49fe-a00a-6ba285eb86cf None None] Image cache loaded driver 'centralized_db'.
Aug 17 17:17:08.901334 np0000007559 devstack@g-api.service[99743]: DEBUG glance.image_cache.drivers.centralized_db [None req-c36fa1e1-d884-4b18-853f-817c24861df1 None None] Node reference is already recorded, ignoring it {{(pid=99743) configure /opt/stack/glance/glance/image_cache/drivers/centralized_db.py:71}}
Aug 17 17:17:08.904670 np0000007559 devstack@g-api.service[99747]: DEBUG glance.api.v2.cached_images [None req-ac6db674-cae0-4b44-90b8-0939037ada74 None None] Started cache worker thread {{(pid=99747) __init__ /opt/stack/glance/glance/api/v2/cached_images.py:71}}
Aug 17 17:17:08.905290 np0000007559 devstack@g-api.service[99747]: INFO glance.image_cache [None req-ac6db674-cae0-4b44-90b8-0939037ada74 None None] Image cache loaded driver 'centralized_db'.
Aug 17 17:17:08.905794 np0000007559 devstack@g-api.service[99743]: DEBUG glance.api.v2.cached_images [None req-c36fa1e1-d884-4b18-853f-817c24861df1 None None] Started cache worker thread {{(pid=99743) __init__ /opt/stack/glance/glance/api/v2/cached_images.py:71}}
Aug 17 17:17:08.906023 np0000007559 devstack@g-api.service[99746]: DEBUG glance.image_cache.drivers.centralized_db [None req-66e1253f-8a4d-49fe-a00a-6ba285eb86cf None None] Node reference is already recorded, ignoring it {{(pid=99746) configure /opt/stack/glance/glance/image_cache/drivers/centralized_db.py:71}}
Aug 17 17:17:08.906531 np0000007559 devstack@g-api.service[99743]: INFO glance.image_cache [None req-c36fa1e1-d884-4b18-853f-817c24861df1 None None] Image cache loaded driver 'centralized_db'.
Aug 17 17:17:08.910217 np0000007559 devstack@g-api.service[99746]: INFO glance.api.middleware.cache_manage [None req-66e1253f-8a4d-49fe-a00a-6ba285eb86cf None None] Initialized image cache management middleware
Aug 17 17:17:08.910464 np0000007559 devstack@g-api.service[99746]: INFO glance.image_cache [None req-66e1253f-8a4d-49fe-a00a-6ba285eb86cf None None] Image cache loaded driver 'centralized_db'.
Aug 17 17:17:08.911401 np0000007559 devstack@g-api.service[99747]: DEBUG glance.image_cache.drivers.centralized_db [None req-ac6db674-cae0-4b44-90b8-0939037ada74 None None] Node reference is already recorded, ignoring it {{(pid=99747) configure /opt/stack/glance/glance/image_cache/drivers/centralized_db.py:71}}
Aug 17 17:17:08.913221 np0000007559 devstack@g-api.service[99743]: DEBUG glance.image_cache.drivers.centralized_db [None req-c36fa1e1-d884-4b18-853f-817c24861df1 None None] Node reference is already recorded, ignoring it {{(pid=99743) configure /opt/stack/glance/glance/image_cache/drivers/centralized_db.py:71}}
Aug 17 17:17:08.916995 np0000007559 devstack@g-api.service[99747]: INFO glance.api.middleware.cache_manage [None req-ac6db674-cae0-4b44-90b8-0939037ada74 None None] Initialized image cache management middleware
Aug 17 17:17:08.917138 np0000007559 devstack@g-api.service[99747]: INFO glance.image_cache [None req-ac6db674-cae0-4b44-90b8-0939037ada74 None None] Image cache loaded driver 'centralized_db'.
Aug 17 17:17:08.917432 np0000007559 devstack@g-api.service[99746]: DEBUG glance.image_cache.drivers.centralized_db [None req-66e1253f-8a4d-49fe-a00a-6ba285eb86cf None None] Node reference is already recorded, ignoring it {{(pid=99746) configure /opt/stack/glance/glance/image_cache/drivers/centralized_db.py:71}}
Aug 17 17:17:08.919152 np0000007559 devstack@g-api.service[99743]: INFO glance.api.middleware.cache_manage [None req-c36fa1e1-d884-4b18-853f-817c24861df1 None None] Initialized image cache management middleware
Aug 17 17:17:08.919374 np0000007559 devstack@g-api.service[99743]: INFO glance.image_cache [None req-c36fa1e1-d884-4b18-853f-817c24861df1 None None] Image cache loaded driver 'centralized_db'.
Aug 17 17:17:08.920669 np0000007559 devstack@g-api.service[99746]: INFO glance.api.middleware.cache [None req-66e1253f-8a4d-49fe-a00a-6ba285eb86cf None None] Initialized image cache middleware
Aug 17 17:17:08.923547 np0000007559 devstack@g-api.service[99747]: DEBUG glance.image_cache.drivers.centralized_db [None req-ac6db674-cae0-4b44-90b8-0939037ada74 None None] Node reference is already recorded, ignoring it {{(pid=99747) configure /opt/stack/glance/glance/image_cache/drivers/centralized_db.py:71}}
Aug 17 17:17:08.926378 np0000007559 devstack@g-api.service[99743]: DEBUG glance.image_cache.drivers.centralized_db [None req-c36fa1e1-d884-4b18-853f-817c24861df1 None None] Node reference is already recorded, ignoring it {{(pid=99743) configure /opt/stack/glance/glance/image_cache/drivers/centralized_db.py:71}}
Aug 17 17:17:08.929112 np0000007559 devstack@g-api.service[99747]: INFO glance.api.middleware.cache [None req-ac6db674-cae0-4b44-90b8-0939037ada74 None None] Initialized image cache middleware
Aug 17 17:17:08.929890 np0000007559 devstack@g-api.service[99743]: INFO glance.api.middleware.cache [None req-c36fa1e1-d884-4b18-853f-817c24861df1 None None] Initialized image cache middleware
Aug 17 17:17:08.930754 np0000007559 devstack@g-api.service[99746]: DEBUG glance.common.config [None req-66e1253f-8a4d-49fe-a00a-6ba285eb86cf None None] ******************************************************************************** {{(pid=99746) log_opt_values /opt/stack/data/venv/lib/python3.12/site-packages/oslo_config/cfg.py:3533}}
Aug 17 17:17:08.930832 np0000007559 devstack@g-api.service[99746]: DEBUG glance.common.config [None req-66e1253f-8a4d-49fe-a00a-6ba285eb86cf None None] Configuration options gathered from: {{(pid=99746) log_opt_values /opt/stack/data/venv/lib/python3.12/site-packages/oslo_config/cfg.py:3534}}
Aug 17 17:17:08.931123 np0000007559 devstack@g-api.service[99746]: DEBUG glance.common.config [None req-66e1253f-8a4d-49fe-a00a-6ba285eb86cf None None] command line args: [] {{(pid=99746) log_opt_values /opt/stack/data/venv/lib/python3.12/site-packages/oslo_config/cfg.py:3535}}
Aug 17 17:17:08.931264 np0000007559 devstack@g-api.service[99746]: DEBUG glance.common.config [None req-66e1253f-8a4d-49fe-a00a-6ba285eb86cf None None] config files: ['/etc/glance/glance-image-import.conf', '/etc/glance/glance-api.conf'] {{(pid=99746) log_opt_values /opt/stack/data/venv/lib/python3.12/site-packages/oslo_config/cfg.py:3536}}
Aug 17 17:17:08.931352 np0000007559 devstack@g-api.service[99746]: DEBUG glance.common.config [None req-66e1253f-8a4d-49fe-a00a-6ba285eb86cf None None] ================================================================================ {{(pid=99746) log_opt_values /opt/stack/data/venv/lib/python3.12/site-packages/oslo_config/cfg.py:3541}}
Aug 17 17:17:08.931464 np0000007559 devstack@g-api.service[99746]: DEBUG glance.common.config [None req-66e1253f-8a4d-49fe-a00a-6ba285eb86cf None None] allow_anonymous_access = False {{(pid=99746) log_opt_values /opt/stack/data/venv/lib/python3.12/site-packages/oslo_config/cfg.py:3549}}
Aug 17 17:17:08.931558 np0000007559 devstack@g-api.service[99746]: DEBUG glance.common.config [None req-66e1253f-8a4d-49fe-a00a-6ba285eb86cf None None] api_limit_max = 1000 {{(pid=99746) log_opt_values /opt/stack/data/venv/lib/python3.12/site-packages/oslo_config/cfg.py:3549}}
Aug 17 17:17:08.931658 np0000007559 devstack@g-api.service[99746]: DEBUG glance.common.config [None req-66e1253f-8a4d-49fe-a00a-6ba285eb86cf None None] config_dir = [] {{(pid=99746) log_opt_values /opt/stack/data/venv/lib/python3.12/site-packages/oslo_config/cfg.py:3549}}
Aug 17 17:17:08.931723 np0000007559 devstack@g-api.service[99746]: DEBUG glance.common.config [None req-66e1253f-8a4d-49fe-a00a-6ba285eb86cf None None] config_file = ['/etc/glance/glance-image-import.conf', '/etc/glance/glance-api.conf'] {{(pid=99746) log_opt_values /opt/stack/data/venv/lib/python3.12/site-packages/oslo_config/cfg.py:3549}}
Aug 17 17:17:08.931811 np0000007559 devstack@g-api.service[99746]: DEBUG glance.common.config [None req-66e1253f-8a4d-49fe-a00a-6ba285eb86cf None None] config_source = [] {{(pid=99746) log_opt_values /opt/stack/data/venv/lib/python3.12/site-packages/oslo_config/cfg.py:3549}}
Aug 17 17:17:08.931905 np0000007559 devstack@g-api.service[99746]: DEBUG glance.common.config [None req-66e1253f-8a4d-49fe-a00a-6ba285eb86cf None None] control_exchange = glance {{(pid=99746) log_opt_values /opt/stack/data/venv/lib/python3.12/site-packages/oslo_config/cfg.py:3549}}
Aug 17 17:17:08.931970 np0000007559 devstack@g-api.service[99746]: DEBUG glance.common.config [None req-66e1253f-8a4d-49fe-a00a-6ba285eb86cf None None] debug = True {{(pid=99746) log_opt_values /opt/stack/data/venv/lib/python3.12/site-packages/oslo_config/cfg.py:3549}}
Aug 17 17:17:08.932132 np0000007559 devstack@g-api.service[99746]: DEBUG glance.common.config [None req-66e1253f-8a4d-49fe-a00a-6ba285eb86cf None None] default_log_levels = ['amqp=WARN', 'boto=WARN', 'sqlalchemy=WARN', 'suds=INFO', 'oslo.messaging=INFO', 'oslo_messaging=INFO', 'iso8601=WARN', 'requests.packages.urllib3.connectionpool=WARN', 'urllib3.connectionpool=WARN', 'websocket=WARN', 'requests.packages.urllib3.util.retry=WARN', 'urllib3.util.retry=WARN', 'keystonemiddleware=WARN', 'routes.middleware=WARN', 'stevedore=WARN', 'taskflow=WARN', 'keystoneauth=WARN', 'oslo.cache=INFO', 'oslo_policy=INFO', 'dogpile.core.dogpile=INFO'] {{(pid=99746) log_opt_values /opt/stack/data/venv/lib/python3.12/site-packages/oslo_config/cfg.py:3549}}
Aug 17 17:17:08.932258 np0000007559 devstack@g-api.service[99746]: DEBUG glance.common.config [None req-66e1253f-8a4d-49fe-a00a-6ba285eb86cf None None] default_publisher_id = image.localhost {{(pid=99746) log_opt_values /opt/stack/data/venv/lib/python3.12/site-packages/oslo_config/cfg.py:3549}}
Aug 17 17:17:08.932364 np0000007559 devstack@g-api.service[99746]: DEBUG glance.common.config [None req-66e1253f-8a4d-49fe-a00a-6ba285eb86cf None None] delayed_delete = False {{(pid=99746) log_opt_values /opt/stack/data/venv/lib/python3.12/site-packages/oslo_config/cfg.py:3549}}
Aug 17 17:17:08.932460 np0000007559 devstack@g-api.service[99746]: DEBUG glance.common.config [None req-66e1253f-8a4d-49fe-a00a-6ba285eb86cf None None] digest_algorithm = sha256 {{(pid=99746) log_opt_values /opt/stack/data/venv/lib/python3.12/site-packages/oslo_config/cfg.py:3549}}
Aug 17 17:17:08.932545 np0000007559 devstack@g-api.service[99746]: DEBUG glance.common.config [None req-66e1253f-8a4d-49fe-a00a-6ba285eb86cf None None] disabled_notifications = [] {{(pid=99746) log_opt_values /opt/stack/data/venv/lib/python3.12/site-packages/oslo_config/cfg.py:3549}}
Aug 17 17:17:08.932628 np0000007559 devstack@g-api.service[99746]: DEBUG glance.common.config [None req-66e1253f-8a4d-49fe-a00a-6ba285eb86cf None None] do_secure_hash = True {{(pid=99746) log_opt_values /opt/stack/data/venv/lib/python3.12/site-packages/oslo_config/cfg.py:3549}}
Aug 17 17:17:08.932710 np0000007559 devstack@g-api.service[99746]: DEBUG glance.common.config [None req-66e1253f-8a4d-49fe-a00a-6ba285eb86cf None None] enabled_backends = None {{(pid=99746) log_opt_values /opt/stack/data/venv/lib/python3.12/site-packages/oslo_config/cfg.py:3549}}
Aug 17 17:17:08.932812 np0000007559 devstack@g-api.service[99746]: DEBUG glance.common.config [None req-66e1253f-8a4d-49fe-a00a-6ba285eb86cf None None] enabled_import_methods = ['glance-direct', 'web-download', 'copy-image'] {{(pid=99746) log_opt_values /opt/stack/data/venv/lib/python3.12/site-packages/oslo_config/cfg.py:3549}}
Aug 17 17:17:08.932898 np0000007559 devstack@g-api.service[99746]: DEBUG glance.common.config [None req-66e1253f-8a4d-49fe-a00a-6ba285eb86cf None None] fatal_deprecations = False {{(pid=99746) log_opt_values /opt/stack/data/venv/lib/python3.12/site-packages/oslo_config/cfg.py:3549}}
Aug 17 17:17:08.932986 np0000007559 devstack@g-api.service[99746]: DEBUG glance.common.config [None req-66e1253f-8a4d-49fe-a00a-6ba285eb86cf None None] hashing_algorithm = sha512 {{(pid=99746) log_opt_values /opt/stack/data/venv/lib/python3.12/site-packages/oslo_config/cfg.py:3549}}
Aug 17 17:17:08.933071 np0000007559 devstack@g-api.service[99746]: DEBUG glance.common.config [None req-66e1253f-8a4d-49fe-a00a-6ba285eb86cf None None] http_retries = 3 {{(pid=99746) log_opt_values /opt/stack/data/venv/lib/python3.12/site-packages/oslo_config/cfg.py:3549}}
Aug 17 17:17:08.933187 np0000007559 devstack@g-api.service[99746]: DEBUG glance.common.config [None req-66e1253f-8a4d-49fe-a00a-6ba285eb86cf None None] image_cache_dir = /opt/stack/data/glance/cache/ {{(pid=99746) log_opt_values /opt/stack/data/venv/lib/python3.12/site-packages/oslo_config/cfg.py:3549}}
Aug 17 17:17:08.933282 np0000007559 devstack@g-api.service[99746]: DEBUG glance.common.config [None req-66e1253f-8a4d-49fe-a00a-6ba285eb86cf None None] image_cache_driver = centralized_db {{(pid=99746) log_opt_values /opt/stack/data/venv/lib/python3.12/site-packages/oslo_config/cfg.py:3549}}
Aug 17 17:17:08.933389 np0000007559 devstack@g-api.service[99746]: DEBUG glance.common.config [None req-66e1253f-8a4d-49fe-a00a-6ba285eb86cf None None] image_cache_max_size = 10737418240 {{(pid=99746) log_opt_values /opt/stack/data/venv/lib/python3.12/site-packages/oslo_config/cfg.py:3549}}
Aug 17 17:17:08.933479 np0000007559 devstack@g-api.service[99746]: DEBUG glance.common.config [None req-66e1253f-8a4d-49fe-a00a-6ba285eb86cf None None] image_cache_sqlite_db = cache.db {{(pid=99746) log_opt_values /opt/stack/data/venv/lib/python3.12/site-packages/oslo_config/cfg.py:3549}}
Aug 17 17:17:08.933564 np0000007559 devstack@g-api.service[99746]: DEBUG glance.common.config [None req-66e1253f-8a4d-49fe-a00a-6ba285eb86cf None None] image_cache_stall_time = 86400 {{(pid=99746) log_opt_values /opt/stack/data/venv/lib/python3.12/site-packages/oslo_config/cfg.py:3549}}
Aug 17 17:17:08.933647 np0000007559 devstack@g-api.service[99746]: DEBUG glance.common.config [None req-66e1253f-8a4d-49fe-a00a-6ba285eb86cf None None] image_location_quota = 10 {{(pid=99746) log_opt_values /opt/stack/data/venv/lib/python3.12/site-packages/oslo_config/cfg.py:3549}}
Aug 17 17:17:08.933730 np0000007559 devstack@g-api.service[99746]: DEBUG glance.common.config [None req-66e1253f-8a4d-49fe-a00a-6ba285eb86cf None None] image_member_quota = 128 {{(pid=99746) log_opt_values /opt/stack/data/venv/lib/python3.12/site-packages/oslo_config/cfg.py:3549}}
Aug 17 17:17:08.933813 np0000007559 devstack@g-api.service[99746]: DEBUG glance.common.config [None req-66e1253f-8a4d-49fe-a00a-6ba285eb86cf None None] image_property_quota = 128 {{(pid=99746) log_opt_values /opt/stack/data/venv/lib/python3.12/site-packages/oslo_config/cfg.py:3549}}
Aug 17 17:17:08.933898 np0000007559 devstack@g-api.service[99746]: DEBUG glance.common.config [None req-66e1253f-8a4d-49fe-a00a-6ba285eb86cf None None] image_size_cap = 1099511627776 {{(pid=99746) log_opt_values /opt/stack/data/venv/lib/python3.12/site-packages/oslo_config/cfg.py:3549}}
Aug 17 17:17:08.933981 np0000007559 devstack@g-api.service[99746]: DEBUG glance.common.config [None req-66e1253f-8a4d-49fe-a00a-6ba285eb86cf None None] image_tag_quota = 128 {{(pid=99746) log_opt_values /opt/stack/data/venv/lib/python3.12/site-packages/oslo_config/cfg.py:3549}}
Aug 17 17:17:08.934070 np0000007559 devstack@g-api.service[99746]: DEBUG glance.common.config [None req-66e1253f-8a4d-49fe-a00a-6ba285eb86cf None None] instance_format = [instance: %(uuid)s] {{(pid=99746) log_opt_values /opt/stack/data/venv/lib/python3.12/site-packages/oslo_config/cfg.py:3549}}
Aug 17 17:17:08.934366 np0000007559 devstack@g-api.service[99746]: DEBUG glance.common.config [None req-66e1253f-8a4d-49fe-a00a-6ba285eb86cf None None] instance_uuid_format = [instance: %(uuid)s] {{(pid=99746) log_opt_values /opt/stack/data/venv/lib/python3.12/site-packages/oslo_config/cfg.py:3549}}
Aug 17 17:17:08.934419 np0000007559 devstack@g-api.service[99746]: DEBUG glance.common.config [None req-66e1253f-8a4d-49fe-a00a-6ba285eb86cf None None] limit_param_default = 25 {{(pid=99746) log_opt_values /opt/stack/data/venv/lib/python3.12/site-packages/oslo_config/cfg.py:3549}}
Aug 17 17:17:08.934504 np0000007559 devstack@g-api.service[99746]: DEBUG glance.common.config [None req-66e1253f-8a4d-49fe-a00a-6ba285eb86cf None None] log_color = False {{(pid=99746) log_opt_values /opt/stack/data/venv/lib/python3.12/site-packages/oslo_config/cfg.py:3549}}
Aug 17 17:17:08.934591 np0000007559 devstack@g-api.service[99746]: DEBUG glance.common.config [None req-66e1253f-8a4d-49fe-a00a-6ba285eb86cf None None] log_config_append = None {{(pid=99746) log_opt_values /opt/stack/data/venv/lib/python3.12/site-packages/oslo_config/cfg.py:3549}}
Aug 17 17:17:08.934681 np0000007559 devstack@g-api.service[99746]: DEBUG glance.common.config [None req-66e1253f-8a4d-49fe-a00a-6ba285eb86cf None None] log_date_format = %Y-%m-%d %H:%M:%S {{(pid=99746) log_opt_values /opt/stack/data/venv/lib/python3.12/site-packages/oslo_config/cfg.py:3549}}
Aug 17 17:17:08.934765 np0000007559 devstack@g-api.service[99746]: DEBUG glance.common.config [None req-66e1253f-8a4d-49fe-a00a-6ba285eb86cf None None] log_dir = None {{(pid=99746) log_opt_values /opt/stack/data/venv/lib/python3.12/site-packages/oslo_config/cfg.py:3549}}
Aug 17 17:17:08.934847 np0000007559 devstack@g-api.service[99746]: DEBUG glance.common.config [None req-66e1253f-8a4d-49fe-a00a-6ba285eb86cf None None] log_file = None {{(pid=99746) log_opt_values /opt/stack/data/venv/lib/python3.12/site-packages/oslo_config/cfg.py:3549}}
Aug 17 17:17:08.934931 np0000007559 devstack@g-api.service[99746]: DEBUG glance.common.config [None req-66e1253f-8a4d-49fe-a00a-6ba285eb86cf None None] log_rotate_interval = 1 {{(pid=99746) log_opt_values /opt/stack/data/venv/lib/python3.12/site-packages/oslo_config/cfg.py:3549}}
Aug 17 17:17:08.935020 np0000007559 devstack@g-api.service[99746]: DEBUG glance.common.config [None req-66e1253f-8a4d-49fe-a00a-6ba285eb86cf None None] log_rotate_interval_type = days {{(pid=99746) log_opt_values /opt/stack/data/venv/lib/python3.12/site-packages/oslo_config/cfg.py:3549}}
Aug 17 17:17:08.935111 np0000007559 devstack@g-api.service[99746]: DEBUG glance.common.config [None req-66e1253f-8a4d-49fe-a00a-6ba285eb86cf None None] log_rotation_type = none {{(pid=99746) log_opt_values /opt/stack/data/venv/lib/python3.12/site-packages/oslo_config/cfg.py:3549}}
Aug 17 17:17:08.935198 np0000007559 devstack@g-api.service[99746]: DEBUG glance.common.config [None req-66e1253f-8a4d-49fe-a00a-6ba285eb86cf None None] logging_context_format_string = %(color)s%(levelname)s %(name)s [%(global_request_id)s %(request_id)s %(project_name)s %(user_name)s%(color)s] %(instance)s%(color)s%(message)s {{(pid=99746) log_opt_values /opt/stack/data/venv/lib/python3.12/site-packages/oslo_config/cfg.py:3549}}
Aug 17 17:17:08.935263 np0000007559 devstack@g-api.service[99746]: DEBUG glance.common.config [None req-66e1253f-8a4d-49fe-a00a-6ba285eb86cf None None] logging_debug_format_suffix = {{(pid=%(process)d) %(funcName)s %(pathname)s:%(lineno)d}} {{(pid=99746) log_opt_values /opt/stack/data/venv/lib/python3.12/site-packages/oslo_config/cfg.py:3549}}
Aug 17 17:17:08.935378 np0000007559 devstack@g-api.service[99746]: DEBUG glance.common.config [None req-66e1253f-8a4d-49fe-a00a-6ba285eb86cf None None] logging_default_format_string = %(color)s%(levelname)s %(name)s [-%(color)s] %(instance)s%(color)s%(message)s {{(pid=99746) log_opt_values /opt/stack/data/venv/lib/python3.12/site-packages/oslo_config/cfg.py:3549}}
Aug 17 17:17:08.935465 np0000007559 devstack@g-api.service[99746]: DEBUG glance.common.config [None req-66e1253f-8a4d-49fe-a00a-6ba285eb86cf None None] logging_exception_prefix = ERROR %(name)s %(instance)s {{(pid=99746) log_opt_values /opt/stack/data/venv/lib/python3.12/site-packages/oslo_config/cfg.py:3549}}
Aug 17 17:17:08.935526 np0000007559 devstack@g-api.service[99746]: DEBUG glance.common.config [None req-66e1253f-8a4d-49fe-a00a-6ba285eb86cf None None] logging_user_identity_format = %(user)s %(project)s %(domain)s %(system_scope)s %(user_domain)s %(project_domain)s {{(pid=99746) log_opt_values /opt/stack/data/venv/lib/python3.12/site-packages/oslo_config/cfg.py:3549}}
Aug 17 17:17:08.935613 np0000007559 devstack@g-api.service[99746]: DEBUG glance.common.config [None req-66e1253f-8a4d-49fe-a00a-6ba285eb86cf None None] max_logfile_count = 30 {{(pid=99746) log_opt_values /opt/stack/data/venv/lib/python3.12/site-packages/oslo_config/cfg.py:3549}}
Aug 17 17:17:08.935698 np0000007559 devstack@g-api.service[99746]: DEBUG glance.common.config [None req-66e1253f-8a4d-49fe-a00a-6ba285eb86cf None None] max_logfile_size_mb = 200 {{(pid=99746) log_opt_values /opt/stack/data/venv/lib/python3.12/site-packages/oslo_config/cfg.py:3549}}
Aug 17 17:17:08.935779 np0000007559 devstack@g-api.service[99746]: DEBUG glance.common.config [None req-66e1253f-8a4d-49fe-a00a-6ba285eb86cf None None] max_request_id_length = 64 {{(pid=99746) log_opt_values /opt/stack/data/venv/lib/python3.12/site-packages/oslo_config/cfg.py:3549}}
Aug 17 17:17:08.935863 np0000007559 devstack@g-api.service[99746]: DEBUG glance.common.config [None req-66e1253f-8a4d-49fe-a00a-6ba285eb86cf None None] metadata_encryption_key = **** {{(pid=99746) log_opt_values /opt/stack/data/venv/lib/python3.12/site-packages/oslo_config/cfg.py:3549}}
Aug 17 17:17:08.935950 np0000007559 devstack@g-api.service[99746]: DEBUG glance.common.config [None req-66e1253f-8a4d-49fe-a00a-6ba285eb86cf None None] node_staging_uri = file:///tmp/staging/ {{(pid=99746) log_opt_values /opt/stack/data/venv/lib/python3.12/site-packages/oslo_config/cfg.py:3549}}
Aug 17 17:17:08.936031 np0000007559 devstack@g-api.service[99746]: DEBUG glance.common.config [None req-66e1253f-8a4d-49fe-a00a-6ba285eb86cf None None] property_protection_file = None {{(pid=99746) log_opt_values /opt/stack/data/venv/lib/python3.12/site-packages/oslo_config/cfg.py:3549}}
Aug 17 17:17:08.936129 np0000007559 devstack@g-api.service[99746]: DEBUG glance.common.config [None req-66e1253f-8a4d-49fe-a00a-6ba285eb86cf None None] property_protection_rule_format = roles {{(pid=99746) log_opt_values /opt/stack/data/venv/lib/python3.12/site-packages/oslo_config/cfg.py:3549}}
Aug 17 17:17:08.936250 np0000007559 devstack@g-api.service[99746]: DEBUG glance.common.config [None req-66e1253f-8a4d-49fe-a00a-6ba285eb86cf None None] public_endpoint = https://10.4.3.5/image {{(pid=99746) log_opt_values /opt/stack/data/venv/lib/python3.12/site-packages/oslo_config/cfg.py:3549}}
Aug 17 17:17:08.936350 np0000007559 devstack@g-api.service[99746]: DEBUG glance.common.config [None req-66e1253f-8a4d-49fe-a00a-6ba285eb86cf None None] publish_errors = False {{(pid=99746) log_opt_values /opt/stack/data/venv/lib/python3.12/site-packages/oslo_config/cfg.py:3549}}
Aug 17 17:17:08.936435 np0000007559 devstack@g-api.service[99746]: DEBUG glance.common.config [None req-66e1253f-8a4d-49fe-a00a-6ba285eb86cf None None] pydev_worker_debug_host = None {{(pid=99746) log_opt_values /opt/stack/data/venv/lib/python3.12/site-packages/oslo_config/cfg.py:3549}}
Aug 17 17:17:08.936523 np0000007559 devstack@g-api.service[99746]: DEBUG glance.common.config [None req-66e1253f-8a4d-49fe-a00a-6ba285eb86cf None None] pydev_worker_debug_port = 5678 {{(pid=99746) log_opt_values /opt/stack/data/venv/lib/python3.12/site-packages/oslo_config/cfg.py:3549}}
Aug 17 17:17:08.936606 np0000007559 devstack@g-api.service[99746]: DEBUG glance.common.config [None req-66e1253f-8a4d-49fe-a00a-6ba285eb86cf None None] rate_limit_burst = 0 {{(pid=99746) log_opt_values /opt/stack/data/venv/lib/python3.12/site-packages/oslo_config/cfg.py:3549}}
Aug 17 17:17:08.936693 np0000007559 devstack@g-api.service[99746]: DEBUG glance.common.config [None req-66e1253f-8a4d-49fe-a00a-6ba285eb86cf None None] rate_limit_except_level = CRITICAL {{(pid=99746) log_opt_values /opt/stack/data/venv/lib/python3.12/site-packages/oslo_config/cfg.py:3549}}
Aug 17 17:17:08.936775 np0000007559 devstack@g-api.service[99746]: DEBUG glance.common.config [None req-66e1253f-8a4d-49fe-a00a-6ba285eb86cf None None] rate_limit_interval = 0 {{(pid=99746) log_opt_values /opt/stack/data/venv/lib/python3.12/site-packages/oslo_config/cfg.py:3549}}
Aug 17 17:17:08.936860 np0000007559 devstack@g-api.service[99746]: DEBUG glance.common.config [None req-66e1253f-8a4d-49fe-a00a-6ba285eb86cf None None] scrub_pool_size = 1 {{(pid=99746) log_opt_values /opt/stack/data/venv/lib/python3.12/site-packages/oslo_config/cfg.py:3549}}
Aug 17 17:17:08.936940 np0000007559 devstack@g-api.service[99746]: DEBUG glance.common.config [None req-66e1253f-8a4d-49fe-a00a-6ba285eb86cf None None] scrub_time = 0 {{(pid=99746) log_opt_values /opt/stack/data/venv/lib/python3.12/site-packages/oslo_config/cfg.py:3549}}
Aug 17 17:17:08.937020 np0000007559 devstack@g-api.service[99746]: DEBUG glance.common.config [None req-66e1253f-8a4d-49fe-a00a-6ba285eb86cf None None] shell_completion = None {{(pid=99746) log_opt_values /opt/stack/data/venv/lib/python3.12/site-packages/oslo_config/cfg.py:3549}}
Aug 17 17:17:08.937112 np0000007559 devstack@g-api.service[99746]: DEBUG glance.common.config [None req-66e1253f-8a4d-49fe-a00a-6ba285eb86cf None None] show_image_direct_url = False {{(pid=99746) log_opt_values /opt/stack/data/venv/lib/python3.12/site-packages/oslo_config/cfg.py:3549}}
Aug 17 17:17:08.937338 np0000007559 devstack@g-api.service[99746]: WARNING oslo_config.cfg [None req-66e1253f-8a4d-49fe-a00a-6ba285eb86cf None None] Deprecated: Option "show_multiple_locations" from group "DEFAULT" is deprecated for removal (Use of this option, deprecated since Newton, is a security risk and will be removed once we figure out a way to satisfy those use cases that currently require it. An earlier announcement that the same functionality can be achieved with greater granularity by using policies is incorrect. You cannot work around this option via policy configuration at the present time, though that is the direction we believe the fix will take. Please keep an eye on the Glance release notes to stay up to date on progress in addressing this issue.). Its value may be silently ignored in the future.
Aug 17 17:17:08.937441 np0000007559 devstack@g-api.service[99746]: DEBUG glance.common.config [None req-66e1253f-8a4d-49fe-a00a-6ba285eb86cf None None] show_multiple_locations = False {{(pid=99746) log_opt_values /opt/stack/data/venv/lib/python3.12/site-packages/oslo_config/cfg.py:3549}}
Aug 17 17:17:08.937534 np0000007559 devstack@g-api.service[99746]: DEBUG glance.common.config [None req-66e1253f-8a4d-49fe-a00a-6ba285eb86cf None None] syslog_log_facility = LOG_USER {{(pid=99746) log_opt_values /opt/stack/data/venv/lib/python3.12/site-packages/oslo_config/cfg.py:3549}}
Aug 17 17:17:08.937624 np0000007559 devstack@g-api.service[99746]: DEBUG glance.common.config [None req-66e1253f-8a4d-49fe-a00a-6ba285eb86cf None None] transport_url = **** {{(pid=99746) log_opt_values /opt/stack/data/venv/lib/python3.12/site-packages/oslo_config/cfg.py:3549}}
Aug 17 17:17:08.937708 np0000007559 devstack@g-api.service[99746]: DEBUG glance.common.config [None req-66e1253f-8a4d-49fe-a00a-6ba285eb86cf None None] use_journal = False {{(pid=99746) log_opt_values /opt/stack/data/venv/lib/python3.12/site-packages/oslo_config/cfg.py:3549}}
Aug 17 17:17:08.937793 np0000007559 devstack@g-api.service[99746]: DEBUG glance.common.config [None req-66e1253f-8a4d-49fe-a00a-6ba285eb86cf None None] use_json = False {{(pid=99746) log_opt_values /opt/stack/data/venv/lib/python3.12/site-packages/oslo_config/cfg.py:3549}}
Aug 17 17:17:08.937881 np0000007559 devstack@g-api.service[99746]: DEBUG glance.common.config [None req-66e1253f-8a4d-49fe-a00a-6ba285eb86cf None None] use_keystone_limits = True {{(pid=99746) log_opt_values /opt/stack/data/venv/lib/python3.12/site-packages/oslo_config/cfg.py:3549}}
Aug 17 17:17:08.937966 np0000007559 devstack@g-api.service[99746]: DEBUG glance.common.config [None req-66e1253f-8a4d-49fe-a00a-6ba285eb86cf None None] use_stderr = False {{(pid=99746) log_opt_values /opt/stack/data/venv/lib/python3.12/site-packages/oslo_config/cfg.py:3549}}
Aug 17 17:17:08.938056 np0000007559 devstack@g-api.service[99746]: DEBUG glance.common.config [None req-66e1253f-8a4d-49fe-a00a-6ba285eb86cf None None] use_syslog = False {{(pid=99746) log_opt_values /opt/stack/data/venv/lib/python3.12/site-packages/oslo_config/cfg.py:3549}}
Aug 17 17:17:08.938190 np0000007559 devstack@g-api.service[99746]: DEBUG glance.common.config [None req-66e1253f-8a4d-49fe-a00a-6ba285eb86cf None None] user_storage_quota = 0 {{(pid=99746) log_opt_values /opt/stack/data/venv/lib/python3.12/site-packages/oslo_config/cfg.py:3549}}
Aug 17 17:17:08.938278 np0000007559 devstack@g-api.service[99746]: DEBUG glance.common.config [None req-66e1253f-8a4d-49fe-a00a-6ba285eb86cf None None] worker_self_reference_url = http://127.0.0.1:60999 {{(pid=99746) log_opt_values /opt/stack/data/venv/lib/python3.12/site-packages/oslo_config/cfg.py:3549}}
Aug 17 17:17:08.938397 np0000007559 devstack@g-api.service[99746]: DEBUG glance.common.config [None req-66e1253f-8a4d-49fe-a00a-6ba285eb86cf None None] oslo_concurrency.disable_process_locking = False {{(pid=99746) log_opt_values /opt/stack/data/venv/lib/python3.12/site-packages/oslo_config/cfg.py:3560}}
Aug 17 17:17:08.938490 np0000007559 devstack@g-api.service[99746]: DEBUG glance.common.config [None req-66e1253f-8a4d-49fe-a00a-6ba285eb86cf None None] oslo_concurrency.lock_path = /opt/stack/data/glance/locks {{(pid=99746) log_opt_values /opt/stack/data/venv/lib/python3.12/site-packages/oslo_config/cfg.py:3560}}
Aug 17 17:17:08.938587 np0000007559 devstack@g-api.service[99746]: DEBUG glance.common.config [None req-66e1253f-8a4d-49fe-a00a-6ba285eb86cf None None] oslo_middleware.enable_proxy_headers_parsing = False {{(pid=99746) log_opt_values /opt/stack/data/venv/lib/python3.12/site-packages/oslo_config/cfg.py:3560}}
Aug 17 17:17:08.938675 np0000007559 devstack@g-api.service[99746]: DEBUG glance.common.config [None req-66e1253f-8a4d-49fe-a00a-6ba285eb86cf None None] oslo_middleware.http_basic_auth_user_file = /etc/htpasswd {{(pid=99746) log_opt_values /opt/stack/data/venv/lib/python3.12/site-packages/oslo_config/cfg.py:3560}}
Aug 17 17:17:08.938763 np0000007559 devstack@g-api.service[99746]: DEBUG glance.common.config [None req-66e1253f-8a4d-49fe-a00a-6ba285eb86cf None None] paste_deploy.config_file = None {{(pid=99746) log_opt_values /opt/stack/data/venv/lib/python3.12/site-packages/oslo_config/cfg.py:3560}}
Aug 17 17:17:08.938850 np0000007559 devstack@g-api.service[99746]: DEBUG glance.common.config [None req-66e1253f-8a4d-49fe-a00a-6ba285eb86cf None None] paste_deploy.flavor = keystone+cachemanagement {{(pid=99746) log_opt_values /opt/stack/data/venv/lib/python3.12/site-packages/oslo_config/cfg.py:3560}}
Aug 17 17:17:08.938973 np0000007559 devstack@g-api.service[99746]: DEBUG glance.common.config [None req-66e1253f-8a4d-49fe-a00a-6ba285eb86cf None None] image_format.container_formats = ['ami', 'ari', 'aki', 'bare', 'ovf', 'ova', 'docker', 'compressed'] {{(pid=99746) log_opt_values /opt/stack/data/venv/lib/python3.12/site-packages/oslo_config/cfg.py:3560}}
Aug 17 17:17:08.939096 np0000007559 devstack@g-api.service[99746]: DEBUG glance.common.config [None req-66e1253f-8a4d-49fe-a00a-6ba285eb86cf None None] image_format.disk_formats = ['ami', 'ari', 'aki', 'vhd', 'vhdx', 'vmdk', 'raw', 'qcow2', 'vdi', 'iso', 'ploop'] {{(pid=99746) log_opt_values /opt/stack/data/venv/lib/python3.12/site-packages/oslo_config/cfg.py:3560}}
Aug 17 17:17:08.939336 np0000007559 devstack@g-api.service[99746]: DEBUG glance.common.config [None req-66e1253f-8a4d-49fe-a00a-6ba285eb86cf None None] image_format.gpt_safety_checks_nonfatal = [] {{(pid=99746) log_opt_values /opt/stack/data/venv/lib/python3.12/site-packages/oslo_config/cfg.py:3560}}
Aug 17 17:17:08.939426 np0000007559 devstack@g-api.service[99746]: DEBUG glance.common.config [None req-66e1253f-8a4d-49fe-a00a-6ba285eb86cf None None] image_format.require_image_format_match = True {{(pid=99746) log_opt_values /opt/stack/data/venv/lib/python3.12/site-packages/oslo_config/cfg.py:3560}}
Aug 17 17:17:08.939526 np0000007559 devstack@g-api.service[99746]: DEBUG glance.common.config [None req-66e1253f-8a4d-49fe-a00a-6ba285eb86cf None None] image_format.vmdk_allowed_types = ['streamOptimized', 'monolithicSparse'] {{(pid=99746) log_opt_values /opt/stack/data/venv/lib/python3.12/site-packages/oslo_config/cfg.py:3560}}
Aug 17 17:17:08.939622 np0000007559 devstack@g-api.service[99746]: DEBUG glance.common.config [None req-66e1253f-8a4d-49fe-a00a-6ba285eb86cf None None] task.task_executor = taskflow {{(pid=99746) log_opt_values /opt/stack/data/venv/lib/python3.12/site-packages/oslo_config/cfg.py:3560}}
Aug 17 17:17:08.939714 np0000007559 devstack@g-api.service[99746]: DEBUG glance.common.config [None req-66e1253f-8a4d-49fe-a00a-6ba285eb86cf None None] task.task_time_to_live = 48 {{(pid=99746) log_opt_values /opt/stack/data/venv/lib/python3.12/site-packages/oslo_config/cfg.py:3560}}
Aug 17 17:17:08.939795 np0000007559 devstack@g-api.service[99746]: DEBUG glance.common.config [None req-66e1253f-8a4d-49fe-a00a-6ba285eb86cf None None] task.work_dir = None {{(pid=99746) log_opt_values /opt/stack/data/venv/lib/python3.12/site-packages/oslo_config/cfg.py:3560}}
Aug 17 17:17:08.939885 np0000007559 devstack@g-api.service[99746]: DEBUG glance.common.config [None req-66e1253f-8a4d-49fe-a00a-6ba285eb86cf None None] wsgi.python_interpreter = /opt/stack/data/venv/bin/python3 {{(pid=99746) log_opt_values /opt/stack/data/venv/lib/python3.12/site-packages/oslo_config/cfg.py:3560}}
Aug 17 17:17:08.939970 np0000007559 devstack@g-api.service[99746]: DEBUG glance.common.config [None req-66e1253f-8a4d-49fe-a00a-6ba285eb86cf None None] wsgi.task_pool_threads = 16 {{(pid=99746) log_opt_values /opt/stack/data/venv/lib/python3.12/site-packages/oslo_config/cfg.py:3560}}
Aug 17 17:17:08.940063 np0000007559 devstack@g-api.service[99746]: DEBUG glance.common.config [None req-66e1253f-8a4d-49fe-a00a-6ba285eb86cf None None] import_filtering_opts.allowed_hosts = [] {{(pid=99746) log_opt_values /opt/stack/data/venv/lib/python3.12/site-packages/oslo_config/cfg.py:3560}}
Aug 17 17:17:08.940190 np0000007559 devstack@g-api.service[99746]: DEBUG glance.common.config [None req-66e1253f-8a4d-49fe-a00a-6ba285eb86cf None None] import_filtering_opts.allowed_ports = [80, 443] {{(pid=99746) log_opt_values /opt/stack/data/venv/lib/python3.12/site-packages/oslo_config/cfg.py:3560}}
Aug 17 17:17:08.940295 np0000007559 devstack@g-api.service[99746]: DEBUG glance.common.config [None req-66e1253f-8a4d-49fe-a00a-6ba285eb86cf None None] import_filtering_opts.allowed_schemes = ['http', 'https'] {{(pid=99746) log_opt_values /opt/stack/data/venv/lib/python3.12/site-packages/oslo_config/cfg.py:3560}}
Aug 17 17:17:08.940401 np0000007559 devstack@g-api.service[99746]: DEBUG glance.common.config [None req-66e1253f-8a4d-49fe-a00a-6ba285eb86cf None None] import_filtering_opts.disallowed_hosts = [] {{(pid=99746) log_opt_values /opt/stack/data/venv/lib/python3.12/site-packages/oslo_config/cfg.py:3560}}
Aug 17 17:17:08.940488 np0000007559 devstack@g-api.service[99746]: DEBUG glance.common.config [None req-66e1253f-8a4d-49fe-a00a-6ba285eb86cf None None] import_filtering_opts.disallowed_ports = [] {{(pid=99746) log_opt_values /opt/stack/data/venv/lib/python3.12/site-packages/oslo_config/cfg.py:3560}}
Aug 17 17:17:08.940573 np0000007559 devstack@g-api.service[99746]: DEBUG glance.common.config [None req-66e1253f-8a4d-49fe-a00a-6ba285eb86cf None None] import_filtering_opts.disallowed_schemes = [] {{(pid=99746) log_opt_values /opt/stack/data/venv/lib/python3.12/site-packages/oslo_config/cfg.py:3560}}
