Aug 17 17:16:46.523169 np0000007559 nova-scheduler[93454]: DEBUG cotyledon.oslo_config_glue [-] oslo_messaging_rabbit.rabbit_quorum_queue = False {{(pid=93454) log_opt_values /opt/stack/data/venv/lib/python3.12/site-packages/oslo_config/cfg.py:3560}}
Aug 17 17:16:46.523558 np0000007559 nova-scheduler[93454]: DEBUG cotyledon.oslo_config_glue [-] oslo_messaging_rabbit.rabbit_retry_backoff = 2 {{(pid=93454) log_opt_values /opt/stack/data/venv/lib/python3.12/site-packages/oslo_config/cfg.py:3560}}
Aug 17 17:16:46.523558 np0000007559 nova-scheduler[93454]: DEBUG cotyledon.oslo_config_glue [-] oslo_messaging_rabbit.rabbit_retry_interval = 1 {{(pid=93454) log_opt_values /opt/stack/data/venv/lib/python3.12/site-packages/oslo_config/cfg.py:3560}}
Aug 17 17:16:46.523558 np0000007559 nova-scheduler[93454]: DEBUG cotyledon.oslo_config_glue [-] oslo_messaging_rabbit.rabbit_stream_fanout = False {{(pid=93454) log_opt_values /opt/stack/data/venv/lib/python3.12/site-packages/oslo_config/cfg.py:3560}}
Aug 17 17:16:46.523558 np0000007559 nova-scheduler[93454]: DEBUG cotyledon.oslo_config_glue [-] oslo_messaging_rabbit.rabbit_transient_queues_ttl = 1800 {{(pid=93454) log_opt_values /opt/stack/data/venv/lib/python3.12/site-packages/oslo_config/cfg.py:3560}}
Aug 17 17:16:46.523558 np0000007559 nova-scheduler[93454]: DEBUG cotyledon.oslo_config_glue [-] oslo_messaging_rabbit.rabbit_transient_quorum_queue = False {{(pid=93454) log_opt_values /opt/stack/data/venv/lib/python3.12/site-packages/oslo_config/cfg.py:3560}}
Aug 17 17:16:46.523558 np0000007559 nova-scheduler[93454]: DEBUG cotyledon.oslo_config_glue [-] oslo_messaging_rabbit.rpc_conn_pool_size = 30 {{(pid=93454) log_opt_values /opt/stack/data/venv/lib/python3.12/site-packages/oslo_config/cfg.py:3560}}
Aug 17 17:16:46.523558 np0000007559 nova-scheduler[93454]: DEBUG cotyledon.oslo_config_glue [-] oslo_messaging_rabbit.ssl = False {{(pid=93454) log_opt_values /opt/stack/data/venv/lib/python3.12/site-packages/oslo_config/cfg.py:3560}}
Aug 17 17:16:46.523558 np0000007559 nova-scheduler[93454]: DEBUG cotyledon.oslo_config_glue [-] oslo_messaging_rabbit.ssl_ca_file = {{(pid=93454) log_opt_values /opt/stack/data/venv/lib/python3.12/site-packages/oslo_config/cfg.py:3560}}
Aug 17 17:16:46.523558 np0000007559 nova-scheduler[93454]: DEBUG cotyledon.oslo_config_glue [-] oslo_messaging_rabbit.ssl_cert_file = {{(pid=93454) log_opt_values /opt/stack/data/venv/lib/python3.12/site-packages/oslo_config/cfg.py:3560}}
Aug 17 17:16:46.523719 np0000007559 nova-scheduler[93454]: DEBUG cotyledon.oslo_config_glue [-] oslo_messaging_rabbit.ssl_enforce_fips_mode = False {{(pid=93454) log_opt_values /opt/stack/data/venv/lib/python3.12/site-packages/oslo_config/cfg.py:3560}}
Aug 17 17:16:46.523719 np0000007559 nova-scheduler[93454]: DEBUG cotyledon.oslo_config_glue [-] oslo_messaging_rabbit.ssl_enforce_hostname_verification = True {{(pid=93454) log_opt_values /opt/stack/data/venv/lib/python3.12/site-packages/oslo_config/cfg.py:3560}}
Aug 17 17:16:46.523719 np0000007559 nova-scheduler[93454]: DEBUG cotyledon.oslo_config_glue [-] oslo_messaging_rabbit.ssl_key_file = {{(pid=93454) log_opt_values /opt/stack/data/venv/lib/python3.12/site-packages/oslo_config/cfg.py:3560}}
Aug 17 17:16:46.523719 np0000007559 nova-scheduler[93454]: DEBUG cotyledon.oslo_config_glue [-] oslo_messaging_rabbit.ssl_version = {{(pid=93454) log_opt_values /opt/stack/data/venv/lib/python3.12/site-packages/oslo_config/cfg.py:3560}}
Aug 17 17:16:46.523719 np0000007559 nova-scheduler[93454]: DEBUG cotyledon.oslo_config_glue [-] oslo_messaging_rabbit.use_queue_manager = False {{(pid=93454) log_opt_values /opt/stack/data/venv/lib/python3.12/site-packages/oslo_config/cfg.py:3560}}
Aug 17 17:16:46.523719 np0000007559 nova-scheduler[93454]: DEBUG cotyledon.oslo_config_glue [-] oslo_messaging_notifications.driver = ['messagingv2'] {{(pid=93454) log_opt_values /opt/stack/data/venv/lib/python3.12/site-packages/oslo_config/cfg.py:3560}}
Aug 17 17:16:46.523719 np0000007559 nova-scheduler[93454]: DEBUG cotyledon.oslo_config_glue [-] oslo_messaging_notifications.retry = -1 {{(pid=93454) log_opt_values /opt/stack/data/venv/lib/python3.12/site-packages/oslo_config/cfg.py:3560}}
Aug 17 17:16:46.523719 np0000007559 nova-scheduler[93454]: DEBUG cotyledon.oslo_config_glue [-] oslo_messaging_notifications.topics = ['notifications'] {{(pid=93454) log_opt_values /opt/stack/data/venv/lib/python3.12/site-packages/oslo_config/cfg.py:3560}}
Aug 17 17:16:46.523719 np0000007559 nova-scheduler[93454]: DEBUG cotyledon.oslo_config_glue [-] oslo_messaging_notifications.transport_url = **** {{(pid=93454) log_opt_values /opt/stack/data/venv/lib/python3.12/site-packages/oslo_config/cfg.py:3560}}
Aug 17 17:16:46.523880 np0000007559 nova-scheduler[93454]: DEBUG cotyledon.oslo_config_glue [-] oslo_limit.auth_section = None {{(pid=93454) log_opt_values /opt/stack/data/venv/lib/python3.12/site-packages/oslo_config/cfg.py:3560}}
Aug 17 17:16:46.523880 np0000007559 nova-scheduler[93454]: DEBUG cotyledon.oslo_config_glue [-] oslo_limit.auth_type = None {{(pid=93454) log_opt_values /opt/stack/data/venv/lib/python3.12/site-packages/oslo_config/cfg.py:3560}}
Aug 17 17:16:46.523880 np0000007559 nova-scheduler[93454]: DEBUG cotyledon.oslo_config_glue [-] oslo_limit.cafile = None {{(pid=93454) log_opt_values /opt/stack/data/venv/lib/python3.12/site-packages/oslo_config/cfg.py:3560}}
Aug 17 17:16:46.523880 np0000007559 nova-scheduler[93454]: DEBUG cotyledon.oslo_config_glue [-] oslo_limit.certfile = None {{(pid=93454) log_opt_values /opt/stack/data/venv/lib/python3.12/site-packages/oslo_config/cfg.py:3560}}
Aug 17 17:16:46.523880 np0000007559 nova-scheduler[93454]: DEBUG cotyledon.oslo_config_glue [-] oslo_limit.collect_timing = False {{(pid=93454) log_opt_values /opt/stack/data/venv/lib/python3.12/site-packages/oslo_config/cfg.py:3560}}
Aug 17 17:16:46.523880 np0000007559 nova-scheduler[93454]: DEBUG cotyledon.oslo_config_glue [-] oslo_limit.connect_retries = None {{(pid=93454) log_opt_values /opt/stack/data/venv/lib/python3.12/site-packages/oslo_config/cfg.py:3560}}
Aug 17 17:16:46.523880 np0000007559 nova-scheduler[93454]: DEBUG cotyledon.oslo_config_glue [-] oslo_limit.connect_retry_delay = None {{(pid=93454) log_opt_values /opt/stack/data/venv/lib/python3.12/site-packages/oslo_config/cfg.py:3560}}
Aug 17 17:16:46.523880 np0000007559 nova-scheduler[93454]: DEBUG cotyledon.oslo_config_glue [-] oslo_limit.endpoint_id = None {{(pid=93454) log_opt_values /opt/stack/data/venv/lib/python3.12/site-packages/oslo_config/cfg.py:3560}}
Aug 17 17:16:46.523880 np0000007559 nova-scheduler[93454]: DEBUG cotyledon.oslo_config_glue [-] oslo_limit.endpoint_interface = public {{(pid=93454) log_opt_values /opt/stack/data/venv/lib/python3.12/site-packages/oslo_config/cfg.py:3560}}
Aug 17 17:16:46.524038 np0000007559 nova-scheduler[93454]: DEBUG cotyledon.oslo_config_glue [-] oslo_limit.endpoint_override = None {{(pid=93454) log_opt_values /opt/stack/data/venv/lib/python3.12/site-packages/oslo_config/cfg.py:3560}}
Aug 17 17:16:46.524038 np0000007559 nova-scheduler[93454]: DEBUG cotyledon.oslo_config_glue [-] oslo_limit.endpoint_region_name = None {{(pid=93454) log_opt_values /opt/stack/data/venv/lib/python3.12/site-packages/oslo_config/cfg.py:3560}}
Aug 17 17:16:46.524038 np0000007559 nova-scheduler[93454]: DEBUG cotyledon.oslo_config_glue [-] oslo_limit.endpoint_service_name = None {{(pid=93454) log_opt_values /opt/stack/data/venv/lib/python3.12/site-packages/oslo_config/cfg.py:3560}}
Aug 17 17:16:46.524038 np0000007559 nova-scheduler[93454]: DEBUG cotyledon.oslo_config_glue [-] oslo_limit.endpoint_service_type = None {{(pid=93454) log_opt_values /opt/stack/data/venv/lib/python3.12/site-packages/oslo_config/cfg.py:3560}}
Aug 17 17:16:46.524038 np0000007559 nova-scheduler[93454]: DEBUG cotyledon.oslo_config_glue [-] oslo_limit.insecure = False {{(pid=93454) log_opt_values /opt/stack/data/venv/lib/python3.12/site-packages/oslo_config/cfg.py:3560}}
Aug 17 17:16:46.524038 np0000007559 nova-scheduler[93454]: DEBUG cotyledon.oslo_config_glue [-] oslo_limit.keyfile = None {{(pid=93454) log_opt_values /opt/stack/data/venv/lib/python3.12/site-packages/oslo_config/cfg.py:3560}}
Aug 17 17:16:46.524038 np0000007559 nova-scheduler[93454]: DEBUG cotyledon.oslo_config_glue [-] oslo_limit.max_version = None {{(pid=93454) log_opt_values /opt/stack/data/venv/lib/python3.12/site-packages/oslo_config/cfg.py:3560}}
Aug 17 17:16:46.524038 np0000007559 nova-scheduler[93454]: DEBUG cotyledon.oslo_config_glue [-] oslo_limit.min_version = None {{(pid=93454) log_opt_values /opt/stack/data/venv/lib/python3.12/site-packages/oslo_config/cfg.py:3560}}
Aug 17 17:16:46.524038 np0000007559 nova-scheduler[93454]: DEBUG cotyledon.oslo_config_glue [-] oslo_limit.region_name = None {{(pid=93454) log_opt_values /opt/stack/data/venv/lib/python3.12/site-packages/oslo_config/cfg.py:3560}}
Aug 17 17:16:46.524227 np0000007559 nova-scheduler[93454]: DEBUG cotyledon.oslo_config_glue [-] oslo_limit.retriable_status_codes = None {{(pid=93454) log_opt_values /opt/stack/data/venv/lib/python3.12/site-packages/oslo_config/cfg.py:3560}}
Aug 17 17:16:46.524227 np0000007559 nova-scheduler[93454]: DEBUG cotyledon.oslo_config_glue [-] oslo_limit.service_name = None {{(pid=93454) log_opt_values /opt/stack/data/venv/lib/python3.12/site-packages/oslo_config/cfg.py:3560}}
Aug 17 17:16:46.524227 np0000007559 nova-scheduler[93454]: DEBUG cotyledon.oslo_config_glue [-] oslo_limit.service_type = None {{(pid=93454) log_opt_values /opt/stack/data/venv/lib/python3.12/site-packages/oslo_config/cfg.py:3560}}
Aug 17 17:16:46.524227 np0000007559 nova-scheduler[93454]: DEBUG cotyledon.oslo_config_glue [-] oslo_limit.split_loggers = False {{(pid=93454) log_opt_values /opt/stack/data/venv/lib/python3.12/site-packages/oslo_config/cfg.py:3560}}
Aug 17 17:16:46.524227 np0000007559 nova-scheduler[93454]: DEBUG cotyledon.oslo_config_glue [-] oslo_limit.status_code_retries = None {{(pid=93454) log_opt_values /opt/stack/data/venv/lib/python3.12/site-packages/oslo_config/cfg.py:3560}}
Aug 17 17:16:46.524227 np0000007559 nova-scheduler[93454]: DEBUG cotyledon.oslo_config_glue [-] oslo_limit.status_code_retry_delay = None {{(pid=93454) log_opt_values /opt/stack/data/venv/lib/python3.12/site-packages/oslo_config/cfg.py:3560}}
Aug 17 17:16:46.524227 np0000007559 nova-scheduler[93454]: DEBUG cotyledon.oslo_config_glue [-] oslo_limit.timeout = None {{(pid=93454) log_opt_values /opt/stack/data/venv/lib/python3.12/site-packages/oslo_config/cfg.py:3560}}
Aug 17 17:16:46.524227 np0000007559 nova-scheduler[93454]: DEBUG cotyledon.oslo_config_glue [-] oslo_limit.valid_interfaces = None {{(pid=93454) log_opt_values /opt/stack/data/venv/lib/python3.12/site-packages/oslo_config/cfg.py:3560}}
Aug 17 17:16:46.524227 np0000007559 nova-scheduler[93454]: DEBUG cotyledon.oslo_config_glue [-] oslo_limit.version = None {{(pid=93454) log_opt_values /opt/stack/data/venv/lib/python3.12/site-packages/oslo_config/cfg.py:3560}}
Aug 17 17:16:46.524421 np0000007559 nova-scheduler[93454]: DEBUG cotyledon.oslo_config_glue [-] oslo_reports.file_event_handler = None {{(pid=93454) log_opt_values /opt/stack/data/venv/lib/python3.12/site-packages/oslo_config/cfg.py:3560}}
Aug 17 17:16:46.524421 np0000007559 nova-scheduler[93454]: DEBUG cotyledon.oslo_config_glue [-] oslo_reports.file_event_handler_interval = 1 {{(pid=93454) log_opt_values /opt/stack/data/venv/lib/python3.12/site-packages/oslo_config/cfg.py:3560}}
Aug 17 17:16:46.524421 np0000007559 nova-scheduler[93454]: DEBUG cotyledon.oslo_config_glue [-] oslo_reports.log_dir = None {{(pid=93454) log_opt_values /opt/stack/data/venv/lib/python3.12/site-packages/oslo_config/cfg.py:3560}}
Aug 17 17:16:46.524421 np0000007559 nova-scheduler[93454]: DEBUG cotyledon.oslo_config_glue [-] ******************************************************************************** {{(pid=93454) log_opt_values /opt/stack/data/venv/lib/python3.12/site-packages/oslo_config/cfg.py:3567}}
Aug 17 17:16:46.524421 np0000007559 nova-scheduler[93454]: DEBUG cotyledon._service_worker [-] Run service ServiceWrapper(1) [93454] {{(pid=93454) wait_forever /opt/stack/data/venv/lib/python3.12/site-packages/cotyledon/_service_worker.py:218}}
Aug 17 17:16:46.524421 np0000007559 nova-scheduler[93454]: INFO nova.service [-] Starting scheduler node (version 33.1.0)
Aug 17 17:16:46.529950 np0000007559 nova-scheduler[93454]: INFO dbcounter [None req-8fed2a82-a945-4573-ba27-5a581a6c68fe None None] Registered counter for database nova_cell0
Aug 17 17:16:46.544198 np0000007559 nova-scheduler[93452]: DEBUG oslo_db.sqlalchemy.engines [None req-35d8f03b-fc3a-42ef-9ad7-1ae22e49df97 None None] MySQL server mode set to STRICT_TRANS_TABLES,STRICT_ALL_TABLES,NO_ZERO_IN_DATE,NO_ZERO_DATE,ERROR_FOR_DIVISION_BY_ZERO,TRADITIONAL,NO_ENGINE_SUBSTITUTION {{(pid=93452) _check_effective_sql_mode /opt/stack/data/venv/lib/python3.12/site-packages/oslo_db/sqlalchemy/engines.py:325}}
Aug 17 17:16:46.554699 np0000007559 nova-scheduler[93452]: DEBUG dbcounter [-] [93452] Writer thread running {{(pid=93452) stat_writer /opt/stack/data/venv/lib/python3.12/site-packages/dbcounter.py:102}}
Aug 17 17:16:46.554881 np0000007559 nova-scheduler[93456]: DEBUG oslo_db.sqlalchemy.engines [None req-2ec9ad89-4266-489b-a814-ce167c544273 None None] MySQL server mode set to STRICT_TRANS_TABLES,STRICT_ALL_TABLES,NO_ZERO_IN_DATE,NO_ZERO_DATE,ERROR_FOR_DIVISION_BY_ZERO,TRADITIONAL,NO_ENGINE_SUBSTITUTION {{(pid=93456) _check_effective_sql_mode /opt/stack/data/venv/lib/python3.12/site-packages/oslo_db/sqlalchemy/engines.py:325}}
Aug 17 17:16:46.565080 np0000007559 nova-scheduler[93454]: DEBUG oslo_db.sqlalchemy.engines [None req-8fed2a82-a945-4573-ba27-5a581a6c68fe None None] MySQL server mode set to STRICT_TRANS_TABLES,STRICT_ALL_TABLES,NO_ZERO_IN_DATE,NO_ZERO_DATE,ERROR_FOR_DIVISION_BY_ZERO,TRADITIONAL,NO_ENGINE_SUBSTITUTION {{(pid=93454) _check_effective_sql_mode /opt/stack/data/venv/lib/python3.12/site-packages/oslo_db/sqlalchemy/engines.py:325}}
Aug 17 17:16:46.565562 np0000007559 nova-scheduler[93456]: DEBUG dbcounter [-] [93456] Writer thread running {{(pid=93456) stat_writer /opt/stack/data/venv/lib/python3.12/site-packages/dbcounter.py:102}}
Aug 17 17:16:46.574238 np0000007559 nova-scheduler[93452]: DEBUG nova.service [None req-35d8f03b-fc3a-42ef-9ad7-1ae22e49df97 None None] Creating RPC server for service: nova-scheduler on topic: scheduler {{(pid=93452) start /opt/stack/nova/nova/service.py:262}}
Aug 17 17:16:46.575482 np0000007559 nova-scheduler[93454]: DEBUG dbcounter [-] [93454] Writer thread running {{(pid=93454) stat_writer /opt/stack/data/venv/lib/python3.12/site-packages/dbcounter.py:102}}
Aug 17 17:16:46.578931 np0000007559 nova-scheduler[93454]: DEBUG nova.service [None req-8fed2a82-a945-4573-ba27-5a581a6c68fe None None] Creating RPC server for service: nova-scheduler on topic: scheduler {{(pid=93454) start /opt/stack/nova/nova/service.py:262}}
Aug 17 17:16:46.579399 np0000007559 nova-scheduler[93456]: DEBUG nova.service [None req-2ec9ad89-4266-489b-a814-ce167c544273 None None] Creating RPC server for service: nova-scheduler on topic: scheduler {{(pid=93456) start /opt/stack/nova/nova/service.py:262}}
Aug 17 17:16:46.600581 np0000007559 nova-scheduler[93456]: DEBUG nova.service [None req-2ec9ad89-4266-489b-a814-ce167c544273 None None] Join ServiceGroup membership for this service scheduler {{(pid=93456) start /opt/stack/nova/nova/service.py:288}}
Aug 17 17:16:46.600756 np0000007559 nova-scheduler[93456]: DEBUG nova.servicegroup.drivers.db [None req-2ec9ad89-4266-489b-a814-ce167c544273 None None] DB_Driver: join new ServiceGroup member np0000007559 to the scheduler group, service = {{(pid=93456) join /opt/stack/nova/nova/servicegroup/drivers/db.py:44}}
Aug 17 17:16:46.602832 np0000007559 nova-scheduler[93452]: DEBUG nova.service [None req-35d8f03b-fc3a-42ef-9ad7-1ae22e49df97 None None] Join ServiceGroup membership for this service scheduler {{(pid=93452) start /opt/stack/nova/nova/service.py:288}}
Aug 17 17:16:46.603053 np0000007559 nova-scheduler[93452]: DEBUG nova.servicegroup.drivers.db [None req-35d8f03b-fc3a-42ef-9ad7-1ae22e49df97 None None] DB_Driver: join new ServiceGroup member np0000007559 to the scheduler group, service = {{(pid=93452) join /opt/stack/nova/nova/servicegroup/drivers/db.py:44}}
Aug 17 17:16:46.608708 np0000007559 nova-scheduler[93454]: DEBUG nova.service [None req-8fed2a82-a945-4573-ba27-5a581a6c68fe None None] Join ServiceGroup membership for this service scheduler {{(pid=93454) start /opt/stack/nova/nova/service.py:288}}
Aug 17 17:16:46.608871 np0000007559 nova-scheduler[93454]: DEBUG nova.servicegroup.drivers.db [None req-8fed2a82-a945-4573-ba27-5a581a6c68fe None None] DB_Driver: join new ServiceGroup member np0000007559 to the scheduler group, service = {{(pid=93454) join /opt/stack/nova/nova/servicegroup/drivers/db.py:44}}
Aug 17 17:16:51.621016 np0000007559 nova-scheduler[93452]: DEBUG oslo.service.backend._threading.loopingcall [-] Fixed interval looping call 'nova.servicegroup.drivers.db.DbDriver._report_state' sleeping for 119.98 seconds {{(pid=93452) _run_loop /opt/stack/data/venv/lib/python3.12/site-packages/oslo_service/backend/_threading/loopingcall.py:125}}
Aug 17 17:16:51.621915 np0000007559 nova-scheduler[93456]: DEBUG oslo.service.backend._threading.loopingcall [-] Fixed interval looping call 'nova.servicegroup.drivers.db.DbDriver._report_state' sleeping for 119.98 seconds {{(pid=93456) _run_loop /opt/stack/data/venv/lib/python3.12/site-packages/oslo_service/backend/_threading/loopingcall.py:125}}
Aug 17 17:16:51.622781 np0000007559 nova-scheduler[93454]: DEBUG oslo.service.backend._threading.loopingcall [-] Fixed interval looping call 'nova.servicegroup.drivers.db.DbDriver._report_state' sleeping for 119.99 seconds {{(pid=93454) _run_loop /opt/stack/data/venv/lib/python3.12/site-packages/oslo_service/backend/_threading/loopingcall.py:125}}
Aug 17 17:16:55.153846 np0000007559 nova-scheduler[92238]: DEBUG dbcounter [-] [92238] Writing DB stats nova_api:SELECT=3 {{(pid=92238) stat_writer /opt/stack/data/venv/lib/python3.12/site-packages/dbcounter.py:115}}
Aug 17 17:16:55.276402 np0000007559 nova-scheduler[92238]: DEBUG dbcounter [-] [92238] Writing DB stats nova_cell0:SELECT=1 {{(pid=92238) stat_writer /opt/stack/data/venv/lib/python3.12/site-packages/dbcounter.py:115}}
Aug 17 17:16:55.280505 np0000007559 nova-scheduler[92238]: DEBUG dbcounter [-] [92238] Writing DB stats nova_cell1:SELECT=1 {{(pid=92238) stat_writer /opt/stack/data/venv/lib/python3.12/site-packages/dbcounter.py:115}}
Aug 17 17:16:58.602839 np0000007559 nova-scheduler[93456]: DEBUG oslo.service.backend._threading.loopingcall [None req-79e819b7-7ab3-402a-b1e8-91973e65b0b9 None None] Dynamic interval looping call 'nova.service.Service.periodic_tasks' sleeping for 60.00 seconds {{(pid=93456) _run_loop /opt/stack/data/venv/lib/python3.12/site-packages/oslo_service/backend/_threading/loopingcall.py:125}}
Aug 17 17:17:01.605412 np0000007559 nova-scheduler[93452]: DEBUG oslo.service.backend._threading.loopingcall [None req-da1d8e8f-2990-4d1b-97de-c0c3920f2d60 None None] Dynamic interval looping call 'nova.service.Service.periodic_tasks' sleeping for 60.00 seconds {{(pid=93452) _run_loop /opt/stack/data/venv/lib/python3.12/site-packages/oslo_service/backend/_threading/loopingcall.py:125}}
Aug 17 17:17:01.615617 np0000007559 nova-scheduler[93452]: DEBUG dbcounter [-] [93452] Writing DB stats nova_cell0:SELECT=4,nova_cell0:INSERT=1,nova_cell0:UPDATE=1 {{(pid=93452) stat_writer /opt/stack/data/venv/lib/python3.12/site-packages/dbcounter.py:115}}
Aug 17 17:17:01.618141 np0000007559 nova-scheduler[93456]: DEBUG dbcounter [-] [93456] Writing DB stats nova_cell0:SELECT=5,nova_cell0:INSERT=1,nova_cell0:UPDATE=1 {{(pid=93456) stat_writer /opt/stack/data/venv/lib/python3.12/site-packages/dbcounter.py:115}}
Aug 17 17:17:01.621106 np0000007559 nova-scheduler[93454]: DEBUG dbcounter [-] [93454] Writing DB stats nova_cell0:SELECT=3,nova_cell0:UPDATE=1 {{(pid=93454) stat_writer /opt/stack/data/venv/lib/python3.12/site-packages/dbcounter.py:115}}
Aug 17 17:17:23.610725 np0000007559 nova-scheduler[93454]: DEBUG oslo.service.backend._threading.loopingcall [None req-98b0bc55-7213-4f86-993c-35a30ed78285 None None] Dynamic interval looping call 'nova.service.Service.periodic_tasks' sleeping for 60.00 seconds {{(pid=93454) _run_loop /opt/stack/data/venv/lib/python3.12/site-packages/oslo_service/backend/_threading/loopingcall.py:125}}
Aug 17 17:17:58.603349 np0000007559 nova-scheduler[93456]: DEBUG oslo.service.backend._threading.loopingcall [None req-79e819b7-7ab3-402a-b1e8-91973e65b0b9 None None] Dynamic interval looping call 'nova.service.Service.periodic_tasks' sleeping for 60.00 seconds {{(pid=93456) _run_loop /opt/stack/data/venv/lib/python3.12/site-packages/oslo_service/backend/_threading/loopingcall.py:125}}
Aug 17 17:18:01.606042 np0000007559 nova-scheduler[93452]: DEBUG oslo.service.backend._threading.loopingcall [None req-da1d8e8f-2990-4d1b-97de-c0c3920f2d60 None None] Dynamic interval looping call 'nova.service.Service.periodic_tasks' sleeping for 60.00 seconds {{(pid=93452) _run_loop /opt/stack/data/venv/lib/python3.12/site-packages/oslo_service/backend/_threading/loopingcall.py:125}}
Aug 17 17:18:23.611397 np0000007559 nova-scheduler[93454]: DEBUG oslo.service.backend._threading.loopingcall [None req-98b0bc55-7213-4f86-993c-35a30ed78285 None None] Dynamic interval looping call 'nova.service.Service.periodic_tasks' sleeping for 60.00 seconds {{(pid=93454) _run_loop /opt/stack/data/venv/lib/python3.12/site-packages/oslo_service/backend/_threading/loopingcall.py:125}}
Aug 17 17:18:51.610438 np0000007559 nova-scheduler[93456]: DEBUG oslo.service.backend._threading.loopingcall [-] Fixed interval looping call 'nova.servicegroup.drivers.db.DbDriver._report_state' sleeping for 119.99 seconds {{(pid=93456) _run_loop /opt/stack/data/venv/lib/python3.12/site-packages/oslo_service/backend/_threading/loopingcall.py:125}}
Aug 17 17:18:51.611869 np0000007559 nova-scheduler[93452]: DEBUG oslo.service.backend._threading.loopingcall [-] Fixed interval looping call 'nova.servicegroup.drivers.db.DbDriver._report_state' sleeping for 119.99 seconds {{(pid=93452) _run_loop /opt/stack/data/venv/lib/python3.12/site-packages/oslo_service/backend/_threading/loopingcall.py:125}}
Aug 17 17:18:51.618913 np0000007559 nova-scheduler[93454]: DEBUG oslo.service.backend._threading.loopingcall [-] Fixed interval looping call 'nova.servicegroup.drivers.db.DbDriver._report_state' sleeping for 119.99 seconds {{(pid=93454) _run_loop /opt/stack/data/venv/lib/python3.12/site-packages/oslo_service/backend/_threading/loopingcall.py:125}}
Aug 17 17:18:58.604419 np0000007559 nova-scheduler[93456]: DEBUG oslo.service.backend._threading.loopingcall [None req-79e819b7-7ab3-402a-b1e8-91973e65b0b9 None None] Dynamic interval looping call 'nova.service.Service.periodic_tasks' sleeping for 60.00 seconds {{(pid=93456) _run_loop /opt/stack/data/venv/lib/python3.12/site-packages/oslo_service/backend/_threading/loopingcall.py:125}}
Aug 17 17:19:01.605366 np0000007559 nova-scheduler[93456]: DEBUG dbcounter [-] [93456] Writing DB stats nova_cell0:SELECT=1,nova_cell0:UPDATE=1 {{(pid=93456) stat_writer /opt/stack/data/venv/lib/python3.12/site-packages/dbcounter.py:115}}
Aug 17 17:19:01.606423 np0000007559 nova-scheduler[93452]: DEBUG oslo.service.backend._threading.loopingcall [None req-da1d8e8f-2990-4d1b-97de-c0c3920f2d60 None None] Dynamic interval looping call 'nova.service.Service.periodic_tasks' sleeping for 60.00 seconds {{(pid=93452) _run_loop /opt/stack/data/venv/lib/python3.12/site-packages/oslo_service/backend/_threading/loopingcall.py:125}}
Aug 17 17:19:01.608452 np0000007559 nova-scheduler[93452]: DEBUG dbcounter [-] [93452] Writing DB stats nova_cell0:SELECT=1,nova_cell0:UPDATE=1 {{(pid=93452) stat_writer /opt/stack/data/venv/lib/python3.12/site-packages/dbcounter.py:115}}
Aug 17 17:19:01.617604 np0000007559 nova-scheduler[93454]: DEBUG dbcounter [-] [93454] Writing DB stats nova_cell0:SELECT=1 {{(pid=93454) stat_writer /opt/stack/data/venv/lib/python3.12/site-packages/dbcounter.py:115}}
Aug 17 17:19:15.931992 np0000007559 nova-scheduler[93456]: DEBUG nova.scheduler.manager [None req-86ac2b71-b6ce-434f-9891-7c4f9f68d8d9 tempest-DeleteServersTestJSON-1946449497 tempest-DeleteServersTestJSON-1946449497-project-member] Starting to schedule for instances: ['e17ed418-f829-4989-a190-1f2b26503e57'] {{(pid=93456) select_destinations /opt/stack/nova/nova/scheduler/manager.py:197}}
Aug 17 17:19:15.932650 np0000007559 nova-scheduler[93456]: DEBUG nova.scheduler.request_filter [None req-86ac2b71-b6ce-434f-9891-7c4f9f68d8d9 tempest-DeleteServersTestJSON-1946449497 tempest-DeleteServersTestJSON-1946449497-project-member] compute_status_filter request filter added forbidden trait COMPUTE_STATUS_DISABLED {{(pid=93456) compute_status_filter /opt/stack/nova/nova/scheduler/request_filter.py:253}}
Aug 17 17:19:15.932742 np0000007559 nova-scheduler[93456]: DEBUG nova.scheduler.request_filter [None req-86ac2b71-b6ce-434f-9891-7c4f9f68d8d9 tempest-DeleteServersTestJSON-1946449497 tempest-DeleteServersTestJSON-1946449497-project-member] Request filter 'compute_status_filter' took 0.0 seconds {{(pid=93456) wrapper /opt/stack/nova/nova/scheduler/request_filter.py:46}}
Aug 17 17:19:15.932933 np0000007559 nova-scheduler[93456]: DEBUG nova.scheduler.request_filter [None req-86ac2b71-b6ce-434f-9891-7c4f9f68d8d9 tempest-DeleteServersTestJSON-1946449497 tempest-DeleteServersTestJSON-1946449497-project-member] Request filter 'accelerators_filter' took 0.0 seconds {{(pid=93456) wrapper /opt/stack/nova/nova/scheduler/request_filter.py:46}}
Aug 17 17:19:15.933093 np0000007559 nova-scheduler[93456]: DEBUG nova.scheduler.request_filter [None req-86ac2b71-b6ce-434f-9891-7c4f9f68d8d9 tempest-DeleteServersTestJSON-1946449497 tempest-DeleteServersTestJSON-1946449497-project-member] Request filter 'packed_virtqueue_filter' took 0.0 seconds {{(pid=93456) wrapper /opt/stack/nova/nova/scheduler/request_filter.py:46}}
Aug 17 17:19:15.933357 np0000007559 nova-scheduler[93456]: DEBUG nova.scheduler.request_filter [None req-86ac2b71-b6ce-434f-9891-7c4f9f68d8d9 tempest-DeleteServersTestJSON-1946449497 tempest-DeleteServersTestJSON-1946449497-project-member] Request filter 'remote_managed_ports_filter' took 0.0 seconds {{(pid=93456) wrapper /opt/stack/nova/nova/scheduler/request_filter.py:46}}
Aug 17 17:19:15.933486 np0000007559 nova-scheduler[93456]: DEBUG nova.scheduler.request_filter [None req-86ac2b71-b6ce-434f-9891-7c4f9f68d8d9 tempest-DeleteServersTestJSON-1946449497 tempest-DeleteServersTestJSON-1946449497-project-member] ephemeral_encryption_filter skipped {{(pid=93456) ephemeral_encryption_filter /opt/stack/nova/nova/scheduler/request_filter.py:426}}
Aug 17 17:19:15.933601 np0000007559 nova-scheduler[93456]: DEBUG nova.scheduler.request_filter [None req-86ac2b71-b6ce-434f-9891-7c4f9f68d8d9 tempest-DeleteServersTestJSON-1946449497 tempest-DeleteServersTestJSON-1946449497-project-member] virtio_sound_filter skipped {{(pid=93456) virtio_sound_filter /opt/stack/nova/nova/scheduler/request_filter.py:460}}
Aug 17 17:19:15.933711 np0000007559 nova-scheduler[93456]: DEBUG nova.scheduler.request_filter [None req-86ac2b71-b6ce-434f-9891-7c4f9f68d8d9 tempest-DeleteServersTestJSON-1946449497 tempest-DeleteServersTestJSON-1946449497-project-member] tpm_secret_security_filter skipped {{(pid=93456) tpm_secret_security_filter /opt/stack/nova/nova/scheduler/request_filter.py:477}}
Aug 17 17:19:16.484193 np0000007559 nova-scheduler[93456]: INFO nova.utils [None req-86ac2b71-b6ce-434f-9891-7c4f9f68d8d9 tempest-DeleteServersTestJSON-1946449497 tempest-DeleteServersTestJSON-1946449497-project-member] The cell worker thread pool ForkProcess-3.cell_worker is initialized
Aug 17 17:19:16.484484 np0000007559 nova-scheduler[93456]: DEBUG oslo_concurrency.lockutils [None req-86ac2b71-b6ce-434f-9891-7c4f9f68d8d9 tempest-DeleteServersTestJSON-1946449497 tempest-DeleteServersTestJSON-1946449497-project-member] Acquiring lock "ba099759-8acf-458c-9033-363ec8b8da0d" by "nova.context.set_target_cell..get_or_set_cached_cell_and_set_connections" {{(pid=93456) inner /opt/stack/data/venv/lib/python3.12/site-packages/oslo_concurrency/lockutils.py:512}}
Aug 17 17:19:16.484668 np0000007559 nova-scheduler[93456]: DEBUG oslo_concurrency.lockutils [None req-86ac2b71-b6ce-434f-9891-7c4f9f68d8d9 tempest-DeleteServersTestJSON-1946449497 tempest-DeleteServersTestJSON-1946449497-project-member] Lock "ba099759-8acf-458c-9033-363ec8b8da0d" acquired by "nova.context.set_target_cell..get_or_set_cached_cell_and_set_connections" :: waited 0.000s {{(pid=93456) inner /opt/stack/data/venv/lib/python3.12/site-packages/oslo_concurrency/lockutils.py:525}}
Aug 17 17:19:16.486273 np0000007559 nova-scheduler[93456]: DEBUG oslo_concurrency.lockutils [None req-86ac2b71-b6ce-434f-9891-7c4f9f68d8d9 tempest-DeleteServersTestJSON-1946449497 tempest-DeleteServersTestJSON-1946449497-project-member] Lock "ba099759-8acf-458c-9033-363ec8b8da0d" "released" by "nova.context.set_target_cell..get_or_set_cached_cell_and_set_connections" :: held 0.002s {{(pid=93456) inner /opt/stack/data/venv/lib/python3.12/site-packages/oslo_concurrency/lockutils.py:544}}
Aug 17 17:19:16.488348 np0000007559 nova-scheduler[93456]: INFO dbcounter [None req-86ac2b71-b6ce-434f-9891-7c4f9f68d8d9 tempest-DeleteServersTestJSON-1946449497 tempest-DeleteServersTestJSON-1946449497-project-member] Registered counter for database nova_cell1
Aug 17 17:19:16.541495 np0000007559 nova-scheduler[93456]: DEBUG oslo_db.sqlalchemy.engines [None req-86ac2b71-b6ce-434f-9891-7c4f9f68d8d9 tempest-DeleteServersTestJSON-1946449497 tempest-DeleteServersTestJSON-1946449497-project-member] MySQL server mode set to STRICT_TRANS_TABLES,STRICT_ALL_TABLES,NO_ZERO_IN_DATE,NO_ZERO_DATE,ERROR_FOR_DIVISION_BY_ZERO,TRADITIONAL,NO_ENGINE_SUBSTITUTION {{(pid=93456) _check_effective_sql_mode /opt/stack/data/venv/lib/python3.12/site-packages/oslo_db/sqlalchemy/engines.py:325}}
Aug 17 17:19:16.546752 np0000007559 nova-scheduler[93456]: DEBUG dbcounter [-] [93456] Writer thread running {{(pid=93456) stat_writer /opt/stack/data/venv/lib/python3.12/site-packages/dbcounter.py:102}}
Aug 17 17:19:16.557674 np0000007559 nova-scheduler[93456]: DEBUG oslo_db.sqlalchemy.engines [None req-86ac2b71-b6ce-434f-9891-7c4f9f68d8d9 tempest-DeleteServersTestJSON-1946449497 tempest-DeleteServersTestJSON-1946449497-project-member] Parent process 92238 forked (93456) with an open database connection, which is being discarded and recreated. {{(pid=93456) checkout /opt/stack/data/venv/lib/python3.12/site-packages/oslo_db/sqlalchemy/engines.py:402}}
Aug 17 17:19:16.599488 np0000007559 nova-scheduler[93456]: DEBUG dbcounter [-] [93456] Writer thread running {{(pid=93456) stat_writer /opt/stack/data/venv/lib/python3.12/site-packages/dbcounter.py:102}}
Aug 17 17:19:16.602411 np0000007559 nova-scheduler[93456]: DEBUG oslo_concurrency.lockutils [None req-86ac2b71-b6ce-434f-9891-7c4f9f68d8d9 tempest-DeleteServersTestJSON-1946449497 tempest-DeleteServersTestJSON-1946449497-project-member] Acquiring lock "ba099759-8acf-458c-9033-363ec8b8da0d" by "nova.context.set_target_cell..get_or_set_cached_cell_and_set_connections" {{(pid=93456) inner /opt/stack/data/venv/lib/python3.12/site-packages/oslo_concurrency/lockutils.py:512}}
Aug 17 17:19:16.602615 np0000007559 nova-scheduler[93456]: DEBUG oslo_concurrency.lockutils [None req-86ac2b71-b6ce-434f-9891-7c4f9f68d8d9 tempest-DeleteServersTestJSON-1946449497 tempest-DeleteServersTestJSON-1946449497-project-member] Lock "ba099759-8acf-458c-9033-363ec8b8da0d" acquired by "nova.context.set_target_cell..get_or_set_cached_cell_and_set_connections" :: waited 0.000s {{(pid=93456) inner /opt/stack/data/venv/lib/python3.12/site-packages/oslo_concurrency/lockutils.py:525}}
Aug 17 17:19:16.602784 np0000007559 nova-scheduler[93456]: DEBUG oslo_concurrency.lockutils [None req-86ac2b71-b6ce-434f-9891-7c4f9f68d8d9 tempest-DeleteServersTestJSON-1946449497 tempest-DeleteServersTestJSON-1946449497-project-member] Lock "ba099759-8acf-458c-9033-363ec8b8da0d" "released" by "nova.context.set_target_cell..get_or_set_cached_cell_and_set_connections" :: held 0.000s {{(pid=93456) inner /opt/stack/data/venv/lib/python3.12/site-packages/oslo_concurrency/lockutils.py:544}}
Aug 17 17:19:16.605851 np0000007559 nova-scheduler[93456]: DEBUG oslo_concurrency.lockutils [None req-86ac2b71-b6ce-434f-9891-7c4f9f68d8d9 tempest-DeleteServersTestJSON-1946449497 tempest-DeleteServersTestJSON-1946449497-project-member] Acquiring lock "np0000007559-np0000007559" by "nova.scheduler.host_manager.HostState.update.._locked_update" {{(pid=93456) inner /opt/stack/data/venv/lib/python3.12/site-packages/oslo_concurrency/lockutils.py:512}}
Aug 17 17:19:16.606038 np0000007559 nova-scheduler[93456]: DEBUG oslo_concurrency.lockutils [None req-86ac2b71-b6ce-434f-9891-7c4f9f68d8d9 tempest-DeleteServersTestJSON-1946449497 tempest-DeleteServersTestJSON-1946449497-project-member] Lock "np0000007559-np0000007559" acquired by "nova.scheduler.host_manager.HostState.update.._locked_update" :: waited 0.000s {{(pid=93456) inner /opt/stack/data/venv/lib/python3.12/site-packages/oslo_concurrency/lockutils.py:525}}
Aug 17 17:19:16.607208 np0000007559 nova-scheduler[93456]: DEBUG nova.scheduler.host_manager [None req-86ac2b71-b6ce-434f-9891-7c4f9f68d8d9 tempest-DeleteServersTestJSON-1946449497 tempest-DeleteServersTestJSON-1946449497-project-member] Update host state from compute node: ComputeNode(cpu_allocation_ratio=4.0,cpu_info='{"arch": "x86_64", "model": "EPYC-Milan", "vendor": "AMD", "topology": {"cells": 1, "sockets": 16, "cores": 1, "threads": 1}, "maxphysaddr": {"mode": "emulate", "bits": 40}, "features": ["fsgsbase", "3dnowprefetch", "pdpe1gb", "mmx", "clflushopt", "vme", "sse4.1", "vpclmulqdq", "null-sel-clr-base", "avx", "topoext", "de", "pclmuldq", "stibp", "pku", "clwb", "xsave", "pse36", "syscall", "v-vmsave-vmload", "sse", "mds-no", "rdtscp", "fma", "nx", "xsaveopt", "adx", "smep", "f16c", "tsc", "erms", "x2apic", "xsavec", "cx8", "virt-ssbd", "arat", "ssbd", "pse", "lahf_lm", "arch-capabilities", "vgif", "vmcb-clean", "nrip-save", "fpu", "ibrs", "abm", "sse4.2", "clflush", "fxsr_opt", "fxsr", "gds-no", "pni", "ssse3", "rdrand", "skip-l1dfl-vmentry", "osvw", "lbrv", "spec-ctrl", "hypervisor", "mmxext", "perfctr_core", "pat", "stibp-always-on", "mtrr", "umip", "sse2", "npt", "pcid", "tsc-deadline", "tsc_adjust", "vaes", "xsaveerptr", "rdctl-no", "svme-addr-chk", "cmp_legacy", "svm", "avx2", "bmi2", "misalignsse", "no-nested-data-bp", "cx16", "xsaves", "ibpb", "amd-ssbd", "wbnoinvd", "lm", "pfthreshold", "tsc-scale", "clzero", "movbe", "apic", "sep", "pge", "pschange-mc-no", "mca", "pae", "popcnt", "mce", "bmi1", "lfence-always-serializing", "pause-filter", "sse4a", "aes", "rdpid", "amd-psfd", "xgetbv1", "cr8legacy", "rdseed", "fsrm", "msr", "sha-ni", "smap", "invpcid", "amd-stibp", "flushbyasid", "cmov"]}',created_at=2026-08-17T17:17:07Z,current_workload=0,deleted=False,deleted_at=None,disk_allocation_ratio=1.0,disk_available_least=73,free_disk_gb=95,free_ram_mb=62765,host='np0000007559',host_ip=10.4.3.5,hypervisor_hostname='np0000007559',hypervisor_type='QEMU',hypervisor_version=8002002,id=1,local_gb=95,local_gb_used=0,mapped=1,memory_mb=63277,memory_mb_used=512,metrics='[]',numa_topology='{"nova_object.name": "NUMATopology", "nova_object.namespace": "nova", "nova_object.version": "1.2", "nova_object.data": {"cells": [{"nova_object.name": "NUMACell", "nova_object.namespace": "nova", "nova_object.version": "1.5", "nova_object.data": {"id": 0, "cpuset": [0, 1, 2, 3, 4, 5, 6, 7, 8, 9, 10, 11, 12, 13, 14, 15], "pcpuset": [0, 1, 2, 3, 4, 5, 6, 7, 8, 9, 10, 11, 12, 13, 14, 15], "memory": 63277, "cpu_usage": 0, "memory_usage": 0, "pinned_cpus": [], "siblings": [[6], [12], [2], [15], [5], [11], [8], [14], [4], [1], [7], [10], [0], [13], [3], [9]], "mempages": [{"nova_object.name": "NUMAPagesTopology", "nova_object.namespace": "nova", "nova_object.version": "1.1", "nova_object.data": {"size_kb": 4, "total": 16177929, "used": 0, "reserved": 0}, "nova_object.changes": ["reserved", "size_kb", "used", "total"]}, {"nova_object.name": "NUMAPagesTopology", "nova_object.namespace": "nova", "nova_object.version": "1.1", "nova_object.data": {"size_kb": 2048, "total": 41, "used": 0, "reserved": 0}, "nova_object.changes": ["reserved", "size_kb", "used", "total"]}, {"nova_object.name": "NUMAPagesTopology", "nova_object.namespace": "nova", "nova_object.version": "1.1", "nova_object.data": {"size_kb": 1048576, "total": 0, "used": 0, "reserved": 0}, "nova_object.changes": ["reserved", "size_kb", "used", "total"]}], "network_metadata": {"nova_object.name": "NetworkMetadata", "nova_object.namespace": "nova", "nova_object.version": "1.0", "nova_object.data": {"physnets": [], "tunneled": false}, "nova_object.changes": ["physnets", "tunneled"]}, "socket": null}, "nova_object.changes": ["pinned_cpus", "memory", "siblings", "cpuset", "pcpuset", "network_metadata", "mempages", "id", "cpu_usage", "socket", "memory_usage"]}]}, "nova_object.changes": ["cells"]}',pci_device_pools=PciDevicePoolList,ram_allocation_ratio=1.0,running_vms=0,service_id=3,stats={failed_builds='0',uptime=' 17:18:54 up 14 min, 2 users, load average: 1.13, 1.25, 0.74
Aug 17 17:19:16.607208 np0000007559 nova-scheduler[93456]: '},supported_hv_specs=[HVSpec,HVSpec,HVSpec,HVSpec,HVSpec,HVSpec,HVSpec,HVSpec,HVSpec,HVSpec,HVSpec,HVSpec,HVSpec,HVSpec,HVSpec,HVSpec,HVSpec,HVSpec,HVSpec,HVSpec,HVSpec,HVSpec,HVSpec,HVSpec,HVSpec],updated_at=2026-08-17T17:18:54Z,uuid=b42594ca-8331-41d0-9e3b-320814bd9dd4,vcpus=16,vcpus_used=0) {{(pid=93456) _locked_update /opt/stack/nova/nova/scheduler/host_manager.py:168}}
Aug 17 17:19:16.608165 np0000007559 nova-scheduler[93456]: DEBUG nova.scheduler.host_manager [None req-86ac2b71-b6ce-434f-9891-7c4f9f68d8d9 tempest-DeleteServersTestJSON-1946449497 tempest-DeleteServersTestJSON-1946449497-project-member] Update host state with aggregates: [] {{(pid=93456) _locked_update /opt/stack/nova/nova/scheduler/host_manager.py:171}}
Aug 17 17:19:16.608383 np0000007559 nova-scheduler[93456]: DEBUG nova.scheduler.host_manager [None req-86ac2b71-b6ce-434f-9891-7c4f9f68d8d9 tempest-DeleteServersTestJSON-1946449497 tempest-DeleteServersTestJSON-1946449497-project-member] Update host state with service dict: {'id': 3, 'uuid': '32cc3f6b-e80a-421a-a246-394adc63e87f', 'host': 'np0000007559', 'binary': 'nova-compute', 'topic': 'compute', 'report_count': 2, 'disabled': False, 'disabled_reason': None, 'last_seen_up': datetime.datetime(2026, 8, 17, 17, 19, 14, tzinfo=datetime.timezone.utc), 'forced_down': False, 'version': 72, 'created_at': datetime.datetime(2026, 8, 17, 17, 17, 7, tzinfo=datetime.timezone.utc), 'updated_at': datetime.datetime(2026, 8, 17, 17, 19, 14, tzinfo=datetime.timezone.utc), 'deleted_at': None, 'deleted': False} {{(pid=93456) _locked_update /opt/stack/nova/nova/scheduler/host_manager.py:174}}
Aug 17 17:19:16.608503 np0000007559 nova-scheduler[93456]: DEBUG nova.scheduler.host_manager [None req-86ac2b71-b6ce-434f-9891-7c4f9f68d8d9 tempest-DeleteServersTestJSON-1946449497 tempest-DeleteServersTestJSON-1946449497-project-member] Update host state with instances: [] {{(pid=93456) _locked_update /opt/stack/nova/nova/scheduler/host_manager.py:177}}
Aug 17 17:19:16.608607 np0000007559 nova-scheduler[93456]: DEBUG oslo_concurrency.lockutils [None req-86ac2b71-b6ce-434f-9891-7c4f9f68d8d9 tempest-DeleteServersTestJSON-1946449497 tempest-DeleteServersTestJSON-1946449497-project-member] Lock "np0000007559-np0000007559" "released" by "nova.scheduler.host_manager.HostState.update.._locked_update" :: held 0.003s {{(pid=93456) inner /opt/stack/data/venv/lib/python3.12/site-packages/oslo_concurrency/lockutils.py:544}}
Aug 17 17:19:16.609008 np0000007559 nova-scheduler[93456]: DEBUG nova.filters [None req-86ac2b71-b6ce-434f-9891-7c4f9f68d8d9 tempest-DeleteServersTestJSON-1946449497 tempest-DeleteServersTestJSON-1946449497-project-member] Starting with 1 host(s) {{(pid=93456) get_filtered_objects /opt/stack/nova/nova/filters.py:70}}
Aug 17 17:19:16.609250 np0000007559 nova-scheduler[93456]: DEBUG nova.filters [None req-86ac2b71-b6ce-434f-9891-7c4f9f68d8d9 tempest-DeleteServersTestJSON-1946449497 tempest-DeleteServersTestJSON-1946449497-project-member] Filter ComputeFilter returned 1 host(s) {{(pid=93456) get_filtered_objects /opt/stack/nova/nova/filters.py:102}}
Aug 17 17:19:16.610676 np0000007559 nova-scheduler[93456]: DEBUG nova.filters [None req-86ac2b71-b6ce-434f-9891-7c4f9f68d8d9 tempest-DeleteServersTestJSON-1946449497 tempest-DeleteServersTestJSON-1946449497-project-member] Filter ComputeCapabilitiesFilter returned 1 host(s) {{(pid=93456) get_filtered_objects /opt/stack/nova/nova/filters.py:102}}
Aug 17 17:19:16.610872 np0000007559 nova-scheduler[93456]: DEBUG nova.filters [None req-86ac2b71-b6ce-434f-9891-7c4f9f68d8d9 tempest-DeleteServersTestJSON-1946449497 tempest-DeleteServersTestJSON-1946449497-project-member] Filter ImagePropertiesFilter returned 1 host(s) {{(pid=93456) get_filtered_objects /opt/stack/nova/nova/filters.py:102}}
Aug 17 17:19:16.610995 np0000007559 nova-scheduler[93456]: DEBUG nova.filters [None req-86ac2b71-b6ce-434f-9891-7c4f9f68d8d9 tempest-DeleteServersTestJSON-1946449497 tempest-DeleteServersTestJSON-1946449497-project-member] Filter ServerGroupAntiAffinityFilter returned 1 host(s) {{(pid=93456) get_filtered_objects /opt/stack/nova/nova/filters.py:102}}
Aug 17 17:19:16.611158 np0000007559 nova-scheduler[93456]: DEBUG nova.filters [None req-86ac2b71-b6ce-434f-9891-7c4f9f68d8d9 tempest-DeleteServersTestJSON-1946449497 tempest-DeleteServersTestJSON-1946449497-project-member] Filter ServerGroupAffinityFilter returned 1 host(s) {{(pid=93456) get_filtered_objects /opt/stack/nova/nova/filters.py:102}}
Aug 17 17:19:16.611350 np0000007559 nova-scheduler[93456]: DEBUG nova.filters [None req-86ac2b71-b6ce-434f-9891-7c4f9f68d8d9 tempest-DeleteServersTestJSON-1946449497 tempest-DeleteServersTestJSON-1946449497-project-member] Filter SameHostFilter returned 1 host(s) {{(pid=93456) get_filtered_objects /opt/stack/nova/nova/filters.py:102}}
Aug 17 17:19:16.611523 np0000007559 nova-scheduler[93456]: DEBUG nova.filters [None req-86ac2b71-b6ce-434f-9891-7c4f9f68d8d9 tempest-DeleteServersTestJSON-1946449497 tempest-DeleteServersTestJSON-1946449497-project-member] Filter DifferentHostFilter returned 1 host(s) {{(pid=93456) get_filtered_objects /opt/stack/nova/nova/filters.py:102}}
Aug 17 17:19:16.611738 np0000007559 nova-scheduler[93456]: DEBUG nova.scheduler.manager [None req-86ac2b71-b6ce-434f-9891-7c4f9f68d8d9 tempest-DeleteServersTestJSON-1946449497 tempest-DeleteServersTestJSON-1946449497-project-member] Filtered [(np0000007559, np0000007559) ram: 62765MB disk: 74752MB io_ops: 0 instances: 0, allocation_candidates: 1] {{(pid=93456) _get_sorted_hosts /opt/stack/nova/nova/scheduler/manager.py:730}}
Aug 17 17:19:16.611964 np0000007559 nova-scheduler[93456]: DEBUG nova.scheduler.manager [None req-86ac2b71-b6ce-434f-9891-7c4f9f68d8d9 tempest-DeleteServersTestJSON-1946449497 tempest-DeleteServersTestJSON-1946449497-project-member] Weighed [WeighedHost [host: (np0000007559, np0000007559) ram: 62765MB disk: 74752MB io_ops: 0 instances: 0, allocation_candidates: 1, weight: 0.0]] {{(pid=93456) _get_sorted_hosts /opt/stack/nova/nova/scheduler/manager.py:752}}
Aug 17 17:19:16.612214 np0000007559 nova-scheduler[93456]: DEBUG nova.scheduler.utils [None req-86ac2b71-b6ce-434f-9891-7c4f9f68d8d9 tempest-DeleteServersTestJSON-1946449497 tempest-DeleteServersTestJSON-1946449497-project-member] Attempting to claim resources in the placement API for instance e17ed418-f829-4989-a190-1f2b26503e57 {{(pid=93456) claim_resources /opt/stack/nova/nova/scheduler/utils.py:1345}}
Aug 17 17:19:16.751133 np0000007559 nova-scheduler[93456]: DEBUG nova.scheduler.manager [None req-86ac2b71-b6ce-434f-9891-7c4f9f68d8d9 tempest-DeleteServersTestJSON-1946449497 tempest-DeleteServersTestJSON-1946449497-project-member] [instance: e17ed418-f829-4989-a190-1f2b26503e57] Selected host: (np0000007559, np0000007559) ram: 62765MB disk: 74752MB io_ops: 0 instances: 0, allocation_candidates: 1 {{(pid=93456) _consume_selected_host /opt/stack/nova/nova/scheduler/manager.py:612}}
Aug 17 17:19:16.751422 np0000007559 nova-scheduler[93456]: DEBUG oslo_concurrency.lockutils [None req-86ac2b71-b6ce-434f-9891-7c4f9f68d8d9 tempest-DeleteServersTestJSON-1946449497 tempest-DeleteServersTestJSON-1946449497-project-member] Acquiring lock "np0000007559-np0000007559" by "nova.scheduler.host_manager.HostState.consume_from_request.._locked" {{(pid=93456) inner /opt/stack/data/venv/lib/python3.12/site-packages/oslo_concurrency/lockutils.py:512}}
Aug 17 17:19:16.752287 np0000007559 nova-scheduler[93456]: DEBUG oslo_concurrency.lockutils [None req-86ac2b71-b6ce-434f-9891-7c4f9f68d8d9 tempest-DeleteServersTestJSON-1946449497 tempest-DeleteServersTestJSON-1946449497-project-member] Lock "np0000007559-np0000007559" acquired by "nova.scheduler.host_manager.HostState.consume_from_request.._locked" :: waited 0.000s {{(pid=93456) inner /opt/stack/data/venv/lib/python3.12/site-packages/oslo_concurrency/lockutils.py:525}}
Aug 17 17:19:16.752287 np0000007559 nova-scheduler[93456]: DEBUG oslo_concurrency.lockutils [None req-86ac2b71-b6ce-434f-9891-7c4f9f68d8d9 tempest-DeleteServersTestJSON-1946449497 tempest-DeleteServersTestJSON-1946449497-project-member] Lock "np0000007559-np0000007559" "released" by "nova.scheduler.host_manager.HostState.consume_from_request.._locked" :: held 0.000s {{(pid=93456) inner /opt/stack/data/venv/lib/python3.12/site-packages/oslo_concurrency/lockutils.py:544}}
Aug 17 17:19:21.121091 np0000007559 nova-scheduler[93452]: DEBUG nova.scheduler.manager [None req-3ab3759e-296b-480e-b0da-9021e2036f2b tempest-ServerActionsTestOtherA-232292096 tempest-ServerActionsTestOtherA-232292096-project-member] Starting to schedule for instances: ['34e8ed84-04de-492b-bcac-f6a8b94aeda3'] {{(pid=93452) select_destinations /opt/stack/nova/nova/scheduler/manager.py:197}}
Aug 17 17:19:21.122109 np0000007559 nova-scheduler[93452]: DEBUG nova.scheduler.request_filter [None req-3ab3759e-296b-480e-b0da-9021e2036f2b tempest-ServerActionsTestOtherA-232292096 tempest-ServerActionsTestOtherA-232292096-project-member] compute_status_filter request filter added forbidden trait COMPUTE_STATUS_DISABLED {{(pid=93452) compute_status_filter /opt/stack/nova/nova/scheduler/request_filter.py:253}}
Aug 17 17:19:21.122522 np0000007559 nova-scheduler[93452]: DEBUG nova.scheduler.request_filter [None req-3ab3759e-296b-480e-b0da-9021e2036f2b tempest-ServerActionsTestOtherA-232292096 tempest-ServerActionsTestOtherA-232292096-project-member] Request filter 'compute_status_filter' took 0.0 seconds {{(pid=93452) wrapper /opt/stack/nova/nova/scheduler/request_filter.py:46}}
Aug 17 17:19:21.122615 np0000007559 nova-scheduler[93452]: DEBUG nova.scheduler.request_filter [None req-3ab3759e-296b-480e-b0da-9021e2036f2b tempest-ServerActionsTestOtherA-232292096 tempest-ServerActionsTestOtherA-232292096-project-member] Request filter 'accelerators_filter' took 0.0 seconds {{(pid=93452) wrapper /opt/stack/nova/nova/scheduler/request_filter.py:46}}
Aug 17 17:19:21.122840 np0000007559 nova-scheduler[93452]: DEBUG nova.scheduler.request_filter [None req-3ab3759e-296b-480e-b0da-9021e2036f2b tempest-ServerActionsTestOtherA-232292096 tempest-ServerActionsTestOtherA-232292096-project-member] Request filter 'packed_virtqueue_filter' took 0.0 seconds {{(pid=93452) wrapper /opt/stack/nova/nova/scheduler/request_filter.py:46}}
Aug 17 17:19:21.123138 np0000007559 nova-scheduler[93452]: DEBUG nova.scheduler.request_filter [None req-3ab3759e-296b-480e-b0da-9021e2036f2b tempest-ServerActionsTestOtherA-232292096 tempest-ServerActionsTestOtherA-232292096-project-member] Request filter 'remote_managed_ports_filter' took 0.0 seconds {{(pid=93452) wrapper /opt/stack/nova/nova/scheduler/request_filter.py:46}}
Aug 17 17:19:21.123289 np0000007559 nova-scheduler[93452]: DEBUG nova.scheduler.request_filter [None req-3ab3759e-296b-480e-b0da-9021e2036f2b tempest-ServerActionsTestOtherA-232292096 tempest-ServerActionsTestOtherA-232292096-project-member] ephemeral_encryption_filter skipped {{(pid=93452) ephemeral_encryption_filter /opt/stack/nova/nova/scheduler/request_filter.py:426}}
Aug 17 17:19:21.123457 np0000007559 nova-scheduler[93452]: DEBUG nova.scheduler.request_filter [None req-3ab3759e-296b-480e-b0da-9021e2036f2b tempest-ServerActionsTestOtherA-232292096 tempest-ServerActionsTestOtherA-232292096-project-member] virtio_sound_filter skipped {{(pid=93452) virtio_sound_filter /opt/stack/nova/nova/scheduler/request_filter.py:460}}
Aug 17 17:19:21.123786 np0000007559 nova-scheduler[93452]: DEBUG nova.scheduler.request_filter [None req-3ab3759e-296b-480e-b0da-9021e2036f2b tempest-ServerActionsTestOtherA-232292096 tempest-ServerActionsTestOtherA-232292096-project-member] tpm_secret_security_filter skipped {{(pid=93452) tpm_secret_security_filter /opt/stack/nova/nova/scheduler/request_filter.py:477}}
Aug 17 17:19:21.224945 np0000007559 nova-scheduler[93454]: DEBUG nova.scheduler.manager [None req-0ddf62a0-4b25-4b45-a35b-89c068841e07 tempest-AttachVolumeTestJSON-1018262340 tempest-AttachVolumeTestJSON-1018262340-project-member] Starting to schedule for instances: ['cd5ea4c9-e3ec-4416-be2e-dc3a418dadfe'] {{(pid=93454) select_destinations /opt/stack/nova/nova/scheduler/manager.py:197}}
