Aug 17 17:16:22.668558 np0000007559 devstack@neutron-api.service[87606]: DEBUG ovsdbapp.backend.ovs_idl [None req-46cf8a74-df3e-46de-8b0f-0c66cdd0f8f0 None None] Created schema index Datapath_Binding.tunnel_key {{(pid=87606) autocreate_indices /opt/stack/data/venv/lib/python3.12/site-packages/ovsdbapp/backend/ovs_idl/__init__.py:106}}
Aug 17 17:16:22.670179 np0000007559 devstack@neutron-api.service[87606]: INFO ovsdbapp.backend.ovs_idl.vlog [None req-46cf8a74-df3e-46de-8b0f-0c66cdd0f8f0 None None] ssl:10.4.3.5:6642: connecting...
Aug 17 17:16:22.673911 np0000007559 devstack@neutron-api.service[87606]: INFO ovsdbapp.backend.ovs_idl.vlog [None req-46cf8a74-df3e-46de-8b0f-0c66cdd0f8f0 None None] ssl:10.4.3.5:6642: connected
Aug 17 17:16:22.691127 np0000007559 devstack@neutron-api.service[87605]: DEBUG ovsdbapp.backend.ovs_idl [None req-f9cd3b42-919b-4711-87e9-efb99d054ed6 None None] Created lookup_table index Chassis.name {{(pid=87605) autocreate_indices /opt/stack/data/venv/lib/python3.12/site-packages/ovsdbapp/backend/ovs_idl/__init__.py:87}}
Aug 17 17:16:22.691233 np0000007559 devstack@neutron-api.service[87605]: DEBUG ovsdbapp.backend.ovs_idl [None req-f9cd3b42-919b-4711-87e9-efb99d054ed6 None None] Created lookup_table index Port_Binding.logical_port {{(pid=87605) autocreate_indices /opt/stack/data/venv/lib/python3.12/site-packages/ovsdbapp/backend/ovs_idl/__init__.py:87}}
Aug 17 17:16:22.691369 np0000007559 devstack@neutron-api.service[87605]: DEBUG ovsdbapp.backend.ovs_idl [None req-f9cd3b42-919b-4711-87e9-efb99d054ed6 None None] Created schema index Chassis_Private.name {{(pid=87605) autocreate_indices /opt/stack/data/venv/lib/python3.12/site-packages/ovsdbapp/backend/ovs_idl/__init__.py:106}}
Aug 17 17:16:22.691369 np0000007559 devstack@neutron-api.service[87605]: DEBUG ovsdbapp.backend.ovs_idl [None req-f9cd3b42-919b-4711-87e9-efb99d054ed6 None None] Created schema index Datapath_Binding.tunnel_key {{(pid=87605) autocreate_indices /opt/stack/data/venv/lib/python3.12/site-packages/ovsdbapp/backend/ovs_idl/__init__.py:106}}
Aug 17 17:16:22.693251 np0000007559 devstack@neutron-api.service[87605]: INFO ovsdbapp.backend.ovs_idl.vlog [None req-f9cd3b42-919b-4711-87e9-efb99d054ed6 None None] ssl:10.4.3.5:6642: connecting...
Aug 17 17:16:22.696508 np0000007559 devstack@neutron-api.service[87606]: DEBUG neutron.common.ovn.hash_ring_manager [None req-46cf8a74-df3e-46de-8b0f-0c66cdd0f8f0 None None] Allow caching, nodes 3>=3 {{(pid=87606) _wait_startup_before_caching /opt/stack/neutron/neutron/common/ovn/hash_ring_manager.py:71}}
Aug 17 17:16:22.697149 np0000007559 devstack@neutron-api.service[87605]: INFO ovsdbapp.backend.ovs_idl.vlog [None req-f9cd3b42-919b-4711-87e9-efb99d054ed6 None None] ssl:10.4.3.5:6642: connected
Aug 17 17:16:22.700845 np0000007559 devstack@neutron-api.service[87606]: DEBUG neutron.common.ovn.hash_ring_manager [None req-46cf8a74-df3e-46de-8b0f-0c66cdd0f8f0 None None] Hash Ring loaded. 3 active nodes. 0 offline nodes {{(pid=87606) _load_hash_ring /opt/stack/neutron/neutron/common/ovn/hash_ring_manager.py:110}}
Aug 17 17:16:22.701117 np0000007559 devstack@neutron-api.service[87606]: DEBUG ovsdbapp.backend.ovs_idl.event [None req-46cf8a74-df3e-46de-8b0f-0c66cdd0f8f0 None None] Matched CREATE: ChassisAgentWriteEvent(events=('create', 'update'), table='Chassis_Private', conditions=None, old_conditions=None), priority=20 to row=Chassis_Private(uuid=620a437a-be9f-479a-9155-46cd99715d32, chassis=6109ede2-c0c7-446b-a421-ee1ce370ed8f, external_ids={'neutron:ovn-bridge': 'br-int', 'neutron:ovn-neutron-agent-id': '0abfdf03-7bd0-5526-990d-5ef0614fd60e', 'neutron:ovn-neutron-agent-sb-cfg': '0'}, name='bef70416-bc13-44e2-b131-d8ef2782addf', nb_cfg=0, nb_cfg_timestamp=0) old= {{(pid=87606) matches /opt/stack/data/venv/lib/python3.12/site-packages/ovsdbapp/backend/ovs_idl/event.py:55}}
Aug 17 17:16:22.701775 np0000007559 devstack@neutron-api.service[87606]: DEBUG ovsdbapp.backend.ovs_idl.event [None req-46cf8a74-df3e-46de-8b0f-0c66cdd0f8f0 None None] Matched CREATE: ChassisOVNAgentWriteEvent(events=('create', 'update'), table='Chassis_Private', conditions=None, old_conditions=None), priority=20 to row=Chassis_Private(uuid=620a437a-be9f-479a-9155-46cd99715d32, chassis=6109ede2-c0c7-446b-a421-ee1ce370ed8f, external_ids={'neutron:ovn-bridge': 'br-int', 'neutron:ovn-neutron-agent-id': '0abfdf03-7bd0-5526-990d-5ef0614fd60e', 'neutron:ovn-neutron-agent-sb-cfg': '0'}, name='bef70416-bc13-44e2-b131-d8ef2782addf', nb_cfg=0, nb_cfg_timestamp=0) old= {{(pid=87606) matches /opt/stack/data/venv/lib/python3.12/site-packages/ovsdbapp/backend/ovs_idl/event.py:55}}
Aug 17 17:16:22.703090 np0000007559 devstack@neutron-api.service[87606]: INFO neutron.plugins.ml2.drivers.ovn.mech_driver.mech_driver [None req-46cf8a74-df3e-46de-8b0f-0c66cdd0f8f0 None None] WorkerService process has finished the post initialization
Aug 17 17:16:22.703403 np0000007559 devstack@neutron-api.service[87606]: DEBUG oslo_concurrency.processutils [None req-46cf8a74-df3e-46de-8b0f-0c66cdd0f8f0 None None] Running cmd (subprocess): ovsdb-client transact ssl:10.4.3.5:6641 --timeout 180 -p /opt/stack/data/CA/int-ca/private/devstack-cert.key -c /opt/stack/data/CA/int-ca/devstack-cert.crt -C /opt/stack/data/CA/int-ca/ca-chain.pem ["OVN_Northbound", {"op": "wait", "timeout": 0, "table": "Port_Group", "where": [["name", "==", "pvlan_pg_drop"]], "until": "==", "rows": []}, {"op": "insert", "table": "ACL", "row": {"action": "drop", "direction": "to-lport", "match": "outport == @pvlan_pg_drop && ip", "priority": 1010}, "uuid-name": "pvlandroptoport"}, {"op": "insert", "table": "ACL", "row": {"action": "drop", "direction": "from-lport", "match": "inport == @pvlan_pg_drop && ip", "priority": 1010}, "uuid-name": "pvlandropfromport"}, {"op": "insert", "table": "Port_Group", "row": {"name": "pvlan_pg_drop", "acls": ["set", [["named-uuid", "pvlandroptoport"], ["named-uuid", "pvlandropfromport"]]]}}] {{(pid=87606) execute /opt/stack/data/venv/lib/python3.12/site-packages/oslo_concurrency/processutils.py:440}}
Aug 17 17:16:22.718912 np0000007559 devstack@neutron-api.service[87605]: DEBUG neutron.common.ovn.hash_ring_manager [None req-f9cd3b42-919b-4711-87e9-efb99d054ed6 None None] Allow caching, nodes 3>=3 {{(pid=87605) _wait_startup_before_caching /opt/stack/neutron/neutron/common/ovn/hash_ring_manager.py:71}}
Aug 17 17:16:22.723607 np0000007559 devstack@neutron-api.service[87605]: DEBUG neutron.common.ovn.hash_ring_manager [None req-f9cd3b42-919b-4711-87e9-efb99d054ed6 None None] Hash Ring loaded. 3 active nodes. 0 offline nodes {{(pid=87605) _load_hash_ring /opt/stack/neutron/neutron/common/ovn/hash_ring_manager.py:110}}
Aug 17 17:16:22.723820 np0000007559 devstack@neutron-api.service[87605]: DEBUG neutron.plugins.ml2.drivers.ovn.mech_driver.ovsdb.ovsdb_monitor [None req-f9cd3b42-919b-4711-87e9-efb99d054ed6 None None] Hash Ring: Node 015241c813e854d9af3d1bdcf476e267 (host: np0000007559) handling event "create" for row 6109ede2-c0c7-446b-a421-ee1ce370ed8f (table: Chassis) {{(pid=87605) notify /opt/stack/neutron/neutron/plugins/ml2/drivers/ovn/mech_driver/ovsdb/ovsdb_monitor.py:1099}}
Aug 17 17:16:22.724929 np0000007559 devstack@neutron-api.service[87605]: DEBUG ovsdbapp.backend.ovs_idl.event [None req-f9cd3b42-919b-4711-87e9-efb99d054ed6 None None] Matched CREATE: ChassisBandwidthConfigEvent(events=('create', 'update'), table='Chassis', conditions=None, old_conditions=None), priority=20 to row=Chassis(uuid=6109ede2-c0c7-446b-a421-ee1ce370ed8f, encaps=[e3655afd-ca37-478f-bb3b-e690df8b7623], external_ids={}, hostname='np0000007559', name='bef70416-bc13-44e2-b131-d8ef2782addf', nb_cfg=0, other_config={'ct-commit-nat-v2': 'true', 'ct-commit-to-zone': 'true', 'ct-next-zone': 'true', 'ct-no-masked-label': 'true', 'ct-state-save': 'true', 'datapath-type': 'system', 'fdb-timestamp': 'true', 'iface-types': 'afxdp,afxdp-nonpmd,bareudp,erspan,geneve,gre,gtpu,internal,ip6erspan,ip6gre,lisp,patch,srv6,stt,system,tap,vxlan', 'is-interconn': 'false', 'ls-dpg-column': 'true', 'mac-binding-timestamp': 'true', 'ovn-bridge-mappings': 'public:br-ex', 'ovn-chassis-mac-mappings': '', 'ovn-cms-options': 'enable-chassis-as-gw', 'ovn-ct-lb-related': 'true', 'ovn-enable-lflow-cache': 'true', 'ovn-limit-lflow-cache': '', 'ovn-memlimit-lflow-cache-kb': '', 'ovn-monitor-all': 'false', 'ovn-trim-limit-lflow-cache': '', 'ovn-trim-timeout-ms': '', 'ovn-trim-wmark-perc-lflow-cache': '', 'port-up-notif': 'true'}, transport_zones=[], vtep_logical_switches=[]) old= {{(pid=87605) matches /opt/stack/data/venv/lib/python3.12/site-packages/ovsdbapp/backend/ovs_idl/event.py:55}}
Aug 17 17:16:22.725851 np0000007559 devstack@neutron-api.service[87605]: DEBUG ovsdbapp.backend.ovs_idl.event [None req-f9cd3b42-919b-4711-87e9-efb99d054ed6 None None] Matched CREATE: ChassisOVNAgentWriteEvent(events=('create', 'update'), table='Chassis_Private', conditions=None, old_conditions=None), priority=20 to row=Chassis_Private(uuid=620a437a-be9f-479a-9155-46cd99715d32, chassis=6109ede2-c0c7-446b-a421-ee1ce370ed8f, external_ids={'neutron:ovn-bridge': 'br-int', 'neutron:ovn-neutron-agent-id': '0abfdf03-7bd0-5526-990d-5ef0614fd60e', 'neutron:ovn-neutron-agent-sb-cfg': '0'}, name='bef70416-bc13-44e2-b131-d8ef2782addf', nb_cfg=0, nb_cfg_timestamp=0) old= {{(pid=87605) matches /opt/stack/data/venv/lib/python3.12/site-packages/ovsdbapp/backend/ovs_idl/event.py:55}}
Aug 17 17:16:22.726521 np0000007559 devstack@neutron-api.service[87605]: DEBUG ovsdbapp.backend.ovs_idl.event [None req-f9cd3b42-919b-4711-87e9-efb99d054ed6 None None] Matched CREATE: ChassisAgentWriteEvent(events=('create', 'update'), table='Chassis_Private', conditions=None, old_conditions=None), priority=20 to row=Chassis_Private(uuid=620a437a-be9f-479a-9155-46cd99715d32, chassis=6109ede2-c0c7-446b-a421-ee1ce370ed8f, external_ids={'neutron:ovn-bridge': 'br-int', 'neutron:ovn-neutron-agent-id': '0abfdf03-7bd0-5526-990d-5ef0614fd60e', 'neutron:ovn-neutron-agent-sb-cfg': '0'}, name='bef70416-bc13-44e2-b131-d8ef2782addf', nb_cfg=0, nb_cfg_timestamp=0) old= {{(pid=87605) matches /opt/stack/data/venv/lib/python3.12/site-packages/ovsdbapp/backend/ovs_idl/event.py:55}}
Aug 17 17:16:22.726901 np0000007559 devstack@neutron-api.service[87605]: DEBUG neutron.plugins.ml2.drivers.ovn.mech_driver.ovsdb.ovsdb_monitor [None req-f9cd3b42-919b-4711-87e9-efb99d054ed6 None None] Hash Ring: Node 015241c813e854d9af3d1bdcf476e267 (host: np0000007559) handling event "create" for row 620a437a-be9f-479a-9155-46cd99715d32 (table: Chassis_Private) {{(pid=87605) notify /opt/stack/neutron/neutron/plugins/ml2/drivers/ovn/mech_driver/ovsdb/ovsdb_monitor.py:1099}}
Aug 17 17:16:22.727096 np0000007559 devstack@neutron-api.service[87605]: DEBUG neutron.plugins.ml2.drivers.ovn.mech_driver.ovsdb.ovsdb_monitor [None req-f9cd3b42-919b-4711-87e9-efb99d054ed6 None None] Hash Ring: Node 015241c813e854d9af3d1bdcf476e267 (host: np0000007559) handling event "create" for row e3655afd-ca37-478f-bb3b-e690df8b7623 (table: Encap) {{(pid=87605) notify /opt/stack/neutron/neutron/plugins/ml2/drivers/ovn/mech_driver/ovsdb/ovsdb_monitor.py:1099}}
Aug 17 17:16:22.727494 np0000007559 devstack@neutron-api.service[87606]: DEBUG oslo_concurrency.processutils [None req-46cf8a74-df3e-46de-8b0f-0c66cdd0f8f0 None None] CMD "ovsdb-client transact ssl:10.4.3.5:6641 --timeout 180 -p /opt/stack/data/CA/int-ca/private/devstack-cert.key -c /opt/stack/data/CA/int-ca/devstack-cert.crt -C /opt/stack/data/CA/int-ca/ca-chain.pem ["OVN_Northbound", {"op": "wait", "timeout": 0, "table": "Port_Group", "where": [["name", "==", "pvlan_pg_drop"]], "until": "==", "rows": []}, {"op": "insert", "table": "ACL", "row": {"action": "drop", "direction": "to-lport", "match": "outport == @pvlan_pg_drop && ip", "priority": 1010}, "uuid-name": "pvlandroptoport"}, {"op": "insert", "table": "ACL", "row": {"action": "drop", "direction": "from-lport", "match": "inport == @pvlan_pg_drop && ip", "priority": 1010}, "uuid-name": "pvlandropfromport"}, {"op": "insert", "table": "Port_Group", "row": {"name": "pvlan_pg_drop", "acls": ["set", [["named-uuid", "pvlandroptoport"], ["named-uuid", "pvlandropfromport"]]]}}]" returned: 0 in 0.024s {{(pid=87606) execute /opt/stack/data/venv/lib/python3.12/site-packages/oslo_concurrency/processutils.py:468}}
Aug 17 17:16:22.728802 np0000007559 devstack@neutron-api.service[87605]: INFO neutron.plugins.ml2.drivers.ovn.mech_driver.mech_driver [None req-f9cd3b42-919b-4711-87e9-efb99d054ed6 None None] WorkerService process has finished the post initialization
Aug 17 17:16:22.728802 np0000007559 devstack@neutron-api.service[87605]: DEBUG oslo_concurrency.processutils [None req-f9cd3b42-919b-4711-87e9-efb99d054ed6 None None] Running cmd (subprocess): ovsdb-client transact ssl:10.4.3.5:6641 --timeout 180 -p /opt/stack/data/CA/int-ca/private/devstack-cert.key -c /opt/stack/data/CA/int-ca/devstack-cert.crt -C /opt/stack/data/CA/int-ca/ca-chain.pem ["OVN_Northbound", {"op": "wait", "timeout": 0, "table": "Port_Group", "where": [["name", "==", "pvlan_pg_drop"]], "until": "==", "rows": []}, {"op": "insert", "table": "ACL", "row": {"action": "drop", "direction": "to-lport", "match": "outport == @pvlan_pg_drop && ip", "priority": 1010}, "uuid-name": "pvlandroptoport"}, {"op": "insert", "table": "ACL", "row": {"action": "drop", "direction": "from-lport", "match": "inport == @pvlan_pg_drop && ip", "priority": 1010}, "uuid-name": "pvlandropfromport"}, {"op": "insert", "table": "Port_Group", "row": {"name": "pvlan_pg_drop", "acls": ["set", [["named-uuid", "pvlandroptoport"], ["named-uuid", "pvlandropfromport"]]]}}] {{(pid=87605) execute /opt/stack/data/venv/lib/python3.12/site-packages/oslo_concurrency/processutils.py:440}}
Aug 17 17:16:22.729201 np0000007559 devstack@neutron-api.service[87605]: INFO neutron.plugins.ml2.drivers.ovn.mech_driver.ovsdb.extensions.qos [-] Starting OVNClientQosExtension
Aug 17 17:16:22.729245 np0000007559 devstack@neutron-api.service[87606]: WSGI app 0 (mountpoint='') ready in 6 seconds on interpreter 0x762717aa4668 pid: 87606 (default app)
Aug 17 17:16:22.729445 np0000007559 devstack@neutron-api.service[87605]: INFO neutron.plugins.ml2.drivers.ovn.mech_driver.ovsdb.extensions.placement [-] Starting OVNClientPlacementExtension
Aug 17 17:16:22.754201 np0000007559 devstack@neutron-api.service[87605]: DEBUG oslo_concurrency.processutils [None req-f9cd3b42-919b-4711-87e9-efb99d054ed6 None None] CMD "ovsdb-client transact ssl:10.4.3.5:6641 --timeout 180 -p /opt/stack/data/CA/int-ca/private/devstack-cert.key -c /opt/stack/data/CA/int-ca/devstack-cert.crt -C /opt/stack/data/CA/int-ca/ca-chain.pem ["OVN_Northbound", {"op": "wait", "timeout": 0, "table": "Port_Group", "where": [["name", "==", "pvlan_pg_drop"]], "until": "==", "rows": []}, {"op": "insert", "table": "ACL", "row": {"action": "drop", "direction": "to-lport", "match": "outport == @pvlan_pg_drop && ip", "priority": 1010}, "uuid-name": "pvlandroptoport"}, {"op": "insert", "table": "ACL", "row": {"action": "drop", "direction": "from-lport", "match": "inport == @pvlan_pg_drop && ip", "priority": 1010}, "uuid-name": "pvlandropfromport"}, {"op": "insert", "table": "Port_Group", "row": {"name": "pvlan_pg_drop", "acls": ["set", [["named-uuid", "pvlandroptoport"], ["named-uuid", "pvlandropfromport"]]]}}]" returned: 0 in 0.025s {{(pid=87605) execute /opt/stack/data/venv/lib/python3.12/site-packages/oslo_concurrency/processutils.py:468}}
Aug 17 17:16:22.756237 np0000007559 devstack@neutron-api.service[87605]: WSGI app 0 (mountpoint='') ready in 6 seconds on interpreter 0x762717aa4668 pid: 87605 (default app)
Aug 17 17:16:23.569567 np0000007559 devstack@neutron-api.service[87606]: DEBUG neutron.plugins.ml2.drivers.ovn.mech_driver.ovsdb.ovsdb_monitor [-] Hash Ring: Node 59459984ef295245b113cb668d8802b2 (host: np0000007559) handling event "update" for row 83c85a74-c273-4f05-af8a-0e9595ec4dc6 (table: Connection) {{(pid=87606) notify /opt/stack/neutron/neutron/plugins/ml2/drivers/ovn/mech_driver/ovsdb/ovsdb_monitor.py:1099}}
Aug 17 17:16:23.572061 np0000007559 devstack@neutron-api.service[87607]: DEBUG neutron.common.ovn.hash_ring_manager [-] Allow caching, nodes 3>=3 {{(pid=87607) _wait_startup_before_caching /opt/stack/neutron/neutron/common/ovn/hash_ring_manager.py:71}}
Aug 17 17:16:23.572061 np0000007559 devstack@neutron-api.service[87607]: DEBUG neutron.plugins.ml2.drivers.ovn.mech_driver.ovsdb.ovsdb_monitor [-] Hash Ring: Node de6de235899f59e8ab2c9b0f8ed98309 (host: np0000007559) handling event "update" for row 83c85a74-c273-4f05-af8a-0e9595ec4dc6 (table: Connection) {{(pid=87607) notify /opt/stack/neutron/neutron/plugins/ml2/drivers/ovn/mech_driver/ovsdb/ovsdb_monitor.py:1099}}
Aug 17 17:16:26.068365 np0000007559 devstack@neutron-api.service[87607]: DEBUG neutron.plugins.ml2.drivers.ovn.mech_driver.ovsdb.ovsdb_monitor [-] Hash Ring: Node de6de235899f59e8ab2c9b0f8ed98309 (host: np0000007559) handling event "update" for row 83c85a74-c273-4f05-af8a-0e9595ec4dc6 (table: Connection) {{(pid=87607) notify /opt/stack/neutron/neutron/plugins/ml2/drivers/ovn/mech_driver/ovsdb/ovsdb_monitor.py:1099}}
Aug 17 17:16:26.070090 np0000007559 devstack@neutron-api.service[87606]: DEBUG neutron.plugins.ml2.drivers.ovn.mech_driver.ovsdb.ovsdb_monitor [-] Hash Ring: Node 59459984ef295245b113cb668d8802b2 (host: np0000007559) handling event "update" for row 83c85a74-c273-4f05-af8a-0e9595ec4dc6 (table: Connection) {{(pid=87606) notify /opt/stack/neutron/neutron/plugins/ml2/drivers/ovn/mech_driver/ovsdb/ovsdb_monitor.py:1099}}
Aug 17 17:16:26.450991 np0000007559 devstack@neutron-api.service[87607]: DEBUG neutron.api.wsgi [None req-a681a188-abc8-49b5-a3a3-a0efebd2cfec admin admin] Missing Content-Type {{(pid=87607) get_content_type /opt/stack/neutron/neutron/api/wsgi.py:80}}
Aug 17 17:16:26.451440 np0000007559 devstack@neutron-api.service[87607]: DEBUG neutron.api.wsgi [None req-a681a188-abc8-49b5-a3a3-a0efebd2cfec admin admin] https://10.4.3.5/networking/v2.0/extensions returned with HTTP 200 {{(pid=87607) __call__ /opt/stack/neutron/neutron/api/wsgi.py:540}}
Aug 17 17:16:26.451780 np0000007559 devstack@neutron-api.service[87607]: [pid: 87607|app: 0|req: 2/2] 10.4.3.5 () {64 vars in 1278 bytes} [Mon Aug 17 17:16:25 2026] GET /networking/v2.0/extensions => generated 16171 bytes in 546 msecs (HTTP/1.1 200) 4 headers in 159 bytes (1 switches on core 0)
Aug 17 17:16:26.799250 np0000007559 devstack@neutron-api.service[87606]: DEBUG neutron.api.v2.base [None req-4321c0e8-b612-4411-a491-79279461d841 admin admin] Request body: {'subnetpool': {'prefixes': ['10.1.0.0/20'], 'shared': True, 'default_prefixlen': 26, 'name': 'shared-default-subnetpool-v4', 'is_default': True}} {{(pid=87606) prepare_request_body /opt/stack/neutron/neutron/api/v2/base.py:727}}
Aug 17 17:16:26.988152 np0000007559 devstack@neutron-api.service[87606]: DEBUG neutron.policy [None req-4321c0e8-b612-4411-a491-79279461d841 admin admin] Loaded default policies from ['neutron'] under neutron.policies entry points {{(pid=87606) register_rules /opt/stack/neutron/neutron/policy.py:65}}
Aug 17 17:16:27.117708 np0000007559 devstack@neutron-api.service[87606]: DEBUG neutron_lib.callbacks.manager [None req-4321c0e8-b612-4411-a491-79279461d841 admin admin] Publish callbacks ['neutron.objects.securitygroup.RbacNeutronDbObjectMixin.validate_rbac_policy_change-2209407968056', 'neutron.objects.address_group.RbacNeutronDbObjectMixin.validate_rbac_policy_change-2209408079955', 'neutron.objects.network.RbacNeutronDbObjectMixin.validate_rbac_policy_change-2209407940323', 'neutron.objects.qos.policy.RbacNeutronDbObjectMixin.validate_rbac_policy_change-2209407941606', 'neutron.objects.subnetpool.RbacNeutronDbObjectMixin.validate_rbac_policy_change-2209407909269', 'neutron.objects.address_scope.RbacNeutronDbObjectMixin.validate_rbac_policy_change-2209408284542', 'neutron.plugins.ml2.plugin.External_net_db_mixin._process_ext_policy_create-415499', 'neutron.plugins.ml2.plugin.NeutronDbPluginV2.validate_network_rbac_policy_change-408579'] for rbac-policy (None), before_create {{(pid=87606) _notify_loop /opt/stack/data/venv/lib/python3.12/site-packages/neutron_lib/callbacks/manager.py:184}}
Aug 17 17:16:27.152624 np0000007559 devstack@neutron-api.service[87606]: DEBUG neutron_lib.callbacks.manager [None req-4321c0e8-b612-4411-a491-79279461d841 admin admin] Publish callbacks [] for subnetpool (None), before_response {{(pid=87606) _notify_loop /opt/stack/data/venv/lib/python3.12/site-packages/neutron_lib/callbacks/manager.py:184}}
Aug 17 17:16:27.153139 np0000007559 devstack@neutron-api.service[87606]: [pid: 87606|app: 0|req: 1/3] 10.4.3.5 () {68 vars in 1322 bytes} [Mon Aug 17 17:16:26 2026] POST /networking/v2.0/subnetpools => generated 533 bytes in 441 msecs (HTTP/1.1 201) 4 headers in 162 bytes (1 switches on core 0)
Aug 17 17:16:27.461127 np0000007559 devstack@neutron-api.service[87605]: DEBUG neutron.api.v2.base [None req-cef057ec-550c-4f8a-bbfb-882f7b134f4f admin admin] Request body: {'subnetpool': {'prefixes': ['fddc:81bc:fc2f::/56'], 'shared': True, 'default_prefixlen': 64, 'name': 'shared-default-subnetpool-v6', 'is_default': True}} {{(pid=87605) prepare_request_body /opt/stack/neutron/neutron/api/v2/base.py:727}}
Aug 17 17:16:27.612364 np0000007559 devstack@neutron-api.service[87605]: DEBUG neutron.policy [None req-cef057ec-550c-4f8a-bbfb-882f7b134f4f admin admin] Loaded default policies from ['neutron'] under neutron.policies entry points {{(pid=87605) register_rules /opt/stack/neutron/neutron/policy.py:65}}
Aug 17 17:16:27.737759 np0000007559 devstack@neutron-api.service[87605]: DEBUG neutron_lib.callbacks.manager [None req-cef057ec-550c-4f8a-bbfb-882f7b134f4f admin admin] Publish callbacks ['neutron.objects.securitygroup.RbacNeutronDbObjectMixin.validate_rbac_policy_change-2209407975292', 'neutron.objects.address_group.RbacNeutronDbObjectMixin.validate_rbac_policy_change-2209408075522', 'neutron.objects.network.RbacNeutronDbObjectMixin.validate_rbac_policy_change-2209407947545', 'neutron.objects.qos.policy.RbacNeutronDbObjectMixin.validate_rbac_policy_change-2209407931228', 'neutron.objects.subnetpool.RbacNeutronDbObjectMixin.validate_rbac_policy_change-2209407914833', 'neutron.objects.address_scope.RbacNeutronDbObjectMixin.validate_rbac_policy_change-2209407900610', 'neutron.plugins.ml2.plugin.External_net_db_mixin._process_ext_policy_create-4221', 'neutron.plugins.ml2.plugin.NeutronDbPluginV2.validate_network_rbac_policy_change-61525'] for rbac-policy (None), before_create {{(pid=87605) _notify_loop /opt/stack/data/venv/lib/python3.12/site-packages/neutron_lib/callbacks/manager.py:184}}
Aug 17 17:16:27.778516 np0000007559 devstack@neutron-api.service[87605]: DEBUG neutron_lib.callbacks.manager [None req-cef057ec-550c-4f8a-bbfb-882f7b134f4f admin admin] Publish callbacks [] for subnetpool (None), before_response {{(pid=87605) _notify_loop /opt/stack/data/venv/lib/python3.12/site-packages/neutron_lib/callbacks/manager.py:184}}
Aug 17 17:16:27.778998 np0000007559 devstack@neutron-api.service[87605]: [pid: 87605|app: 0|req: 1/4] 10.4.3.5 () {68 vars in 1322 bytes} [Mon Aug 17 17:16:27 2026] POST /networking/v2.0/subnetpools => generated 543 bytes in 407 msecs (HTTP/1.1 201) 4 headers in 162 bytes (1 switches on core 0)
Aug 17 17:16:27.994100 np0000007559 devstack@neutron-api.service[87607]: DEBUG neutron.api.v2.base [None req-fbc6cb05-1af5-421d-a505-d1801c8f3450 admin admin] Request body: {'network': {'admin_state_up': True, 'name': 'private'}} {{(pid=87607) prepare_request_body /opt/stack/neutron/neutron/api/v2/base.py:727}}
Aug 17 17:16:28.019238 np0000007559 devstack@neutron-api.service[87607]: DEBUG neutron.pecan_wsgi.hooks.quota_enforcement [None req-fbc6cb05-1af5-421d-a505-d1801c8f3450 admin admin] Made reservation on behalf of a75c13f407e14860b7a64d6de6defa0a for: {'network': 1} {{(pid=87607) before /opt/stack/neutron/neutron/pecan_wsgi/hooks/quota_enforcement.py:66}}
Aug 17 17:16:28.158761 np0000007559 devstack@neutron-api.service[87607]: DEBUG neutron.policy [None req-fbc6cb05-1af5-421d-a505-d1801c8f3450 admin admin] Loaded default policies from ['neutron'] under neutron.policies entry points {{(pid=87607) register_rules /opt/stack/neutron/neutron/policy.py:65}}
Aug 17 17:16:28.241571 np0000007559 devstack@neutron-api.service[87607]: DEBUG neutron_lib.callbacks.manager [None req-fbc6cb05-1af5-421d-a505-d1801c8f3450 admin admin] Publish callbacks ['neutron.plugins.ml2.plugin.SecurityGroupDbMixin._ensure_default_security_group_handler-160291'] for network (None), before_create {{(pid=87607) _notify_loop /opt/stack/data/venv/lib/python3.12/site-packages/neutron_lib/callbacks/manager.py:184}}
Aug 17 17:16:28.258223 np0000007559 devstack@neutron-api.service[87607]: DEBUG neutron_lib.callbacks.manager [None req-fbc6cb05-1af5-421d-a505-d1801c8f3450 admin admin] Publish callbacks [] for security_group (None), before_create {{(pid=87607) _notify_loop /opt/stack/data/venv/lib/python3.12/site-packages/neutron_lib/callbacks/manager.py:184}}
Aug 17 17:16:28.342387 np0000007559 devstack@neutron-api.service[87607]: DEBUG neutron_lib.callbacks.manager [None req-fbc6cb05-1af5-421d-a505-d1801c8f3450 admin admin] Publish callbacks ['neutron.plugins.ml2.drivers.ovn.mech_driver.mech_driver.OVNMechanismDriver._create_security_group_precommit-827791'] for security_group (88e90d1c-54e2-4627-9fc1-88094d7d278c), precommit_create {{(pid=87607) _notify_loop /opt/stack/data/venv/lib/python3.12/site-packages/neutron_lib/callbacks/manager.py:184}}
Aug 17 17:16:28.342538 np0000007559 devstack@neutron-api.service[87607]: DEBUG neutron.db.ovn_revision_numbers_db [None req-fbc6cb05-1af5-421d-a505-d1801c8f3450 admin admin] create_initial_revision uuid=88e90d1c-54e2-4627-9fc1-88094d7d278c, type=security_groups, rev=-1 {{(pid=87607) create_initial_revision /opt/stack/neutron/neutron/db/ovn_revision_numbers_db.py:98}}
Aug 17 17:16:28.344721 np0000007559 devstack@neutron-api.service[87607]: DEBUG neutron.db.ovn_revision_numbers_db [None req-fbc6cb05-1af5-421d-a505-d1801c8f3450 admin admin] create_initial_revision uuid=ad989508-5d99-4a43-b3ce-d105c15c2aae, type=security_group_rules, rev=-1 {{(pid=87607) create_initial_revision /opt/stack/neutron/neutron/db/ovn_revision_numbers_db.py:98}}
Aug 17 17:16:28.345869 np0000007559 devstack@neutron-api.service[87607]: DEBUG neutron.db.ovn_revision_numbers_db [None req-fbc6cb05-1af5-421d-a505-d1801c8f3450 admin admin] create_initial_revision uuid=e76def5c-e590-4303-8e30-a6e42ddbf213, type=security_group_rules, rev=-1 {{(pid=87607) create_initial_revision /opt/stack/neutron/neutron/db/ovn_revision_numbers_db.py:98}}
Aug 17 17:16:28.346744 np0000007559 devstack@neutron-api.service[87607]: DEBUG neutron.db.ovn_revision_numbers_db [None req-fbc6cb05-1af5-421d-a505-d1801c8f3450 admin admin] create_initial_revision uuid=f3c87d37-4513-47c3-bbbc-6d2f08740f34, type=security_group_rules, rev=-1 {{(pid=87607) create_initial_revision /opt/stack/neutron/neutron/db/ovn_revision_numbers_db.py:98}}
Aug 17 17:16:28.347549 np0000007559 devstack@neutron-api.service[87607]: DEBUG neutron.db.ovn_revision_numbers_db [None req-fbc6cb05-1af5-421d-a505-d1801c8f3450 admin admin] create_initial_revision uuid=fa99f303-9f0b-42bb-bb7f-171d3ef994e9, type=security_group_rules, rev=-1 {{(pid=87607) create_initial_revision /opt/stack/neutron/neutron/db/ovn_revision_numbers_db.py:98}}
Aug 17 17:16:28.350546 np0000007559 devstack@neutron-api.service[87607]: DEBUG neutron_lib.callbacks.manager [None req-fbc6cb05-1af5-421d-a505-d1801c8f3450 admin admin] Publish callbacks ['neutron.plugins.ml2.drivers.ovn.mech_driver.mech_driver.OVNMechanismDriver._create_security_group-827777', 'neutron.plugins.ml2.ovo_rpc._ObjectChangeHandler.handle_event-32533667'] for security_group (88e90d1c-54e2-4627-9fc1-88094d7d278c), after_create {{(pid=87607) _notify_loop /opt/stack/data/venv/lib/python3.12/site-packages/neutron_lib/callbacks/manager.py:184}}
Aug 17 17:16:28.351500 np0000007559 devstack@neutron-api.service[87607]: DEBUG ovsdbapp.backend.ovs_idl.transaction [-] Running txn n=1 command(idx=0): PgAddCommand(_result=None, name=pg_88e90d1c_54e2_4627_9fc1_88094d7d278c, may_exist=False, columns={'acls': [], 'external_ids': {'neutron:security_group_id': '88e90d1c-54e2-4627-9fc1-88094d7d278c'}}) {{(pid=87607) do_commit /opt/stack/data/venv/lib/python3.12/site-packages/ovsdbapp/backend/ovs_idl/transaction.py:89}}
Aug 17 17:16:28.352741 np0000007559 devstack@neutron-api.service[87607]: DEBUG ovsdbapp.backend.ovs_idl.transaction [-] Running txn n=1 command(idx=1): PgAclAddCommand(_result=None, entity=pg_88e90d1c_54e2_4627_9fc1_88094d7d278c, direction=from-lport, priority=1002, match=inport == @pg_88e90d1c_54e2_4627_9fc1_88094d7d278c && ip6, action=allow-related, log=False, may_exist=True, severity=[], name=[], meter=[], external_ids={'neutron:security_group_rule_id': 'ad989508-5d99-4a43-b3ce-d105c15c2aae'}) {{(pid=87607) do_commit /opt/stack/data/venv/lib/python3.12/site-packages/ovsdbapp/backend/ovs_idl/transaction.py:89}}
Aug 17 17:16:28.353091 np0000007559 devstack@neutron-api.service[87607]: DEBUG ovsdbapp.backend.ovs_idl.transaction [-] Running txn n=1 command(idx=2): PgAclAddCommand(_result=None, entity=pg_88e90d1c_54e2_4627_9fc1_88094d7d278c, direction=to-lport, priority=1002, match=outport == @pg_88e90d1c_54e2_4627_9fc1_88094d7d278c && ip4 && ip4.src == $pg_88e90d1c_54e2_4627_9fc1_88094d7d278c_ip4, action=allow-related, log=False, may_exist=True, severity=[], name=[], meter=[], external_ids={'neutron:security_group_rule_id': 'e76def5c-e590-4303-8e30-a6e42ddbf213'}) {{(pid=87607) do_commit /opt/stack/data/venv/lib/python3.12/site-packages/ovsdbapp/backend/ovs_idl/transaction.py:89}}
Aug 17 17:16:28.353394 np0000007559 devstack@neutron-api.service[87607]: DEBUG ovsdbapp.backend.ovs_idl.transaction [-] Running txn n=1 command(idx=3): PgAclAddCommand(_result=None, entity=pg_88e90d1c_54e2_4627_9fc1_88094d7d278c, direction=from-lport, priority=1002, match=inport == @pg_88e90d1c_54e2_4627_9fc1_88094d7d278c && ip4, action=allow-related, log=False, may_exist=True, severity=[], name=[], meter=[], external_ids={'neutron:security_group_rule_id': 'f3c87d37-4513-47c3-bbbc-6d2f08740f34'}) {{(pid=87607) do_commit /opt/stack/data/venv/lib/python3.12/site-packages/ovsdbapp/backend/ovs_idl/transaction.py:89}}
Aug 17 17:16:28.353655 np0000007559 devstack@neutron-api.service[87607]: DEBUG ovsdbapp.backend.ovs_idl.transaction [-] Running txn n=1 command(idx=4): PgAclAddCommand(_result=None, entity=pg_88e90d1c_54e2_4627_9fc1_88094d7d278c, direction=to-lport, priority=1002, match=outport == @pg_88e90d1c_54e2_4627_9fc1_88094d7d278c && ip6 && ip6.src == $pg_88e90d1c_54e2_4627_9fc1_88094d7d278c_ip6, action=allow-related, log=False, may_exist=True, severity=[], name=[], meter=[], external_ids={'neutron:security_group_rule_id': 'fa99f303-9f0b-42bb-bb7f-171d3ef994e9'}) {{(pid=87607) do_commit /opt/stack/data/venv/lib/python3.12/site-packages/ovsdbapp/backend/ovs_idl/transaction.py:89}}
Aug 17 17:16:28.374538 np0000007559 devstack@neutron-api.service[87607]: DEBUG neutron.plugins.ml2.drivers.ovn.mech_driver.ovsdb.ovsdb_monitor [-] Hash Ring: Node de6de235899f59e8ab2c9b0f8ed98309 (host: np0000007559) handling event "create" for row 30d02bbb-3893-41af-8c93-cd93be558258 (table: ACL) {{(pid=87607) notify /opt/stack/neutron/neutron/plugins/ml2/drivers/ovn/mech_driver/ovsdb/ovsdb_monitor.py:1099}}
Aug 17 17:16:28.374726 np0000007559 devstack@neutron-api.service[87607]: DEBUG neutron.plugins.ml2.drivers.ovn.mech_driver.ovsdb.ovsdb_monitor [-] Hash Ring: Node de6de235899f59e8ab2c9b0f8ed98309 (host: np0000007559) handling event "create" for row 830879fc-35c0-44f6-b3eb-477b9643fb7d (table: ACL) {{(pid=87607) notify /opt/stack/neutron/neutron/plugins/ml2/drivers/ovn/mech_driver/ovsdb/ovsdb_monitor.py:1099}}
Aug 17 17:16:28.374889 np0000007559 devstack@neutron-api.service[87607]: DEBUG neutron.plugins.ml2.drivers.ovn.mech_driver.ovsdb.ovsdb_monitor [-] Hash Ring: Node de6de235899f59e8ab2c9b0f8ed98309 (host: np0000007559) handling event "create" for row 9e88a20d-0dad-40d9-9dd9-4ff2add927d4 (table: ACL) {{(pid=87607) notify /opt/stack/neutron/neutron/plugins/ml2/drivers/ovn/mech_driver/ovsdb/ovsdb_monitor.py:1099}}
Aug 17 17:16:28.375063 np0000007559 devstack@neutron-api.service[87607]: DEBUG neutron.plugins.ml2.drivers.ovn.mech_driver.ovsdb.ovsdb_monitor [-] Hash Ring: Node de6de235899f59e8ab2c9b0f8ed98309 (host: np0000007559) handling event "create" for row a131f8ae-c236-4a32-8991-e0990d045ce6 (table: ACL) {{(pid=87607) notify /opt/stack/neutron/neutron/plugins/ml2/drivers/ovn/mech_driver/ovsdb/ovsdb_monitor.py:1099}}
Aug 17 17:16:28.375203 np0000007559 devstack@neutron-api.service[87607]: DEBUG neutron.plugins.ml2.drivers.ovn.mech_driver.ovsdb.ovsdb_monitor [-] Hash Ring: Node de6de235899f59e8ab2c9b0f8ed98309 (host: np0000007559) handling event "create" for row c5f7c540-7fe6-41b6-952f-5ad0664dd607 (table: Port_Group) {{(pid=87607) notify /opt/stack/neutron/neutron/plugins/ml2/drivers/ovn/mech_driver/ovsdb/ovsdb_monitor.py:1099}}
Aug 17 17:16:28.376888 np0000007559 devstack@neutron-api.service[87606]: DEBUG neutron.plugins.ml2.drivers.ovn.mech_driver.ovsdb.ovsdb_monitor [-] Hash Ring: Node 59459984ef295245b113cb668d8802b2 (host: np0000007559) handling event "create" for row 830879fc-35c0-44f6-b3eb-477b9643fb7d (table: ACL) {{(pid=87606) notify /opt/stack/neutron/neutron/plugins/ml2/drivers/ovn/mech_driver/ovsdb/ovsdb_monitor.py:1099}}
Aug 17 17:16:28.377267 np0000007559 devstack@neutron-api.service[87606]: DEBUG neutron.plugins.ml2.drivers.ovn.mech_driver.ovsdb.ovsdb_monitor [-] Hash Ring: Node 59459984ef295245b113cb668d8802b2 (host: np0000007559) handling event "create" for row 9e88a20d-0dad-40d9-9dd9-4ff2add927d4 (table: ACL) {{(pid=87606) notify /opt/stack/neutron/neutron/plugins/ml2/drivers/ovn/mech_driver/ovsdb/ovsdb_monitor.py:1099}}
Aug 17 17:16:28.377303 np0000007559 devstack@neutron-api.service[87606]: DEBUG neutron.plugins.ml2.drivers.ovn.mech_driver.ovsdb.ovsdb_monitor [-] Hash Ring: Node 59459984ef295245b113cb668d8802b2 (host: np0000007559) handling event "create" for row a131f8ae-c236-4a32-8991-e0990d045ce6 (table: ACL) {{(pid=87606) notify /opt/stack/neutron/neutron/plugins/ml2/drivers/ovn/mech_driver/ovsdb/ovsdb_monitor.py:1099}}
Aug 17 17:16:28.377529 np0000007559 devstack@neutron-api.service[87606]: DEBUG neutron.plugins.ml2.drivers.ovn.mech_driver.ovsdb.ovsdb_monitor [-] Hash Ring: Node 59459984ef295245b113cb668d8802b2 (host: np0000007559) handling event "create" for row c5f7c540-7fe6-41b6-952f-5ad0664dd607 (table: Port_Group) {{(pid=87606) notify /opt/stack/neutron/neutron/plugins/ml2/drivers/ovn/mech_driver/ovsdb/ovsdb_monitor.py:1099}}
Aug 17 17:16:28.395075 np0000007559 devstack@neutron-api.service[87607]: INFO neutron.db.ovn_revision_numbers_db [None req-fbc6cb05-1af5-421d-a505-d1801c8f3450 admin admin] Successfully bumped revision number for resource 88e90d1c-54e2-4627-9fc1-88094d7d278c (type: security_groups) to 1
Aug 17 17:16:28.407861 np0000007559 devstack@neutron-api.service[87607]: INFO neutron.db.ovn_revision_numbers_db [None req-fbc6cb05-1af5-421d-a505-d1801c8f3450 admin admin] Successfully bumped revision number for resource ad989508-5d99-4a43-b3ce-d105c15c2aae (type: security_group_rules) to 0
Aug 17 17:16:28.418640 np0000007559 devstack@neutron-api.service[87607]: INFO neutron.db.ovn_revision_numbers_db [None req-fbc6cb05-1af5-421d-a505-d1801c8f3450 admin admin] Successfully bumped revision number for resource e76def5c-e590-4303-8e30-a6e42ddbf213 (type: security_group_rules) to 0
Aug 17 17:16:28.427898 np0000007559 devstack@neutron-api.service[87607]: INFO neutron.db.ovn_revision_numbers_db [None req-fbc6cb05-1af5-421d-a505-d1801c8f3450 admin admin] Successfully bumped revision number for resource f3c87d37-4513-47c3-bbbc-6d2f08740f34 (type: security_group_rules) to 0
Aug 17 17:16:28.439681 np0000007559 devstack@neutron-api.service[87607]: INFO neutron.db.ovn_revision_numbers_db [None req-fbc6cb05-1af5-421d-a505-d1801c8f3450 admin admin] Successfully bumped revision number for resource fa99f303-9f0b-42bb-bb7f-171d3ef994e9 (type: security_group_rules) to 0
Aug 17 17:16:28.467028 np0000007559 devstack@neutron-api.service[87607]: DEBUG neutron.api.rpc.handlers.resources_rpc [None req-fbc6cb05-1af5-421d-a505-d1801c8f3450 admin admin] Pushing event updated for resources: {'SecurityGroup': ['ID=88e90d1c-54e2-4627-9fc1-88094d7d278c,revision_number=1']} {{(pid=87607) push /opt/stack/neutron/neutron/api/rpc/handlers/resources_rpc.py:237}}
Aug 17 17:16:28.473280 np0000007559 devstack@neutron-api.service[87607]: DEBUG ovsdbapp.backend.ovs_idl.transaction [-] Running txn n=1 command(idx=0): CheckLivenessCommand(_result=None) {{(pid=87607) do_commit /opt/stack/data/venv/lib/python3.12/site-packages/ovsdbapp/backend/ovs_idl/transaction.py:89}}
Aug 17 17:16:28.475568 np0000007559 devstack@neutron-api.service[87607]: DEBUG neutron.plugins.ml2.drivers.ovn.mech_driver.ovsdb.ovsdb_monitor [-] Hash Ring: Node de6de235899f59e8ab2c9b0f8ed98309 (host: np0000007559) handling event "update" for row 9e254dd5-d83a-40a7-8b08-5794c21e256d (table: NB_Global) {{(pid=87607) notify /opt/stack/neutron/neutron/plugins/ml2/drivers/ovn/mech_driver/ovsdb/ovsdb_monitor.py:1099}}
Aug 17 17:16:28.478118 np0000007559 devstack@neutron-api.service[87606]: DEBUG neutron.plugins.ml2.drivers.ovn.mech_driver.ovsdb.ovsdb_monitor [-] Hash Ring: Node 59459984ef295245b113cb668d8802b2 (host: np0000007559) handling event "update" for row 9e254dd5-d83a-40a7-8b08-5794c21e256d (table: NB_Global) {{(pid=87606) notify /opt/stack/neutron/neutron/plugins/ml2/drivers/ovn/mech_driver/ovsdb/ovsdb_monitor.py:1099}}
Aug 17 17:16:28.478224 np0000007559 devstack@neutron-api.service[87607]: DEBUG neutron.plugins.ml2.drivers.ovn.mech_driver.ovsdb.ovsdb_monitor [-] Hash Ring: Node de6de235899f59e8ab2c9b0f8ed98309 (host: np0000007559) handling event "update" for row 9e254dd5-d83a-40a7-8b08-5794c21e256d (table: NB_Global) {{(pid=87607) notify /opt/stack/neutron/neutron/plugins/ml2/drivers/ovn/mech_driver/ovsdb/ovsdb_monitor.py:1099}}
Aug 17 17:16:28.479507 np0000007559 devstack@neutron-api.service[87606]: DEBUG ovsdbapp.backend.ovs_idl.event [-] Matched UPDATE: ChassisAgentWriteEvent(events=('create', 'update'), table='Chassis_Private', conditions=None, old_conditions=None), priority=20 to row=Chassis_Private(uuid=620a437a-be9f-479a-9155-46cd99715d32, chassis=6109ede2-c0c7-446b-a421-ee1ce370ed8f, external_ids={'neutron:ovn-bridge': 'br-int', 'neutron:ovn-neutron-agent-id': '0abfdf03-7bd0-5526-990d-5ef0614fd60e', 'neutron:ovn-neutron-agent-sb-cfg': '0'}, name='bef70416-bc13-44e2-b131-d8ef2782addf', nb_cfg=1, nb_cfg_timestamp=1786986988476) old=Chassis_Private(uuid=620a437a-be9f-479a-9155-46cd99715d32, nb_cfg=0, nb_cfg_timestamp=0) {{(pid=87606) matches /opt/stack/data/venv/lib/python3.12/site-packages/ovsdbapp/backend/ovs_idl/event.py:55}}
Aug 17 17:16:28.479723 np0000007559 devstack@neutron-api.service[87607]: DEBUG neutron.plugins.ml2.drivers.ovn.mech_driver.ovsdb.ovsdb_monitor [-] Hash Ring: Node de6de235899f59e8ab2c9b0f8ed98309 (host: np0000007559) handling event "update" for row 9e254dd5-d83a-40a7-8b08-5794c21e256d (table: NB_Global) {{(pid=87607) notify /opt/stack/neutron/neutron/plugins/ml2/drivers/ovn/mech_driver/ovsdb/ovsdb_monitor.py:1099}}
Aug 17 17:16:28.481132 np0000007559 devstack@neutron-api.service[87607]: DEBUG ovsdbapp.backend.ovs_idl.event [-] Matched UPDATE: ChassisAgentWriteEvent(events=('create', 'update'), table='Chassis_Private', conditions=None, old_conditions=None), priority=20 to row=Chassis_Private(uuid=620a437a-be9f-479a-9155-46cd99715d32, chassis=6109ede2-c0c7-446b-a421-ee1ce370ed8f, external_ids={'neutron:ovn-bridge': 'br-int', 'neutron:ovn-neutron-agent-id': '0abfdf03-7bd0-5526-990d-5ef0614fd60e', 'neutron:ovn-neutron-agent-sb-cfg': '0'}, name='bef70416-bc13-44e2-b131-d8ef2782addf', nb_cfg=1, nb_cfg_timestamp=1786986988476) old=Chassis_Private(uuid=620a437a-be9f-479a-9155-46cd99715d32, nb_cfg=0, nb_cfg_timestamp=0) {{(pid=87607) matches /opt/stack/data/venv/lib/python3.12/site-packages/ovsdbapp/backend/ovs_idl/event.py:55}}
Aug 17 17:16:28.481246 np0000007559 devstack@neutron-api.service[87605]: DEBUG ovsdbapp.backend.ovs_idl.event [-] Matched UPDATE: ChassisAgentWriteEvent(events=('create', 'update'), table='Chassis_Private', conditions=None, old_conditions=None), priority=20 to row=Chassis_Private(uuid=620a437a-be9f-479a-9155-46cd99715d32, chassis=6109ede2-c0c7-446b-a421-ee1ce370ed8f, external_ids={'neutron:ovn-bridge': 'br-int', 'neutron:ovn-neutron-agent-id': '0abfdf03-7bd0-5526-990d-5ef0614fd60e', 'neutron:ovn-neutron-agent-sb-cfg': '0'}, name='bef70416-bc13-44e2-b131-d8ef2782addf', nb_cfg=1, nb_cfg_timestamp=1786986988476) old=Chassis_Private(uuid=620a437a-be9f-479a-9155-46cd99715d32, nb_cfg=0, nb_cfg_timestamp=0) {{(pid=87605) matches /opt/stack/data/venv/lib/python3.12/site-packages/ovsdbapp/backend/ovs_idl/event.py:55}}
Aug 17 17:16:28.481759 np0000007559 devstack@neutron-api.service[87605]: DEBUG neutron.plugins.ml2.drivers.ovn.mech_driver.ovsdb.ovsdb_monitor [-] Hash Ring: Node 015241c813e854d9af3d1bdcf476e267 (host: np0000007559) handling event "update" for row 620a437a-be9f-479a-9155-46cd99715d32 (table: Chassis_Private) {{(pid=87605) notify /opt/stack/neutron/neutron/plugins/ml2/drivers/ovn/mech_driver/ovsdb/ovsdb_monitor.py:1099}}
Aug 17 17:16:28.482853 np0000007559 devstack@neutron-api.service[87606]: DEBUG neutron.plugins.ml2.drivers.ovn.mech_driver.ovsdb.ovsdb_monitor [-] Hash Ring: Node 59459984ef295245b113cb668d8802b2 (host: np0000007559) handling event "update" for row 9e254dd5-d83a-40a7-8b08-5794c21e256d (table: NB_Global) {{(pid=87606) notify /opt/stack/neutron/neutron/plugins/ml2/drivers/ovn/mech_driver/ovsdb/ovsdb_monitor.py:1099}}
Aug 17 17:16:28.484072 np0000007559 devstack@neutron-api.service[87607]: DEBUG neutron.plugins.ml2.drivers.ovn.mech_driver.ovsdb.ovsdb_monitor [-] Hash Ring: Node de6de235899f59e8ab2c9b0f8ed98309 (host: np0000007559) handling event "update" for row 9e254dd5-d83a-40a7-8b08-5794c21e256d (table: NB_Global) {{(pid=87607) notify /opt/stack/neutron/neutron/plugins/ml2/drivers/ovn/mech_driver/ovsdb/ovsdb_monitor.py:1099}}
Aug 17 17:16:28.484304 np0000007559 devstack@neutron-api.service[87606]: DEBUG neutron.plugins.ml2.drivers.ovn.mech_driver.ovsdb.ovsdb_monitor [-] Hash Ring: Node 59459984ef295245b113cb668d8802b2 (host: np0000007559) handling event "update" for row 9e254dd5-d83a-40a7-8b08-5794c21e256d (table: NB_Global) {{(pid=87606) notify /opt/stack/neutron/neutron/plugins/ml2/drivers/ovn/mech_driver/ovsdb/ovsdb_monitor.py:1099}}
Aug 17 17:16:28.485037 np0000007559 devstack@neutron-api.service[87605]: DEBUG ovsdbapp.backend.ovs_idl.event [-] Matched UPDATE: ChassisOVNAgentWriteEvent(events=('create', 'update'), table='Chassis_Private', conditions=None, old_conditions=None), priority=20 to row=Chassis_Private(uuid=620a437a-be9f-479a-9155-46cd99715d32, chassis=6109ede2-c0c7-446b-a421-ee1ce370ed8f, external_ids={'neutron:ovn-bridge': 'br-int', 'neutron:ovn-neutron-agent-id': '0abfdf03-7bd0-5526-990d-5ef0614fd60e', 'neutron:ovn-neutron-agent-sb-cfg': '1'}, name='bef70416-bc13-44e2-b131-d8ef2782addf', nb_cfg=1, nb_cfg_timestamp=1786986988476) old=Chassis_Private(uuid=620a437a-be9f-479a-9155-46cd99715d32, external_ids={'neutron:ovn-bridge': 'br-int', 'neutron:ovn-neutron-agent-id': '0abfdf03-7bd0-5526-990d-5ef0614fd60e', 'neutron:ovn-neutron-agent-sb-cfg': '0'}) {{(pid=87605) matches /opt/stack/data/venv/lib/python3.12/site-packages/ovsdbapp/backend/ovs_idl/event.py:55}}
Aug 17 17:16:28.485285 np0000007559 devstack@neutron-api.service[87606]: DEBUG ovsdbapp.backend.ovs_idl.event [-] Matched UPDATE: ChassisOVNAgentWriteEvent(events=('create', 'update'), table='Chassis_Private', conditions=None, old_conditions=None), priority=20 to row=Chassis_Private(uuid=620a437a-be9f-479a-9155-46cd99715d32, chassis=6109ede2-c0c7-446b-a421-ee1ce370ed8f, external_ids={'neutron:ovn-bridge': 'br-int', 'neutron:ovn-neutron-agent-id': '0abfdf03-7bd0-5526-990d-5ef0614fd60e', 'neutron:ovn-neutron-agent-sb-cfg': '1'}, name='bef70416-bc13-44e2-b131-d8ef2782addf', nb_cfg=1, nb_cfg_timestamp=1786986988476) old=Chassis_Private(uuid=620a437a-be9f-479a-9155-46cd99715d32, external_ids={'neutron:ovn-bridge': 'br-int', 'neutron:ovn-neutron-agent-id': '0abfdf03-7bd0-5526-990d-5ef0614fd60e', 'neutron:ovn-neutron-agent-sb-cfg': '0'}) {{(pid=87606) matches /opt/stack/data/venv/lib/python3.12/site-packages/ovsdbapp/backend/ovs_idl/event.py:55}}
Aug 17 17:16:28.485408 np0000007559 devstack@neutron-api.service[87605]: DEBUG neutron.plugins.ml2.drivers.ovn.mech_driver.ovsdb.ovsdb_monitor [-] Hash Ring: Node 015241c813e854d9af3d1bdcf476e267 (host: np0000007559) handling event "update" for row 620a437a-be9f-479a-9155-46cd99715d32 (table: Chassis_Private) {{(pid=87605) notify /opt/stack/neutron/neutron/plugins/ml2/drivers/ovn/mech_driver/ovsdb/ovsdb_monitor.py:1099}}
Aug 17 17:16:28.486301 np0000007559 devstack@neutron-api.service[87606]: DEBUG neutron.plugins.ml2.drivers.ovn.mech_driver.ovsdb.ovsdb_monitor [-] Hash Ring: Node 59459984ef295245b113cb668d8802b2 (host: np0000007559) handling event "update" for row 9e254dd5-d83a-40a7-8b08-5794c21e256d (table: NB_Global) {{(pid=87606) notify /opt/stack/neutron/neutron/plugins/ml2/drivers/ovn/mech_driver/ovsdb/ovsdb_monitor.py:1099}}
Aug 17 17:16:28.486349 np0000007559 devstack@neutron-api.service[87607]: DEBUG neutron.api.rpc.callbacks.version_manager [None req-fbc6cb05-1af5-421d-a505-d1801c8f3450 admin admin] Tracked resource versions report:
Aug 17 17:16:28.486349 np0000007559 devstack@neutron-api.service[87607]: pushed versions:
Aug 17 17:16:28.486349 np0000007559 devstack@neutron-api.service[87607]: { 'AddressGroup': {'1.2'},
Aug 17 17:16:28.486349 np0000007559 devstack@neutron-api.service[87607]: 'Agent': {'1.1'},
Aug 17 17:16:28.486349 np0000007559 devstack@neutron-api.service[87607]: 'ConntrackHelper': {'1.0'},
Aug 17 17:16:28.486349 np0000007559 devstack@neutron-api.service[87607]: 'LocalIPAssociation': {'1.0'},
Aug 17 17:16:28.486349 np0000007559 devstack@neutron-api.service[87607]: 'Log': {'1.0'},
Aug 17 17:16:28.486349 np0000007559 devstack@neutron-api.service[87607]: 'NDPProxy': {'1.0'},
Aug 17 17:16:28.486349 np0000007559 devstack@neutron-api.service[87607]: 'Network': {'1.3'},
Aug 17 17:16:28.486349 np0000007559 devstack@neutron-api.service[87607]: 'Port': {'1.11'},
Aug 17 17:16:28.486349 np0000007559 devstack@neutron-api.service[87607]: 'PortForwarding': {'1.3'},
Aug 17 17:16:28.486349 np0000007559 devstack@neutron-api.service[87607]: 'QosPolicy': {'1.10'},
Aug 17 17:16:28.486349 np0000007559 devstack@neutron-api.service[87607]: 'SecurityGroup': {'1.6'},
Aug 17 17:16:28.486349 np0000007559 devstack@neutron-api.service[87607]: 'SecurityGroupRule': {'1.3'},
Aug 17 17:16:28.486349 np0000007559 devstack@neutron-api.service[87607]: 'SubPort': {'1.0'},
Aug 17 17:16:28.486349 np0000007559 devstack@neutron-api.service[87607]: 'Subnet': {'1.2'},
Aug 17 17:16:28.486349 np0000007559 devstack@neutron-api.service[87607]: 'Trunk': {'1.1'}}
Aug 17 17:16:28.486349 np0000007559 devstack@neutron-api.service[87607]: consumer versions:
Aug 17 17:16:28.486349 np0000007559 devstack@neutron-api.service[87607]: {OVN Controller Gateway agent@np0000007559: {}}
Aug 17 17:16:28.486349 np0000007559 devstack@neutron-api.service[87607]: {{(pid=87607) report /opt/stack/neutron/neutron/api/rpc/callbacks/version_manager.py:183}}
Aug 17 17:16:28.490830 np0000007559 devstack@neutron-api.service[87607]: DEBUG neutron.common.ovn.hash_ring_manager [-] Allow caching, nodes 3>=3 {{(pid=87607) _wait_startup_before_caching /opt/stack/neutron/neutron/common/ovn/hash_ring_manager.py:71}}
Aug 17 17:16:28.490995 np0000007559 devstack@neutron-api.service[87607]: DEBUG neutron.plugins.ml2.drivers.ovn.mech_driver.ovsdb.ovsdb_monitor [-] Hash Ring: Node de6de235899f59e8ab2c9b0f8ed98309 (host: np0000007559) handling event "update" for row 620a437a-be9f-479a-9155-46cd99715d32 (table: Chassis_Private) {{(pid=87607) notify /opt/stack/neutron/neutron/plugins/ml2/drivers/ovn/mech_driver/ovsdb/ovsdb_monitor.py:1099}}
Aug 17 17:16:28.492401 np0000007559 devstack@neutron-api.service[87607]: DEBUG ovsdbapp.backend.ovs_idl.event [-] Matched UPDATE: ChassisOVNAgentWriteEvent(events=('create', 'update'), table='Chassis_Private', conditions=None, old_conditions=None), priority=20 to row=Chassis_Private(uuid=620a437a-be9f-479a-9155-46cd99715d32, chassis=6109ede2-c0c7-446b-a421-ee1ce370ed8f, external_ids={'neutron:ovn-bridge': 'br-int', 'neutron:ovn-neutron-agent-id': '0abfdf03-7bd0-5526-990d-5ef0614fd60e', 'neutron:ovn-neutron-agent-sb-cfg': '1'}, name='bef70416-bc13-44e2-b131-d8ef2782addf', nb_cfg=1, nb_cfg_timestamp=1786986988476) old=Chassis_Private(uuid=620a437a-be9f-479a-9155-46cd99715d32, external_ids={'neutron:ovn-bridge': 'br-int', 'neutron:ovn-neutron-agent-id': '0abfdf03-7bd0-5526-990d-5ef0614fd60e', 'neutron:ovn-neutron-agent-sb-cfg': '0'}) {{(pid=87607) matches /opt/stack/data/venv/lib/python3.12/site-packages/ovsdbapp/backend/ovs_idl/event.py:55}}
Aug 17 17:16:28.492782 np0000007559 devstack@neutron-api.service[87607]: DEBUG neutron.plugins.ml2.drivers.ovn.mech_driver.ovsdb.ovsdb_monitor [-] Hash Ring: Node de6de235899f59e8ab2c9b0f8ed98309 (host: np0000007559) handling event "update" for row 620a437a-be9f-479a-9155-46cd99715d32 (table: Chassis_Private) {{(pid=87607) notify /opt/stack/neutron/neutron/plugins/ml2/drivers/ovn/mech_driver/ovsdb/ovsdb_monitor.py:1099}}
