May 27 17:52:48.962483 np0000001532 neutron-periodic-workers[88841]: DEBUG cotyledon.oslo_config_glue [-] database.max_pool_size = 5 {{(pid=88841) log_opt_values /opt/stack/data/venv/lib/python3.12/site-packages/oslo_config/cfg.py:3256}}
May 27 17:52:48.962483 np0000001532 neutron-periodic-workers[88841]: DEBUG cotyledon.oslo_config_glue [-] database.max_retries = 10 {{(pid=88841) log_opt_values /opt/stack/data/venv/lib/python3.12/site-packages/oslo_config/cfg.py:3256}}
May 27 17:52:48.962483 np0000001532 neutron-periodic-workers[88841]: DEBUG cotyledon.oslo_config_glue [-] database.mysql_sql_mode = TRADITIONAL {{(pid=88841) log_opt_values /opt/stack/data/venv/lib/python3.12/site-packages/oslo_config/cfg.py:3256}}
May 27 17:52:48.962483 np0000001532 neutron-periodic-workers[88841]: DEBUG cotyledon.oslo_config_glue [-] database.mysql_wsrep_sync_wait = None {{(pid=88841) log_opt_values /opt/stack/data/venv/lib/python3.12/site-packages/oslo_config/cfg.py:3256}}
May 27 17:52:48.962483 np0000001532 neutron-periodic-workers[88841]: DEBUG cotyledon.oslo_config_glue [-] database.pool_timeout = None {{(pid=88841) log_opt_values /opt/stack/data/venv/lib/python3.12/site-packages/oslo_config/cfg.py:3256}}
May 27 17:52:48.962686 np0000001532 neutron-periodic-workers[88841]: DEBUG cotyledon.oslo_config_glue [-] database.retry_interval = 10 {{(pid=88841) log_opt_values /opt/stack/data/venv/lib/python3.12/site-packages/oslo_config/cfg.py:3256}}
May 27 17:52:48.962686 np0000001532 neutron-periodic-workers[88841]: DEBUG cotyledon.oslo_config_glue [-] database.slave_connection = **** {{(pid=88841) log_opt_values /opt/stack/data/venv/lib/python3.12/site-packages/oslo_config/cfg.py:3256}}
May 27 17:52:48.962686 np0000001532 neutron-periodic-workers[88841]: DEBUG cotyledon.oslo_config_glue [-] database.sqlite_synchronous = True {{(pid=88841) log_opt_values /opt/stack/data/venv/lib/python3.12/site-packages/oslo_config/cfg.py:3256}}
May 27 17:52:48.962803 np0000001532 neutron-periodic-workers[88841]: DEBUG cotyledon.oslo_config_glue [-] database.synchronous_reader = True {{(pid=88841) log_opt_values /opt/stack/data/venv/lib/python3.12/site-packages/oslo_config/cfg.py:3256}}
May 27 17:52:48.962835 np0000001532 neutron-periodic-workers[88841]: DEBUG cotyledon.oslo_config_glue [-] database.use_db_reconnect = False {{(pid=88841) log_opt_values /opt/stack/data/venv/lib/python3.12/site-packages/oslo_config/cfg.py:3256}}
May 27 17:52:48.962923 np0000001532 neutron-periodic-workers[88841]: DEBUG cotyledon.oslo_config_glue [-] ovn.bfd_min_rx = 1000 {{(pid=88841) log_opt_values /opt/stack/data/venv/lib/python3.12/site-packages/oslo_config/cfg.py:3256}}
May 27 17:52:48.962956 np0000001532 neutron-periodic-workers[88841]: DEBUG cotyledon.oslo_config_glue [-] ovn.bfd_min_tx = 100 {{(pid=88841) log_opt_values /opt/stack/data/venv/lib/python3.12/site-packages/oslo_config/cfg.py:3256}}
May 27 17:52:48.963011 np0000001532 neutron-periodic-workers[88841]: DEBUG cotyledon.oslo_config_glue [-] ovn.bfd_mult = 3 {{(pid=88841) log_opt_values /opt/stack/data/venv/lib/python3.12/site-packages/oslo_config/cfg.py:3256}}
May 27 17:52:48.963052 np0000001532 neutron-periodic-workers[88841]: DEBUG cotyledon.oslo_config_glue [-] ovn.broadcast_arps_to_all_routers = True {{(pid=88841) log_opt_values /opt/stack/data/venv/lib/python3.12/site-packages/oslo_config/cfg.py:3256}}
May 27 17:52:48.963078 np0000001532 neutron-periodic-workers[88841]: DEBUG cotyledon.oslo_config_glue [-] ovn.dhcp_default_lease_time = 43200 {{(pid=88841) log_opt_values /opt/stack/data/venv/lib/python3.12/site-packages/oslo_config/cfg.py:3256}}
May 27 17:52:48.963121 np0000001532 neutron-periodic-workers[88841]: DEBUG cotyledon.oslo_config_glue [-] ovn.disable_ovn_dhcp_for_baremetal_ports = False {{(pid=88841) log_opt_values /opt/stack/data/venv/lib/python3.12/site-packages/oslo_config/cfg.py:3256}}
May 27 17:52:48.963159 np0000001532 neutron-periodic-workers[88841]: DEBUG cotyledon.oslo_config_glue [-] ovn.dns_records_ovn_owned = False {{(pid=88841) log_opt_values /opt/stack/data/venv/lib/python3.12/site-packages/oslo_config/cfg.py:3256}}
May 27 17:52:48.963226 np0000001532 neutron-periodic-workers[88841]: DEBUG cotyledon.oslo_config_glue [-] ovn.dns_servers = [] {{(pid=88841) log_opt_values /opt/stack/data/venv/lib/python3.12/site-packages/oslo_config/cfg.py:3256}}
May 27 17:52:48.963271 np0000001532 neutron-periodic-workers[88841]: DEBUG cotyledon.oslo_config_glue [-] ovn.enable_distributed_floating_ip = False {{(pid=88841) log_opt_values /opt/stack/data/venv/lib/python3.12/site-packages/oslo_config/cfg.py:3256}}
May 27 17:52:48.963321 np0000001532 neutron-periodic-workers[88841]: DEBUG cotyledon.oslo_config_glue [-] ovn.fdb_age_threshold = 300 {{(pid=88841) log_opt_values /opt/stack/data/venv/lib/python3.12/site-packages/oslo_config/cfg.py:3256}}
May 27 17:52:48.963413 np0000001532 neutron-periodic-workers[88841]: DEBUG cotyledon.oslo_config_glue [-] ovn.ha_failover_strategy = normal {{(pid=88841) log_opt_values /opt/stack/data/venv/lib/python3.12/site-packages/oslo_config/cfg.py:3256}}
May 27 17:52:48.963522 np0000001532 neutron-periodic-workers[88841]: DEBUG cotyledon.oslo_config_glue [-] ovn.live_migration_activation_strategy = rarp {{(pid=88841) log_opt_values /opt/stack/data/venv/lib/python3.12/site-packages/oslo_config/cfg.py:3256}}
May 27 17:52:48.963598 np0000001532 neutron-periodic-workers[88841]: DEBUG cotyledon.oslo_config_glue [-] ovn.localnet_learn_fdb = False {{(pid=88841) log_opt_values /opt/stack/data/venv/lib/python3.12/site-packages/oslo_config/cfg.py:3256}}
May 27 17:52:48.963664 np0000001532 neutron-periodic-workers[88841]: DEBUG cotyledon.oslo_config_glue [-] ovn.mac_binding_age_threshold = 300 {{(pid=88841) log_opt_values /opt/stack/data/venv/lib/python3.12/site-packages/oslo_config/cfg.py:3256}}
May 27 17:52:48.963746 np0000001532 neutron-periodic-workers[88841]: DEBUG cotyledon.oslo_config_glue [-] ovn.neutron_sync_mode = log {{(pid=88841) log_opt_values /opt/stack/data/venv/lib/python3.12/site-packages/oslo_config/cfg.py:3256}}
May 27 17:52:48.963840 np0000001532 neutron-periodic-workers[88841]: DEBUG cotyledon.oslo_config_glue [-] ovn.ovn_dhcp4_global_options = {} {{(pid=88841) log_opt_values /opt/stack/data/venv/lib/python3.12/site-packages/oslo_config/cfg.py:3256}}
May 27 17:52:48.963927 np0000001532 neutron-periodic-workers[88841]: DEBUG cotyledon.oslo_config_glue [-] ovn.ovn_dhcp6_global_options = {} {{(pid=88841) log_opt_values /opt/stack/data/venv/lib/python3.12/site-packages/oslo_config/cfg.py:3256}}
May 27 17:52:48.964016 np0000001532 neutron-periodic-workers[88841]: DEBUG cotyledon.oslo_config_glue [-] ovn.ovn_l3_scheduler = leastloaded {{(pid=88841) log_opt_values /opt/stack/data/venv/lib/python3.12/site-packages/oslo_config/cfg.py:3256}}
May 27 17:52:48.964102 np0000001532 neutron-periodic-workers[88841]: DEBUG cotyledon.oslo_config_glue [-] ovn.ovn_metadata_enabled = True {{(pid=88841) log_opt_values /opt/stack/data/venv/lib/python3.12/site-packages/oslo_config/cfg.py:3256}}
May 27 17:52:48.964169 np0000001532 neutron-periodic-workers[88841]: DEBUG cotyledon.oslo_config_glue [-] ovn.ovn_nb_ca_cert = /opt/stack/data/CA/int-ca/ca-chain.pem {{(pid=88841) log_opt_values /opt/stack/data/venv/lib/python3.12/site-packages/oslo_config/cfg.py:3256}}
May 27 17:52:48.964260 np0000001532 neutron-periodic-workers[88841]: DEBUG cotyledon.oslo_config_glue [-] ovn.ovn_nb_certificate = /opt/stack/data/CA/int-ca/devstack-cert.crt {{(pid=88841) log_opt_values /opt/stack/data/venv/lib/python3.12/site-packages/oslo_config/cfg.py:3256}}
May 27 17:52:48.964324 np0000001532 neutron-periodic-workers[88841]: DEBUG cotyledon.oslo_config_glue [-] ovn.ovn_nb_connection = ['ssl:10.4.3.207:6641'] {{(pid=88841) log_opt_values /opt/stack/data/venv/lib/python3.12/site-packages/oslo_config/cfg.py:3256}}
May 27 17:52:48.964389 np0000001532 neutron-periodic-workers[88841]: DEBUG cotyledon.oslo_config_glue [-] ovn.ovn_nb_private_key = /opt/stack/data/CA/int-ca/private/devstack-cert.key {{(pid=88841) log_opt_values /opt/stack/data/venv/lib/python3.12/site-packages/oslo_config/cfg.py:3256}}
May 27 17:52:48.964489 np0000001532 neutron-periodic-workers[88841]: DEBUG cotyledon.oslo_config_glue [-] ovn.ovn_router_indirect_snat = False {{(pid=88841) log_opt_values /opt/stack/data/venv/lib/python3.12/site-packages/oslo_config/cfg.py:3256}}
May 27 17:52:48.964579 np0000001532 neutron-periodic-workers[88841]: DEBUG cotyledon.oslo_config_glue [-] ovn.ovn_sb_ca_cert = /opt/stack/data/CA/int-ca/ca-chain.pem {{(pid=88841) log_opt_values /opt/stack/data/venv/lib/python3.12/site-packages/oslo_config/cfg.py:3256}}
May 27 17:52:48.964657 np0000001532 neutron-periodic-workers[88841]: DEBUG cotyledon.oslo_config_glue [-] ovn.ovn_sb_certificate = /opt/stack/data/CA/int-ca/devstack-cert.crt {{(pid=88841) log_opt_values /opt/stack/data/venv/lib/python3.12/site-packages/oslo_config/cfg.py:3256}}
May 27 17:52:48.964721 np0000001532 neutron-periodic-workers[88841]: DEBUG cotyledon.oslo_config_glue [-] ovn.ovn_sb_connection = ['ssl:10.4.3.207:6642'] {{(pid=88841) log_opt_values /opt/stack/data/venv/lib/python3.12/site-packages/oslo_config/cfg.py:3256}}
May 27 17:52:48.964816 np0000001532 neutron-periodic-workers[88841]: DEBUG cotyledon.oslo_config_glue [-] ovn.ovn_sb_private_key = /opt/stack/data/CA/int-ca/private/devstack-cert.key {{(pid=88841) log_opt_values /opt/stack/data/venv/lib/python3.12/site-packages/oslo_config/cfg.py:3256}}
May 27 17:52:48.964890 np0000001532 neutron-periodic-workers[88841]: DEBUG cotyledon.oslo_config_glue [-] ovn.ovs_create_tap = False {{(pid=88841) log_opt_values /opt/stack/data/venv/lib/python3.12/site-packages/oslo_config/cfg.py:3256}}
May 27 17:52:48.964968 np0000001532 neutron-periodic-workers[88841]: DEBUG cotyledon.oslo_config_glue [-] ovn.ovsdb_connection_timeout = 180 {{(pid=88841) log_opt_values /opt/stack/data/venv/lib/python3.12/site-packages/oslo_config/cfg.py:3256}}
May 27 17:52:48.965027 np0000001532 neutron-periodic-workers[88841]: DEBUG cotyledon.oslo_config_glue [-] ovn.ovsdb_log_level = INFO {{(pid=88841) log_opt_values /opt/stack/data/venv/lib/python3.12/site-packages/oslo_config/cfg.py:3256}}
May 27 17:52:48.965104 np0000001532 neutron-periodic-workers[88841]: DEBUG cotyledon.oslo_config_glue [-] ovn.ovsdb_probe_interval = 60000 {{(pid=88841) log_opt_values /opt/stack/data/venv/lib/python3.12/site-packages/oslo_config/cfg.py:3256}}
May 27 17:52:48.965176 np0000001532 neutron-periodic-workers[88841]: DEBUG cotyledon.oslo_config_glue [-] ovn.ovsdb_retry_max_interval = 180 {{(pid=88841) log_opt_values /opt/stack/data/venv/lib/python3.12/site-packages/oslo_config/cfg.py:3256}}
May 27 17:52:48.965238 np0000001532 neutron-periodic-workers[88841]: DEBUG cotyledon.oslo_config_glue [-] ovn.stateless_nat_enabled = False {{(pid=88841) log_opt_values /opt/stack/data/venv/lib/python3.12/site-packages/oslo_config/cfg.py:3256}}
May 27 17:52:48.965340 np0000001532 neutron-periodic-workers[88841]: DEBUG cotyledon.oslo_config_glue [-] ovn.vhost_sock_dir = /var/run/openvswitch {{(pid=88841) log_opt_values /opt/stack/data/venv/lib/python3.12/site-packages/oslo_config/cfg.py:3256}}
May 27 17:52:48.965423 np0000001532 neutron-periodic-workers[88841]: DEBUG cotyledon.oslo_config_glue [-] OVS.bridge_mac_table_size = 50000 {{(pid=88841) log_opt_values /opt/stack/data/venv/lib/python3.12/site-packages/oslo_config/cfg.py:3256}}
May 27 17:52:48.965519 np0000001532 neutron-periodic-workers[88841]: DEBUG cotyledon.oslo_config_glue [-] OVS.igmp_flood = False {{(pid=88841) log_opt_values /opt/stack/data/venv/lib/python3.12/site-packages/oslo_config/cfg.py:3256}}
May 27 17:52:48.965578 np0000001532 neutron-periodic-workers[88841]: DEBUG cotyledon.oslo_config_glue [-] OVS.igmp_flood_reports = True {{(pid=88841) log_opt_values /opt/stack/data/venv/lib/python3.12/site-packages/oslo_config/cfg.py:3256}}
May 27 17:52:48.965663 np0000001532 neutron-periodic-workers[88841]: DEBUG cotyledon.oslo_config_glue [-] OVS.igmp_flood_unregistered = False {{(pid=88841) log_opt_values /opt/stack/data/venv/lib/python3.12/site-packages/oslo_config/cfg.py:3256}}
May 27 17:52:48.965741 np0000001532 neutron-periodic-workers[88841]: DEBUG cotyledon.oslo_config_glue [-] OVS.igmp_snooping_enable = False {{(pid=88841) log_opt_values /opt/stack/data/venv/lib/python3.12/site-packages/oslo_config/cfg.py:3256}}
May 27 17:52:48.965841 np0000001532 neutron-periodic-workers[88841]: DEBUG cotyledon.oslo_config_glue [-] OVS.ovsdb_timeout = 10 {{(pid=88841) log_opt_values /opt/stack/data/venv/lib/python3.12/site-packages/oslo_config/cfg.py:3256}}
May 27 17:52:48.965954 np0000001532 neutron-periodic-workers[88841]: DEBUG cotyledon.oslo_config_glue [-] ovn_nb_global.fdb_removal_limit = 0 {{(pid=88841) log_opt_values /opt/stack/data/venv/lib/python3.12/site-packages/oslo_config/cfg.py:3256}}
May 27 17:52:48.966043 np0000001532 neutron-periodic-workers[88841]: DEBUG cotyledon.oslo_config_glue [-] ovn_nb_global.ignore_lsp_down = False {{(pid=88841) log_opt_values /opt/stack/data/venv/lib/python3.12/site-packages/oslo_config/cfg.py:3256}}
May 27 17:52:48.966116 np0000001532 neutron-periodic-workers[88841]: DEBUG cotyledon.oslo_config_glue [-] ovn_nb_global.mac_binding_removal_limit = 0 {{(pid=88841) log_opt_values /opt/stack/data/venv/lib/python3.12/site-packages/oslo_config/cfg.py:3256}}
May 27 17:52:48.966186 np0000001532 neutron-periodic-workers[88841]: DEBUG cotyledon.oslo_config_glue [-] ******************************************************************************** {{(pid=88841) log_opt_values /opt/stack/data/venv/lib/python3.12/site-packages/oslo_config/cfg.py:3263}}
May 27 17:52:48.966430 np0000001532 neutron-periodic-workers[88841]: DEBUG cotyledon._service_worker [-] Run service ServiceWrapper(0) [88841] {{(pid=88841) wait_forever /opt/stack/data/venv/lib/python3.12/site-packages/cotyledon/_service_worker.py:218}}
May 27 17:52:58.628673 np0000001532 neutron-periodic-workers[87958]: DEBUG dbcounter [-] [87958] Writing DB stats neutron:SELECT=4 {{(pid=87958) stat_writer /opt/stack/data/venv/lib/python3.12/site-packages/dbcounter.py:115}}
May 27 17:53:27.948492 np0000001532 neutron-periodic-workers[88827]: DEBUG oslo_db.sqlalchemy.engines [None req-ffb2557c-9374-4ccc-b295-ed1404d88799 None None] Parent process 87958 forked (88827) with an open database connection, which is being discarded and recreated. {{(pid=88827) checkout /opt/stack/data/venv/lib/python3.12/site-packages/oslo_db/sqlalchemy/engines.py:402}}
May 27 17:53:27.991416 np0000001532 neutron-periodic-workers[88827]: DEBUG dbcounter [-] [88827] Writer thread running {{(pid=88827) stat_writer /opt/stack/data/venv/lib/python3.12/site-packages/dbcounter.py:102}}
May 27 17:53:28.000131 np0000001532 neutron-periodic-workers[88827]: DEBUG oslo.service.backend._threading.loopingcall [None req-ffb2557c-9374-4ccc-b295-ed1404d88799 None None] Fixed interval looping call 'neutron.plugins.ml2.plugin.DhcpAgentSchedulerDbMixin.remove_networks_from_down_agents' sleeping for 36.94 seconds {{(pid=88827) _run_loop /opt/stack/data/venv/lib/python3.12/site-packages/oslo_service/backend/_threading/loopingcall.py:125}}
May 27 17:53:35.985241 np0000001532 neutron-periodic-workers[88820]: DEBUG dbcounter [-] [88820] Writer thread running {{(pid=88820) stat_writer /opt/stack/data/venv/lib/python3.12/site-packages/dbcounter.py:102}}
May 27 17:53:35.993998 np0000001532 neutron-periodic-workers[88820]: DEBUG oslo.service.backend._threading.loopingcall [None req-c320761b-42ae-490a-ba14-b35f0d326621 None None] Fixed interval looping call 'neutron.services.ovn_l3.plugin.L3_NAT_dbonly_mixin._clean_garbage' sleeping for 299.93 seconds {{(pid=88820) _run_loop /opt/stack/data/venv/lib/python3.12/site-packages/oslo_service/backend/_threading/loopingcall.py:125}}
May 27 17:53:37.999166 np0000001532 neutron-periodic-workers[88827]: DEBUG dbcounter [-] [88827] Writing DB stats neutron:SELECT=3 {{(pid=88827) stat_writer /opt/stack/data/venv/lib/python3.12/site-packages/dbcounter.py:115}}
May 27 17:53:45.985834 np0000001532 neutron-periodic-workers[88820]: DEBUG dbcounter [-] [88820] Writing DB stats neutron:SELECT=1 {{(pid=88820) stat_writer /opt/stack/data/venv/lib/python3.12/site-packages/dbcounter.py:115}}
May 27 17:53:53.994165 np0000001532 neutron-periodic-workers[88832]: DEBUG dbcounter [-] [88832] Writer thread running {{(pid=88832) stat_writer /opt/stack/data/venv/lib/python3.12/site-packages/dbcounter.py:102}}
May 27 17:53:53.996727 np0000001532 neutron-periodic-workers[88832]: DEBUG neutron.db.agents_db [None req-ed1c362e-341f-4cbc-b7ef-3e240f63dc9e None None] Agent healthcheck: found 0 active agents {{(pid=88832) agent_health_check /opt/stack/neutron/neutron/db/agents_db.py:322}}
May 27 17:53:53.996923 np0000001532 neutron-periodic-workers[88832]: DEBUG oslo.service.backend._threading.loopingcall [None req-ed1c362e-341f-4cbc-b7ef-3e240f63dc9e None None] Fixed interval looping call 'neutron.plugins.ml2.plugin.AgentDbMixin.agent_health_check' sleeping for 36.95 seconds {{(pid=88832) _run_loop /opt/stack/data/venv/lib/python3.12/site-packages/oslo_service/backend/_threading/loopingcall.py:125}}
May 27 17:54:03.994794 np0000001532 neutron-periodic-workers[88832]: DEBUG dbcounter [-] [88832] Writing DB stats neutron:SELECT=1 {{(pid=88832) stat_writer /opt/stack/data/venv/lib/python3.12/site-packages/dbcounter.py:115}}
May 27 17:54:04.945844 np0000001532 neutron-periodic-workers[88827]: DEBUG oslo.service.backend._threading.loopingcall [None req-ffb2557c-9374-4ccc-b295-ed1404d88799 None None] Fixed interval looping call 'neutron.plugins.ml2.plugin.DhcpAgentSchedulerDbMixin.remove_networks_from_down_agents' sleeping for 36.99 seconds {{(pid=88827) _run_loop /opt/stack/data/venv/lib/python3.12/site-packages/oslo_service/backend/_threading/loopingcall.py:125}}
May 27 17:54:14.944901 np0000001532 neutron-periodic-workers[88827]: DEBUG dbcounter [-] [88827] Writing DB stats neutron:SELECT=3 {{(pid=88827) stat_writer /opt/stack/data/venv/lib/python3.12/site-packages/dbcounter.py:115}}
May 27 17:54:30.950755 np0000001532 neutron-periodic-workers[88832]: DEBUG neutron.db.agents_db [None req-ed1c362e-341f-4cbc-b7ef-3e240f63dc9e None None] Agent healthcheck: found 0 active agents {{(pid=88832) agent_health_check /opt/stack/neutron/neutron/db/agents_db.py:322}}
May 27 17:54:30.950755 np0000001532 neutron-periodic-workers[88832]: DEBUG oslo.service.backend._threading.loopingcall [None req-ed1c362e-341f-4cbc-b7ef-3e240f63dc9e None None] Fixed interval looping call 'neutron.plugins.ml2.plugin.AgentDbMixin.agent_health_check' sleeping for 37.00 seconds {{(pid=88832) _run_loop /opt/stack/data/venv/lib/python3.12/site-packages/oslo_service/backend/_threading/loopingcall.py:125}}
May 27 17:54:40.949384 np0000001532 neutron-periodic-workers[88832]: DEBUG dbcounter [-] [88832] Writing DB stats neutron:SELECT=1 {{(pid=88832) stat_writer /opt/stack/data/venv/lib/python3.12/site-packages/dbcounter.py:115}}
May 27 17:54:41.943393 np0000001532 neutron-periodic-workers[88827]: DEBUG oslo.service.backend._threading.loopingcall [None req-ffb2557c-9374-4ccc-b295-ed1404d88799 None None] Fixed interval looping call 'neutron.plugins.ml2.plugin.DhcpAgentSchedulerDbMixin.remove_networks_from_down_agents' sleeping for 36.99 seconds {{(pid=88827) _run_loop /opt/stack/data/venv/lib/python3.12/site-packages/oslo_service/backend/_threading/loopingcall.py:125}}
May 27 17:54:49.005969 np0000001532 neutron-periodic-workers[88841]: DEBUG dbcounter [-] [88841] Writer thread running {{(pid=88841) stat_writer /opt/stack/data/venv/lib/python3.12/site-packages/dbcounter.py:102}}
May 27 17:54:49.007685 np0000001532 neutron-periodic-workers[88841]: DEBUG oslo.service.backend._threading.loopingcall [None req-cb09f39e-0b8f-4f1f-8bcb-cb6b1304735a None None] Fixed interval looping call 'neutron.db.quota.driver_nolock.DbQuotaNoLockDriver._remove_expired_reservations' sleeping for 119.96 seconds {{(pid=88841) _run_loop /opt/stack/data/venv/lib/python3.12/site-packages/oslo_service/backend/_threading/loopingcall.py:125}}
May 27 17:54:51.942767 np0000001532 neutron-periodic-workers[88827]: DEBUG dbcounter [-] [88827] Writing DB stats neutron:SELECT=3 {{(pid=88827) stat_writer /opt/stack/data/venv/lib/python3.12/site-packages/dbcounter.py:115}}
May 27 17:54:59.006526 np0000001532 neutron-periodic-workers[88841]: DEBUG dbcounter [-] [88841] Writing DB stats neutron:DELETE=1 {{(pid=88841) stat_writer /opt/stack/data/venv/lib/python3.12/site-packages/dbcounter.py:115}}
May 27 17:55:07.953865 np0000001532 neutron-periodic-workers[88832]: DEBUG neutron.db.agents_db [None req-ed1c362e-341f-4cbc-b7ef-3e240f63dc9e None None] Agent healthcheck: found 0 active agents {{(pid=88832) agent_health_check /opt/stack/neutron/neutron/db/agents_db.py:322}}
May 27 17:55:07.953865 np0000001532 neutron-periodic-workers[88832]: DEBUG oslo.service.backend._threading.loopingcall [None req-ed1c362e-341f-4cbc-b7ef-3e240f63dc9e None None] Fixed interval looping call 'neutron.plugins.ml2.plugin.AgentDbMixin.agent_health_check' sleeping for 37.00 seconds {{(pid=88832) _run_loop /opt/stack/data/venv/lib/python3.12/site-packages/oslo_service/backend/_threading/loopingcall.py:125}}
May 27 17:55:17.952768 np0000001532 neutron-periodic-workers[88832]: DEBUG dbcounter [-] [88832] Writing DB stats neutron:SELECT=1 {{(pid=88832) stat_writer /opt/stack/data/venv/lib/python3.12/site-packages/dbcounter.py:115}}
May 27 17:55:18.940415 np0000001532 neutron-periodic-workers[88827]: DEBUG oslo.service.backend._threading.loopingcall [None req-ffb2557c-9374-4ccc-b295-ed1404d88799 None None] Fixed interval looping call 'neutron.plugins.ml2.plugin.DhcpAgentSchedulerDbMixin.remove_networks_from_down_agents' sleeping for 36.99 seconds {{(pid=88827) _run_loop /opt/stack/data/venv/lib/python3.12/site-packages/oslo_service/backend/_threading/loopingcall.py:125}}
May 27 17:55:28.939425 np0000001532 neutron-periodic-workers[88827]: DEBUG dbcounter [-] [88827] Writing DB stats neutron:SELECT=3 {{(pid=88827) stat_writer /opt/stack/data/venv/lib/python3.12/site-packages/dbcounter.py:115}}
May 27 17:55:44.957901 np0000001532 neutron-periodic-workers[88832]: DEBUG neutron.db.agents_db [None req-ed1c362e-341f-4cbc-b7ef-3e240f63dc9e None None] Agent healthcheck: found 0 active agents {{(pid=88832) agent_health_check /opt/stack/neutron/neutron/db/agents_db.py:322}}
May 27 17:55:44.957901 np0000001532 neutron-periodic-workers[88832]: DEBUG oslo.service.backend._threading.loopingcall [None req-ed1c362e-341f-4cbc-b7ef-3e240f63dc9e None None] Fixed interval looping call 'neutron.plugins.ml2.plugin.AgentDbMixin.agent_health_check' sleeping for 37.00 seconds {{(pid=88832) _run_loop /opt/stack/data/venv/lib/python3.12/site-packages/oslo_service/backend/_threading/loopingcall.py:125}}
May 27 17:55:54.955891 np0000001532 neutron-periodic-workers[88832]: DEBUG dbcounter [-] [88832] Writing DB stats neutron:SELECT=1 {{(pid=88832) stat_writer /opt/stack/data/venv/lib/python3.12/site-packages/dbcounter.py:115}}
May 27 17:55:55.941274 np0000001532 neutron-periodic-workers[88827]: DEBUG oslo.service.backend._threading.loopingcall [None req-ffb2557c-9374-4ccc-b295-ed1404d88799 None None] Fixed interval looping call 'neutron.plugins.ml2.plugin.DhcpAgentSchedulerDbMixin.remove_networks_from_down_agents' sleeping for 36.99 seconds {{(pid=88827) _run_loop /opt/stack/data/venv/lib/python3.12/site-packages/oslo_service/backend/_threading/loopingcall.py:125}}
May 27 17:56:05.938960 np0000001532 neutron-periodic-workers[88827]: DEBUG dbcounter [-] [88827] Writing DB stats neutron:SELECT=3 {{(pid=88827) stat_writer /opt/stack/data/venv/lib/python3.12/site-packages/dbcounter.py:115}}
May 27 17:56:21.961314 np0000001532 neutron-periodic-workers[88832]: DEBUG neutron.db.agents_db [None req-ed1c362e-341f-4cbc-b7ef-3e240f63dc9e None None] Agent healthcheck: found 0 active agents {{(pid=88832) agent_health_check /opt/stack/neutron/neutron/db/agents_db.py:322}}
May 27 17:56:21.961314 np0000001532 neutron-periodic-workers[88832]: DEBUG oslo.service.backend._threading.loopingcall [None req-ed1c362e-341f-4cbc-b7ef-3e240f63dc9e None None] Fixed interval looping call 'neutron.plugins.ml2.plugin.AgentDbMixin.agent_health_check' sleeping for 37.00 seconds {{(pid=88832) _run_loop /opt/stack/data/venv/lib/python3.12/site-packages/oslo_service/backend/_threading/loopingcall.py:125}}
May 27 17:56:31.959584 np0000001532 neutron-periodic-workers[88832]: DEBUG dbcounter [-] [88832] Writing DB stats neutron:SELECT=1 {{(pid=88832) stat_writer /opt/stack/data/venv/lib/python3.12/site-packages/dbcounter.py:115}}
May 27 17:56:32.940876 np0000001532 neutron-periodic-workers[88827]: DEBUG oslo.service.backend._threading.loopingcall [None req-ffb2557c-9374-4ccc-b295-ed1404d88799 None None] Fixed interval looping call 'neutron.plugins.ml2.plugin.DhcpAgentSchedulerDbMixin.remove_networks_from_down_agents' sleeping for 36.99 seconds {{(pid=88827) _run_loop /opt/stack/data/venv/lib/python3.12/site-packages/oslo_service/backend/_threading/loopingcall.py:125}}
May 27 17:56:42.940039 np0000001532 neutron-periodic-workers[88827]: DEBUG dbcounter [-] [88827] Writing DB stats neutron:SELECT=3 {{(pid=88827) stat_writer /opt/stack/data/venv/lib/python3.12/site-packages/dbcounter.py:115}}
May 27 17:56:48.997425 np0000001532 neutron-periodic-workers[88841]: DEBUG oslo.service.backend._threading.loopingcall [None req-cb09f39e-0b8f-4f1f-8bcb-cb6b1304735a None None] Fixed interval looping call 'neutron.db.quota.driver_nolock.DbQuotaNoLockDriver._remove_expired_reservations' sleeping for 119.97 seconds {{(pid=88841) _run_loop /opt/stack/data/venv/lib/python3.12/site-packages/oslo_service/backend/_threading/loopingcall.py:125}}
May 27 17:56:58.965906 np0000001532 neutron-periodic-workers[88832]: DEBUG neutron.db.agents_db [None req-ed1c362e-341f-4cbc-b7ef-3e240f63dc9e None None] Agent healthcheck: found 0 active agents {{(pid=88832) agent_health_check /opt/stack/neutron/neutron/db/agents_db.py:322}}
May 27 17:56:58.966296 np0000001532 neutron-periodic-workers[88832]: DEBUG oslo.service.backend._threading.loopingcall [None req-ed1c362e-341f-4cbc-b7ef-3e240f63dc9e None None] Fixed interval looping call 'neutron.plugins.ml2.plugin.AgentDbMixin.agent_health_check' sleeping for 37.00 seconds {{(pid=88832) _run_loop /opt/stack/data/venv/lib/python3.12/site-packages/oslo_service/backend/_threading/loopingcall.py:125}}
May 27 17:56:58.991554 np0000001532 neutron-periodic-workers[88841]: DEBUG dbcounter [-] [88841] Writing DB stats neutron:DELETE=1 {{(pid=88841) stat_writer /opt/stack/data/venv/lib/python3.12/site-packages/dbcounter.py:115}}
May 27 17:57:08.965872 np0000001532 neutron-periodic-workers[88832]: DEBUG dbcounter [-] [88832] Writing DB stats neutron:SELECT=1 {{(pid=88832) stat_writer /opt/stack/data/venv/lib/python3.12/site-packages/dbcounter.py:115}}
May 27 17:57:09.940254 np0000001532 neutron-periodic-workers[88827]: DEBUG oslo.service.backend._threading.loopingcall [None req-ffb2557c-9374-4ccc-b295-ed1404d88799 None None] Fixed interval looping call 'neutron.plugins.ml2.plugin.DhcpAgentSchedulerDbMixin.remove_networks_from_down_agents' sleeping for 36.99 seconds {{(pid=88827) _run_loop /opt/stack/data/venv/lib/python3.12/site-packages/oslo_service/backend/_threading/loopingcall.py:125}}
May 27 17:57:19.939221 np0000001532 neutron-periodic-workers[88827]: DEBUG dbcounter [-] [88827] Writing DB stats neutron:SELECT=3 {{(pid=88827) stat_writer /opt/stack/data/venv/lib/python3.12/site-packages/dbcounter.py:115}}
May 27 17:57:35.969532 np0000001532 neutron-periodic-workers[88832]: DEBUG neutron.db.agents_db [None req-ed1c362e-341f-4cbc-b7ef-3e240f63dc9e None None] Agent healthcheck: found 0 active agents {{(pid=88832) agent_health_check /opt/stack/neutron/neutron/db/agents_db.py:322}}
May 27 17:57:35.970086 np0000001532 neutron-periodic-workers[88832]: DEBUG oslo.service.backend._threading.loopingcall [None req-ed1c362e-341f-4cbc-b7ef-3e240f63dc9e None None] Fixed interval looping call 'neutron.plugins.ml2.plugin.AgentDbMixin.agent_health_check' sleeping for 37.00 seconds {{(pid=88832) _run_loop /opt/stack/data/venv/lib/python3.12/site-packages/oslo_service/backend/_threading/loopingcall.py:125}}
May 27 17:57:45.968390 np0000001532 neutron-periodic-workers[88832]: DEBUG dbcounter [-] [88832] Writing DB stats neutron:SELECT=1 {{(pid=88832) stat_writer /opt/stack/data/venv/lib/python3.12/site-packages/dbcounter.py:115}}
May 27 17:57:46.940569 np0000001532 neutron-periodic-workers[88827]: DEBUG oslo.service.backend._threading.loopingcall [None req-ffb2557c-9374-4ccc-b295-ed1404d88799 None None] Fixed interval looping call 'neutron.plugins.ml2.plugin.DhcpAgentSchedulerDbMixin.remove_networks_from_down_agents' sleeping for 36.99 seconds {{(pid=88827) _run_loop /opt/stack/data/venv/lib/python3.12/site-packages/oslo_service/backend/_threading/loopingcall.py:125}}
May 27 17:57:56.939215 np0000001532 neutron-periodic-workers[88827]: DEBUG dbcounter [-] [88827] Writing DB stats neutron:SELECT=3 {{(pid=88827) stat_writer /opt/stack/data/venv/lib/python3.12/site-packages/dbcounter.py:115}}
May 27 17:58:12.979160 np0000001532 neutron-periodic-workers[88832]: DEBUG neutron.db.agents_db [None req-ed1c362e-341f-4cbc-b7ef-3e240f63dc9e None None] Agent healthcheck: found 0 active agents {{(pid=88832) agent_health_check /opt/stack/neutron/neutron/db/agents_db.py:322}}
May 27 17:58:12.979160 np0000001532 neutron-periodic-workers[88832]: DEBUG oslo.service.backend._threading.loopingcall [None req-ed1c362e-341f-4cbc-b7ef-3e240f63dc9e None None] Fixed interval looping call 'neutron.plugins.ml2.plugin.AgentDbMixin.agent_health_check' sleeping for 36.99 seconds {{(pid=88832) _run_loop /opt/stack/data/venv/lib/python3.12/site-packages/oslo_service/backend/_threading/loopingcall.py:125}}
May 27 17:58:22.977680 np0000001532 neutron-periodic-workers[88832]: DEBUG dbcounter [-] [88832] Writing DB stats neutron:SELECT=1 {{(pid=88832) stat_writer /opt/stack/data/venv/lib/python3.12/site-packages/dbcounter.py:115}}
May 27 17:58:23.949847 np0000001532 neutron-periodic-workers[88827]: DEBUG oslo.service.backend._threading.loopingcall [None req-ffb2557c-9374-4ccc-b295-ed1404d88799 None None] Fixed interval looping call 'neutron.plugins.ml2.plugin.DhcpAgentSchedulerDbMixin.remove_networks_from_down_agents' sleeping for 36.98 seconds {{(pid=88827) _run_loop /opt/stack/data/venv/lib/python3.12/site-packages/oslo_service/backend/_threading/loopingcall.py:125}}
May 27 17:58:33.946382 np0000001532 neutron-periodic-workers[88827]: DEBUG dbcounter [-] [88827] Writing DB stats neutron:SELECT=3 {{(pid=88827) stat_writer /opt/stack/data/venv/lib/python3.12/site-packages/dbcounter.py:115}}
May 27 17:58:35.937160 np0000001532 neutron-periodic-workers[88820]: DEBUG oslo.service.backend._threading.loopingcall [None req-c320761b-42ae-490a-ba14-b35f0d326621 None None] Fixed interval looping call 'neutron.services.ovn_l3.plugin.L3_NAT_dbonly_mixin._clean_garbage' sleeping for 299.99 seconds {{(pid=88820) _run_loop /opt/stack/data/venv/lib/python3.12/site-packages/oslo_service/backend/_threading/loopingcall.py:125}}
May 27 17:58:45.928689 np0000001532 neutron-periodic-workers[88820]: DEBUG dbcounter [-] [88820] Writing DB stats neutron:SELECT=1 {{(pid=88820) stat_writer /opt/stack/data/venv/lib/python3.12/site-packages/dbcounter.py:115}}
May 27 17:58:48.974469 np0000001532 neutron-periodic-workers[88841]: DEBUG oslo.service.backend._threading.loopingcall [None req-cb09f39e-0b8f-4f1f-8bcb-cb6b1304735a None None] Fixed interval looping call 'neutron.db.quota.driver_nolock.DbQuotaNoLockDriver._remove_expired_reservations' sleeping for 119.99 seconds {{(pid=88841) _run_loop /opt/stack/data/venv/lib/python3.12/site-packages/oslo_service/backend/_threading/loopingcall.py:125}}
May 27 17:58:49.973483 np0000001532 neutron-periodic-workers[88832]: DEBUG neutron.db.agents_db [None req-ed1c362e-341f-4cbc-b7ef-3e240f63dc9e None None] Agent healthcheck: found 0 active agents {{(pid=88832) agent_health_check /opt/stack/neutron/neutron/db/agents_db.py:322}}
May 27 17:58:49.973875 np0000001532 neutron-periodic-workers[88832]: DEBUG oslo.service.backend._threading.loopingcall [None req-ed1c362e-341f-4cbc-b7ef-3e240f63dc9e None None] Fixed interval looping call 'neutron.plugins.ml2.plugin.AgentDbMixin.agent_health_check' sleeping for 37.00 seconds {{(pid=88832) _run_loop /opt/stack/data/venv/lib/python3.12/site-packages/oslo_service/backend/_threading/loopingcall.py:125}}
May 27 17:58:58.970831 np0000001532 neutron-periodic-workers[88841]: DEBUG dbcounter [-] [88841] Writing DB stats neutron:DELETE=1 {{(pid=88841) stat_writer /opt/stack/data/venv/lib/python3.12/site-packages/dbcounter.py:115}}
May 27 17:58:59.972152 np0000001532 neutron-periodic-workers[88832]: DEBUG dbcounter [-] [88832] Writing DB stats neutron:SELECT=1 {{(pid=88832) stat_writer /opt/stack/data/venv/lib/python3.12/site-packages/dbcounter.py:115}}
May 27 17:59:00.940813 np0000001532 neutron-periodic-workers[88827]: DEBUG oslo.service.backend._threading.loopingcall [None req-ffb2557c-9374-4ccc-b295-ed1404d88799 None None] Fixed interval looping call 'neutron.plugins.ml2.plugin.DhcpAgentSchedulerDbMixin.remove_networks_from_down_agents' sleeping for 36.99 seconds {{(pid=88827) _run_loop /opt/stack/data/venv/lib/python3.12/site-packages/oslo_service/backend/_threading/loopingcall.py:125}}
May 27 17:59:10.940183 np0000001532 neutron-periodic-workers[88827]: DEBUG dbcounter [-] [88827] Writing DB stats neutron:SELECT=3 {{(pid=88827) stat_writer /opt/stack/data/venv/lib/python3.12/site-packages/dbcounter.py:115}}
May 27 17:59:26.980819 np0000001532 neutron-periodic-workers[88832]: DEBUG neutron.db.agents_db [None req-ed1c362e-341f-4cbc-b7ef-3e240f63dc9e None None] Agent healthcheck: found 0 active agents {{(pid=88832) agent_health_check /opt/stack/neutron/neutron/db/agents_db.py:322}}
May 27 17:59:26.981313 np0000001532 neutron-periodic-workers[88832]: DEBUG oslo.service.backend._threading.loopingcall [None req-ed1c362e-341f-4cbc-b7ef-3e240f63dc9e None None] Fixed interval looping call 'neutron.plugins.ml2.plugin.AgentDbMixin.agent_health_check' sleeping for 36.99 seconds {{(pid=88832) _run_loop /opt/stack/data/venv/lib/python3.12/site-packages/oslo_service/backend/_threading/loopingcall.py:125}}
May 27 17:59:36.977987 np0000001532 neutron-periodic-workers[88832]: DEBUG dbcounter [-] [88832] Writing DB stats neutron:SELECT=1 {{(pid=88832) stat_writer /opt/stack/data/venv/lib/python3.12/site-packages/dbcounter.py:115}}
May 27 17:59:37.943493 np0000001532 neutron-periodic-workers[88827]: DEBUG oslo.service.backend._threading.loopingcall [None req-ffb2557c-9374-4ccc-b295-ed1404d88799 None None] Fixed interval looping call 'neutron.plugins.ml2.plugin.DhcpAgentSchedulerDbMixin.remove_networks_from_down_agents' sleeping for 36.99 seconds {{(pid=88827) _run_loop /opt/stack/data/venv/lib/python3.12/site-packages/oslo_service/backend/_threading/loopingcall.py:125}}
May 27 17:59:47.942220 np0000001532 neutron-periodic-workers[88827]: DEBUG dbcounter [-] [88827] Writing DB stats neutron:SELECT=3 {{(pid=88827) stat_writer /opt/stack/data/venv/lib/python3.12/site-packages/dbcounter.py:115}}
May 27 18:00:03.987761 np0000001532 neutron-periodic-workers[88832]: DEBUG neutron.db.agents_db [None req-ed1c362e-341f-4cbc-b7ef-3e240f63dc9e None None] Agent healthcheck: found 0 active agents {{(pid=88832) agent_health_check /opt/stack/neutron/neutron/db/agents_db.py:322}}
May 27 18:00:03.987761 np0000001532 neutron-periodic-workers[88832]: DEBUG oslo.service.backend._threading.loopingcall [None req-ed1c362e-341f-4cbc-b7ef-3e240f63dc9e None None] Fixed interval looping call 'neutron.plugins.ml2.plugin.AgentDbMixin.agent_health_check' sleeping for 36.99 seconds {{(pid=88832) _run_loop /opt/stack/data/venv/lib/python3.12/site-packages/oslo_service/backend/_threading/loopingcall.py:125}}
May 27 18:00:13.984496 np0000001532 neutron-periodic-workers[88832]: DEBUG dbcounter [-] [88832] Writing DB stats neutron:SELECT=1 {{(pid=88832) stat_writer /opt/stack/data/venv/lib/python3.12/site-packages/dbcounter.py:115}}
May 27 18:00:14.944929 np0000001532 neutron-periodic-workers[88827]: DEBUG oslo.service.backend._threading.loopingcall [None req-ffb2557c-9374-4ccc-b295-ed1404d88799 None None] Fixed interval looping call 'neutron.plugins.ml2.plugin.DhcpAgentSchedulerDbMixin.remove_networks_from_down_agents' sleeping for 36.99 seconds {{(pid=88827) _run_loop /opt/stack/data/venv/lib/python3.12/site-packages/oslo_service/backend/_threading/loopingcall.py:125}}
May 27 18:00:24.941621 np0000001532 neutron-periodic-workers[88827]: DEBUG dbcounter [-] [88827] Writing DB stats neutron:SELECT=3 {{(pid=88827) stat_writer /opt/stack/data/venv/lib/python3.12/site-packages/dbcounter.py:115}}
May 27 18:00:40.981083 np0000001532 neutron-periodic-workers[88832]: DEBUG neutron.db.agents_db [None req-ed1c362e-341f-4cbc-b7ef-3e240f63dc9e None None] Agent healthcheck: found 0 active agents {{(pid=88832) agent_health_check /opt/stack/neutron/neutron/db/agents_db.py:322}}
May 27 18:00:40.981083 np0000001532 neutron-periodic-workers[88832]: DEBUG oslo.service.backend._threading.loopingcall [None req-ed1c362e-341f-4cbc-b7ef-3e240f63dc9e None None] Fixed interval looping call 'neutron.plugins.ml2.plugin.AgentDbMixin.agent_health_check' sleeping for 37.00 seconds {{(pid=88832) _run_loop /opt/stack/data/venv/lib/python3.12/site-packages/oslo_service/backend/_threading/loopingcall.py:125}}
May 27 18:00:48.970395 np0000001532 neutron-periodic-workers[88841]: DEBUG oslo.service.backend._threading.loopingcall [None req-cb09f39e-0b8f-4f1f-8bcb-cb6b1304735a None None] Fixed interval looping call 'neutron.db.quota.driver_nolock.DbQuotaNoLockDriver._remove_expired_reservations' sleeping for 119.99 seconds {{(pid=88841) _run_loop /opt/stack/data/venv/lib/python3.12/site-packages/oslo_service/backend/_threading/loopingcall.py:125}}
May 27 18:00:50.981547 np0000001532 neutron-periodic-workers[88832]: DEBUG dbcounter [-] [88832] Writing DB stats neutron:SELECT=1 {{(pid=88832) stat_writer /opt/stack/data/venv/lib/python3.12/site-packages/dbcounter.py:115}}
May 27 18:00:51.942879 np0000001532 neutron-periodic-workers[88827]: DEBUG oslo.service.backend._threading.loopingcall [None req-ffb2557c-9374-4ccc-b295-ed1404d88799 None None] Fixed interval looping call 'neutron.plugins.ml2.plugin.DhcpAgentSchedulerDbMixin.remove_networks_from_down_agents' sleeping for 36.99 seconds {{(pid=88827) _run_loop /opt/stack/data/venv/lib/python3.12/site-packages/oslo_service/backend/_threading/loopingcall.py:125}}
May 27 18:00:58.967614 np0000001532 neutron-periodic-workers[88841]: DEBUG dbcounter [-] [88841] Writing DB stats neutron:DELETE=1 {{(pid=88841) stat_writer /opt/stack/data/venv/lib/python3.12/site-packages/dbcounter.py:115}}
May 27 18:01:01.942007 np0000001532 neutron-periodic-workers[88827]: DEBUG dbcounter [-] [88827] Writing DB stats neutron:SELECT=3 {{(pid=88827) stat_writer /opt/stack/data/venv/lib/python3.12/site-packages/dbcounter.py:115}}
May 27 18:01:17.986359 np0000001532 neutron-periodic-workers[88832]: DEBUG neutron.db.agents_db [None req-ed1c362e-341f-4cbc-b7ef-3e240f63dc9e None None] Agent healthcheck: found 0 active agents {{(pid=88832) agent_health_check /opt/stack/neutron/neutron/db/agents_db.py:322}}
May 27 18:01:17.986910 np0000001532 neutron-periodic-workers[88832]: DEBUG oslo.service.backend._threading.loopingcall [None req-ed1c362e-341f-4cbc-b7ef-3e240f63dc9e None None] Fixed interval looping call 'neutron.plugins.ml2.plugin.AgentDbMixin.agent_health_check' sleeping for 36.99 seconds {{(pid=88832) _run_loop /opt/stack/data/venv/lib/python3.12/site-packages/oslo_service/backend/_threading/loopingcall.py:125}}
May 27 18:01:27.983722 np0000001532 neutron-periodic-workers[88832]: DEBUG dbcounter [-] [88832] Writing DB stats neutron:SELECT=1 {{(pid=88832) stat_writer /opt/stack/data/venv/lib/python3.12/site-packages/dbcounter.py:115}}
May 27 18:01:28.949440 np0000001532 neutron-periodic-workers[88827]: DEBUG oslo.service.backend._threading.loopingcall [None req-ffb2557c-9374-4ccc-b295-ed1404d88799 None None] Fixed interval looping call 'neutron.plugins.ml2.plugin.DhcpAgentSchedulerDbMixin.remove_networks_from_down_agents' sleeping for 36.99 seconds {{(pid=88827) _run_loop /opt/stack/data/venv/lib/python3.12/site-packages/oslo_service/backend/_threading/loopingcall.py:125}}
May 27 18:01:38.949684 np0000001532 neutron-periodic-workers[88827]: DEBUG dbcounter [-] [88827] Writing DB stats neutron:SELECT=3 {{(pid=88827) stat_writer /opt/stack/data/venv/lib/python3.12/site-packages/dbcounter.py:115}}
May 27 18:01:54.986199 np0000001532 neutron-periodic-workers[88832]: DEBUG neutron.db.agents_db [None req-ed1c362e-341f-4cbc-b7ef-3e240f63dc9e None None] Agent healthcheck: found 0 active agents {{(pid=88832) agent_health_check /opt/stack/neutron/neutron/db/agents_db.py:322}}
May 27 18:01:54.987397 np0000001532 neutron-periodic-workers[88832]: DEBUG oslo.service.backend._threading.loopingcall [None req-ed1c362e-341f-4cbc-b7ef-3e240f63dc9e None None] Fixed interval looping call 'neutron.plugins.ml2.plugin.AgentDbMixin.agent_health_check' sleeping for 36.99 seconds {{(pid=88832) _run_loop /opt/stack/data/venv/lib/python3.12/site-packages/oslo_service/backend/_threading/loopingcall.py:125}}
May 27 18:02:04.982774 np0000001532 neutron-periodic-workers[88832]: DEBUG dbcounter [-] [88832] Writing DB stats neutron:SELECT=1 {{(pid=88832) stat_writer /opt/stack/data/venv/lib/python3.12/site-packages/dbcounter.py:115}}
May 27 18:02:05.948662 np0000001532 neutron-periodic-workers[88827]: DEBUG oslo.service.backend._threading.loopingcall [None req-ffb2557c-9374-4ccc-b295-ed1404d88799 None None] Fixed interval looping call 'neutron.plugins.ml2.plugin.DhcpAgentSchedulerDbMixin.remove_networks_from_down_agents' sleeping for 36.99 seconds {{(pid=88827) _run_loop /opt/stack/data/venv/lib/python3.12/site-packages/oslo_service/backend/_threading/loopingcall.py:125}}
May 27 18:02:15.947473 np0000001532 neutron-periodic-workers[88827]: DEBUG dbcounter [-] [88827] Writing DB stats neutron:SELECT=3 {{(pid=88827) stat_writer /opt/stack/data/venv/lib/python3.12/site-packages/dbcounter.py:115}}
May 27 18:02:31.980782 np0000001532 neutron-periodic-workers[88832]: DEBUG neutron.db.agents_db [None req-ed1c362e-341f-4cbc-b7ef-3e240f63dc9e None None] Agent healthcheck: found 0 active agents {{(pid=88832) agent_health_check /opt/stack/neutron/neutron/db/agents_db.py:322}}
May 27 18:02:31.981260 np0000001532 neutron-periodic-workers[88832]: DEBUG oslo.service.backend._threading.loopingcall [None req-ed1c362e-341f-4cbc-b7ef-3e240f63dc9e None None] Fixed interval looping call 'neutron.plugins.ml2.plugin.AgentDbMixin.agent_health_check' sleeping for 37.00 seconds {{(pid=88832) _run_loop /opt/stack/data/venv/lib/python3.12/site-packages/oslo_service/backend/_threading/loopingcall.py:125}}
May 27 18:02:41.979646 np0000001532 neutron-periodic-workers[88832]: DEBUG dbcounter [-] [88832] Writing DB stats neutron:SELECT=1 {{(pid=88832) stat_writer /opt/stack/data/venv/lib/python3.12/site-packages/dbcounter.py:115}}
May 27 18:02:42.946819 np0000001532 neutron-periodic-workers[88827]: DEBUG oslo.service.backend._threading.loopingcall [None req-ffb2557c-9374-4ccc-b295-ed1404d88799 None None] Fixed interval looping call 'neutron.plugins.ml2.plugin.DhcpAgentSchedulerDbMixin.remove_networks_from_down_agents' sleeping for 36.99 seconds {{(pid=88827) _run_loop /opt/stack/data/venv/lib/python3.12/site-packages/oslo_service/backend/_threading/loopingcall.py:125}}
May 27 18:02:48.965160 np0000001532 neutron-periodic-workers[88841]: DEBUG oslo.service.backend._threading.loopingcall [None req-cb09f39e-0b8f-4f1f-8bcb-cb6b1304735a None None] Fixed interval looping call 'neutron.db.quota.driver_nolock.DbQuotaNoLockDriver._remove_expired_reservations' sleeping for 120.00 seconds {{(pid=88841) _run_loop /opt/stack/data/venv/lib/python3.12/site-packages/oslo_service/backend/_threading/loopingcall.py:125}}
May 27 18:02:52.944636 np0000001532 neutron-periodic-workers[88827]: DEBUG dbcounter [-] [88827] Writing DB stats neutron:SELECT=3 {{(pid=88827) stat_writer /opt/stack/data/venv/lib/python3.12/site-packages/dbcounter.py:115}}
May 27 18:02:58.964372 np0000001532 neutron-periodic-workers[88841]: DEBUG dbcounter [-] [88841] Writing DB stats neutron:DELETE=1 {{(pid=88841) stat_writer /opt/stack/data/venv/lib/python3.12/site-packages/dbcounter.py:115}}
May 27 18:03:08.985921 np0000001532 neutron-periodic-workers[88832]: DEBUG neutron.db.agents_db [None req-ed1c362e-341f-4cbc-b7ef-3e240f63dc9e None None] Agent healthcheck: found 0 active agents {{(pid=88832) agent_health_check /opt/stack/neutron/neutron/db/agents_db.py:322}}
May 27 18:03:08.986292 np0000001532 neutron-periodic-workers[88832]: DEBUG oslo.service.backend._threading.loopingcall [None req-ed1c362e-341f-4cbc-b7ef-3e240f63dc9e None None] Fixed interval looping call 'neutron.plugins.ml2.plugin.AgentDbMixin.agent_health_check' sleeping for 37.00 seconds {{(pid=88832) _run_loop /opt/stack/data/venv/lib/python3.12/site-packages/oslo_service/backend/_threading/loopingcall.py:125}}
May 27 18:03:18.985805 np0000001532 neutron-periodic-workers[88832]: DEBUG dbcounter [-] [88832] Writing DB stats neutron:SELECT=1 {{(pid=88832) stat_writer /opt/stack/data/venv/lib/python3.12/site-packages/dbcounter.py:115}}
May 27 18:03:19.945661 np0000001532 neutron-periodic-workers[88827]: DEBUG oslo.service.backend._threading.loopingcall [None req-ffb2557c-9374-4ccc-b295-ed1404d88799 None None] Fixed interval looping call 'neutron.plugins.ml2.plugin.DhcpAgentSchedulerDbMixin.remove_networks_from_down_agents' sleeping for 36.99 seconds {{(pid=88827) _run_loop /opt/stack/data/venv/lib/python3.12/site-packages/oslo_service/backend/_threading/loopingcall.py:125}}
May 27 18:03:29.947272 np0000001532 neutron-periodic-workers[88827]: DEBUG dbcounter [-] [88827] Writing DB stats neutron:SELECT=3 {{(pid=88827) stat_writer /opt/stack/data/venv/lib/python3.12/site-packages/dbcounter.py:115}}
May 27 18:03:35.936857 np0000001532 neutron-periodic-workers[88820]: DEBUG oslo.service.backend._threading.loopingcall [None req-c320761b-42ae-490a-ba14-b35f0d326621 None None] Fixed interval looping call 'neutron.services.ovn_l3.plugin.L3_NAT_dbonly_mixin._clean_garbage' sleeping for 299.99 seconds {{(pid=88820) _run_loop /opt/stack/data/venv/lib/python3.12/site-packages/oslo_service/backend/_threading/loopingcall.py:125}}
May 27 18:03:45.931842 np0000001532 neutron-periodic-workers[88820]: DEBUG dbcounter [-] [88820] Writing DB stats neutron:SELECT=1 {{(pid=88820) stat_writer /opt/stack/data/venv/lib/python3.12/site-packages/dbcounter.py:115}}
May 27 18:03:45.990106 np0000001532 neutron-periodic-workers[88832]: DEBUG neutron.db.agents_db [None req-ed1c362e-341f-4cbc-b7ef-3e240f63dc9e None None] Agent healthcheck: found 0 active agents {{(pid=88832) agent_health_check /opt/stack/neutron/neutron/db/agents_db.py:322}}
May 27 18:03:45.990506 np0000001532 neutron-periodic-workers[88832]: DEBUG oslo.service.backend._threading.loopingcall [None req-ed1c362e-341f-4cbc-b7ef-3e240f63dc9e None None] Fixed interval looping call 'neutron.plugins.ml2.plugin.AgentDbMixin.agent_health_check' sleeping for 37.00 seconds {{(pid=88832) _run_loop /opt/stack/data/venv/lib/python3.12/site-packages/oslo_service/backend/_threading/loopingcall.py:125}}
May 27 18:03:55.988714 np0000001532 neutron-periodic-workers[88832]: DEBUG dbcounter [-] [88832] Writing DB stats neutron:SELECT=1 {{(pid=88832) stat_writer /opt/stack/data/venv/lib/python3.12/site-packages/dbcounter.py:115}}
May 27 18:03:56.954118 np0000001532 neutron-periodic-workers[88827]: DEBUG oslo.service.backend._threading.loopingcall [None req-ffb2557c-9374-4ccc-b295-ed1404d88799 None None] Fixed interval looping call 'neutron.plugins.ml2.plugin.DhcpAgentSchedulerDbMixin.remove_networks_from_down_agents' sleeping for 36.98 seconds {{(pid=88827) _run_loop /opt/stack/data/venv/lib/python3.12/site-packages/oslo_service/backend/_threading/loopingcall.py:125}}
May 27 18:04:06.950500 np0000001532 neutron-periodic-workers[88827]: DEBUG dbcounter [-] [88827] Writing DB stats neutron:SELECT=3 {{(pid=88827) stat_writer /opt/stack/data/venv/lib/python3.12/site-packages/dbcounter.py:115}}
May 27 18:04:22.995857 np0000001532 neutron-periodic-workers[88832]: DEBUG neutron.db.agents_db [None req-ed1c362e-341f-4cbc-b7ef-3e240f63dc9e None None] Agent healthcheck: found 0 active agents {{(pid=88832) agent_health_check /opt/stack/neutron/neutron/db/agents_db.py:322}}
May 27 18:04:22.996371 np0000001532 neutron-periodic-workers[88832]: DEBUG oslo.service.backend._threading.loopingcall [None req-ed1c362e-341f-4cbc-b7ef-3e240f63dc9e None None] Fixed interval looping call 'neutron.plugins.ml2.plugin.AgentDbMixin.agent_health_check' sleeping for 36.99 seconds {{(pid=88832) _run_loop /opt/stack/data/venv/lib/python3.12/site-packages/oslo_service/backend/_threading/loopingcall.py:125}}
May 27 18:04:32.994587 np0000001532 neutron-periodic-workers[88832]: DEBUG dbcounter [-] [88832] Writing DB stats neutron:SELECT=1 {{(pid=88832) stat_writer /opt/stack/data/venv/lib/python3.12/site-packages/dbcounter.py:115}}
May 27 18:04:33.943412 np0000001532 neutron-periodic-workers[88827]: DEBUG oslo.service.backend._threading.loopingcall [None req-ffb2557c-9374-4ccc-b295-ed1404d88799 None None] Fixed interval looping call 'neutron.plugins.ml2.plugin.DhcpAgentSchedulerDbMixin.remove_networks_from_down_agents' sleeping for 36.99 seconds {{(pid=88827) _run_loop /opt/stack/data/venv/lib/python3.12/site-packages/oslo_service/backend/_threading/loopingcall.py:125}}
