Aug 17 05:31:35.492034 np0000007451 devstack@g-api.service[102989]: DEBUG glance.api.middleware.version_negotiation [None req-39fdc2d0-ae5e-4e41-93a7-966f5168d1ec tempest-VolumesActionsTest-1959808764 tempest-VolumesActionsTest-1959808764-project-member] Using url versioning {{(pid=102989) process_request /opt/stack/glance/glance/api/middleware/version_negotiation.py:57}}
Aug 17 05:31:35.492034 np0000007451 devstack@g-api.service[102989]: DEBUG glance.api.middleware.version_negotiation [None req-39fdc2d0-ae5e-4e41-93a7-966f5168d1ec tempest-VolumesActionsTest-1959808764 tempest-VolumesActionsTest-1959808764-project-member] Matched version: v2 {{(pid=102989) process_request /opt/stack/glance/glance/api/middleware/version_negotiation.py:69}}
Aug 17 05:31:35.492034 np0000007451 devstack@g-api.service[102989]: DEBUG glance.api.middleware.version_negotiation [None req-39fdc2d0-ae5e-4e41-93a7-966f5168d1ec tempest-VolumesActionsTest-1959808764 tempest-VolumesActionsTest-1959808764-project-member] new path /v2/images/fdd1b518-ec65-4cbf-936d-d38cb9d259b7 {{(pid=102989) process_request /opt/stack/glance/glance/api/middleware/version_negotiation.py:70}}
Aug 17 05:31:35.510221 np0000007451 devstack@g-api.service[102989]: [pid: 102989|app: 0|req: 93/368] 127.0.0.1 () {40 vars in 838 bytes} [Mon Aug 17 05:31:35 2026] GET /v2/images/fdd1b518-ec65-4cbf-936d-d38cb9d259b7 => generated 650 bytes in 18 msecs (HTTP/1.1 200) 4 headers in 157 bytes (1 switches on core 0)
Aug 17 05:31:36.523965 np0000007451 devstack@g-api.service[102988]: DEBUG glance.api.middleware.version_negotiation [None req-3175d6f1-5dfe-4e5c-bfa6-670ceee964c8 tempest-VolumesActionsTest-1959808764 tempest-VolumesActionsTest-1959808764-project-member] Determining version of request: GET /v2/images/fdd1b518-ec65-4cbf-936d-d38cb9d259b7 Accept: application/json {{(pid=102988) process_request /opt/stack/glance/glance/api/middleware/version_negotiation.py:44}}
Aug 17 05:31:36.524567 np0000007451 devstack@g-api.service[102988]: DEBUG glance.api.middleware.version_negotiation [None req-3175d6f1-5dfe-4e5c-bfa6-670ceee964c8 tempest-VolumesActionsTest-1959808764 tempest-VolumesActionsTest-1959808764-project-member] Using url versioning {{(pid=102988) process_request /opt/stack/glance/glance/api/middleware/version_negotiation.py:57}}
Aug 17 05:31:36.524567 np0000007451 devstack@g-api.service[102988]: DEBUG glance.api.middleware.version_negotiation [None req-3175d6f1-5dfe-4e5c-bfa6-670ceee964c8 tempest-VolumesActionsTest-1959808764 tempest-VolumesActionsTest-1959808764-project-member] Matched version: v2 {{(pid=102988) process_request /opt/stack/glance/glance/api/middleware/version_negotiation.py:69}}
Aug 17 05:31:36.524567 np0000007451 devstack@g-api.service[102988]: DEBUG glance.api.middleware.version_negotiation [None req-3175d6f1-5dfe-4e5c-bfa6-670ceee964c8 tempest-VolumesActionsTest-1959808764 tempest-VolumesActionsTest-1959808764-project-member] new path /v2/images/fdd1b518-ec65-4cbf-936d-d38cb9d259b7 {{(pid=102988) process_request /opt/stack/glance/glance/api/middleware/version_negotiation.py:70}}
Aug 17 05:31:36.545463 np0000007451 devstack@g-api.service[102988]: [pid: 102988|app: 0|req: 94/369] 127.0.0.1 () {40 vars in 838 bytes} [Mon Aug 17 05:31:36 2026] GET /v2/images/fdd1b518-ec65-4cbf-936d-d38cb9d259b7 => generated 650 bytes in 21 msecs (HTTP/1.1 200) 4 headers in 157 bytes (1 switches on core 0)
Aug 17 05:31:37.134275 np0000007451 devstack@g-api.service[102990]: DEBUG swiftclient [None req-7e3db1d6-cda2-4f5e-96f0-172b47135064 tempest-VolumesActionsTest-1959808764 tempest-VolumesActionsTest-1959808764-project-member] REQ: curl -i https://10.4.3.149:8080/v1/AUTH_f42016a984724831bc17a21650deb447/glance/fdd1b518-ec65-4cbf-936d-d38cb9d259b7-00001 -X PUT -H "X-Auth-Token: gAAAAABqgpy24Ykv..." {{(pid=102990) http_log /opt/stack/data/venv/lib/python3.12/site-packages/swiftclient/client.py:160}}
Aug 17 05:31:37.134275 np0000007451 devstack@g-api.service[102990]: DEBUG swiftclient [None req-7e3db1d6-cda2-4f5e-96f0-172b47135064 tempest-VolumesActionsTest-1959808764 tempest-VolumesActionsTest-1959808764-project-member] RESP STATUS: 201 Created {{(pid=102990) http_log /opt/stack/data/venv/lib/python3.12/site-packages/swiftclient/client.py:161}}
Aug 17 05:31:37.134609 np0000007451 devstack@g-api.service[102990]: DEBUG swiftclient [None req-7e3db1d6-cda2-4f5e-96f0-172b47135064 tempest-VolumesActionsTest-1959808764 tempest-VolumesActionsTest-1959808764-project-member] RESP HEADERS: {'Date': 'Mon, 17 Aug 2026 05:31:37 GMT', 'Server': 'Apache/2.4.58 (Ubuntu)', 'Content-Type': 'text/html; charset=UTF-8', 'Content-Length': '0', 'Etag': 'eda9a9889837ac4bc81d6387d92c1bec', 'Last-Modified': 'Mon, 17 Aug 2026 05:31:35 GMT', 'X-Trans-Id': 'tx1bec0c05a4b64ad09f1de-006a829cb6', 'X-Openstack-Request-Id': 'tx1bec0c05a4b64ad09f1de-006a829cb6', 'Connection': 'close'} {{(pid=102990) http_log /opt/stack/data/venv/lib/python3.12/site-packages/swiftclient/client.py:162}}
Aug 17 05:31:37.134609 np0000007451 devstack@g-api.service[102990]: DEBUG glance_store._drivers.swift.store [None req-7e3db1d6-cda2-4f5e-96f0-172b47135064 tempest-VolumesActionsTest-1959808764 tempest-VolumesActionsTest-1959808764-project-member] Wrote chunk fdd1b518-ec65-4cbf-936d-d38cb9d259b7-00001 (1/?) of length 204800000 to Swift returning MD5 of content: eda9a9889837ac4bc81d6387d92c1bec {{(pid=102990) add /opt/stack/data/venv/lib/python3.12/site-packages/glance_store/_drivers/swift/store.py:1059}}
Aug 17 05:31:37.562164 np0000007451 devstack@g-api.service[102987]: DEBUG glance.api.middleware.version_negotiation [None req-a24b166c-106c-42e3-a751-7cd4c45bc874 tempest-VolumesActionsTest-1959808764 tempest-VolumesActionsTest-1959808764-project-member] Determining version of request: GET /v2/images/fdd1b518-ec65-4cbf-936d-d38cb9d259b7 Accept: application/json {{(pid=102987) process_request /opt/stack/glance/glance/api/middleware/version_negotiation.py:44}}
Aug 17 05:31:37.562164 np0000007451 devstack@g-api.service[102987]: DEBUG glance.api.middleware.version_negotiation [None req-a24b166c-106c-42e3-a751-7cd4c45bc874 tempest-VolumesActionsTest-1959808764 tempest-VolumesActionsTest-1959808764-project-member] Using url versioning {{(pid=102987) process_request /opt/stack/glance/glance/api/middleware/version_negotiation.py:57}}
Aug 17 05:31:37.562164 np0000007451 devstack@g-api.service[102987]: DEBUG glance.api.middleware.version_negotiation [None req-a24b166c-106c-42e3-a751-7cd4c45bc874 tempest-VolumesActionsTest-1959808764 tempest-VolumesActionsTest-1959808764-project-member] Matched version: v2 {{(pid=102987) process_request /opt/stack/glance/glance/api/middleware/version_negotiation.py:69}}
Aug 17 05:31:37.562164 np0000007451 devstack@g-api.service[102987]: DEBUG glance.api.middleware.version_negotiation [None req-a24b166c-106c-42e3-a751-7cd4c45bc874 tempest-VolumesActionsTest-1959808764 tempest-VolumesActionsTest-1959808764-project-member] new path /v2/images/fdd1b518-ec65-4cbf-936d-d38cb9d259b7 {{(pid=102987) process_request /opt/stack/glance/glance/api/middleware/version_negotiation.py:70}}
Aug 17 05:31:37.583732 np0000007451 devstack@g-api.service[102987]: [pid: 102987|app: 0|req: 95/370] 127.0.0.1 () {40 vars in 838 bytes} [Mon Aug 17 05:31:37 2026] GET /v2/images/fdd1b518-ec65-4cbf-936d-d38cb9d259b7 => generated 650 bytes in 23 msecs (HTTP/1.1 200) 4 headers in 157 bytes (1 switches on core 0)
Aug 17 05:31:38.597812 np0000007451 devstack@g-api.service[102989]: DEBUG glance.api.middleware.version_negotiation [None req-2db6a8c0-7380-46b8-a525-f78c8da3eba4 tempest-VolumesActionsTest-1959808764 tempest-VolumesActionsTest-1959808764-project-member] Determining version of request: GET /v2/images/fdd1b518-ec65-4cbf-936d-d38cb9d259b7 Accept: application/json {{(pid=102989) process_request /opt/stack/glance/glance/api/middleware/version_negotiation.py:44}}
Aug 17 05:31:38.597812 np0000007451 devstack@g-api.service[102989]: DEBUG glance.api.middleware.version_negotiation [None req-2db6a8c0-7380-46b8-a525-f78c8da3eba4 tempest-VolumesActionsTest-1959808764 tempest-VolumesActionsTest-1959808764-project-member] Using url versioning {{(pid=102989) process_request /opt/stack/glance/glance/api/middleware/version_negotiation.py:57}}
Aug 17 05:31:38.597812 np0000007451 devstack@g-api.service[102989]: DEBUG glance.api.middleware.version_negotiation [None req-2db6a8c0-7380-46b8-a525-f78c8da3eba4 tempest-VolumesActionsTest-1959808764 tempest-VolumesActionsTest-1959808764-project-member] Matched version: v2 {{(pid=102989) process_request /opt/stack/glance/glance/api/middleware/version_negotiation.py:69}}
Aug 17 05:31:38.597812 np0000007451 devstack@g-api.service[102989]: DEBUG glance.api.middleware.version_negotiation [None req-2db6a8c0-7380-46b8-a525-f78c8da3eba4 tempest-VolumesActionsTest-1959808764 tempest-VolumesActionsTest-1959808764-project-member] new path /v2/images/fdd1b518-ec65-4cbf-936d-d38cb9d259b7 {{(pid=102989) process_request /opt/stack/glance/glance/api/middleware/version_negotiation.py:70}}
Aug 17 05:31:38.619915 np0000007451 devstack@g-api.service[102989]: [pid: 102989|app: 0|req: 94/371] 127.0.0.1 () {40 vars in 838 bytes} [Mon Aug 17 05:31:38 2026] GET /v2/images/fdd1b518-ec65-4cbf-936d-d38cb9d259b7 => generated 650 bytes in 23 msecs (HTTP/1.1 200) 4 headers in 157 bytes (1 switches on core 0)
Aug 17 05:31:39.632832 np0000007451 devstack@g-api.service[102988]: DEBUG glance.api.middleware.version_negotiation [None req-f70c3d8e-0417-4130-9fa4-3e0148b1dd96 tempest-VolumesActionsTest-1959808764 tempest-VolumesActionsTest-1959808764-project-member] Determining version of request: GET /v2/images/fdd1b518-ec65-4cbf-936d-d38cb9d259b7 Accept: application/json {{(pid=102988) process_request /opt/stack/glance/glance/api/middleware/version_negotiation.py:44}}
Aug 17 05:31:39.633945 np0000007451 devstack@g-api.service[102988]: DEBUG glance.api.middleware.version_negotiation [None req-f70c3d8e-0417-4130-9fa4-3e0148b1dd96 tempest-VolumesActionsTest-1959808764 tempest-VolumesActionsTest-1959808764-project-member] Using url versioning {{(pid=102988) process_request /opt/stack/glance/glance/api/middleware/version_negotiation.py:57}}
Aug 17 05:31:39.635032 np0000007451 devstack@g-api.service[102988]: DEBUG glance.api.middleware.version_negotiation [None req-f70c3d8e-0417-4130-9fa4-3e0148b1dd96 tempest-VolumesActionsTest-1959808764 tempest-VolumesActionsTest-1959808764-project-member] Matched version: v2 {{(pid=102988) process_request /opt/stack/glance/glance/api/middleware/version_negotiation.py:69}}
Aug 17 05:31:39.635032 np0000007451 devstack@g-api.service[102988]: DEBUG glance.api.middleware.version_negotiation [None req-f70c3d8e-0417-4130-9fa4-3e0148b1dd96 tempest-VolumesActionsTest-1959808764 tempest-VolumesActionsTest-1959808764-project-member] new path /v2/images/fdd1b518-ec65-4cbf-936d-d38cb9d259b7 {{(pid=102988) process_request /opt/stack/glance/glance/api/middleware/version_negotiation.py:70}}
Aug 17 05:31:39.649072 np0000007451 devstack@g-api.service[102988]: [pid: 102988|app: 0|req: 95/372] 127.0.0.1 () {40 vars in 838 bytes} [Mon Aug 17 05:31:39 2026] GET /v2/images/fdd1b518-ec65-4cbf-936d-d38cb9d259b7 => generated 650 bytes in 17 msecs (HTTP/1.1 200) 4 headers in 157 bytes (1 switches on core 0)
Aug 17 05:31:39.845711 np0000007451 devstack@g-api.service[102990]: DEBUG swiftclient [None req-7e3db1d6-cda2-4f5e-96f0-172b47135064 tempest-VolumesActionsTest-1959808764 tempest-VolumesActionsTest-1959808764-project-member] REQ: curl -i https://10.4.3.149:8080/v1/AUTH_f42016a984724831bc17a21650deb447/glance/fdd1b518-ec65-4cbf-936d-d38cb9d259b7-00002 -X PUT -H "X-Auth-Token: gAAAAABqgpy24Ykv..." {{(pid=102990) http_log /opt/stack/data/venv/lib/python3.12/site-packages/swiftclient/client.py:160}}
Aug 17 05:31:39.845711 np0000007451 devstack@g-api.service[102990]: DEBUG swiftclient [None req-7e3db1d6-cda2-4f5e-96f0-172b47135064 tempest-VolumesActionsTest-1959808764 tempest-VolumesActionsTest-1959808764-project-member] RESP STATUS: 201 Created {{(pid=102990) http_log /opt/stack/data/venv/lib/python3.12/site-packages/swiftclient/client.py:161}}
Aug 17 05:31:39.846151 np0000007451 devstack@g-api.service[102990]: DEBUG swiftclient [None req-7e3db1d6-cda2-4f5e-96f0-172b47135064 tempest-VolumesActionsTest-1959808764 tempest-VolumesActionsTest-1959808764-project-member] RESP HEADERS: {'Date': 'Mon, 17 Aug 2026 05:31:39 GMT', 'Server': 'Apache/2.4.58 (Ubuntu)', 'Content-Type': 'text/html; charset=UTF-8', 'Content-Length': '0', 'Etag': 'eda9a9889837ac4bc81d6387d92c1bec', 'Last-Modified': 'Mon, 17 Aug 2026 05:31:38 GMT', 'X-Trans-Id': 'tx3f475038732d437e82e90-006a829cb9', 'X-Openstack-Request-Id': 'tx3f475038732d437e82e90-006a829cb9', 'Connection': 'close'} {{(pid=102990) http_log /opt/stack/data/venv/lib/python3.12/site-packages/swiftclient/client.py:162}}
Aug 17 05:31:39.846151 np0000007451 devstack@g-api.service[102990]: DEBUG glance_store._drivers.swift.store [None req-7e3db1d6-cda2-4f5e-96f0-172b47135064 tempest-VolumesActionsTest-1959808764 tempest-VolumesActionsTest-1959808764-project-member] Wrote chunk fdd1b518-ec65-4cbf-936d-d38cb9d259b7-00002 (2/?) of length 204800000 to Swift returning MD5 of content: eda9a9889837ac4bc81d6387d92c1bec {{(pid=102990) add /opt/stack/data/venv/lib/python3.12/site-packages/glance_store/_drivers/swift/store.py:1059}}
Aug 17 05:31:40.666067 np0000007451 devstack@g-api.service[102987]: DEBUG glance.api.middleware.version_negotiation [None req-b171b5a6-b127-4353-a26f-a365b63b7667 tempest-VolumesActionsTest-1959808764 tempest-VolumesActionsTest-1959808764-project-member] Determining version of request: GET /v2/images/fdd1b518-ec65-4cbf-936d-d38cb9d259b7 Accept: application/json {{(pid=102987) process_request /opt/stack/glance/glance/api/middleware/version_negotiation.py:44}}
Aug 17 05:31:40.666457 np0000007451 devstack@g-api.service[102987]: DEBUG glance.api.middleware.version_negotiation [None req-b171b5a6-b127-4353-a26f-a365b63b7667 tempest-VolumesActionsTest-1959808764 tempest-VolumesActionsTest-1959808764-project-member] Using url versioning {{(pid=102987) process_request /opt/stack/glance/glance/api/middleware/version_negotiation.py:57}}
Aug 17 05:31:40.666648 np0000007451 devstack@g-api.service[102987]: DEBUG glance.api.middleware.version_negotiation [None req-b171b5a6-b127-4353-a26f-a365b63b7667 tempest-VolumesActionsTest-1959808764 tempest-VolumesActionsTest-1959808764-project-member] Matched version: v2 {{(pid=102987) process_request /opt/stack/glance/glance/api/middleware/version_negotiation.py:69}}
Aug 17 05:31:40.666812 np0000007451 devstack@g-api.service[102987]: DEBUG glance.api.middleware.version_negotiation [None req-b171b5a6-b127-4353-a26f-a365b63b7667 tempest-VolumesActionsTest-1959808764 tempest-VolumesActionsTest-1959808764-project-member] new path /v2/images/fdd1b518-ec65-4cbf-936d-d38cb9d259b7 {{(pid=102987) process_request /opt/stack/glance/glance/api/middleware/version_negotiation.py:70}}
Aug 17 05:31:40.683412 np0000007451 devstack@g-api.service[102987]: [pid: 102987|app: 0|req: 96/373] 127.0.0.1 () {40 vars in 838 bytes} [Mon Aug 17 05:31:40 2026] GET /v2/images/fdd1b518-ec65-4cbf-936d-d38cb9d259b7 => generated 650 bytes in 19 msecs (HTTP/1.1 200) 4 headers in 157 bytes (1 switches on core 0)
Aug 17 05:31:41.698834 np0000007451 devstack@g-api.service[102989]: DEBUG glance.api.middleware.version_negotiation [None req-f6bab033-8a87-45e8-af33-23556aa3e257 tempest-VolumesActionsTest-1959808764 tempest-VolumesActionsTest-1959808764-project-member] Determining version of request: GET /v2/images/fdd1b518-ec65-4cbf-936d-d38cb9d259b7 Accept: application/json {{(pid=102989) process_request /opt/stack/glance/glance/api/middleware/version_negotiation.py:44}}
Aug 17 05:31:41.698834 np0000007451 devstack@g-api.service[102989]: DEBUG glance.api.middleware.version_negotiation [None req-f6bab033-8a87-45e8-af33-23556aa3e257 tempest-VolumesActionsTest-1959808764 tempest-VolumesActionsTest-1959808764-project-member] Using url versioning {{(pid=102989) process_request /opt/stack/glance/glance/api/middleware/version_negotiation.py:57}}
Aug 17 05:31:41.700207 np0000007451 devstack@g-api.service[102989]: DEBUG glance.api.middleware.version_negotiation [None req-f6bab033-8a87-45e8-af33-23556aa3e257 tempest-VolumesActionsTest-1959808764 tempest-VolumesActionsTest-1959808764-project-member] Matched version: v2 {{(pid=102989) process_request /opt/stack/glance/glance/api/middleware/version_negotiation.py:69}}
Aug 17 05:31:41.700207 np0000007451 devstack@g-api.service[102989]: DEBUG glance.api.middleware.version_negotiation [None req-f6bab033-8a87-45e8-af33-23556aa3e257 tempest-VolumesActionsTest-1959808764 tempest-VolumesActionsTest-1959808764-project-member] new path /v2/images/fdd1b518-ec65-4cbf-936d-d38cb9d259b7 {{(pid=102989) process_request /opt/stack/glance/glance/api/middleware/version_negotiation.py:70}}
Aug 17 05:31:41.718243 np0000007451 devstack@g-api.service[102989]: [pid: 102989|app: 0|req: 95/374] 127.0.0.1 () {40 vars in 838 bytes} [Mon Aug 17 05:31:41 2026] GET /v2/images/fdd1b518-ec65-4cbf-936d-d38cb9d259b7 => generated 650 bytes in 21 msecs (HTTP/1.1 200) 4 headers in 157 bytes (1 switches on core 0)
Aug 17 05:31:42.463515 np0000007451 devstack@g-api.service[102990]: DEBUG swiftclient [None req-7e3db1d6-cda2-4f5e-96f0-172b47135064 tempest-VolumesActionsTest-1959808764 tempest-VolumesActionsTest-1959808764-project-member] REQ: curl -i https://10.4.3.149:8080/v1/AUTH_f42016a984724831bc17a21650deb447/glance/fdd1b518-ec65-4cbf-936d-d38cb9d259b7-00003 -X PUT -H "X-Auth-Token: gAAAAABqgpy24Ykv..." {{(pid=102990) http_log /opt/stack/data/venv/lib/python3.12/site-packages/swiftclient/client.py:160}}
Aug 17 05:31:42.464306 np0000007451 devstack@g-api.service[102990]: DEBUG swiftclient [None req-7e3db1d6-cda2-4f5e-96f0-172b47135064 tempest-VolumesActionsTest-1959808764 tempest-VolumesActionsTest-1959808764-project-member] RESP STATUS: 201 Created {{(pid=102990) http_log /opt/stack/data/venv/lib/python3.12/site-packages/swiftclient/client.py:161}}
Aug 17 05:31:42.464415 np0000007451 devstack@g-api.service[102990]: DEBUG swiftclient [None req-7e3db1d6-cda2-4f5e-96f0-172b47135064 tempest-VolumesActionsTest-1959808764 tempest-VolumesActionsTest-1959808764-project-member] RESP HEADERS: {'Date': 'Mon, 17 Aug 2026 05:31:42 GMT', 'Server': 'Apache/2.4.58 (Ubuntu)', 'Content-Type': 'text/html; charset=UTF-8', 'Content-Length': '0', 'Etag': 'eda9a9889837ac4bc81d6387d92c1bec', 'Last-Modified': 'Mon, 17 Aug 2026 05:31:40 GMT', 'X-Trans-Id': 'tx999004f1d3b249f0b9465-006a829cbb', 'X-Openstack-Request-Id': 'tx999004f1d3b249f0b9465-006a829cbb', 'Connection': 'close'} {{(pid=102990) http_log /opt/stack/data/venv/lib/python3.12/site-packages/swiftclient/client.py:162}}
Aug 17 05:31:42.464576 np0000007451 devstack@g-api.service[102990]: DEBUG glance_store._drivers.swift.store [None req-7e3db1d6-cda2-4f5e-96f0-172b47135064 tempest-VolumesActionsTest-1959808764 tempest-VolumesActionsTest-1959808764-project-member] Wrote chunk fdd1b518-ec65-4cbf-936d-d38cb9d259b7-00003 (3/?) of length 204800000 to Swift returning MD5 of content: eda9a9889837ac4bc81d6387d92c1bec {{(pid=102990) add /opt/stack/data/venv/lib/python3.12/site-packages/glance_store/_drivers/swift/store.py:1059}}
Aug 17 05:31:42.732340 np0000007451 devstack@g-api.service[102988]: DEBUG glance.api.middleware.version_negotiation [None req-056c5c07-4e46-44df-b10b-1c7cad615fc2 tempest-VolumesActionsTest-1959808764 tempest-VolumesActionsTest-1959808764-project-member] Determining version of request: GET /v2/images/fdd1b518-ec65-4cbf-936d-d38cb9d259b7 Accept: application/json {{(pid=102988) process_request /opt/stack/glance/glance/api/middleware/version_negotiation.py:44}}
Aug 17 05:31:42.732804 np0000007451 devstack@g-api.service[102988]: DEBUG glance.api.middleware.version_negotiation [None req-056c5c07-4e46-44df-b10b-1c7cad615fc2 tempest-VolumesActionsTest-1959808764 tempest-VolumesActionsTest-1959808764-project-member] Using url versioning {{(pid=102988) process_request /opt/stack/glance/glance/api/middleware/version_negotiation.py:57}}
Aug 17 05:31:42.732893 np0000007451 devstack@g-api.service[102988]: DEBUG glance.api.middleware.version_negotiation [None req-056c5c07-4e46-44df-b10b-1c7cad615fc2 tempest-VolumesActionsTest-1959808764 tempest-VolumesActionsTest-1959808764-project-member] Matched version: v2 {{(pid=102988) process_request /opt/stack/glance/glance/api/middleware/version_negotiation.py:69}}
Aug 17 05:31:42.733456 np0000007451 devstack@g-api.service[102988]: DEBUG glance.api.middleware.version_negotiation [None req-056c5c07-4e46-44df-b10b-1c7cad615fc2 tempest-VolumesActionsTest-1959808764 tempest-VolumesActionsTest-1959808764-project-member] new path /v2/images/fdd1b518-ec65-4cbf-936d-d38cb9d259b7 {{(pid=102988) process_request /opt/stack/glance/glance/api/middleware/version_negotiation.py:70}}
Aug 17 05:31:42.750086 np0000007451 devstack@g-api.service[102988]: [pid: 102988|app: 0|req: 96/375] 127.0.0.1 () {40 vars in 838 bytes} [Mon Aug 17 05:31:42 2026] GET /v2/images/fdd1b518-ec65-4cbf-936d-d38cb9d259b7 => generated 650 bytes in 18 msecs (HTTP/1.1 200) 4 headers in 157 bytes (1 switches on core 0)
Aug 17 05:31:43.086852 np0000007451 devstack@g-api.service[102987]: DEBUG glance.api.middleware.version_negotiation [None req-afcf0547-18d9-428d-8b32-b56f41b16ac2 tempest-VolumesActionsTest-1959808764 tempest-VolumesActionsTest-1959808764-project-member] Determining version of request: GET /v2/images/2ae6733d-5916-419c-b17c-3c05af1fcc6c Accept: */* {{(pid=102987) process_request /opt/stack/glance/glance/api/middleware/version_negotiation.py:44}}
Aug 17 05:31:43.088132 np0000007451 devstack@g-api.service[102987]: DEBUG glance.api.middleware.version_negotiation [None req-afcf0547-18d9-428d-8b32-b56f41b16ac2 tempest-VolumesActionsTest-1959808764 tempest-VolumesActionsTest-1959808764-project-member] Using url versioning {{(pid=102987) process_request /opt/stack/glance/glance/api/middleware/version_negotiation.py:57}}
Aug 17 05:31:43.088132 np0000007451 devstack@g-api.service[102987]: DEBUG glance.api.middleware.version_negotiation [None req-afcf0547-18d9-428d-8b32-b56f41b16ac2 tempest-VolumesActionsTest-1959808764 tempest-VolumesActionsTest-1959808764-project-member] Matched version: v2 {{(pid=102987) process_request /opt/stack/glance/glance/api/middleware/version_negotiation.py:69}}
Aug 17 05:31:43.088132 np0000007451 devstack@g-api.service[102987]: DEBUG glance.api.middleware.version_negotiation [None req-afcf0547-18d9-428d-8b32-b56f41b16ac2 tempest-VolumesActionsTest-1959808764 tempest-VolumesActionsTest-1959808764-project-member] new path /v2/images/2ae6733d-5916-419c-b17c-3c05af1fcc6c {{(pid=102987) process_request /opt/stack/glance/glance/api/middleware/version_negotiation.py:70}}
Aug 17 05:31:43.116987 np0000007451 devstack@g-api.service[102987]: [pid: 102987|app: 0|req: 97/376] 127.0.0.1 () {44 vars in 1115 bytes} [Mon Aug 17 05:31:43 2026] GET /v2/images/2ae6733d-5916-419c-b17c-3c05af1fcc6c => generated 1044 bytes in 31 msecs (HTTP/1.1 200) 4 headers in 158 bytes (1 switches on core 0)
Aug 17 05:31:43.175305 np0000007451 devstack@g-api.service[102989]: DEBUG glance.api.middleware.version_negotiation [None req-6c255979-d401-450b-8b7b-6446c3a899d1 tempest-VolumesActionsTest-1959808764 tempest-VolumesActionsTest-1959808764-project-member] Determining version of request: GET /v2/schemas/image Accept: */* {{(pid=102989) process_request /opt/stack/glance/glance/api/middleware/version_negotiation.py:44}}
Aug 17 05:31:43.175773 np0000007451 devstack@g-api.service[102989]: DEBUG glance.api.middleware.version_negotiation [None req-6c255979-d401-450b-8b7b-6446c3a899d1 tempest-VolumesActionsTest-1959808764 tempest-VolumesActionsTest-1959808764-project-member] Using url versioning {{(pid=102989) process_request /opt/stack/glance/glance/api/middleware/version_negotiation.py:57}}
Aug 17 05:31:43.175773 np0000007451 devstack@g-api.service[102989]: DEBUG glance.api.middleware.version_negotiation [None req-6c255979-d401-450b-8b7b-6446c3a899d1 tempest-VolumesActionsTest-1959808764 tempest-VolumesActionsTest-1959808764-project-member] Matched version: v2 {{(pid=102989) process_request /opt/stack/glance/glance/api/middleware/version_negotiation.py:69}}
Aug 17 05:31:43.176025 np0000007451 devstack@g-api.service[102989]: DEBUG glance.api.middleware.version_negotiation [None req-6c255979-d401-450b-8b7b-6446c3a899d1 tempest-VolumesActionsTest-1959808764 tempest-VolumesActionsTest-1959808764-project-member] new path /v2/schemas/image {{(pid=102989) process_request /opt/stack/glance/glance/api/middleware/version_negotiation.py:70}}
Aug 17 05:31:43.181667 np0000007451 devstack@g-api.service[102989]: [pid: 102989|app: 0|req: 96/377] 127.0.0.1 () {44 vars in 1055 bytes} [Mon Aug 17 05:31:43 2026] GET /v2/schemas/image => generated 6083 bytes in 6 msecs (HTTP/1.1 200) 4 headers in 158 bytes (1 switches on core 0)
Aug 17 05:31:43.777630 np0000007451 devstack@g-api.service[102988]: DEBUG glance.api.middleware.version_negotiation [None req-26baf850-b7c0-4cbb-9f14-4dd20c3f4c76 tempest-VolumesActionsTest-1959808764 tempest-VolumesActionsTest-1959808764-project-member] Determining version of request: GET /v2/images/fdd1b518-ec65-4cbf-936d-d38cb9d259b7 Accept: application/json {{(pid=102988) process_request /opt/stack/glance/glance/api/middleware/version_negotiation.py:44}}
Aug 17 05:31:43.777630 np0000007451 devstack@g-api.service[102988]: DEBUG glance.api.middleware.version_negotiation [None req-26baf850-b7c0-4cbb-9f14-4dd20c3f4c76 tempest-VolumesActionsTest-1959808764 tempest-VolumesActionsTest-1959808764-project-member] Using url versioning {{(pid=102988) process_request /opt/stack/glance/glance/api/middleware/version_negotiation.py:57}}
Aug 17 05:31:43.777630 np0000007451 devstack@g-api.service[102988]: DEBUG glance.api.middleware.version_negotiation [None req-26baf850-b7c0-4cbb-9f14-4dd20c3f4c76 tempest-VolumesActionsTest-1959808764 tempest-VolumesActionsTest-1959808764-project-member] Matched version: v2 {{(pid=102988) process_request /opt/stack/glance/glance/api/middleware/version_negotiation.py:69}}
Aug 17 05:31:43.778180 np0000007451 devstack@g-api.service[102988]: DEBUG glance.api.middleware.version_negotiation [None req-26baf850-b7c0-4cbb-9f14-4dd20c3f4c76 tempest-VolumesActionsTest-1959808764 tempest-VolumesActionsTest-1959808764-project-member] new path /v2/images/fdd1b518-ec65-4cbf-936d-d38cb9d259b7 {{(pid=102988) process_request /opt/stack/glance/glance/api/middleware/version_negotiation.py:70}}
Aug 17 05:31:43.796281 np0000007451 devstack@g-api.service[102988]: [pid: 102988|app: 0|req: 97/378] 127.0.0.1 () {40 vars in 838 bytes} [Mon Aug 17 05:31:43 2026] GET /v2/images/fdd1b518-ec65-4cbf-936d-d38cb9d259b7 => generated 650 bytes in 19 msecs (HTTP/1.1 200) 4 headers in 157 bytes (1 switches on core 0)
Aug 17 05:31:44.319974 np0000007451 devstack@g-api.service[102990]: DEBUG dbcounter [-] [102990] Writing DB stats glance:SELECT=16,glance:INSERT=1,glance:UPDATE=1 {{(pid=102990) stat_writer /opt/stack/data/venv/lib/python3.12/site-packages/dbcounter.py:115}}
Aug 17 05:31:44.818384 np0000007451 devstack@g-api.service[102987]: DEBUG glance.api.middleware.version_negotiation [None req-7d2e5605-e9b7-449d-a5b0-404626f7040d tempest-ServersNegativeTestJSON-118225636 tempest-ServersNegativeTestJSON-118225636-project-member] Determining version of request: GET /v2/images/fdd1b518-ec65-4cbf-936d-d38cb9d259b7 Accept: application/json {{(pid=102987) process_request /opt/stack/glance/glance/api/middleware/version_negotiation.py:44}}
Aug 17 05:31:44.818384 np0000007451 devstack@g-api.service[102987]: DEBUG glance.api.middleware.version_negotiation [None req-7d2e5605-e9b7-449d-a5b0-404626f7040d tempest-ServersNegativeTestJSON-118225636 tempest-ServersNegativeTestJSON-118225636-project-member] Using url versioning {{(pid=102987) process_request /opt/stack/glance/glance/api/middleware/version_negotiation.py:57}}
Aug 17 05:31:44.818384 np0000007451 devstack@g-api.service[102987]: DEBUG glance.api.middleware.version_negotiation [None req-7d2e5605-e9b7-449d-a5b0-404626f7040d tempest-ServersNegativeTestJSON-118225636 tempest-ServersNegativeTestJSON-118225636-project-member] Matched version: v2 {{(pid=102987) process_request /opt/stack/glance/glance/api/middleware/version_negotiation.py:69}}
Aug 17 05:31:44.818384 np0000007451 devstack@g-api.service[102987]: DEBUG glance.api.middleware.version_negotiation [None req-7d2e5605-e9b7-449d-a5b0-404626f7040d tempest-ServersNegativeTestJSON-118225636 tempest-ServersNegativeTestJSON-118225636-project-member] new path /v2/images/fdd1b518-ec65-4cbf-936d-d38cb9d259b7 {{(pid=102987) process_request /opt/stack/glance/glance/api/middleware/version_negotiation.py:70}}
Aug 17 05:31:44.831844 np0000007451 devstack@g-api.service[102987]: [pid: 102987|app: 0|req: 98/379] 127.0.0.1 () {40 vars in 838 bytes} [Mon Aug 17 05:31:44 2026] GET /v2/images/fdd1b518-ec65-4cbf-936d-d38cb9d259b7 => generated 650 bytes in 16 msecs (HTTP/1.1 200) 4 headers in 157 bytes (1 switches on core 0)
Aug 17 05:31:45.135187 np0000007451 devstack@g-api.service[102990]: DEBUG swiftclient [None req-7e3db1d6-cda2-4f5e-96f0-172b47135064 tempest-VolumesActionsTest-1959808764 tempest-VolumesActionsTest-1959808764-project-member] REQ: curl -i https://10.4.3.149:8080/v1/AUTH_f42016a984724831bc17a21650deb447/glance/fdd1b518-ec65-4cbf-936d-d38cb9d259b7-00004 -X PUT -H "X-Auth-Token: gAAAAABqgpy24Ykv..." {{(pid=102990) http_log /opt/stack/data/venv/lib/python3.12/site-packages/swiftclient/client.py:160}}
Aug 17 05:31:45.135187 np0000007451 devstack@g-api.service[102990]: DEBUG swiftclient [None req-7e3db1d6-cda2-4f5e-96f0-172b47135064 tempest-VolumesActionsTest-1959808764 tempest-VolumesActionsTest-1959808764-project-member] RESP STATUS: 201 Created {{(pid=102990) http_log /opt/stack/data/venv/lib/python3.12/site-packages/swiftclient/client.py:161}}
Aug 17 05:31:45.135187 np0000007451 devstack@g-api.service[102990]: DEBUG swiftclient [None req-7e3db1d6-cda2-4f5e-96f0-172b47135064 tempest-VolumesActionsTest-1959808764 tempest-VolumesActionsTest-1959808764-project-member] RESP HEADERS: {'Date': 'Mon, 17 Aug 2026 05:31:45 GMT', 'Server': 'Apache/2.4.58 (Ubuntu)', 'Content-Type': 'text/html; charset=UTF-8', 'Content-Length': '0', 'Etag': 'eda9a9889837ac4bc81d6387d92c1bec', 'Last-Modified': 'Mon, 17 Aug 2026 05:31:43 GMT', 'X-Trans-Id': 'txeb951ca17d21435aab4db-006a829cbe', 'X-Openstack-Request-Id': 'txeb951ca17d21435aab4db-006a829cbe', 'Connection': 'close'} {{(pid=102990) http_log /opt/stack/data/venv/lib/python3.12/site-packages/swiftclient/client.py:162}}
Aug 17 05:31:45.135187 np0000007451 devstack@g-api.service[102990]: DEBUG glance_store._drivers.swift.store [None req-7e3db1d6-cda2-4f5e-96f0-172b47135064 tempest-VolumesActionsTest-1959808764 tempest-VolumesActionsTest-1959808764-project-member] Wrote chunk fdd1b518-ec65-4cbf-936d-d38cb9d259b7-00004 (4/?) of length 204800000 to Swift returning MD5 of content: eda9a9889837ac4bc81d6387d92c1bec {{(pid=102990) add /opt/stack/data/venv/lib/python3.12/site-packages/glance_store/_drivers/swift/store.py:1059}}
Aug 17 05:31:45.842685 np0000007451 devstack@g-api.service[102989]: DEBUG glance.api.middleware.version_negotiation [None req-7d2e5605-e9b7-449d-a5b0-404626f7040d tempest-ServersNegativeTestJSON-118225636 tempest-ServersNegativeTestJSON-118225636-project-member] Determining version of request: GET /v2/images/fdd1b518-ec65-4cbf-936d-d38cb9d259b7 Accept: application/json {{(pid=102989) process_request /opt/stack/glance/glance/api/middleware/version_negotiation.py:44}}
Aug 17 05:31:45.843027 np0000007451 devstack@g-api.service[102989]: DEBUG glance.api.middleware.version_negotiation [None req-7d2e5605-e9b7-449d-a5b0-404626f7040d tempest-ServersNegativeTestJSON-118225636 tempest-ServersNegativeTestJSON-118225636-project-member] Using url versioning {{(pid=102989) process_request /opt/stack/glance/glance/api/middleware/version_negotiation.py:57}}
Aug 17 05:31:45.843086 np0000007451 devstack@g-api.service[102989]: DEBUG glance.api.middleware.version_negotiation [None req-7d2e5605-e9b7-449d-a5b0-404626f7040d tempest-ServersNegativeTestJSON-118225636 tempest-ServersNegativeTestJSON-118225636-project-member] Matched version: v2 {{(pid=102989) process_request /opt/stack/glance/glance/api/middleware/version_negotiation.py:69}}
Aug 17 05:31:45.844427 np0000007451 devstack@g-api.service[102989]: DEBUG glance.api.middleware.version_negotiation [None req-7d2e5605-e9b7-449d-a5b0-404626f7040d tempest-ServersNegativeTestJSON-118225636 tempest-ServersNegativeTestJSON-118225636-project-member] new path /v2/images/fdd1b518-ec65-4cbf-936d-d38cb9d259b7 {{(pid=102989) process_request /opt/stack/glance/glance/api/middleware/version_negotiation.py:70}}
Aug 17 05:31:45.862022 np0000007451 devstack@g-api.service[102989]: [pid: 102989|app: 0|req: 97/380] 127.0.0.1 () {40 vars in 838 bytes} [Mon Aug 17 05:31:45 2026] GET /v2/images/fdd1b518-ec65-4cbf-936d-d38cb9d259b7 => generated 650 bytes in 19 msecs (HTTP/1.1 200) 4 headers in 157 bytes (1 switches on core 0)
Aug 17 05:31:46.740050 np0000007451 devstack@g-api.service[102988]: DEBUG glance.api.middleware.version_negotiation [None req-98adda28-97bb-48a4-8e57-c32133d79cce tempest-VolumesActionsTest-1959808764 tempest-VolumesActionsTest-1959808764-project-member] Determining version of request: GET /v2/images/2ae6733d-5916-419c-b17c-3c05af1fcc6c Accept: */* {{(pid=102988) process_request /opt/stack/glance/glance/api/middleware/version_negotiation.py:44}}
Aug 17 05:31:46.740719 np0000007451 devstack@g-api.service[102988]: DEBUG glance.api.middleware.version_negotiation [None req-98adda28-97bb-48a4-8e57-c32133d79cce tempest-VolumesActionsTest-1959808764 tempest-VolumesActionsTest-1959808764-project-member] Using url versioning {{(pid=102988) process_request /opt/stack/glance/glance/api/middleware/version_negotiation.py:57}}
Aug 17 05:31:46.740719 np0000007451 devstack@g-api.service[102988]: DEBUG glance.api.middleware.version_negotiation [None req-98adda28-97bb-48a4-8e57-c32133d79cce tempest-VolumesActionsTest-1959808764 tempest-VolumesActionsTest-1959808764-project-member] Matched version: v2 {{(pid=102988) process_request /opt/stack/glance/glance/api/middleware/version_negotiation.py:69}}
Aug 17 05:31:46.740719 np0000007451 devstack@g-api.service[102988]: DEBUG glance.api.middleware.version_negotiation [None req-98adda28-97bb-48a4-8e57-c32133d79cce tempest-VolumesActionsTest-1959808764 tempest-VolumesActionsTest-1959808764-project-member] new path /v2/images/2ae6733d-5916-419c-b17c-3c05af1fcc6c {{(pid=102988) process_request /opt/stack/glance/glance/api/middleware/version_negotiation.py:70}}
Aug 17 05:31:46.768550 np0000007451 devstack@g-api.service[102988]: [pid: 102988|app: 0|req: 98/381] 127.0.0.1 () {44 vars in 1115 bytes} [Mon Aug 17 05:31:46 2026] GET /v2/images/2ae6733d-5916-419c-b17c-3c05af1fcc6c => generated 1044 bytes in 26 msecs (HTTP/1.1 200) 4 headers in 158 bytes (1 switches on core 0)
Aug 17 05:31:46.832955 np0000007451 devstack@g-api.service[102987]: DEBUG glance.api.middleware.version_negotiation [None req-6dcfacde-b697-49b2-a66e-673d7c4cfc54 tempest-VolumesActionsTest-1959808764 tempest-VolumesActionsTest-1959808764-project-member] Determining version of request: GET /v2/schemas/image Accept: */* {{(pid=102987) process_request /opt/stack/glance/glance/api/middleware/version_negotiation.py:44}}
Aug 17 05:31:46.833752 np0000007451 devstack@g-api.service[102987]: DEBUG glance.api.middleware.version_negotiation [None req-6dcfacde-b697-49b2-a66e-673d7c4cfc54 tempest-VolumesActionsTest-1959808764 tempest-VolumesActionsTest-1959808764-project-member] Using url versioning {{(pid=102987) process_request /opt/stack/glance/glance/api/middleware/version_negotiation.py:57}}
Aug 17 05:31:46.833752 np0000007451 devstack@g-api.service[102987]: DEBUG glance.api.middleware.version_negotiation [None req-6dcfacde-b697-49b2-a66e-673d7c4cfc54 tempest-VolumesActionsTest-1959808764 tempest-VolumesActionsTest-1959808764-project-member] Matched version: v2 {{(pid=102987) process_request /opt/stack/glance/glance/api/middleware/version_negotiation.py:69}}
Aug 17 05:31:46.833752 np0000007451 devstack@g-api.service[102987]: DEBUG glance.api.middleware.version_negotiation [None req-6dcfacde-b697-49b2-a66e-673d7c4cfc54 tempest-VolumesActionsTest-1959808764 tempest-VolumesActionsTest-1959808764-project-member] new path /v2/schemas/image {{(pid=102987) process_request /opt/stack/glance/glance/api/middleware/version_negotiation.py:70}}
Aug 17 05:31:46.841493 np0000007451 devstack@g-api.service[102987]: [pid: 102987|app: 0|req: 99/382] 127.0.0.1 () {44 vars in 1055 bytes} [Mon Aug 17 05:31:46 2026] GET /v2/schemas/image => generated 6083 bytes in 9 msecs (HTTP/1.1 200) 4 headers in 158 bytes (1 switches on core 0)
Aug 17 05:31:46.880317 np0000007451 devstack@g-api.service[102989]: DEBUG glance.api.middleware.version_negotiation [None req-427c7f2f-51da-47f1-82cb-352fb2971498 tempest-VolumesActionsTest-1959808764 tempest-VolumesActionsTest-1959808764-project-member] Determining version of request: GET /v2/images/fdd1b518-ec65-4cbf-936d-d38cb9d259b7 Accept: application/json {{(pid=102989) process_request /opt/stack/glance/glance/api/middleware/version_negotiation.py:44}}
Aug 17 05:31:46.880760 np0000007451 devstack@g-api.service[102989]: DEBUG glance.api.middleware.version_negotiation [None req-427c7f2f-51da-47f1-82cb-352fb2971498 tempest-VolumesActionsTest-1959808764 tempest-VolumesActionsTest-1959808764-project-member] Using url versioning {{(pid=102989) process_request /opt/stack/glance/glance/api/middleware/version_negotiation.py:57}}
Aug 17 05:31:46.880760 np0000007451 devstack@g-api.service[102989]: DEBUG glance.api.middleware.version_negotiation [None req-427c7f2f-51da-47f1-82cb-352fb2971498 tempest-VolumesActionsTest-1959808764 tempest-VolumesActionsTest-1959808764-project-member] Matched version: v2 {{(pid=102989) process_request /opt/stack/glance/glance/api/middleware/version_negotiation.py:69}}
Aug 17 05:31:46.880840 np0000007451 devstack@g-api.service[102989]: DEBUG glance.api.middleware.version_negotiation [None req-427c7f2f-51da-47f1-82cb-352fb2971498 tempest-VolumesActionsTest-1959808764 tempest-VolumesActionsTest-1959808764-project-member] new path /v2/images/fdd1b518-ec65-4cbf-936d-d38cb9d259b7 {{(pid=102989) process_request /opt/stack/glance/glance/api/middleware/version_negotiation.py:70}}
Aug 17 05:31:46.898980 np0000007451 devstack@g-api.service[102989]: [pid: 102989|app: 0|req: 98/383] 127.0.0.1 () {40 vars in 838 bytes} [Mon Aug 17 05:31:46 2026] GET /v2/images/fdd1b518-ec65-4cbf-936d-d38cb9d259b7 => generated 650 bytes in 18 msecs (HTTP/1.1 200) 4 headers in 157 bytes (1 switches on core 0)
Aug 17 05:31:47.450113 np0000007451 devstack@g-api.service[102990]: DEBUG swiftclient [None req-7e3db1d6-cda2-4f5e-96f0-172b47135064 tempest-VolumesActionsTest-1959808764 tempest-VolumesActionsTest-1959808764-project-member] REQ: curl -i https://10.4.3.149:8080/v1/AUTH_f42016a984724831bc17a21650deb447/glance/fdd1b518-ec65-4cbf-936d-d38cb9d259b7-00005 -X PUT -H "X-Auth-Token: gAAAAABqgpy24Ykv..." {{(pid=102990) http_log /opt/stack/data/venv/lib/python3.12/site-packages/swiftclient/client.py:160}}
Aug 17 05:31:47.450438 np0000007451 devstack@g-api.service[102990]: DEBUG swiftclient [None req-7e3db1d6-cda2-4f5e-96f0-172b47135064 tempest-VolumesActionsTest-1959808764 tempest-VolumesActionsTest-1959808764-project-member] RESP STATUS: 201 Created {{(pid=102990) http_log /opt/stack/data/venv/lib/python3.12/site-packages/swiftclient/client.py:161}}
Aug 17 05:31:47.450625 np0000007451 devstack@g-api.service[102990]: DEBUG swiftclient [None req-7e3db1d6-cda2-4f5e-96f0-172b47135064 tempest-VolumesActionsTest-1959808764 tempest-VolumesActionsTest-1959808764-project-member] RESP HEADERS: {'Date': 'Mon, 17 Aug 2026 05:31:47 GMT', 'Server': 'Apache/2.4.58 (Ubuntu)', 'Content-Type': 'text/html; charset=UTF-8', 'Content-Length': '0', 'Etag': 'eda9a9889837ac4bc81d6387d92c1bec', 'Last-Modified': 'Mon, 17 Aug 2026 05:31:46 GMT', 'X-Trans-Id': 'tx840cb1ea810b406c8941a-006a829cc1', 'X-Openstack-Request-Id': 'tx840cb1ea810b406c8941a-006a829cc1', 'Connection': 'close'} {{(pid=102990) http_log /opt/stack/data/venv/lib/python3.12/site-packages/swiftclient/client.py:162}}
Aug 17 05:31:47.451078 np0000007451 devstack@g-api.service[102990]: DEBUG glance_store._drivers.swift.store [None req-7e3db1d6-cda2-4f5e-96f0-172b47135064 tempest-VolumesActionsTest-1959808764 tempest-VolumesActionsTest-1959808764-project-member] Wrote chunk fdd1b518-ec65-4cbf-936d-d38cb9d259b7-00005 (5/?) of length 204800000 to Swift returning MD5 of content: eda9a9889837ac4bc81d6387d92c1bec {{(pid=102990) add /opt/stack/data/venv/lib/python3.12/site-packages/glance_store/_drivers/swift/store.py:1059}}
Aug 17 05:31:47.910919 np0000007451 devstack@g-api.service[102988]: DEBUG glance.api.middleware.version_negotiation [None req-08a7be0f-fbde-4f0e-8c14-20b7d59fae33 tempest-TestServerVolumeAttachScenarioOldVersion-952661024 tempest-TestServerVolumeAttachScenarioOldVersion-952661024-project-member] Determining version of request: GET /v2/images/fdd1b518-ec65-4cbf-936d-d38cb9d259b7 Accept: application/json {{(pid=102988) process_request /opt/stack/glance/glance/api/middleware/version_negotiation.py:44}}
Aug 17 05:31:47.912165 np0000007451 devstack@g-api.service[102988]: DEBUG glance.api.middleware.version_negotiation [None req-08a7be0f-fbde-4f0e-8c14-20b7d59fae33 tempest-TestServerVolumeAttachScenarioOldVersion-952661024 tempest-TestServerVolumeAttachScenarioOldVersion-952661024-project-member] Using url versioning {{(pid=102988) process_request /opt/stack/glance/glance/api/middleware/version_negotiation.py:57}}
Aug 17 05:31:47.912165 np0000007451 devstack@g-api.service[102988]: DEBUG glance.api.middleware.version_negotiation [None req-08a7be0f-fbde-4f0e-8c14-20b7d59fae33 tempest-TestServerVolumeAttachScenarioOldVersion-952661024 tempest-TestServerVolumeAttachScenarioOldVersion-952661024-project-member] Matched version: v2 {{(pid=102988) process_request /opt/stack/glance/glance/api/middleware/version_negotiation.py:69}}
Aug 17 05:31:47.912165 np0000007451 devstack@g-api.service[102988]: DEBUG glance.api.middleware.version_negotiation [None req-08a7be0f-fbde-4f0e-8c14-20b7d59fae33 tempest-TestServerVolumeAttachScenarioOldVersion-952661024 tempest-TestServerVolumeAttachScenarioOldVersion-952661024-project-member] new path /v2/images/fdd1b518-ec65-4cbf-936d-d38cb9d259b7 {{(pid=102988) process_request /opt/stack/glance/glance/api/middleware/version_negotiation.py:70}}
Aug 17 05:31:47.937657 np0000007451 devstack@g-api.service[102988]: [pid: 102988|app: 0|req: 99/384] 127.0.0.1 () {40 vars in 838 bytes} [Mon Aug 17 05:31:47 2026] GET /v2/images/fdd1b518-ec65-4cbf-936d-d38cb9d259b7 => generated 650 bytes in 27 msecs (HTTP/1.1 200) 4 headers in 157 bytes (1 switches on core 0)
Aug 17 05:31:48.044589 np0000007451 devstack@g-api.service[102990]: DEBUG swiftclient [None req-7e3db1d6-cda2-4f5e-96f0-172b47135064 tempest-VolumesActionsTest-1959808764 tempest-VolumesActionsTest-1959808764-project-member] REQ: curl -i https://10.4.3.149:8080/v1/AUTH_f42016a984724831bc17a21650deb447/glance/fdd1b518-ec65-4cbf-936d-d38cb9d259b7-00006 -X PUT -H "X-Auth-Token: gAAAAABqgpy24Ykv..." {{(pid=102990) http_log /opt/stack/data/venv/lib/python3.12/site-packages/swiftclient/client.py:160}}
Aug 17 05:31:48.044747 np0000007451 devstack@g-api.service[102990]: DEBUG swiftclient [None req-7e3db1d6-cda2-4f5e-96f0-172b47135064 tempest-VolumesActionsTest-1959808764 tempest-VolumesActionsTest-1959808764-project-member] RESP STATUS: 201 Created {{(pid=102990) http_log /opt/stack/data/venv/lib/python3.12/site-packages/swiftclient/client.py:161}}
Aug 17 05:31:48.045012 np0000007451 devstack@g-api.service[102990]: DEBUG swiftclient [None req-7e3db1d6-cda2-4f5e-96f0-172b47135064 tempest-VolumesActionsTest-1959808764 tempest-VolumesActionsTest-1959808764-project-member] RESP HEADERS: {'Date': 'Mon, 17 Aug 2026 05:31:48 GMT', 'Server': 'Apache/2.4.58 (Ubuntu)', 'Content-Type': 'text/html; charset=UTF-8', 'Content-Length': '0', 'Etag': '708761f3b8777ec77058e63da08eeeb6', 'Last-Modified': 'Mon, 17 Aug 2026 05:31:48 GMT', 'X-Trans-Id': 'tx2e639e01a6434507b9295-006a829cc3', 'X-Openstack-Request-Id': 'tx2e639e01a6434507b9295-006a829cc3', 'Connection': 'close'} {{(pid=102990) http_log /opt/stack/data/venv/lib/python3.12/site-packages/swiftclient/client.py:162}}
Aug 17 05:31:48.047279 np0000007451 devstack@g-api.service[102990]: DEBUG glance_store._drivers.swift.store [None req-7e3db1d6-cda2-4f5e-96f0-172b47135064 tempest-VolumesActionsTest-1959808764 tempest-VolumesActionsTest-1959808764-project-member] Wrote chunk fdd1b518-ec65-4cbf-936d-d38cb9d259b7-00006 (6/?) of length 49741824 to Swift returning MD5 of content: 708761f3b8777ec77058e63da08eeeb6 {{(pid=102990) add /opt/stack/data/venv/lib/python3.12/site-packages/glance_store/_drivers/swift/store.py:1059}}
Aug 17 05:31:48.047279 np0000007451 devstack@g-api.service[102990]: DEBUG glance_store._drivers.swift.store [None req-7e3db1d6-cda2-4f5e-96f0-172b47135064 tempest-VolumesActionsTest-1959808764 tempest-VolumesActionsTest-1959808764-project-member] Not writing zero-length chunk. {{(pid=102990) add /opt/stack/data/venv/lib/python3.12/site-packages/glance_store/_drivers/swift/store.py:1028}}
Aug 17 05:31:48.077080 np0000007451 devstack@g-api.service[102990]: DEBUG swiftclient [None req-7e3db1d6-cda2-4f5e-96f0-172b47135064 tempest-VolumesActionsTest-1959808764 tempest-VolumesActionsTest-1959808764-project-member] REQ: curl -i https://10.4.3.149:8080/v1/AUTH_f42016a984724831bc17a21650deb447/glance/fdd1b518-ec65-4cbf-936d-d38cb9d259b7 -X PUT -H "X-Object-Manifest: glance/fdd1b518-ec65-4cbf-936d-d38cb9d259b7-" -H "X-Auth-Token: gAAAAABqgpy24Ykv..." -H "Content-Length: 0" {{(pid=102990) http_log /opt/stack/data/venv/lib/python3.12/site-packages/swiftclient/client.py:160}}
Aug 17 05:31:48.077275 np0000007451 devstack@g-api.service[102990]: DEBUG swiftclient [None req-7e3db1d6-cda2-4f5e-96f0-172b47135064 tempest-VolumesActionsTest-1959808764 tempest-VolumesActionsTest-1959808764-project-member] RESP STATUS: 201 Created {{(pid=102990) http_log /opt/stack/data/venv/lib/python3.12/site-packages/swiftclient/client.py:161}}
Aug 17 05:31:48.077559 np0000007451 devstack@g-api.service[102990]: DEBUG swiftclient [None req-7e3db1d6-cda2-4f5e-96f0-172b47135064 tempest-VolumesActionsTest-1959808764 tempest-VolumesActionsTest-1959808764-project-member] RESP HEADERS: {'Date': 'Mon, 17 Aug 2026 05:31:48 GMT', 'Server': 'Apache/2.4.58 (Ubuntu)', 'Content-Type': 'text/html; charset=UTF-8', 'Content-Length': '0', 'Etag': 'd41d8cd98f00b204e9800998ecf8427e', 'Last-Modified': 'Mon, 17 Aug 2026 05:31:49 GMT', 'X-Trans-Id': 'tx6f9d2991b691438481f5d-006a829cc4', 'X-Openstack-Request-Id': 'tx6f9d2991b691438481f5d-006a829cc4', 'Connection': 'close'} {{(pid=102990) http_log /opt/stack/data/venv/lib/python3.12/site-packages/swiftclient/client.py:162}}
Aug 17 05:31:48.078126 np0000007451 devstack@g-api.service[102990]: INFO glance.location [None req-7e3db1d6-cda2-4f5e-96f0-172b47135064 tempest-VolumesActionsTest-1959808764 tempest-VolumesActionsTest-1959808764-project-member] Image format matched and virtual size computed: 1073741824
Aug 17 05:31:48.125285 np0000007451 devstack@g-api.service[102990]: DEBUG glance_store.backend [None req-7e3db1d6-cda2-4f5e-96f0-172b47135064 tempest-VolumesActionsTest-1959808764 tempest-VolumesActionsTest-1959808764-project-member] Attempting to import store swift {{(pid=102990) _load_store /opt/stack/data/venv/lib/python3.12/site-packages/glance_store/backend.py:215}}
Aug 17 05:31:48.125989 np0000007451 devstack@g-api.service[102990]: DEBUG glance_store.capabilities [None req-7e3db1d6-cda2-4f5e-96f0-172b47135064 tempest-VolumesActionsTest-1959808764 tempest-VolumesActionsTest-1959808764-project-member] Store glance_store._drivers.swift.store.SingleTenantStore doesn't support updating dynamic storage capabilities. Please overwrite 'update_capabilities' method of the store to implement updating logics if needed. {{(pid=102990) update_capabilities /opt/stack/data/venv/lib/python3.12/site-packages/glance_store/capabilities.py:91}}
Aug 17 05:31:48.126336 np0000007451 devstack@g-api.service[102990]: DEBUG glance_store.driver [None req-7e3db1d6-cda2-4f5e-96f0-172b47135064 tempest-VolumesActionsTest-1959808764 tempest-VolumesActionsTest-1959808764-project-member] Late loading location class glance_store._drivers.swift.store.StoreLocation {{(pid=102990) get_store_location_class /opt/stack/data/venv/lib/python3.12/site-packages/glance_store/driver.py:134}}
Aug 17 05:31:48.126648 np0000007451 devstack@g-api.service[102990]: DEBUG glance_store.location [None req-7e3db1d6-cda2-4f5e-96f0-172b47135064 tempest-VolumesActionsTest-1959808764 tempest-VolumesActionsTest-1959808764-project-member] Registering scheme swift+https with {'store': , 'location_class': , 'store_entry': 'swift'} {{(pid=102990) register_scheme_map /opt/stack/data/venv/lib/python3.12/site-packages/glance_store/location.py:146}}
Aug 17 05:31:48.126923 np0000007451 devstack@g-api.service[102990]: DEBUG glance_store.location [None req-7e3db1d6-cda2-4f5e-96f0-172b47135064 tempest-VolumesActionsTest-1959808764 tempest-VolumesActionsTest-1959808764-project-member] Registering scheme swift+https with {'store': , 'location_class': , 'store_entry': 'swift'} {{(pid=102990) register_scheme_map /opt/stack/data/venv/lib/python3.12/site-packages/glance_store/location.py:146}}
