Aug 17 05:23:29.525311 np0000007451 devstack@neutron-api.service[90753]: DEBUG neutron_lib.callbacks.manager [None req-c3195836-f985-4293-8eb6-59b32641345d None None] Subscribe: > security_group_rule precommit_create 55550000, False {{(pid=90753) subscribe /opt/stack/data/venv/lib/python3.12/site-packages/neutron_lib/callbacks/manager.py:52}}
Aug 17 05:23:29.525425 np0000007451 devstack@neutron-api.service[90751]: DEBUG neutron.api.extensions [None req-3d35bf4a-73d9-4e17-a00d-786b0535e3a1 None None] Ext name="L3 Agent Scheduler" alias="l3_agent_scheduler" description="Schedule routers among l3 agents" updated="2013-02-07T10:00:00-00:00" {{(pid=90751) _check_extension /opt/stack/neutron/neutron/api/extensions.py:415}}
Aug 17 05:23:29.525556 np0000007451 devstack@neutron-api.service[90754]: INFO neutron.api.extensions [None req-d982af06-7960-42ed-9407-12b7aec1f4f1 None None] Loaded extension: allowed-address-pairs
Aug 17 05:23:29.525665 np0000007451 devstack@neutron-api.service[90753]: DEBUG neutron_lib.callbacks.manager [None req-c3195836-f985-4293-8eb6-59b32641345d None None] Subscribe: > security_group_rule after_create 55550000, False {{(pid=90753) subscribe /opt/stack/data/venv/lib/python3.12/site-packages/neutron_lib/callbacks/manager.py:52}}
Aug 17 05:23:29.525761 np0000007451 devstack@neutron-api.service[90751]: INFO neutron.api.extensions [None req-3d35bf4a-73d9-4e17-a00d-786b0535e3a1 None None] Loaded extension: l3_agent_scheduler
Aug 17 05:23:29.526011 np0000007451 devstack@neutron-api.service[90754]: DEBUG neutron.api.extensions [None req-d982af06-7960-42ed-9407-12b7aec1f4f1 None None] Loading extension file: auto_allocated_topology.py {{(pid=90754) _load_all_extensions_from_path /opt/stack/neutron/neutron/api/extensions.py:449}}
Aug 17 05:23:29.526103 np0000007451 devstack@neutron-api.service[90751]: DEBUG neutron.api.extensions [None req-3d35bf4a-73d9-4e17-a00d-786b0535e3a1 None None] Loading extension file: local_ip.py {{(pid=90751) _load_all_extensions_from_path /opt/stack/neutron/neutron/api/extensions.py:449}}
Aug 17 05:23:29.526195 np0000007451 devstack@neutron-api.service[90753]: DEBUG neutron_lib.callbacks.manager [None req-c3195836-f985-4293-8eb6-59b32641345d None None] Subscribe: > security_group_rule before_delete 55550000, False {{(pid=90753) subscribe /opt/stack/data/venv/lib/python3.12/site-packages/neutron_lib/callbacks/manager.py:52}}
Aug 17 05:23:29.526195 np0000007451 devstack@neutron-api.service[90753]: DEBUG neutron_lib.callbacks.manager [None req-c3195836-f985-4293-8eb6-59b32641345d None None] Subscribe: > address_group after_create 55550000, False {{(pid=90753) subscribe /opt/stack/data/venv/lib/python3.12/site-packages/neutron_lib/callbacks/manager.py:52}}
Aug 17 05:23:29.526370 np0000007451 devstack@neutron-api.service[90754]: DEBUG neutron.api.extensions [None req-d982af06-7960-42ed-9407-12b7aec1f4f1 None None] Ext name="Auto Allocated Topology Services" alias="auto-allocated-topology" description="Auto Allocated Topology Services." updated="2016-01-01T00:00:00-00:00" {{(pid=90754) _check_extension /opt/stack/neutron/neutron/api/extensions.py:415}}
Aug 17 05:23:29.526855 np0000007451 devstack@neutron-api.service[90753]: DEBUG neutron_lib.callbacks.manager [None req-c3195836-f985-4293-8eb6-59b32641345d None None] Subscribe: > address_group after_update 55550000, False {{(pid=90753) subscribe /opt/stack/data/venv/lib/python3.12/site-packages/neutron_lib/callbacks/manager.py:52}}
Aug 17 05:23:29.526967 np0000007451 devstack@neutron-api.service[90754]: INFO neutron.api.extensions [None req-d982af06-7960-42ed-9407-12b7aec1f4f1 None None] Loaded extension: auto-allocated-topology
Aug 17 05:23:29.527124 np0000007451 devstack@neutron-api.service[90751]: DEBUG neutron.api.extensions [None req-3d35bf4a-73d9-4e17-a00d-786b0535e3a1 None None] Ext name="Local IP" alias="local_ip" description="Support Node Local Virtual IP" updated="2021-07-26T10:00:00-00:00" {{(pid=90751) _check_extension /opt/stack/neutron/neutron/api/extensions.py:415}}
Aug 17 05:23:29.527786 np0000007451 devstack@neutron-api.service[90753]: DEBUG neutron_lib.callbacks.manager [None req-c3195836-f985-4293-8eb6-59b32641345d None None] Subscribe: > address_group after_delete 55550000, False {{(pid=90753) subscribe /opt/stack/data/venv/lib/python3.12/site-packages/neutron_lib/callbacks/manager.py:52}}
Aug 17 05:23:29.527981 np0000007451 devstack@neutron-api.service[90754]: DEBUG neutron.api.extensions [None req-d982af06-7960-42ed-9407-12b7aec1f4f1 None None] Loading extension file: availability_zone.py {{(pid=90754) _load_all_extensions_from_path /opt/stack/neutron/neutron/api/extensions.py:449}}
Aug 17 05:23:29.528163 np0000007451 devstack@neutron-api.service[90751]: INFO neutron.api.extensions [None req-3d35bf4a-73d9-4e17-a00d-786b0535e3a1 None None] Extension local_ip not supported by any of loaded plugins
Aug 17 05:23:29.528163 np0000007451 devstack@neutron-api.service[90751]: DEBUG neutron.api.extensions [None req-3d35bf4a-73d9-4e17-a00d-786b0535e3a1 None None] Loading extension file: logging.py {{(pid=90751) _load_all_extensions_from_path /opt/stack/neutron/neutron/api/extensions.py:449}}
Aug 17 05:23:29.528360 np0000007451 devstack@neutron-api.service[90753]: DEBUG neutron_lib.callbacks.manager [None req-c3195836-f985-4293-8eb6-59b32641345d None None] Subscribe: > qos_plugin after_init 55550000, False {{(pid=90753) subscribe /opt/stack/data/venv/lib/python3.12/site-packages/neutron_lib/callbacks/manager.py:52}}
Aug 17 05:23:29.528497 np0000007451 devstack@neutron-api.service[90754]: DEBUG neutron.api.extensions [None req-d982af06-7960-42ed-9407-12b7aec1f4f1 None None] Ext name="Availability Zone" alias="availability_zone" description="The availability zone extension." updated="2015-01-01T10:00:00-00:00" {{(pid=90754) _check_extension /opt/stack/neutron/neutron/api/extensions.py:415}}
Aug 17 05:23:29.528497 np0000007451 devstack@neutron-api.service[90754]: INFO neutron.api.extensions [None req-d982af06-7960-42ed-9407-12b7aec1f4f1 None None] Loaded extension: availability_zone
Aug 17 05:23:29.528728 np0000007451 devstack@neutron-api.service[90753]: DEBUG neutron_lib.callbacks.manager [None req-c3195836-f985-4293-8eb6-59b32641345d None None] Subscribe: > trunk_plugin after_init 55550000, False {{(pid=90753) subscribe /opt/stack/data/venv/lib/python3.12/site-packages/neutron_lib/callbacks/manager.py:52}}
Aug 17 05:23:29.528869 np0000007451 devstack@neutron-api.service[90751]: DEBUG neutron.api.extensions [None req-3d35bf4a-73d9-4e17-a00d-786b0535e3a1 None None] Ext name="Logging API Extension" alias="logging" description="Provides a logging API for resources such as security group and firewall." updated="2017-01-01T10:00:00-00:00" {{(pid=90751) _check_extension /opt/stack/neutron/neutron/api/extensions.py:415}}
Aug 17 05:23:29.529022 np0000007451 devstack@neutron-api.service[90754]: DEBUG neutron.api.extensions [None req-d982af06-7960-42ed-9407-12b7aec1f4f1 None None] Loading extension file: availability_zone_filter.py {{(pid=90754) _load_all_extensions_from_path /opt/stack/neutron/neutron/api/extensions.py:449}}
Aug 17 05:23:29.529185 np0000007451 devstack@neutron-api.service[90751]: INFO neutron.api.extensions [None req-3d35bf4a-73d9-4e17-a00d-786b0535e3a1 None None] Extension logging not supported by any of loaded plugins
Aug 17 05:23:29.529357 np0000007451 devstack@neutron-api.service[90753]: DEBUG neutron_lib.callbacks.manager [None req-c3195836-f985-4293-8eb6-59b32641345d None None] Subscribe: > logging-plugin after_init 55550000, False {{(pid=90753) subscribe /opt/stack/data/venv/lib/python3.12/site-packages/neutron_lib/callbacks/manager.py:52}}
Aug 17 05:23:29.529502 np0000007451 devstack@neutron-api.service[90751]: DEBUG neutron.api.extensions [None req-3d35bf4a-73d9-4e17-a00d-786b0535e3a1 None None] Loading extension file: metering.py {{(pid=90751) _load_all_extensions_from_path /opt/stack/neutron/neutron/api/extensions.py:449}}
Aug 17 05:23:29.529656 np0000007451 devstack@neutron-api.service[90754]: DEBUG neutron.api.extensions [None req-d982af06-7960-42ed-9407-12b7aec1f4f1 None None] Ext name="Availability Zone Filter Extension" alias="availability_zone_filter" description="Add filter parameters to AvailabilityZone resource" updated="2018-06-22T10:00:00-00:00" {{(pid=90754) _check_extension /opt/stack/neutron/neutron/api/extensions.py:415}}
Aug 17 05:23:29.529656 np0000007451 devstack@neutron-api.service[90754]: INFO neutron.api.extensions [None req-d982af06-7960-42ed-9407-12b7aec1f4f1 None None] Extension availability_zone_filter not supported by any of loaded plugins
Aug 17 05:23:29.529656 np0000007451 devstack@neutron-api.service[90754]: DEBUG neutron.api.extensions [None req-d982af06-7960-42ed-9407-12b7aec1f4f1 None None] Loading extension file: data_plane_status.py {{(pid=90754) _load_all_extensions_from_path /opt/stack/neutron/neutron/api/extensions.py:449}}
Aug 17 05:23:29.529905 np0000007451 devstack@neutron-api.service[90751]: DEBUG neutron.api.extensions [None req-3d35bf4a-73d9-4e17-a00d-786b0535e3a1 None None] Ext name="Neutron Metering" alias="metering" description="Neutron Metering extension." updated="2013-06-12T10:00:00-00:00" {{(pid=90751) _check_extension /opt/stack/neutron/neutron/api/extensions.py:415}}
Aug 17 05:23:29.530046 np0000007451 devstack@neutron-api.service[90753]: INFO neutron.services.logapi.drivers.ovn.driver [None req-c3195836-f985-4293-8eb6-59b32641345d None None] OVN logging driver registered
Aug 17 05:23:29.530192 np0000007451 devstack@neutron-api.service[90751]: INFO neutron.api.extensions [None req-3d35bf4a-73d9-4e17-a00d-786b0535e3a1 None None] Extension metering not supported by any of loaded plugins
Aug 17 05:23:29.530352 np0000007451 devstack@neutron-api.service[90753]: DEBUG neutron_lib.callbacks.manager [None req-c3195836-f985-4293-8eb6-59b32641345d None None] Subscribe: ._register_pvlan_driver at 0x7f6a9fefb600> pvlan_plugin before_spawn 55550000, False {{(pid=90753) subscribe /opt/stack/data/venv/lib/python3.12/site-packages/neutron_lib/callbacks/manager.py:52}}
Aug 17 05:23:29.530641 np0000007451 devstack@neutron-api.service[90754]: DEBUG neutron.api.extensions [None req-d982af06-7960-42ed-9407-12b7aec1f4f1 None None] Ext name="Port data plane status extension" alias="data-plane-status" description="Expose status of underlying data plane" updated="2017-01-24T10:00:00-00:00" {{(pid=90754) _check_extension /opt/stack/neutron/neutron/api/extensions.py:415}}
Aug 17 05:23:29.530838 np0000007451 devstack@neutron-api.service[90751]: DEBUG neutron.api.extensions [None req-3d35bf4a-73d9-4e17-a00d-786b0535e3a1 None None] Loading extension file: metering_source_and_destination_fields.py {{(pid=90751) _load_all_extensions_from_path /opt/stack/neutron/neutron/api/extensions.py:449}}
Aug 17 05:23:29.530996 np0000007451 devstack@neutron-api.service[90753]: DEBUG neutron_lib.callbacks.manager [None req-c3195836-f985-4293-8eb6-59b32641345d None None] Subscribe: process after_init 55550000, False {{(pid=90753) subscribe /opt/stack/data/venv/lib/python3.12/site-packages/neutron_lib/callbacks/manager.py:52}}
Aug 17 05:23:29.531156 np0000007451 devstack@neutron-api.service[90754]: INFO neutron.api.extensions [None req-d982af06-7960-42ed-9407-12b7aec1f4f1 None None] Extension data-plane-status not supported by any of loaded plugins
Aug 17 05:23:29.531156 np0000007451 devstack@neutron-api.service[90754]: DEBUG neutron.api.extensions [None req-d982af06-7960-42ed-9407-12b7aec1f4f1 None None] Loading extension file: default_subnetpools.py {{(pid=90754) _load_all_extensions_from_path /opt/stack/neutron/neutron/api/extensions.py:449}}
Aug 17 05:23:29.531414 np0000007451 devstack@neutron-api.service[90751]: DEBUG neutron.api.extensions [None req-3d35bf4a-73d9-4e17-a00d-786b0535e3a1 None None] Ext name="Neutron Metering with source and destination filtering" alias="metering_source_and_destination_fields" description="Neutron Metering extension that enables the use of source and destination IP prefixes to create metering label rules." updated="2020-08-21T08:12:00-00:00" {{(pid=90751) _check_extension /opt/stack/neutron/neutron/api/extensions.py:415}}
Aug 17 05:23:29.531414 np0000007451 devstack@neutron-api.service[90751]: INFO neutron.api.extensions [None req-3d35bf4a-73d9-4e17-a00d-786b0535e3a1 None None] Extension metering_source_and_destination_fields not supported by any of loaded plugins
Aug 17 05:23:29.531414 np0000007451 devstack@neutron-api.service[90751]: DEBUG neutron.api.extensions [None req-3d35bf4a-73d9-4e17-a00d-786b0535e3a1 None None] Loading extension file: multiprovidernet.py {{(pid=90751) _load_all_extensions_from_path /opt/stack/neutron/neutron/api/extensions.py:449}}
Aug 17 05:23:29.531690 np0000007451 devstack@neutron-api.service[90754]: DEBUG neutron.api.extensions [None req-d982af06-7960-42ed-9407-12b7aec1f4f1 None None] Ext name="Default Subnetpools" alias="default-subnetpools" description="Provides ability to mark and use a subnetpool as the default." updated="2016-02-18T18:00:00-00:00" {{(pid=90754) _check_extension /opt/stack/neutron/neutron/api/extensions.py:415}}
Aug 17 05:23:29.531690 np0000007451 devstack@neutron-api.service[90754]: INFO neutron.api.extensions [None req-d982af06-7960-42ed-9407-12b7aec1f4f1 None None] Loaded extension: default-subnetpools
Aug 17 05:23:29.531996 np0000007451 devstack@neutron-api.service[90751]: DEBUG neutron.api.extensions [None req-3d35bf4a-73d9-4e17-a00d-786b0535e3a1 None None] Ext name="Multi Provider Network" alias="multi-provider" description="Expose mapping of virtual networks to multiple physical networks" updated="2013-06-27T10:00:00-00:00" {{(pid=90751) _check_extension /opt/stack/neutron/neutron/api/extensions.py:415}}
Aug 17 05:23:29.532170 np0000007451 devstack@neutron-api.service[90754]: DEBUG neutron.api.extensions [None req-d982af06-7960-42ed-9407-12b7aec1f4f1 None None] Loading extension file: dhcpagentscheduler.py {{(pid=90754) _load_all_extensions_from_path /opt/stack/neutron/neutron/api/extensions.py:449}}
Aug 17 05:23:29.532356 np0000007451 devstack@neutron-api.service[90751]: INFO neutron.api.extensions [None req-3d35bf4a-73d9-4e17-a00d-786b0535e3a1 None None] Loaded extension: multi-provider
Aug 17 05:23:29.532356 np0000007451 devstack@neutron-api.service[90751]: DEBUG neutron.api.extensions [None req-3d35bf4a-73d9-4e17-a00d-786b0535e3a1 None None] Loading extension file: netmtu.py {{(pid=90751) _load_all_extensions_from_path /opt/stack/neutron/neutron/api/extensions.py:449}}
Aug 17 05:23:29.532356 np0000007451 devstack@neutron-api.service[90751]: DEBUG neutron.api.extensions [None req-3d35bf4a-73d9-4e17-a00d-786b0535e3a1 None None] Ext name="Network MTU" alias="net-mtu" description="Provides MTU attribute for a network resource." updated="2015-03-25T10:00:00-00:00" {{(pid=90751) _check_extension /opt/stack/neutron/neutron/api/extensions.py:415}}
Aug 17 05:23:29.532645 np0000007451 devstack@neutron-api.service[90754]: DEBUG neutron.api.extensions [None req-d982af06-7960-42ed-9407-12b7aec1f4f1 None None] Ext name="DHCP Agent Scheduler" alias="dhcp_agent_scheduler" description="Schedule networks among dhcp agents" updated="2013-02-07T10:00:00-00:00" {{(pid=90754) _check_extension /opt/stack/neutron/neutron/api/extensions.py:415}}
Aug 17 05:23:29.532798 np0000007451 devstack@neutron-api.service[90751]: INFO neutron.api.extensions [None req-3d35bf4a-73d9-4e17-a00d-786b0535e3a1 None None] Loaded extension: net-mtu
Aug 17 05:23:29.532798 np0000007451 devstack@neutron-api.service[90751]: DEBUG neutron.api.extensions [None req-3d35bf4a-73d9-4e17-a00d-786b0535e3a1 None None] Loading extension file: netmtu_writable.py {{(pid=90751) _load_all_extensions_from_path /opt/stack/neutron/neutron/api/extensions.py:449}}
Aug 17 05:23:29.532995 np0000007451 devstack@neutron-api.service[90754]: INFO neutron.api.extensions [None req-d982af06-7960-42ed-9407-12b7aec1f4f1 None None] Loaded extension: dhcp_agent_scheduler
Aug 17 05:23:29.533152 np0000007451 devstack@neutron-api.service[90751]: DEBUG neutron.api.extensions [None req-3d35bf4a-73d9-4e17-a00d-786b0535e3a1 None None] Ext name="Network MTU (writable)" alias="net-mtu-writable" description="Provides a writable MTU attribute for a network resource." updated="2017-07-12T00:00:00-00:00" {{(pid=90751) _check_extension /opt/stack/neutron/neutron/api/extensions.py:415}}
Aug 17 05:23:29.533315 np0000007451 devstack@neutron-api.service[90754]: DEBUG neutron.api.extensions [None req-d982af06-7960-42ed-9407-12b7aec1f4f1 None None] Loading extension file: dns.py {{(pid=90754) _load_all_extensions_from_path /opt/stack/neutron/neutron/api/extensions.py:449}}
Aug 17 05:23:29.533506 np0000007451 devstack@neutron-api.service[90751]: INFO neutron.api.extensions [None req-3d35bf4a-73d9-4e17-a00d-786b0535e3a1 None None] Loaded extension: net-mtu-writable
Aug 17 05:23:29.533506 np0000007451 devstack@neutron-api.service[90751]: DEBUG neutron.api.extensions [None req-3d35bf4a-73d9-4e17-a00d-786b0535e3a1 None None] Loading extension file: network_availability_zone.py {{(pid=90751) _load_all_extensions_from_path /opt/stack/neutron/neutron/api/extensions.py:449}}
Aug 17 05:23:29.533725 np0000007451 devstack@neutron-api.service[90754]: DEBUG neutron.api.extensions [None req-d982af06-7960-42ed-9407-12b7aec1f4f1 None None] Ext name="DNS Integration" alias="dns-integration" description="Provides integration with DNS." updated="2015-08-15T18:00:00-00:00" {{(pid=90754) _check_extension /opt/stack/neutron/neutron/api/extensions.py:415}}
Aug 17 05:23:29.533859 np0000007451 devstack@neutron-api.service[90753]: DEBUG neutron.plugins.ml2.plugin [None req-c3195836-f985-4293-8eb6-59b32641345d None None] neutron.plugins.ml2.plugin.Ml2Plugin method _start_rpc_notifiers called with arguments () {} {{(pid=90753) wrapper /opt/stack/data/venv/lib/python3.12/site-packages/oslo_log/helpers.py:77}}
Aug 17 05:23:29.534001 np0000007451 devstack@neutron-api.service[90754]: INFO neutron.api.extensions [None req-d982af06-7960-42ed-9407-12b7aec1f4f1 None None] Loaded extension: dns-integration
Aug 17 05:23:29.534121 np0000007451 devstack@neutron-api.service[90751]: DEBUG neutron.api.extensions [None req-3d35bf4a-73d9-4e17-a00d-786b0535e3a1 None None] Ext name="Network Availability Zone" alias="network_availability_zone" description="Availability zone support for network." updated="2015-01-01T10:00:00-00:00" {{(pid=90751) _check_extension /opt/stack/neutron/neutron/api/extensions.py:415}}
Aug 17 05:23:29.534373 np0000007451 devstack@neutron-api.service[90754]: DEBUG neutron.api.extensions [None req-d982af06-7960-42ed-9407-12b7aec1f4f1 None None] Loading extension file: dns_domain_ports.py {{(pid=90754) _load_all_extensions_from_path /opt/stack/neutron/neutron/api/extensions.py:449}}
Aug 17 05:23:29.534543 np0000007451 devstack@neutron-api.service[90751]: INFO neutron.api.extensions [None req-3d35bf4a-73d9-4e17-a00d-786b0535e3a1 None None] Loaded extension: network_availability_zone
Aug 17 05:23:29.534543 np0000007451 devstack@neutron-api.service[90751]: DEBUG neutron.api.extensions [None req-3d35bf4a-73d9-4e17-a00d-786b0535e3a1 None None] Loading extension file: network_ha.py {{(pid=90751) _load_all_extensions_from_path /opt/stack/neutron/neutron/api/extensions.py:449}}
Aug 17 05:23:29.535048 np0000007451 devstack@neutron-api.service[90753]: DEBUG neutron_lib.callbacks.manager [None req-c3195836-f985-4293-8eb6-59b32641345d None None] Subscribe: > port after_create 55550000, False {{(pid=90753) subscribe /opt/stack/data/venv/lib/python3.12/site-packages/neutron_lib/callbacks/manager.py:52}}
Aug 17 05:23:29.535285 np0000007451 devstack@neutron-api.service[90751]: DEBUG neutron.api.extensions [None req-3d35bf4a-73d9-4e17-a00d-786b0535e3a1 None None] Ext name="Network HA creation flag" alias="network_ha" description="Network high availability creation flag." updated="2023-04-27T10:00:00-00:00" {{(pid=90751) _check_extension /opt/stack/neutron/neutron/api/extensions.py:415}}
Aug 17 05:23:29.535454 np0000007451 devstack@neutron-api.service[90754]: DEBUG neutron.api.extensions [None req-d982af06-7960-42ed-9407-12b7aec1f4f1 None None] Ext name="dns_domain for ports" alias="dns-domain-ports" description="Allows the DNS domain to be specified for a network port." updated="2017-04-24T10:00:00-00:00" {{(pid=90754) _check_extension /opt/stack/neutron/neutron/api/extensions.py:415}}
Aug 17 05:23:29.535690 np0000007451 devstack@neutron-api.service[90753]: DEBUG neutron_lib.callbacks.manager [None req-c3195836-f985-4293-8eb6-59b32641345d None None] Subscribe: > port after_update 55550000, False {{(pid=90753) subscribe /opt/stack/data/venv/lib/python3.12/site-packages/neutron_lib/callbacks/manager.py:52}}
Aug 17 05:23:29.535892 np0000007451 devstack@neutron-api.service[90751]: INFO neutron.api.extensions [None req-3d35bf4a-73d9-4e17-a00d-786b0535e3a1 None None] Extension network_ha not supported by any of loaded plugins
Aug 17 05:23:29.536412 np0000007451 devstack@neutron-api.service[90753]: DEBUG neutron_lib.callbacks.manager [None req-c3195836-f985-4293-8eb6-59b32641345d None None] Subscribe: > port after_delete 55550000, False {{(pid=90753) subscribe /opt/stack/data/venv/lib/python3.12/site-packages/neutron_lib/callbacks/manager.py:52}}
Aug 17 05:23:29.536803 np0000007451 devstack@neutron-api.service[90751]: DEBUG neutron.api.extensions [None req-3d35bf4a-73d9-4e17-a00d-786b0535e3a1 None None] Loading extension file: network_ip_availability.py {{(pid=90751) _load_all_extensions_from_path /opt/stack/neutron/neutron/api/extensions.py:449}}
Aug 17 05:23:29.537086 np0000007451 devstack@neutron-api.service[90754]: INFO neutron.api.extensions [None req-d982af06-7960-42ed-9407-12b7aec1f4f1 None None] Loaded extension: dns-domain-ports
Aug 17 05:23:29.537302 np0000007451 devstack@neutron-api.service[90753]: DEBUG neutron_lib.callbacks.manager [None req-c3195836-f985-4293-8eb6-59b32641345d None None] Subscribe: > subnet after_create 55550000, False {{(pid=90753) subscribe /opt/stack/data/venv/lib/python3.12/site-packages/neutron_lib/callbacks/manager.py:52}}
Aug 17 05:23:29.537772 np0000007451 devstack@neutron-api.service[90754]: DEBUG neutron.api.extensions [None req-d982af06-7960-42ed-9407-12b7aec1f4f1 None None] Loading extension file: dns_integration_domain_keywords.py {{(pid=90754) _load_all_extensions_from_path /opt/stack/neutron/neutron/api/extensions.py:449}}
Aug 17 05:23:29.538200 np0000007451 devstack@neutron-api.service[90751]: DEBUG neutron.api.extensions [None req-3d35bf4a-73d9-4e17-a00d-786b0535e3a1 None None] Ext name="Network IP Availability" alias="network-ip-availability" description="Provides IP availability data for each network and subnet." updated="2015-09-24T00:00:00-00:00" {{(pid=90751) _check_extension /opt/stack/neutron/neutron/api/extensions.py:415}}
Aug 17 05:23:29.538704 np0000007451 devstack@neutron-api.service[90753]: DEBUG neutron_lib.callbacks.manager [None req-c3195836-f985-4293-8eb6-59b32641345d None None] Subscribe: > subnet after_update 55550000, False {{(pid=90753) subscribe /opt/stack/data/venv/lib/python3.12/site-packages/neutron_lib/callbacks/manager.py:52}}
Aug 17 05:23:29.539112 np0000007451 devstack@neutron-api.service[90751]: INFO neutron.api.extensions [None req-3d35bf4a-73d9-4e17-a00d-786b0535e3a1 None None] Loaded extension: network-ip-availability
Aug 17 05:23:29.539649 np0000007451 devstack@neutron-api.service[90753]: DEBUG neutron_lib.callbacks.manager [None req-c3195836-f985-4293-8eb6-59b32641345d None None] Subscribe: > subnet after_delete 55550000, False {{(pid=90753) subscribe /opt/stack/data/venv/lib/python3.12/site-packages/neutron_lib/callbacks/manager.py:52}}
Aug 17 05:23:29.540103 np0000007451 devstack@neutron-api.service[90751]: DEBUG neutron.api.extensions [None req-3d35bf4a-73d9-4e17-a00d-786b0535e3a1 None None] Loading extension file: network_ip_availability_details.py {{(pid=90751) _load_all_extensions_from_path /opt/stack/neutron/neutron/api/extensions.py:449}}
Aug 17 05:23:29.540568 np0000007451 devstack@neutron-api.service[90754]: DEBUG neutron.api.extensions [None req-d982af06-7960-42ed-9407-12b7aec1f4f1 None None] Ext name="DNS domain names with keywords allowed" alias="dns-integration-domain-keywords" description="Allows to use keywords like , , and as DNS domain name" updated="2020-06-15T18:00:00-00:00" {{(pid=90754) _check_extension /opt/stack/neutron/neutron/api/extensions.py:415}}
Aug 17 05:23:29.541044 np0000007451 devstack@neutron-api.service[90753]: DEBUG neutron_lib.callbacks.manager [None req-c3195836-f985-4293-8eb6-59b32641345d None None] Subscribe: > network after_create 55550000, False {{(pid=90753) subscribe /opt/stack/data/venv/lib/python3.12/site-packages/neutron_lib/callbacks/manager.py:52}}
Aug 17 05:23:29.541565 np0000007451 devstack@neutron-api.service[90751]: DEBUG neutron.api.extensions [None req-3d35bf4a-73d9-4e17-a00d-786b0535e3a1 None None] Ext name="Network IP Availability Details Extension" alias="network-ip-availability-details" description="Add ip_availability_details attribute to network-ip-availabilities resource." updated="2025-10-31T00:00:00-00:00" {{(pid=90751) _check_extension /opt/stack/neutron/neutron/api/extensions.py:415}}
Aug 17 05:23:29.541983 np0000007451 devstack@neutron-api.service[90754]: INFO neutron.api.extensions [None req-d982af06-7960-42ed-9407-12b7aec1f4f1 None None] Loaded extension: dns-integration-domain-keywords
Aug 17 05:23:29.542575 np0000007451 devstack@neutron-api.service[90753]: DEBUG neutron_lib.callbacks.manager [None req-c3195836-f985-4293-8eb6-59b32641345d None None] Subscribe: > network after_update 55550000, False {{(pid=90753) subscribe /opt/stack/data/venv/lib/python3.12/site-packages/neutron_lib/callbacks/manager.py:52}}
Aug 17 05:23:29.542993 np0000007451 devstack@neutron-api.service[90754]: DEBUG neutron.api.extensions [None req-d982af06-7960-42ed-9407-12b7aec1f4f1 None None] Loading extension file: dvr.py {{(pid=90754) _load_all_extensions_from_path /opt/stack/neutron/neutron/api/extensions.py:449}}
Aug 17 05:23:29.543452 np0000007451 devstack@neutron-api.service[90751]: INFO neutron.api.extensions [None req-3d35bf4a-73d9-4e17-a00d-786b0535e3a1 None None] Loaded extension: network-ip-availability-details
Aug 17 05:23:29.543906 np0000007451 devstack@neutron-api.service[90753]: DEBUG neutron_lib.callbacks.manager [None req-c3195836-f985-4293-8eb6-59b32641345d None None] Subscribe: > network after_delete 55550000, False {{(pid=90753) subscribe /opt/stack/data/venv/lib/python3.12/site-packages/neutron_lib/callbacks/manager.py:52}}
Aug 17 05:23:29.544777 np0000007451 devstack@neutron-api.service[90751]: DEBUG neutron.api.extensions [None req-3d35bf4a-73d9-4e17-a00d-786b0535e3a1 None None] Loading extension file: network_segment_range.py {{(pid=90751) _load_all_extensions_from_path /opt/stack/neutron/neutron/api/extensions.py:449}}
Aug 17 05:23:29.545383 np0000007451 devstack@neutron-api.service[90753]: DEBUG neutron_lib.callbacks.manager [None req-c3195836-f985-4293-8eb6-59b32641345d None None] Subscribe: > security_group after_create 55550000, False {{(pid=90753) subscribe /opt/stack/data/venv/lib/python3.12/site-packages/neutron_lib/callbacks/manager.py:52}}
Aug 17 05:23:29.545777 np0000007451 devstack@neutron-api.service[90754]: DEBUG neutron.api.extensions [None req-d982af06-7960-42ed-9407-12b7aec1f4f1 None None] Ext name="Distributed Virtual Router" alias="dvr" description="Enables configuration of Distributed Virtual Routers." updated="2014-06-1T10:00:00-00:00" {{(pid=90754) _check_extension /opt/stack/neutron/neutron/api/extensions.py:415}}
Aug 17 05:23:29.545928 np0000007451 devstack@neutron-api.service[90753]: DEBUG neutron_lib.callbacks.manager [None req-c3195836-f985-4293-8eb6-59b32641345d None None] Subscribe: > security_group after_update 55550000, False {{(pid=90753) subscribe /opt/stack/data/venv/lib/python3.12/site-packages/neutron_lib/callbacks/manager.py:52}}
Aug 17 05:23:29.546024 np0000007451 devstack@neutron-api.service[90751]: DEBUG neutron.api.extensions [None req-3d35bf4a-73d9-4e17-a00d-786b0535e3a1 None None] Ext name="Neutron Network Segment Range" alias="network-segment-range" description="Provides support for the network segment range management" updated="2018-11-29T00:00:00-00:00" {{(pid=90751) _check_extension /opt/stack/neutron/neutron/api/extensions.py:415}}
Aug 17 05:23:29.546248 np0000007451 devstack@neutron-api.service[90753]: DEBUG neutron_lib.callbacks.manager [None req-c3195836-f985-4293-8eb6-59b32641345d None None] Subscribe: > security_group after_delete 55550000, False {{(pid=90753) subscribe /opt/stack/data/venv/lib/python3.12/site-packages/neutron_lib/callbacks/manager.py:52}}
Aug 17 05:23:29.546368 np0000007451 devstack@neutron-api.service[90751]: INFO neutron.api.extensions [None req-3d35bf4a-73d9-4e17-a00d-786b0535e3a1 None None] Extension network-segment-range not supported by any of loaded plugins
Aug 17 05:23:29.546504 np0000007451 devstack@neutron-api.service[90754]: INFO neutron.api.extensions [None req-d982af06-7960-42ed-9407-12b7aec1f4f1 None None] Extension dvr not supported by any of loaded plugins
Aug 17 05:23:29.546598 np0000007451 devstack@neutron-api.service[90751]: DEBUG neutron.api.extensions [None req-3d35bf4a-73d9-4e17-a00d-786b0535e3a1 None None] Loading extension file: pagination.py {{(pid=90751) _load_all_extensions_from_path /opt/stack/neutron/neutron/api/extensions.py:449}}
Aug 17 05:23:29.546743 np0000007451 devstack@neutron-api.service[90753]: DEBUG neutron_lib.callbacks.manager [None req-c3195836-f985-4293-8eb6-59b32641345d None None] Subscribe: > security_group_rule after_create 55550000, False {{(pid=90753) subscribe /opt/stack/data/venv/lib/python3.12/site-packages/neutron_lib/callbacks/manager.py:52}}
Aug 17 05:23:29.547215 np0000007451 devstack@neutron-api.service[90754]: DEBUG neutron.api.extensions [None req-d982af06-7960-42ed-9407-12b7aec1f4f1 None None] Loading extension file: ecmp_routes.py {{(pid=90754) _load_all_extensions_from_path /opt/stack/neutron/neutron/api/extensions.py:449}}
Aug 17 05:23:29.547331 np0000007451 devstack@neutron-api.service[90753]: DEBUG neutron_lib.callbacks.manager [None req-c3195836-f985-4293-8eb6-59b32641345d None None] Subscribe: > security_group_rule after_update 55550000, False {{(pid=90753) subscribe /opt/stack/data/venv/lib/python3.12/site-packages/neutron_lib/callbacks/manager.py:52}}
Aug 17 05:23:29.547331 np0000007451 devstack@neutron-api.service[90753]: DEBUG neutron_lib.callbacks.manager [None req-c3195836-f985-4293-8eb6-59b32641345d None None] Subscribe: > security_group_rule after_delete 55550000, False {{(pid=90753) subscribe /opt/stack/data/venv/lib/python3.12/site-packages/neutron_lib/callbacks/manager.py:52}}
Aug 17 05:23:29.547443 np0000007451 devstack@neutron-api.service[90754]: DEBUG neutron.api.extensions [None req-d982af06-7960-42ed-9407-12b7aec1f4f1 None None] Ext name="Equal Cost Multipath Routing" alias="ecmp_routes" description="Allows traffic to reach thesame destination via multiple different links " updated="2020-11-26T18:00:00-00:00" {{(pid=90754) _check_extension /opt/stack/neutron/neutron/api/extensions.py:415}}
Aug 17 05:23:29.547609 np0000007451 devstack@neutron-api.service[90751]: DEBUG neutron.api.extensions [None req-3d35bf4a-73d9-4e17-a00d-786b0535e3a1 None None] Ext name="Pagination support" alias="pagination" description="Extension that indicates that pagination is enabled." updated="2016-06-12T00:00:00-00:00" {{(pid=90751) _check_extension /opt/stack/neutron/neutron/api/extensions.py:415}}
Aug 17 05:23:29.547609 np0000007451 devstack@neutron-api.service[90751]: INFO neutron.api.extensions [None req-3d35bf4a-73d9-4e17-a00d-786b0535e3a1 None None] Loaded extension: pagination
Aug 17 05:23:29.547744 np0000007451 devstack@neutron-api.service[90753]: DEBUG neutron_lib.callbacks.manager [None req-c3195836-f985-4293-8eb6-59b32641345d None None] Subscribe: > address_group after_create 55550000, False {{(pid=90753) subscribe /opt/stack/data/venv/lib/python3.12/site-packages/neutron_lib/callbacks/manager.py:52}}
Aug 17 05:23:29.547830 np0000007451 devstack@neutron-api.service[90751]: DEBUG neutron.api.extensions [None req-3d35bf4a-73d9-4e17-a00d-786b0535e3a1 None None] Loading extension file: port_device_profile.py {{(pid=90751) _load_all_extensions_from_path /opt/stack/neutron/neutron/api/extensions.py:449}}
Aug 17 05:23:29.547930 np0000007451 devstack@neutron-api.service[90754]: INFO neutron.api.extensions [None req-d982af06-7960-42ed-9407-12b7aec1f4f1 None None] Extension ecmp_routes not supported by any of loaded plugins
Aug 17 05:23:29.548053 np0000007451 devstack@neutron-api.service[90753]: DEBUG neutron_lib.callbacks.manager [None req-c3195836-f985-4293-8eb6-59b32641345d None None] Subscribe: > address_group after_update 55550000, False {{(pid=90753) subscribe /opt/stack/data/venv/lib/python3.12/site-packages/neutron_lib/callbacks/manager.py:52}}
Aug 17 05:23:29.548131 np0000007451 devstack@neutron-api.service[90754]: DEBUG neutron.api.extensions [None req-d982af06-7960-42ed-9407-12b7aec1f4f1 None None] Loading extension file: empty_string_filtering.py {{(pid=90754) _load_all_extensions_from_path /opt/stack/neutron/neutron/api/extensions.py:449}}
Aug 17 05:23:29.548273 np0000007451 devstack@neutron-api.service[90753]: DEBUG neutron_lib.callbacks.manager [None req-c3195836-f985-4293-8eb6-59b32641345d None None] Subscribe: > address_group after_delete 55550000, False {{(pid=90753) subscribe /opt/stack/data/venv/lib/python3.12/site-packages/neutron_lib/callbacks/manager.py:52}}
Aug 17 05:23:29.548370 np0000007451 devstack@neutron-api.service[90751]: DEBUG neutron.api.extensions [None req-3d35bf4a-73d9-4e17-a00d-786b0535e3a1 None None] Ext name="Port device profile" alias="port-device-profile" description="Expose the port device profile (Cyborg)" updated="2020-12-17T10:00:00-00:00" {{(pid=90751) _check_extension /opt/stack/neutron/neutron/api/extensions.py:415}}
Aug 17 05:23:29.548546 np0000007451 devstack@neutron-api.service[90753]: DEBUG neutron.plugins.ml2.ovo_rpc [None req-c3195836-f985-4293-8eb6-59b32641345d None None] ML2 OVO RPC backend initialized. {{(pid=90753) __init__ /opt/stack/neutron/neutron/plugins/ml2/ovo_rpc.py:117}}
Aug 17 05:23:29.548719 np0000007451 devstack@neutron-api.service[90751]: INFO neutron.api.extensions [None req-3d35bf4a-73d9-4e17-a00d-786b0535e3a1 None None] Loaded extension: port-device-profile
Aug 17 05:23:29.548865 np0000007451 devstack@neutron-api.service[90754]: DEBUG neutron.api.extensions [None req-d982af06-7960-42ed-9407-12b7aec1f4f1 None None] Ext name="Empty String Filtering Extension" alias="empty-string-filtering" description="Allow filtering by attributes with empty string value" updated="2018-05-01T10:00:00-00:00" {{(pid=90754) _check_extension /opt/stack/neutron/neutron/api/extensions.py:415}}
Aug 17 05:23:29.549021 np0000007451 devstack@neutron-api.service[90751]: DEBUG neutron.api.extensions [None req-3d35bf4a-73d9-4e17-a00d-786b0535e3a1 None None] Loading extension file: port_hardware_offload_type.py {{(pid=90751) _load_all_extensions_from_path /opt/stack/neutron/neutron/api/extensions.py:449}}
Aug 17 05:23:29.549170 np0000007451 devstack@neutron-api.service[90754]: INFO neutron.api.extensions [None req-d982af06-7960-42ed-9407-12b7aec1f4f1 None None] Loaded extension: empty-string-filtering
Aug 17 05:23:29.549348 np0000007451 devstack@neutron-api.service[90751]: DEBUG neutron.api.extensions [None req-3d35bf4a-73d9-4e17-a00d-786b0535e3a1 None None] Ext name="Port hardware offload" alias="port-hardware-offload-type" description="Expose port hardware offload extension" updated="2023-05-09T10:00:00-00:00" {{(pid=90751) _check_extension /opt/stack/neutron/neutron/api/extensions.py:415}}
Aug 17 05:23:29.549526 np0000007451 devstack@neutron-api.service[90754]: DEBUG neutron.api.extensions [None req-d982af06-7960-42ed-9407-12b7aec1f4f1 None None] Loading extension file: evpn.py {{(pid=90754) _load_all_extensions_from_path /opt/stack/neutron/neutron/api/extensions.py:449}}
Aug 17 05:23:29.549694 np0000007451 devstack@neutron-api.service[90751]: INFO neutron.api.extensions [None req-3d35bf4a-73d9-4e17-a00d-786b0535e3a1 None None] Extension port-hardware-offload-type not supported by any of loaded plugins
Aug 17 05:23:29.549694 np0000007451 devstack@neutron-api.service[90751]: DEBUG neutron.api.extensions [None req-3d35bf4a-73d9-4e17-a00d-786b0535e3a1 None None] Loading extension file: port_hint_ovs_tx_steering.py {{(pid=90751) _load_all_extensions_from_path /opt/stack/neutron/neutron/api/extensions.py:449}}
Aug 17 05:23:29.549890 np0000007451 devstack@neutron-api.service[90754]: DEBUG neutron.api.extensions [None req-d982af06-7960-42ed-9407-12b7aec1f4f1 None None] Ext name="EVPN" alias="evpn" description="Router extension to support EVPN Type-5 route advertisement" updated="2026-04-28T00:00:00-00:00" {{(pid=90754) _check_extension /opt/stack/neutron/neutron/api/extensions.py:415}}
Aug 17 05:23:29.550041 np0000007451 devstack@neutron-api.service[90751]: DEBUG neutron.api.extensions [None req-3d35bf4a-73d9-4e17-a00d-786b0535e3a1 None None] Ext name="Port hint: Open vSwitch Tx steering" alias="port-hint-ovs-tx-steering" description="Enable Port hint: Open vSwitch Tx steering" updated="2023-01-01T00:00:00-00:00" {{(pid=90751) _check_extension /opt/stack/neutron/neutron/api/extensions.py:415}}
Aug 17 05:23:29.550041 np0000007451 devstack@neutron-api.service[90751]: INFO neutron.api.extensions [None req-3d35bf4a-73d9-4e17-a00d-786b0535e3a1 None None] Extension port-hint-ovs-tx-steering not supported by any of loaded plugins
Aug 17 05:23:29.550297 np0000007451 devstack@neutron-api.service[90754]: INFO neutron.api.extensions [None req-d982af06-7960-42ed-9407-12b7aec1f4f1 None None] Extension evpn not supported by any of loaded plugins
Aug 17 05:23:29.550485 np0000007451 devstack@neutron-api.service[90751]: DEBUG neutron.api.extensions [None req-3d35bf4a-73d9-4e17-a00d-786b0535e3a1 None None] Loading extension file: port_hints.py {{(pid=90751) _load_all_extensions_from_path /opt/stack/neutron/neutron/api/extensions.py:449}}
Aug 17 05:23:29.550665 np0000007451 devstack@neutron-api.service[90754]: DEBUG neutron.api.extensions [None req-d982af06-7960-42ed-9407-12b7aec1f4f1 None None] Loading extension file: expose_l3_conntrack_helper.py {{(pid=90754) _load_all_extensions_from_path /opt/stack/neutron/neutron/api/extensions.py:449}}
Aug 17 05:23:29.550857 np0000007451 devstack@neutron-api.service[90751]: DEBUG neutron.api.extensions [None req-3d35bf4a-73d9-4e17-a00d-786b0535e3a1 None None] Ext name="Port hints" alias="port-hints" description="Backend specific port hints to allow backend specific tuning" updated="2023-01-01T00:00:00-00:00" {{(pid=90751) _check_extension /opt/stack/neutron/neutron/api/extensions.py:415}}
Aug 17 05:23:29.551017 np0000007451 devstack@neutron-api.service[90753]: INFO neutron.quota [None req-c3195836-f985-4293-8eb6-59b32641345d None None] Loaded quota_driver: .
Aug 17 05:23:29.551197 np0000007451 devstack@neutron-api.service[90751]: INFO neutron.api.extensions [None req-3d35bf4a-73d9-4e17-a00d-786b0535e3a1 None None] Extension port-hints not supported by any of loaded plugins
Aug 17 05:23:29.551427 np0000007451 devstack@neutron-api.service[90754]: DEBUG neutron.api.extensions [None req-d982af06-7960-42ed-9407-12b7aec1f4f1 None None] Ext name="Expose CT target rules for conntrack helper" alias="expose-l3-conntrack-helper" description="Expose allow adding CT target rules for conntrack helper" updated="2019-04-04T10:00:00-00:00" {{(pid=90754) _check_extension /opt/stack/neutron/neutron/api/extensions.py:415}}
Aug 17 05:23:29.551649 np0000007451 devstack@neutron-api.service[90751]: DEBUG neutron.api.extensions [None req-3d35bf4a-73d9-4e17-a00d-786b0535e3a1 None None] Loading extension file: port_mac_address_override.py {{(pid=90751) _load_all_extensions_from_path /opt/stack/neutron/neutron/api/extensions.py:449}}
Aug 17 05:23:29.551822 np0000007451 devstack@neutron-api.service[90753]: INFO neutron.plugins.ml2.plugin [None req-c3195836-f985-4293-8eb6-59b32641345d None None] Modular L2 Plugin initialization complete
Aug 17 05:23:29.551976 np0000007451 devstack@neutron-api.service[90754]: INFO neutron.api.extensions [None req-d982af06-7960-42ed-9407-12b7aec1f4f1 None None] Extension expose-l3-conntrack-helper not supported by any of loaded plugins
Aug 17 05:23:29.552182 np0000007451 devstack@neutron-api.service[90753]: DEBUG neutron.manager [None req-c3195836-f985-4293-8eb6-59b32641345d None None] Loading services supported by the core plugin {{(pid=90753) _load_services_from_core_plugin /opt/stack/neutron/neutron/manager.py:167}}
Aug 17 05:23:29.552363 np0000007451 devstack@neutron-api.service[90751]: DEBUG neutron.api.extensions [None req-3d35bf4a-73d9-4e17-a00d-786b0535e3a1 None None] Ext name="Neutron Port MAC address override" alias="port-mac-override" description="Allow overriding the MAC address of a direct-physical Port via the active binding profile" updated="2022-03-18T10:00:00-00:00" {{(pid=90751) _check_extension /opt/stack/neutron/neutron/api/extensions.py:415}}
Aug 17 05:23:29.552578 np0000007451 devstack@neutron-api.service[90754]: DEBUG neutron.api.extensions [None req-d982af06-7960-42ed-9407-12b7aec1f4f1 None None] Loading extension file: expose_port_forwarding_in_fip.py {{(pid=90754) _load_all_extensions_from_path /opt/stack/neutron/neutron/api/extensions.py:449}}
Aug 17 05:23:29.552796 np0000007451 devstack@neutron-api.service[90753]: INFO neutron.plugins.ml2.managers [None req-c3195836-f985-4293-8eb6-59b32641345d None None] Got port-security extension from driver 'port_security'
Aug 17 05:23:29.552953 np0000007451 devstack@neutron-api.service[90751]: INFO neutron.api.extensions [None req-3d35bf4a-73d9-4e17-a00d-786b0535e3a1 None None] Extension port-mac-override not supported by any of loaded plugins
Aug 17 05:23:29.552953 np0000007451 devstack@neutron-api.service[90751]: DEBUG neutron.api.extensions [None req-3d35bf4a-73d9-4e17-a00d-786b0535e3a1 None None] Loading extension file: port_mac_address_regenerate.py {{(pid=90751) _load_all_extensions_from_path /opt/stack/neutron/neutron/api/extensions.py:449}}
Aug 17 05:23:29.553166 np0000007451 devstack@neutron-api.service[90754]: DEBUG neutron.api.extensions [None req-d982af06-7960-42ed-9407-12b7aec1f4f1 None None] Ext name="Expose Floating IP port forwardings" alias="expose-port-forwarding-in-fip" description="Expose port forwarding fields in floating IP response" updated="2018-06-28T16:00:00-00:00" {{(pid=90754) _check_extension /opt/stack/neutron/neutron/api/extensions.py:415}}
Aug 17 05:23:29.553343 np0000007451 devstack@neutron-api.service[90751]: DEBUG neutron.api.extensions [None req-3d35bf4a-73d9-4e17-a00d-786b0535e3a1 None None] Ext name="Neutron Port MAC address regenerate" alias="port-mac-address-regenerate" description="Network port MAC address regenerate" updated="2018-05-03T10:00:00-00:00" {{(pid=90751) _check_extension /opt/stack/neutron/neutron/api/extensions.py:415}}
Aug 17 05:23:29.553499 np0000007451 devstack@neutron-api.service[90754]: INFO neutron.api.extensions [None req-d982af06-7960-42ed-9407-12b7aec1f4f1 None None] Extension expose-port-forwarding-in-fip not supported by any of loaded plugins
Aug 17 05:23:29.553651 np0000007451 devstack@neutron-api.service[90753]: DEBUG neutron.manager [None req-c3195836-f985-4293-8eb6-59b32641345d None None] Loading service plugins: ['ovn-router', 'auto_allocate', 'tag', 'timestamp', 'network_ip_availability', 'flavors', 'revisions'] {{(pid=90753) _load_service_plugins /opt/stack/neutron/neutron/manager.py:192}}
Aug 17 05:23:29.554002 np0000007451 devstack@neutron-api.service[90751]: INFO neutron.api.extensions [None req-3d35bf4a-73d9-4e17-a00d-786b0535e3a1 None None] Loaded extension: port-mac-address-regenerate
Aug 17 05:23:29.554214 np0000007451 devstack@neutron-api.service[90754]: DEBUG neutron.api.extensions [None req-d982af06-7960-42ed-9407-12b7aec1f4f1 None None] Loading extension file: external_net.py {{(pid=90754) _load_all_extensions_from_path /opt/stack/neutron/neutron/api/extensions.py:449}}
Aug 17 05:23:29.554422 np0000007451 devstack@neutron-api.service[90751]: DEBUG neutron.api.extensions [None req-3d35bf4a-73d9-4e17-a00d-786b0535e3a1 None None] Loading extension file: port_numa_affinity_policy.py {{(pid=90751) _load_all_extensions_from_path /opt/stack/neutron/neutron/api/extensions.py:449}}
Aug 17 05:23:29.554591 np0000007451 devstack@neutron-api.service[90753]: INFO neutron.manager [None req-c3195836-f985-4293-8eb6-59b32641345d None None] Loading Plugin: ovn-router
Aug 17 05:23:29.554763 np0000007451 devstack@neutron-api.service[90751]: DEBUG neutron.api.extensions [None req-3d35bf4a-73d9-4e17-a00d-786b0535e3a1 None None] Ext name="Port NUMA affinity policy" alias="port-numa-affinity-policy" description="Expose the port NUMA affinity policy" updated="2020-07-08T10:00:00-00:00" {{(pid=90751) _check_extension /opt/stack/neutron/neutron/api/extensions.py:415}}
Aug 17 05:23:29.554908 np0000007451 devstack@neutron-api.service[90754]: DEBUG neutron.api.extensions [None req-d982af06-7960-42ed-9407-12b7aec1f4f1 None None] Ext name="Neutron external network" alias="external-net" description="Adds external network attribute to network resource." updated="2013-01-14T10:00:00-00:00" {{(pid=90754) _check_extension /opt/stack/neutron/neutron/api/extensions.py:415}}
Aug 17 05:23:29.555042 np0000007451 devstack@neutron-api.service[90751]: INFO neutron.api.extensions [None req-3d35bf4a-73d9-4e17-a00d-786b0535e3a1 None None] Loaded extension: port-numa-affinity-policy
Aug 17 05:23:29.555042 np0000007451 devstack@neutron-api.service[90751]: DEBUG neutron.api.extensions [None req-3d35bf4a-73d9-4e17-a00d-786b0535e3a1 None None] Loading extension file: port_numa_affinity_policy_socket.py {{(pid=90751) _load_all_extensions_from_path /opt/stack/neutron/neutron/api/extensions.py:449}}
Aug 17 05:23:29.555229 np0000007451 devstack@neutron-api.service[90754]: INFO neutron.api.extensions [None req-d982af06-7960-42ed-9407-12b7aec1f4f1 None None] Loaded extension: external-net
Aug 17 05:23:29.555424 np0000007451 devstack@neutron-api.service[90751]: DEBUG neutron.api.extensions [None req-3d35bf4a-73d9-4e17-a00d-786b0535e3a1 None None] Ext name="Port NUMA affinity policy "socket"" alias="port-numa-affinity-policy-socket" description="Adds "socket" to the supported port NUMA affinity policies" updated="2024-02-09T10:00:00-00:00" {{(pid=90751) _check_extension /opt/stack/neutron/neutron/api/extensions.py:415}}
Aug 17 05:23:29.555600 np0000007451 devstack@neutron-api.service[90754]: DEBUG neutron.api.extensions [None req-d982af06-7960-42ed-9407-12b7aec1f4f1 None None] Loading extension file: extra_dhcp_opt.py {{(pid=90754) _load_all_extensions_from_path /opt/stack/neutron/neutron/api/extensions.py:449}}
Aug 17 05:23:29.555740 np0000007451 devstack@neutron-api.service[90751]: INFO neutron.api.extensions [None req-3d35bf4a-73d9-4e17-a00d-786b0535e3a1 None None] Loaded extension: port-numa-affinity-policy-socket
Aug 17 05:23:29.555740 np0000007451 devstack@neutron-api.service[90751]: DEBUG neutron.api.extensions [None req-3d35bf4a-73d9-4e17-a00d-786b0535e3a1 None None] Loading extension file: port_resource_request.py {{(pid=90751) _load_all_extensions_from_path /opt/stack/neutron/neutron/api/extensions.py:449}}
Aug 17 05:23:29.556159 np0000007451 devstack@neutron-api.service[90754]: DEBUG neutron.api.extensions [None req-d982af06-7960-42ed-9407-12b7aec1f4f1 None None] Ext name="Neutron Extra DHCP options" alias="extra_dhcp_opt" description="Extra options configuration for DHCP. For example PXE boot options to DHCP clients can be specified (e.g. tftp-server, server-ip-address, bootfile-name)" updated="2013-03-17T12:00:00-00:00" {{(pid=90754) _check_extension /opt/stack/neutron/neutron/api/extensions.py:415}}
Aug 17 05:23:29.556608 np0000007451 devstack@neutron-api.service[90751]: DEBUG neutron.api.extensions [None req-3d35bf4a-73d9-4e17-a00d-786b0535e3a1 None None] Ext name="Port Resource Request" alias="port-resource-request" description="Expose resource request to Port" updated="2018-05-08T10:00:00-00:00" {{(pid=90751) _check_extension /opt/stack/neutron/neutron/api/extensions.py:415}}
Aug 17 05:23:29.557016 np0000007451 devstack@neutron-api.service[90754]: INFO neutron.api.extensions [None req-d982af06-7960-42ed-9407-12b7aec1f4f1 None None] Loaded extension: extra_dhcp_opt
Aug 17 05:23:29.557552 np0000007451 devstack@neutron-api.service[90751]: INFO neutron.api.extensions [None req-3d35bf4a-73d9-4e17-a00d-786b0535e3a1 None None] Extension port-resource-request not supported by any of loaded plugins
Aug 17 05:23:29.557552 np0000007451 devstack@neutron-api.service[90751]: DEBUG neutron.api.extensions [None req-3d35bf4a-73d9-4e17-a00d-786b0535e3a1 None None] Loading extension file: port_resource_request_groups.py {{(pid=90751) _load_all_extensions_from_path /opt/stack/neutron/neutron/api/extensions.py:449}}
Aug 17 05:23:29.557983 np0000007451 devstack@neutron-api.service[90754]: DEBUG neutron.api.extensions [None req-d982af06-7960-42ed-9407-12b7aec1f4f1 None None] Loading extension file: extraroute.py {{(pid=90754) _load_all_extensions_from_path /opt/stack/neutron/neutron/api/extensions.py:449}}
Aug 17 05:23:29.558419 np0000007451 devstack@neutron-api.service[90751]: DEBUG neutron.api.extensions [None req-3d35bf4a-73d9-4e17-a00d-786b0535e3a1 None None] Ext name="Port Resource Request Groups" alias="port-resource-request-groups" description="Support requesting multiple groups of resources and traits from the same RP subtree in resource_request" updated="2021-08-02T10:00:00-00:00" {{(pid=90751) _check_extension /opt/stack/neutron/neutron/api/extensions.py:415}}
