Jun 01 22:25:18.926076 np0000001904 nova-scheduler[95859]: DEBUG cotyledon.oslo_config_glue [-] oslo_limit.endpoint_id = None {{(pid=95859) log_opt_values /opt/stack/data/venv/lib/python3.12/site-packages/oslo_config/cfg.py:3256}}
Jun 01 22:25:18.926076 np0000001904 nova-scheduler[95859]: DEBUG cotyledon.oslo_config_glue [-] oslo_limit.endpoint_interface = public {{(pid=95859) log_opt_values /opt/stack/data/venv/lib/python3.12/site-packages/oslo_config/cfg.py:3256}}
Jun 01 22:25:18.926076 np0000001904 nova-scheduler[95859]: DEBUG cotyledon.oslo_config_glue [-] oslo_limit.endpoint_override = None {{(pid=95859) log_opt_values /opt/stack/data/venv/lib/python3.12/site-packages/oslo_config/cfg.py:3256}}
Jun 01 22:25:18.926076 np0000001904 nova-scheduler[95859]: DEBUG cotyledon.oslo_config_glue [-] oslo_limit.endpoint_region_name = None {{(pid=95859) log_opt_values /opt/stack/data/venv/lib/python3.12/site-packages/oslo_config/cfg.py:3256}}
Jun 01 22:25:18.926076 np0000001904 nova-scheduler[95859]: DEBUG cotyledon.oslo_config_glue [-] oslo_limit.endpoint_service_name = None {{(pid=95859) log_opt_values /opt/stack/data/venv/lib/python3.12/site-packages/oslo_config/cfg.py:3256}}
Jun 01 22:25:18.926255 np0000001904 nova-scheduler[95859]: DEBUG cotyledon.oslo_config_glue [-] oslo_limit.endpoint_service_type = None {{(pid=95859) log_opt_values /opt/stack/data/venv/lib/python3.12/site-packages/oslo_config/cfg.py:3256}}
Jun 01 22:25:18.926255 np0000001904 nova-scheduler[95859]: DEBUG cotyledon.oslo_config_glue [-] oslo_limit.insecure = False {{(pid=95859) log_opt_values /opt/stack/data/venv/lib/python3.12/site-packages/oslo_config/cfg.py:3256}}
Jun 01 22:25:18.926255 np0000001904 nova-scheduler[95859]: DEBUG cotyledon.oslo_config_glue [-] oslo_limit.keyfile = None {{(pid=95859) log_opt_values /opt/stack/data/venv/lib/python3.12/site-packages/oslo_config/cfg.py:3256}}
Jun 01 22:25:18.926255 np0000001904 nova-scheduler[95859]: DEBUG cotyledon.oslo_config_glue [-] oslo_limit.max_version = None {{(pid=95859) log_opt_values /opt/stack/data/venv/lib/python3.12/site-packages/oslo_config/cfg.py:3256}}
Jun 01 22:25:18.926255 np0000001904 nova-scheduler[95859]: DEBUG cotyledon.oslo_config_glue [-] oslo_limit.min_version = None {{(pid=95859) log_opt_values /opt/stack/data/venv/lib/python3.12/site-packages/oslo_config/cfg.py:3256}}
Jun 01 22:25:18.926255 np0000001904 nova-scheduler[95859]: DEBUG cotyledon.oslo_config_glue [-] oslo_limit.region_name = None {{(pid=95859) log_opt_values /opt/stack/data/venv/lib/python3.12/site-packages/oslo_config/cfg.py:3256}}
Jun 01 22:25:18.926255 np0000001904 nova-scheduler[95859]: DEBUG cotyledon.oslo_config_glue [-] oslo_limit.retriable_status_codes = None {{(pid=95859) log_opt_values /opt/stack/data/venv/lib/python3.12/site-packages/oslo_config/cfg.py:3256}}
Jun 01 22:25:18.926255 np0000001904 nova-scheduler[95859]: DEBUG cotyledon.oslo_config_glue [-] oslo_limit.service_name = None {{(pid=95859) log_opt_values /opt/stack/data/venv/lib/python3.12/site-packages/oslo_config/cfg.py:3256}}
Jun 01 22:25:18.926255 np0000001904 nova-scheduler[95859]: DEBUG cotyledon.oslo_config_glue [-] oslo_limit.service_type = None {{(pid=95859) log_opt_values /opt/stack/data/venv/lib/python3.12/site-packages/oslo_config/cfg.py:3256}}
Jun 01 22:25:18.926426 np0000001904 nova-scheduler[95859]: DEBUG cotyledon.oslo_config_glue [-] oslo_limit.split_loggers = False {{(pid=95859) log_opt_values /opt/stack/data/venv/lib/python3.12/site-packages/oslo_config/cfg.py:3256}}
Jun 01 22:25:18.926426 np0000001904 nova-scheduler[95859]: DEBUG cotyledon.oslo_config_glue [-] oslo_limit.status_code_retries = None {{(pid=95859) log_opt_values /opt/stack/data/venv/lib/python3.12/site-packages/oslo_config/cfg.py:3256}}
Jun 01 22:25:18.926426 np0000001904 nova-scheduler[95859]: DEBUG cotyledon.oslo_config_glue [-] oslo_limit.status_code_retry_delay = None {{(pid=95859) log_opt_values /opt/stack/data/venv/lib/python3.12/site-packages/oslo_config/cfg.py:3256}}
Jun 01 22:25:18.926426 np0000001904 nova-scheduler[95859]: DEBUG cotyledon.oslo_config_glue [-] oslo_limit.timeout = None {{(pid=95859) log_opt_values /opt/stack/data/venv/lib/python3.12/site-packages/oslo_config/cfg.py:3256}}
Jun 01 22:25:18.926426 np0000001904 nova-scheduler[95859]: DEBUG cotyledon.oslo_config_glue [-] oslo_limit.valid_interfaces = None {{(pid=95859) log_opt_values /opt/stack/data/venv/lib/python3.12/site-packages/oslo_config/cfg.py:3256}}
Jun 01 22:25:18.926426 np0000001904 nova-scheduler[95859]: DEBUG cotyledon.oslo_config_glue [-] oslo_limit.version = None {{(pid=95859) log_opt_values /opt/stack/data/venv/lib/python3.12/site-packages/oslo_config/cfg.py:3256}}
Jun 01 22:25:18.926426 np0000001904 nova-scheduler[95859]: DEBUG cotyledon.oslo_config_glue [-] oslo_reports.file_event_handler = None {{(pid=95859) log_opt_values /opt/stack/data/venv/lib/python3.12/site-packages/oslo_config/cfg.py:3256}}
Jun 01 22:25:18.926426 np0000001904 nova-scheduler[95859]: DEBUG cotyledon.oslo_config_glue [-] oslo_reports.file_event_handler_interval = 1 {{(pid=95859) log_opt_values /opt/stack/data/venv/lib/python3.12/site-packages/oslo_config/cfg.py:3256}}
Jun 01 22:25:18.926426 np0000001904 nova-scheduler[95859]: DEBUG cotyledon.oslo_config_glue [-] oslo_reports.log_dir = None {{(pid=95859) log_opt_values /opt/stack/data/venv/lib/python3.12/site-packages/oslo_config/cfg.py:3256}}
Jun 01 22:25:18.926627 np0000001904 nova-scheduler[95859]: DEBUG cotyledon.oslo_config_glue [-] ******************************************************************************** {{(pid=95859) log_opt_values /opt/stack/data/venv/lib/python3.12/site-packages/oslo_config/cfg.py:3263}}
Jun 01 22:25:18.926627 np0000001904 nova-scheduler[95859]: DEBUG cotyledon._service_worker [-] Run service ServiceWrapper(2) [95859] {{(pid=95859) wait_forever /opt/stack/data/venv/lib/python3.12/site-packages/cotyledon/_service_worker.py:218}}
Jun 01 22:25:18.926668 np0000001904 nova-scheduler[95857]: INFO dbcounter [None req-357f030c-17e3-4698-95b1-ada64c914282 None None] Registered counter for database nova_cell0
Jun 01 22:25:18.926692 np0000001904 nova-scheduler[95859]: INFO nova.service [-] Starting scheduler node (version 33.1.0)
Jun 01 22:25:18.926692 np0000001904 nova-scheduler[95859]: INFO dbcounter [None req-ab25fb3a-2c7a-46af-a36d-11a82d8f2089 None None] Registered counter for database nova_cell0
Jun 01 22:25:18.934631 np0000001904 nova-scheduler[95855]: DEBUG oslo_db.sqlalchemy.engines [None req-2a778d23-27a6-4bcf-8d4b-1b0255b89a9c None None] MySQL server mode set to STRICT_TRANS_TABLES,STRICT_ALL_TABLES,NO_ZERO_IN_DATE,NO_ZERO_DATE,ERROR_FOR_DIVISION_BY_ZERO,TRADITIONAL,NO_ENGINE_SUBSTITUTION {{(pid=95855) _check_effective_sql_mode /opt/stack/data/venv/lib/python3.12/site-packages/oslo_db/sqlalchemy/engines.py:325}}
Jun 01 22:25:18.943411 np0000001904 nova-scheduler[95855]: DEBUG dbcounter [-] [95855] Writer thread running {{(pid=95855) stat_writer /opt/stack/data/venv/lib/python3.12/site-packages/dbcounter.py:102}}
Jun 01 22:25:18.952151 np0000001904 nova-scheduler[95857]: DEBUG oslo_db.sqlalchemy.engines [None req-357f030c-17e3-4698-95b1-ada64c914282 None None] MySQL server mode set to STRICT_TRANS_TABLES,STRICT_ALL_TABLES,NO_ZERO_IN_DATE,NO_ZERO_DATE,ERROR_FOR_DIVISION_BY_ZERO,TRADITIONAL,NO_ENGINE_SUBSTITUTION {{(pid=95857) _check_effective_sql_mode /opt/stack/data/venv/lib/python3.12/site-packages/oslo_db/sqlalchemy/engines.py:325}}
Jun 01 22:25:18.956682 np0000001904 nova-scheduler[95859]: DEBUG oslo_db.sqlalchemy.engines [None req-ab25fb3a-2c7a-46af-a36d-11a82d8f2089 None None] MySQL server mode set to STRICT_TRANS_TABLES,STRICT_ALL_TABLES,NO_ZERO_IN_DATE,NO_ZERO_DATE,ERROR_FOR_DIVISION_BY_ZERO,TRADITIONAL,NO_ENGINE_SUBSTITUTION {{(pid=95859) _check_effective_sql_mode /opt/stack/data/venv/lib/python3.12/site-packages/oslo_db/sqlalchemy/engines.py:325}}
Jun 01 22:25:18.959880 np0000001904 nova-scheduler[95855]: DEBUG nova.service [None req-2a778d23-27a6-4bcf-8d4b-1b0255b89a9c None None] Creating RPC server for service: nova-scheduler on topic: scheduler {{(pid=95855) start /opt/stack/nova/nova/service.py:195}}
Jun 01 22:25:18.962031 np0000001904 nova-scheduler[95857]: DEBUG dbcounter [-] [95857] Writer thread running {{(pid=95857) stat_writer /opt/stack/data/venv/lib/python3.12/site-packages/dbcounter.py:102}}
Jun 01 22:25:18.965099 np0000001904 nova-scheduler[95857]: DEBUG nova.service [None req-357f030c-17e3-4698-95b1-ada64c914282 None None] Creating RPC server for service: nova-scheduler on topic: scheduler {{(pid=95857) start /opt/stack/nova/nova/service.py:195}}
Jun 01 22:25:18.966506 np0000001904 nova-scheduler[95859]: DEBUG dbcounter [-] [95859] Writer thread running {{(pid=95859) stat_writer /opt/stack/data/venv/lib/python3.12/site-packages/dbcounter.py:102}}
Jun 01 22:25:18.969703 np0000001904 nova-scheduler[95859]: DEBUG nova.service [None req-ab25fb3a-2c7a-46af-a36d-11a82d8f2089 None None] Creating RPC server for service: nova-scheduler on topic: scheduler {{(pid=95859) start /opt/stack/nova/nova/service.py:195}}
Jun 01 22:25:18.988278 np0000001904 nova-scheduler[95855]: DEBUG nova.service [None req-2a778d23-27a6-4bcf-8d4b-1b0255b89a9c None None] Join ServiceGroup membership for this service scheduler {{(pid=95855) start /opt/stack/nova/nova/service.py:221}}
Jun 01 22:25:18.988392 np0000001904 nova-scheduler[95857]: DEBUG nova.service [None req-357f030c-17e3-4698-95b1-ada64c914282 None None] Join ServiceGroup membership for this service scheduler {{(pid=95857) start /opt/stack/nova/nova/service.py:221}}
Jun 01 22:25:18.988502 np0000001904 nova-scheduler[95857]: DEBUG nova.servicegroup.drivers.db [None req-357f030c-17e3-4698-95b1-ada64c914282 None None] DB_Driver: join new ServiceGroup member np0000001904 to the scheduler group, service = {{(pid=95857) join /opt/stack/nova/nova/servicegroup/drivers/db.py:44}}
Jun 01 22:25:18.988638 np0000001904 nova-scheduler[95855]: DEBUG nova.servicegroup.drivers.db [None req-2a778d23-27a6-4bcf-8d4b-1b0255b89a9c None None] DB_Driver: join new ServiceGroup member np0000001904 to the scheduler group, service = {{(pid=95855) join /opt/stack/nova/nova/servicegroup/drivers/db.py:44}}
Jun 01 22:25:18.993120 np0000001904 nova-scheduler[95859]: DEBUG nova.service [None req-ab25fb3a-2c7a-46af-a36d-11a82d8f2089 None None] Join ServiceGroup membership for this service scheduler {{(pid=95859) start /opt/stack/nova/nova/service.py:221}}
Jun 01 22:25:18.993609 np0000001904 nova-scheduler[95859]: DEBUG nova.servicegroup.drivers.db [None req-ab25fb3a-2c7a-46af-a36d-11a82d8f2089 None None] DB_Driver: join new ServiceGroup member np0000001904 to the scheduler group, service = {{(pid=95859) join /opt/stack/nova/nova/servicegroup/drivers/db.py:44}}
Jun 01 22:25:24.004289 np0000001904 nova-scheduler[95855]: DEBUG oslo.service.backend._threading.loopingcall [-] Fixed interval looping call 'nova.servicegroup.drivers.db.DbDriver._report_state' sleeping for 119.99 seconds {{(pid=95855) _run_loop /opt/stack/data/venv/lib/python3.12/site-packages/oslo_service/backend/_threading/loopingcall.py:125}}
Jun 01 22:25:24.005458 np0000001904 nova-scheduler[95857]: DEBUG oslo.service.backend._threading.loopingcall [-] Fixed interval looping call 'nova.servicegroup.drivers.db.DbDriver._report_state' sleeping for 119.99 seconds {{(pid=95857) _run_loop /opt/stack/data/venv/lib/python3.12/site-packages/oslo_service/backend/_threading/loopingcall.py:125}}
Jun 01 22:25:24.006342 np0000001904 nova-scheduler[95859]: DEBUG oslo.service.backend._threading.loopingcall [-] Fixed interval looping call 'nova.servicegroup.drivers.db.DbDriver._report_state' sleeping for 119.99 seconds {{(pid=95859) _run_loop /opt/stack/data/venv/lib/python3.12/site-packages/oslo_service/backend/_threading/loopingcall.py:125}}
Jun 01 22:25:27.537819 np0000001904 nova-scheduler[94582]: DEBUG dbcounter [-] [94582] Writing DB stats nova_api:SELECT=3 {{(pid=94582) stat_writer /opt/stack/data/venv/lib/python3.12/site-packages/dbcounter.py:115}}
Jun 01 22:25:27.689938 np0000001904 nova-scheduler[94582]: DEBUG dbcounter [-] [94582] Writing DB stats nova_cell1:SELECT=1 {{(pid=94582) stat_writer /opt/stack/data/venv/lib/python3.12/site-packages/dbcounter.py:115}}
Jun 01 22:25:27.693855 np0000001904 nova-scheduler[94582]: DEBUG dbcounter [-] [94582] Writing DB stats nova_cell0:SELECT=1 {{(pid=94582) stat_writer /opt/stack/data/venv/lib/python3.12/site-packages/dbcounter.py:115}}
Jun 01 22:25:34.002585 np0000001904 nova-scheduler[95855]: DEBUG dbcounter [-] [95855] Writing DB stats nova_cell0:SELECT=4,nova_cell0:INSERT=1,nova_cell0:UPDATE=1 {{(pid=95855) stat_writer /opt/stack/data/venv/lib/python3.12/site-packages/dbcounter.py:115}}
Jun 01 22:25:34.012585 np0000001904 nova-scheduler[95857]: DEBUG dbcounter [-] [95857] Writing DB stats nova_cell0:SELECT=3,nova_cell0:UPDATE=1 {{(pid=95857) stat_writer /opt/stack/data/venv/lib/python3.12/site-packages/dbcounter.py:115}}
Jun 01 22:25:34.013009 np0000001904 nova-scheduler[95859]: DEBUG dbcounter [-] [95859] Writing DB stats nova_cell0:SELECT=3,nova_cell0:UPDATE=1 {{(pid=95859) stat_writer /opt/stack/data/venv/lib/python3.12/site-packages/dbcounter.py:115}}
Jun 01 22:25:38.991740 np0000001904 nova-scheduler[95857]: DEBUG oslo.service.backend._threading.loopingcall [None req-1c63def5-837a-47b5-b159-699e951f4b79 None None] Dynamic interval looping call 'nova.service.Service.periodic_tasks' sleeping for 60.00 seconds {{(pid=95857) _run_loop /opt/stack/data/venv/lib/python3.12/site-packages/oslo_service/backend/_threading/loopingcall.py:125}}
Jun 01 22:25:42.990657 np0000001904 nova-scheduler[95855]: DEBUG oslo.service.backend._threading.loopingcall [None req-06de406f-577a-4576-add5-3f068294b5e7 None None] Dynamic interval looping call 'nova.service.Service.periodic_tasks' sleeping for 60.00 seconds {{(pid=95855) _run_loop /opt/stack/data/venv/lib/python3.12/site-packages/oslo_service/backend/_threading/loopingcall.py:125}}
Jun 01 22:26:04.995799 np0000001904 nova-scheduler[95859]: DEBUG oslo.service.backend._threading.loopingcall [None req-41da5035-f2c4-4aca-bbef-801fb46014e8 None None] Dynamic interval looping call 'nova.service.Service.periodic_tasks' sleeping for 60.00 seconds {{(pid=95859) _run_loop /opt/stack/data/venv/lib/python3.12/site-packages/oslo_service/backend/_threading/loopingcall.py:125}}
Jun 01 22:26:38.992204 np0000001904 nova-scheduler[95857]: DEBUG oslo.service.backend._threading.loopingcall [None req-1c63def5-837a-47b5-b159-699e951f4b79 None None] Dynamic interval looping call 'nova.service.Service.periodic_tasks' sleeping for 60.00 seconds {{(pid=95857) _run_loop /opt/stack/data/venv/lib/python3.12/site-packages/oslo_service/backend/_threading/loopingcall.py:125}}
Jun 01 22:26:42.991111 np0000001904 nova-scheduler[95855]: DEBUG oslo.service.backend._threading.loopingcall [None req-06de406f-577a-4576-add5-3f068294b5e7 None None] Dynamic interval looping call 'nova.service.Service.periodic_tasks' sleeping for 60.00 seconds {{(pid=95855) _run_loop /opt/stack/data/venv/lib/python3.12/site-packages/oslo_service/backend/_threading/loopingcall.py:125}}
Jun 01 22:27:04.996450 np0000001904 nova-scheduler[95859]: DEBUG oslo.service.backend._threading.loopingcall [None req-41da5035-f2c4-4aca-bbef-801fb46014e8 None None] Dynamic interval looping call 'nova.service.Service.periodic_tasks' sleeping for 60.00 seconds {{(pid=95859) _run_loop /opt/stack/data/venv/lib/python3.12/site-packages/oslo_service/backend/_threading/loopingcall.py:125}}
Jun 01 22:27:24.000509 np0000001904 nova-scheduler[95855]: DEBUG oslo.service.backend._threading.loopingcall [-] Fixed interval looping call 'nova.servicegroup.drivers.db.DbDriver._report_state' sleeping for 119.99 seconds {{(pid=95855) _run_loop /opt/stack/data/venv/lib/python3.12/site-packages/oslo_service/backend/_threading/loopingcall.py:125}}
Jun 01 22:27:24.001219 np0000001904 nova-scheduler[95857]: DEBUG oslo.service.backend._threading.loopingcall [-] Fixed interval looping call 'nova.servicegroup.drivers.db.DbDriver._report_state' sleeping for 119.99 seconds {{(pid=95857) _run_loop /opt/stack/data/venv/lib/python3.12/site-packages/oslo_service/backend/_threading/loopingcall.py:125}}
Jun 01 22:27:24.002176 np0000001904 nova-scheduler[95859]: DEBUG oslo.service.backend._threading.loopingcall [-] Fixed interval looping call 'nova.servicegroup.drivers.db.DbDriver._report_state' sleeping for 119.99 seconds {{(pid=95859) _run_loop /opt/stack/data/venv/lib/python3.12/site-packages/oslo_service/backend/_threading/loopingcall.py:125}}
Jun 01 22:27:33.998005 np0000001904 nova-scheduler[95855]: DEBUG dbcounter [-] [95855] Writing DB stats nova_cell0:SELECT=1,nova_cell0:UPDATE=1 {{(pid=95855) stat_writer /opt/stack/data/venv/lib/python3.12/site-packages/dbcounter.py:115}}
Jun 01 22:27:33.999522 np0000001904 nova-scheduler[95857]: DEBUG dbcounter [-] [95857] Writing DB stats nova_cell0:SELECT=1,nova_cell0:UPDATE=1 {{(pid=95857) stat_writer /opt/stack/data/venv/lib/python3.12/site-packages/dbcounter.py:115}}
Jun 01 22:27:33.999868 np0000001904 nova-scheduler[95859]: DEBUG dbcounter [-] [95859] Writing DB stats nova_cell0:SELECT=1,nova_cell0:UPDATE=1 {{(pid=95859) stat_writer /opt/stack/data/venv/lib/python3.12/site-packages/dbcounter.py:115}}
Jun 01 22:27:38.992769 np0000001904 nova-scheduler[95857]: DEBUG oslo.service.backend._threading.loopingcall [None req-1c63def5-837a-47b5-b159-699e951f4b79 None None] Dynamic interval looping call 'nova.service.Service.periodic_tasks' sleeping for 60.00 seconds {{(pid=95857) _run_loop /opt/stack/data/venv/lib/python3.12/site-packages/oslo_service/backend/_threading/loopingcall.py:125}}
Jun 01 22:27:42.991670 np0000001904 nova-scheduler[95855]: DEBUG oslo.service.backend._threading.loopingcall [None req-06de406f-577a-4576-add5-3f068294b5e7 None None] Dynamic interval looping call 'nova.service.Service.periodic_tasks' sleeping for 60.00 seconds {{(pid=95855) _run_loop /opt/stack/data/venv/lib/python3.12/site-packages/oslo_service/backend/_threading/loopingcall.py:125}}
Jun 01 22:28:00.912509 np0000001904 nova-scheduler[95855]: DEBUG nova.scheduler.manager [None req-8afa7c3a-6a95-4a6b-9851-3d3130095dda tempest-DeleteServersTestJSON-1298905500 tempest-DeleteServersTestJSON-1298905500-project-member] Starting to schedule for instances: ['3f7b94f3-8c2a-4e55-94ff-1f6ed5aafe51'] {{(pid=95855) select_destinations /opt/stack/nova/nova/scheduler/manager.py:210}}
Jun 01 22:28:00.913490 np0000001904 nova-scheduler[95855]: DEBUG nova.scheduler.request_filter [None req-8afa7c3a-6a95-4a6b-9851-3d3130095dda tempest-DeleteServersTestJSON-1298905500 tempest-DeleteServersTestJSON-1298905500-project-member] compute_status_filter request filter added forbidden trait COMPUTE_STATUS_DISABLED {{(pid=95855) compute_status_filter /opt/stack/nova/nova/scheduler/request_filter.py:253}}
Jun 01 22:28:00.913724 np0000001904 nova-scheduler[95855]: DEBUG nova.scheduler.request_filter [None req-8afa7c3a-6a95-4a6b-9851-3d3130095dda tempest-DeleteServersTestJSON-1298905500 tempest-DeleteServersTestJSON-1298905500-project-member] Request filter 'compute_status_filter' took 0.0 seconds {{(pid=95855) wrapper /opt/stack/nova/nova/scheduler/request_filter.py:46}}
Jun 01 22:28:00.914028 np0000001904 nova-scheduler[95855]: DEBUG nova.scheduler.request_filter [None req-8afa7c3a-6a95-4a6b-9851-3d3130095dda tempest-DeleteServersTestJSON-1298905500 tempest-DeleteServersTestJSON-1298905500-project-member] Request filter 'accelerators_filter' took 0.0 seconds {{(pid=95855) wrapper /opt/stack/nova/nova/scheduler/request_filter.py:46}}
Jun 01 22:28:00.914293 np0000001904 nova-scheduler[95855]: DEBUG nova.scheduler.request_filter [None req-8afa7c3a-6a95-4a6b-9851-3d3130095dda tempest-DeleteServersTestJSON-1298905500 tempest-DeleteServersTestJSON-1298905500-project-member] Request filter 'packed_virtqueue_filter' took 0.0 seconds {{(pid=95855) wrapper /opt/stack/nova/nova/scheduler/request_filter.py:46}}
Jun 01 22:28:00.914819 np0000001904 nova-scheduler[95855]: DEBUG nova.scheduler.request_filter [None req-8afa7c3a-6a95-4a6b-9851-3d3130095dda tempest-DeleteServersTestJSON-1298905500 tempest-DeleteServersTestJSON-1298905500-project-member] Request filter 'remote_managed_ports_filter' took 0.0 seconds {{(pid=95855) wrapper /opt/stack/nova/nova/scheduler/request_filter.py:46}}
Jun 01 22:28:00.915049 np0000001904 nova-scheduler[95855]: DEBUG nova.scheduler.request_filter [None req-8afa7c3a-6a95-4a6b-9851-3d3130095dda tempest-DeleteServersTestJSON-1298905500 tempest-DeleteServersTestJSON-1298905500-project-member] ephemeral_encryption_filter skipped {{(pid=95855) ephemeral_encryption_filter /opt/stack/nova/nova/scheduler/request_filter.py:426}}
Jun 01 22:28:00.915261 np0000001904 nova-scheduler[95855]: DEBUG nova.scheduler.request_filter [None req-8afa7c3a-6a95-4a6b-9851-3d3130095dda tempest-DeleteServersTestJSON-1298905500 tempest-DeleteServersTestJSON-1298905500-project-member] virtio_sound_filter skipped {{(pid=95855) virtio_sound_filter /opt/stack/nova/nova/scheduler/request_filter.py:460}}
Jun 01 22:28:00.915710 np0000001904 nova-scheduler[95855]: DEBUG nova.scheduler.request_filter [None req-8afa7c3a-6a95-4a6b-9851-3d3130095dda tempest-DeleteServersTestJSON-1298905500 tempest-DeleteServersTestJSON-1298905500-project-member] tpm_secret_security_filter skipped {{(pid=95855) tpm_secret_security_filter /opt/stack/nova/nova/scheduler/request_filter.py:477}}
Jun 01 22:28:01.519530 np0000001904 nova-scheduler[95855]: INFO nova.utils [None req-8afa7c3a-6a95-4a6b-9851-3d3130095dda tempest-DeleteServersTestJSON-1298905500 tempest-DeleteServersTestJSON-1298905500-project-member] The cell worker thread pool ForkProcess-1.cell_worker is initialized
Jun 01 22:28:01.519530 np0000001904 nova-scheduler[95855]: DEBUG oslo_concurrency.lockutils [None req-8afa7c3a-6a95-4a6b-9851-3d3130095dda tempest-DeleteServersTestJSON-1298905500 tempest-DeleteServersTestJSON-1298905500-project-member] Acquiring lock "419f8274-3b90-46b4-9c72-da0ce037957e" by "nova.context.set_target_cell..get_or_set_cached_cell_and_set_connections" {{(pid=95855) inner /opt/stack/data/venv/lib/python3.12/site-packages/oslo_concurrency/lockutils.py:511}}
Jun 01 22:28:01.519821 np0000001904 nova-scheduler[95855]: DEBUG oslo_concurrency.lockutils [None req-8afa7c3a-6a95-4a6b-9851-3d3130095dda tempest-DeleteServersTestJSON-1298905500 tempest-DeleteServersTestJSON-1298905500-project-member] Lock "419f8274-3b90-46b4-9c72-da0ce037957e" acquired by "nova.context.set_target_cell..get_or_set_cached_cell_and_set_connections" :: waited 0.000s {{(pid=95855) inner /opt/stack/data/venv/lib/python3.12/site-packages/oslo_concurrency/lockutils.py:524}}
Jun 01 22:28:01.521244 np0000001904 nova-scheduler[95855]: DEBUG oslo_concurrency.lockutils [None req-8afa7c3a-6a95-4a6b-9851-3d3130095dda tempest-DeleteServersTestJSON-1298905500 tempest-DeleteServersTestJSON-1298905500-project-member] Lock "419f8274-3b90-46b4-9c72-da0ce037957e" "released" by "nova.context.set_target_cell..get_or_set_cached_cell_and_set_connections" :: held 0.002s {{(pid=95855) inner /opt/stack/data/venv/lib/python3.12/site-packages/oslo_concurrency/lockutils.py:543}}
Jun 01 22:28:01.522849 np0000001904 nova-scheduler[95855]: INFO dbcounter [None req-8afa7c3a-6a95-4a6b-9851-3d3130095dda tempest-DeleteServersTestJSON-1298905500 tempest-DeleteServersTestJSON-1298905500-project-member] Registered counter for database nova_cell1
Jun 01 22:28:01.563880 np0000001904 nova-scheduler[95855]: DEBUG oslo_db.sqlalchemy.engines [None req-8afa7c3a-6a95-4a6b-9851-3d3130095dda tempest-DeleteServersTestJSON-1298905500 tempest-DeleteServersTestJSON-1298905500-project-member] MySQL server mode set to STRICT_TRANS_TABLES,STRICT_ALL_TABLES,NO_ZERO_IN_DATE,NO_ZERO_DATE,ERROR_FOR_DIVISION_BY_ZERO,TRADITIONAL,NO_ENGINE_SUBSTITUTION {{(pid=95855) _check_effective_sql_mode /opt/stack/data/venv/lib/python3.12/site-packages/oslo_db/sqlalchemy/engines.py:325}}
Jun 01 22:28:01.569943 np0000001904 nova-scheduler[95855]: DEBUG dbcounter [-] [95855] Writer thread running {{(pid=95855) stat_writer /opt/stack/data/venv/lib/python3.12/site-packages/dbcounter.py:102}}
Jun 01 22:28:01.588294 np0000001904 nova-scheduler[95855]: DEBUG oslo_db.sqlalchemy.engines [None req-8afa7c3a-6a95-4a6b-9851-3d3130095dda tempest-DeleteServersTestJSON-1298905500 tempest-DeleteServersTestJSON-1298905500-project-member] Parent process 94582 forked (95855) with an open database connection, which is being discarded and recreated. {{(pid=95855) checkout /opt/stack/data/venv/lib/python3.12/site-packages/oslo_db/sqlalchemy/engines.py:402}}
Jun 01 22:28:01.636209 np0000001904 nova-scheduler[95855]: DEBUG dbcounter [-] [95855] Writer thread running {{(pid=95855) stat_writer /opt/stack/data/venv/lib/python3.12/site-packages/dbcounter.py:102}}
Jun 01 22:28:01.639291 np0000001904 nova-scheduler[95855]: DEBUG oslo_concurrency.lockutils [None req-8afa7c3a-6a95-4a6b-9851-3d3130095dda tempest-DeleteServersTestJSON-1298905500 tempest-DeleteServersTestJSON-1298905500-project-member] Acquiring lock "419f8274-3b90-46b4-9c72-da0ce037957e" by "nova.context.set_target_cell..get_or_set_cached_cell_and_set_connections" {{(pid=95855) inner /opt/stack/data/venv/lib/python3.12/site-packages/oslo_concurrency/lockutils.py:511}}
Jun 01 22:28:01.639291 np0000001904 nova-scheduler[95855]: DEBUG oslo_concurrency.lockutils [None req-8afa7c3a-6a95-4a6b-9851-3d3130095dda tempest-DeleteServersTestJSON-1298905500 tempest-DeleteServersTestJSON-1298905500-project-member] Lock "419f8274-3b90-46b4-9c72-da0ce037957e" acquired by "nova.context.set_target_cell..get_or_set_cached_cell_and_set_connections" :: waited 0.000s {{(pid=95855) inner /opt/stack/data/venv/lib/python3.12/site-packages/oslo_concurrency/lockutils.py:524}}
Jun 01 22:28:01.639735 np0000001904 nova-scheduler[95855]: DEBUG oslo_concurrency.lockutils [None req-8afa7c3a-6a95-4a6b-9851-3d3130095dda tempest-DeleteServersTestJSON-1298905500 tempest-DeleteServersTestJSON-1298905500-project-member] Lock "419f8274-3b90-46b4-9c72-da0ce037957e" "released" by "nova.context.set_target_cell..get_or_set_cached_cell_and_set_connections" :: held 0.000s {{(pid=95855) inner /opt/stack/data/venv/lib/python3.12/site-packages/oslo_concurrency/lockutils.py:543}}
Jun 01 22:28:01.643854 np0000001904 nova-scheduler[95855]: DEBUG oslo_concurrency.lockutils [None req-8afa7c3a-6a95-4a6b-9851-3d3130095dda tempest-DeleteServersTestJSON-1298905500 tempest-DeleteServersTestJSON-1298905500-project-member] Acquiring lock "('np0000001904', 'np0000001904')" by "nova.scheduler.host_manager.HostState.update.._locked_update" {{(pid=95855) inner /opt/stack/data/venv/lib/python3.12/site-packages/oslo_concurrency/lockutils.py:511}}
Jun 01 22:28:01.643998 np0000001904 nova-scheduler[95855]: DEBUG oslo_concurrency.lockutils [None req-8afa7c3a-6a95-4a6b-9851-3d3130095dda tempest-DeleteServersTestJSON-1298905500 tempest-DeleteServersTestJSON-1298905500-project-member] Lock "('np0000001904', 'np0000001904')" acquired by "nova.scheduler.host_manager.HostState.update.._locked_update" :: waited 0.000s {{(pid=95855) inner /opt/stack/data/venv/lib/python3.12/site-packages/oslo_concurrency/lockutils.py:524}}
Jun 01 22:28:01.645397 np0000001904 nova-scheduler[95855]: DEBUG nova.scheduler.host_manager [None req-8afa7c3a-6a95-4a6b-9851-3d3130095dda tempest-DeleteServersTestJSON-1298905500 tempest-DeleteServersTestJSON-1298905500-project-member] Update host state from compute node: ComputeNode(cpu_allocation_ratio=4.0,cpu_info='{"arch": "x86_64", "model": "EPYC-Milan", "vendor": "AMD", "topology": {"cells": 1, "sockets": 12, "cores": 1, "threads": 1}, "maxphysaddr": {"mode": "emulate", "bits": 40}, "features": ["vme", "clflush", "bmi2", "pclmuldq", "xsavec", "de", "vaes", "v-vmsave-vmload", "ibpb", "fxsr", "pse36", "clwb", "umip", "spec-ctrl", "xgetbv1", "pae", "cx8", "clflushopt", "wbnoinvd", "fxsr_opt", "syscall", "mmxext", "adx", "fsrm", "cmp_legacy", "lbrv", "rdpid", "arat", "lfence-always-serializing", "ssbd", "rdseed", "skip-l1dfl-vmentry", "mmx", "clzero", "pge", "abm", "xsaveopt", "fsgsbase", "xsave", "amd-stibp", "amd-psfd", "tsc-scale", "arch-capabilities", "sse4.1", "pschange-mc-no", "smap", "null-sel-clr-base", "pcid", "mtrr", "fma", "no-nested-data-bp", "pause-filter", "stibp", "3dnowprefetch", "ibrs", "svm", "osvw", "cmov", "vmcb-clean", "xsaves", "pku", "lm", "pat", "sha-ni", "pni", "rdrand", "vgif", "tsc-deadline", "hypervisor", "pdpe1gb", "sse4a", "amd-ssbd", "lahf_lm", "cr8legacy", "pfthreshold", "xsaveerptr", "mds-no", "smep", "x2apic", "rdctl-no", "sse4.2", "nx", "f16c", "misalignsse", "fpu", "msr", "tsc", "flushbyasid", "vpclmulqdq", "mce", "invpcid", "virt-ssbd", "avx", "movbe", "avx2", "apic", "stibp-always-on", "topoext", "sep", "erms", "nrip-save", "aes", "mca", "tsc_adjust", "cx16", "gds-no", "perfctr_core", "bmi1", "rdtscp", "ssse3", "svme-addr-chk", "sse", "npt", "pse", "popcnt", "sse2"]}',created_at=2026-06-01T22:25:43Z,current_workload=0,deleted=False,deleted_at=None,disk_allocation_ratio=1.0,disk_available_least=74,free_disk_gb=95,free_ram_mb=23518,host='np0000001904',host_ip=10.4.3.116,hypervisor_hostname='np0000001904',hypervisor_type='QEMU',hypervisor_version=8002002,id=1,local_gb=95,local_gb_used=0,mapped=1,memory_mb=24030,memory_mb_used=512,metrics='[]',numa_topology='{"nova_object.name": "NUMATopology", "nova_object.namespace": "nova", "nova_object.version": "1.2", "nova_object.data": {"cells": [{"nova_object.name": "NUMACell", "nova_object.namespace": "nova", "nova_object.version": "1.5", "nova_object.data": {"id": 0, "cpuset": [0, 1, 2, 3, 4, 5, 6, 7, 8, 9, 10, 11], "pcpuset": [0, 1, 2, 3, 4, 5, 6, 7, 8, 9, 10, 11], "memory": 24030, "cpu_usage": 0, "memory_usage": 0, "pinned_cpus": [], "siblings": [[6], [2], [5], [11], [8], [4], [1], [7], [10], [0], [3], [9]], "mempages": [{"nova_object.name": "NUMAPagesTopology", "nova_object.namespace": "nova", "nova_object.version": "1.1", "nova_object.data": {"size_kb": 4, "total": 6151798, "used": 0, "reserved": 0}, "nova_object.changes": ["size_kb", "used", "total", "reserved"]}, {"nova_object.name": "NUMAPagesTopology", "nova_object.namespace": "nova", "nova_object.version": "1.1", "nova_object.data": {"size_kb": 2048, "total": 0, "used": 0, "reserved": 0}, "nova_object.changes": ["size_kb", "used", "total", "reserved"]}, {"nova_object.name": "NUMAPagesTopology", "nova_object.namespace": "nova", "nova_object.version": "1.1", "nova_object.data": {"size_kb": 1048576, "total": 0, "used": 0, "reserved": 0}, "nova_object.changes": ["size_kb", "used", "total", "reserved"]}], "network_metadata": {"nova_object.name": "NetworkMetadata", "nova_object.namespace": "nova", "nova_object.version": "1.0", "nova_object.data": {"physnets": [], "tunneled": false}, "nova_object.changes": ["physnets", "tunneled"]}, "socket": null}, "nova_object.changes": ["cpu_usage", "pinned_cpus", "socket", "cpuset", "memory_usage", "id", "memory", "siblings", "pcpuset", "network_metadata", "mempages"]}]}, "nova_object.changes": ["cells"]}',pci_device_pools=PciDevicePoolList,ram_allocation_ratio=1.0,running_vms=0,service_id=2,stats={failed_builds='0',uptime=' 22:27:30 up 27 min, 2 users, load average: 1.62, 1.54, 0.87
Jun 01 22:28:01.645397 np0000001904 nova-scheduler[95855]: '},supported_hv_specs=[HVSpec,HVSpec,HVSpec,HVSpec,HVSpec,HVSpec,HVSpec,HVSpec,HVSpec,HVSpec,HVSpec,HVSpec,HVSpec,HVSpec,HVSpec,HVSpec,HVSpec,HVSpec,HVSpec,HVSpec,HVSpec,HVSpec,HVSpec,HVSpec,HVSpec],updated_at=2026-06-01T22:27:32Z,uuid=5b3d3131-abce-4277-95a3-d277d57e30f3,vcpus=12,vcpus_used=0) {{(pid=95855) _locked_update /opt/stack/nova/nova/scheduler/host_manager.py:168}}
Jun 01 22:28:01.646195 np0000001904 nova-scheduler[95855]: DEBUG nova.scheduler.host_manager [None req-8afa7c3a-6a95-4a6b-9851-3d3130095dda tempest-DeleteServersTestJSON-1298905500 tempest-DeleteServersTestJSON-1298905500-project-member] Update host state with aggregates: [] {{(pid=95855) _locked_update /opt/stack/nova/nova/scheduler/host_manager.py:171}}
Jun 01 22:28:01.646360 np0000001904 nova-scheduler[95855]: DEBUG nova.scheduler.host_manager [None req-8afa7c3a-6a95-4a6b-9851-3d3130095dda tempest-DeleteServersTestJSON-1298905500 tempest-DeleteServersTestJSON-1298905500-project-member] Update host state with service dict: {'id': 2, 'uuid': '51fdde4a-8d4a-4d84-b019-cd47c6af4a0b', 'host': 'np0000001904', 'binary': 'nova-compute', 'topic': 'compute', 'report_count': 2, 'disabled': False, 'disabled_reason': None, 'last_seen_up': datetime.datetime(2026, 6, 1, 22, 27, 52, tzinfo=datetime.timezone.utc), 'forced_down': False, 'version': 72, 'created_at': datetime.datetime(2026, 6, 1, 22, 25, 42, tzinfo=datetime.timezone.utc), 'updated_at': datetime.datetime(2026, 6, 1, 22, 27, 52, tzinfo=datetime.timezone.utc), 'deleted_at': None, 'deleted': False} {{(pid=95855) _locked_update /opt/stack/nova/nova/scheduler/host_manager.py:174}}
Jun 01 22:28:01.646592 np0000001904 nova-scheduler[95855]: DEBUG nova.scheduler.host_manager [None req-8afa7c3a-6a95-4a6b-9851-3d3130095dda tempest-DeleteServersTestJSON-1298905500 tempest-DeleteServersTestJSON-1298905500-project-member] Update host state with instances: [] {{(pid=95855) _locked_update /opt/stack/nova/nova/scheduler/host_manager.py:177}}
Jun 01 22:28:01.646592 np0000001904 nova-scheduler[95855]: DEBUG oslo_concurrency.lockutils [None req-8afa7c3a-6a95-4a6b-9851-3d3130095dda tempest-DeleteServersTestJSON-1298905500 tempest-DeleteServersTestJSON-1298905500-project-member] Lock "('np0000001904', 'np0000001904')" "released" by "nova.scheduler.host_manager.HostState.update.._locked_update" :: held 0.003s {{(pid=95855) inner /opt/stack/data/venv/lib/python3.12/site-packages/oslo_concurrency/lockutils.py:543}}
Jun 01 22:28:01.647012 np0000001904 nova-scheduler[95855]: DEBUG nova.filters [None req-8afa7c3a-6a95-4a6b-9851-3d3130095dda tempest-DeleteServersTestJSON-1298905500 tempest-DeleteServersTestJSON-1298905500-project-member] Starting with 1 host(s) {{(pid=95855) get_filtered_objects /opt/stack/nova/nova/filters.py:70}}
Jun 01 22:28:01.648169 np0000001904 nova-scheduler[95855]: DEBUG nova.filters [None req-8afa7c3a-6a95-4a6b-9851-3d3130095dda tempest-DeleteServersTestJSON-1298905500 tempest-DeleteServersTestJSON-1298905500-project-member] Filter ComputeFilter returned 1 host(s) {{(pid=95855) get_filtered_objects /opt/stack/nova/nova/filters.py:102}}
Jun 01 22:28:01.648169 np0000001904 nova-scheduler[95855]: DEBUG nova.filters [None req-8afa7c3a-6a95-4a6b-9851-3d3130095dda tempest-DeleteServersTestJSON-1298905500 tempest-DeleteServersTestJSON-1298905500-project-member] Filter ComputeCapabilitiesFilter returned 1 host(s) {{(pid=95855) get_filtered_objects /opt/stack/nova/nova/filters.py:102}}
Jun 01 22:28:01.648169 np0000001904 nova-scheduler[95855]: DEBUG nova.filters [None req-8afa7c3a-6a95-4a6b-9851-3d3130095dda tempest-DeleteServersTestJSON-1298905500 tempest-DeleteServersTestJSON-1298905500-project-member] Filter ImagePropertiesFilter returned 1 host(s) {{(pid=95855) get_filtered_objects /opt/stack/nova/nova/filters.py:102}}
Jun 01 22:28:01.648169 np0000001904 nova-scheduler[95855]: DEBUG nova.filters [None req-8afa7c3a-6a95-4a6b-9851-3d3130095dda tempest-DeleteServersTestJSON-1298905500 tempest-DeleteServersTestJSON-1298905500-project-member] Filter ServerGroupAntiAffinityFilter returned 1 host(s) {{(pid=95855) get_filtered_objects /opt/stack/nova/nova/filters.py:102}}
Jun 01 22:28:01.648169 np0000001904 nova-scheduler[95855]: DEBUG nova.filters [None req-8afa7c3a-6a95-4a6b-9851-3d3130095dda tempest-DeleteServersTestJSON-1298905500 tempest-DeleteServersTestJSON-1298905500-project-member] Filter ServerGroupAffinityFilter returned 1 host(s) {{(pid=95855) get_filtered_objects /opt/stack/nova/nova/filters.py:102}}
Jun 01 22:28:01.648169 np0000001904 nova-scheduler[95855]: DEBUG nova.filters [None req-8afa7c3a-6a95-4a6b-9851-3d3130095dda tempest-DeleteServersTestJSON-1298905500 tempest-DeleteServersTestJSON-1298905500-project-member] Filter SameHostFilter returned 1 host(s) {{(pid=95855) get_filtered_objects /opt/stack/nova/nova/filters.py:102}}
Jun 01 22:28:01.648169 np0000001904 nova-scheduler[95855]: DEBUG nova.filters [None req-8afa7c3a-6a95-4a6b-9851-3d3130095dda tempest-DeleteServersTestJSON-1298905500 tempest-DeleteServersTestJSON-1298905500-project-member] Filter DifferentHostFilter returned 1 host(s) {{(pid=95855) get_filtered_objects /opt/stack/nova/nova/filters.py:102}}
Jun 01 22:28:01.648498 np0000001904 nova-scheduler[95855]: DEBUG nova.scheduler.manager [None req-8afa7c3a-6a95-4a6b-9851-3d3130095dda tempest-DeleteServersTestJSON-1298905500 tempest-DeleteServersTestJSON-1298905500-project-member] Filtered [(np0000001904, np0000001904) ram: 23518MB disk: 75776MB io_ops: 0 instances: 0, allocation_candidates: 1] {{(pid=95855) _get_sorted_hosts /opt/stack/nova/nova/scheduler/manager.py:743}}
Jun 01 22:28:01.648704 np0000001904 nova-scheduler[95855]: DEBUG nova.scheduler.manager [None req-8afa7c3a-6a95-4a6b-9851-3d3130095dda tempest-DeleteServersTestJSON-1298905500 tempest-DeleteServersTestJSON-1298905500-project-member] Weighed [WeighedHost [host: (np0000001904, np0000001904) ram: 23518MB disk: 75776MB io_ops: 0 instances: 0, allocation_candidates: 1, weight: 0.0]] {{(pid=95855) _get_sorted_hosts /opt/stack/nova/nova/scheduler/manager.py:765}}
Jun 01 22:28:01.648943 np0000001904 nova-scheduler[95855]: DEBUG nova.scheduler.utils [None req-8afa7c3a-6a95-4a6b-9851-3d3130095dda tempest-DeleteServersTestJSON-1298905500 tempest-DeleteServersTestJSON-1298905500-project-member] Attempting to claim resources in the placement API for instance 3f7b94f3-8c2a-4e55-94ff-1f6ed5aafe51 {{(pid=95855) claim_resources /opt/stack/nova/nova/scheduler/utils.py:1304}}
Jun 01 22:28:01.807827 np0000001904 nova-scheduler[95855]: DEBUG nova.scheduler.manager [None req-8afa7c3a-6a95-4a6b-9851-3d3130095dda tempest-DeleteServersTestJSON-1298905500 tempest-DeleteServersTestJSON-1298905500-project-member] [instance: 3f7b94f3-8c2a-4e55-94ff-1f6ed5aafe51] Selected host: (np0000001904, np0000001904) ram: 23518MB disk: 75776MB io_ops: 0 instances: 0, allocation_candidates: 1 {{(pid=95855) _consume_selected_host /opt/stack/nova/nova/scheduler/manager.py:625}}
Jun 01 22:28:01.808122 np0000001904 nova-scheduler[95855]: DEBUG oslo_concurrency.lockutils [None req-8afa7c3a-6a95-4a6b-9851-3d3130095dda tempest-DeleteServersTestJSON-1298905500 tempest-DeleteServersTestJSON-1298905500-project-member] Acquiring lock "('np0000001904', 'np0000001904')" by "nova.scheduler.host_manager.HostState.consume_from_request.._locked" {{(pid=95855) inner /opt/stack/data/venv/lib/python3.12/site-packages/oslo_concurrency/lockutils.py:511}}
Jun 01 22:28:01.808327 np0000001904 nova-scheduler[95855]: DEBUG oslo_concurrency.lockutils [None req-8afa7c3a-6a95-4a6b-9851-3d3130095dda tempest-DeleteServersTestJSON-1298905500 tempest-DeleteServersTestJSON-1298905500-project-member] Lock "('np0000001904', 'np0000001904')" acquired by "nova.scheduler.host_manager.HostState.consume_from_request.._locked" :: waited 0.000s {{(pid=95855) inner /opt/stack/data/venv/lib/python3.12/site-packages/oslo_concurrency/lockutils.py:524}}
Jun 01 22:28:01.808533 np0000001904 nova-scheduler[95855]: DEBUG oslo_concurrency.lockutils [None req-8afa7c3a-6a95-4a6b-9851-3d3130095dda tempest-DeleteServersTestJSON-1298905500 tempest-DeleteServersTestJSON-1298905500-project-member] Lock "('np0000001904', 'np0000001904')" "released" by "nova.scheduler.host_manager.HostState.consume_from_request.._locked" :: held 0.000s {{(pid=95855) inner /opt/stack/data/venv/lib/python3.12/site-packages/oslo_concurrency/lockutils.py:543}}
Jun 01 22:28:04.997136 np0000001904 nova-scheduler[95859]: DEBUG oslo.service.backend._threading.loopingcall [None req-41da5035-f2c4-4aca-bbef-801fb46014e8 None None] Dynamic interval looping call 'nova.service.Service.periodic_tasks' sleeping for 60.00 seconds {{(pid=95859) _run_loop /opt/stack/data/venv/lib/python3.12/site-packages/oslo_service/backend/_threading/loopingcall.py:125}}
Jun 01 22:28:11.636696 np0000001904 nova-scheduler[95855]: DEBUG dbcounter [-] [95855] Writing DB stats nova_api:SELECT=1 {{(pid=95855) stat_writer /opt/stack/data/venv/lib/python3.12/site-packages/dbcounter.py:115}}
Jun 01 22:28:11.642745 np0000001904 nova-scheduler[95855]: DEBUG dbcounter [-] [95855] Writing DB stats nova_cell1:SELECT=3 {{(pid=95855) stat_writer /opt/stack/data/venv/lib/python3.12/site-packages/dbcounter.py:115}}
Jun 01 22:28:14.354225 np0000001904 nova-scheduler[95857]: DEBUG nova.scheduler.manager [None req-ffe2a593-e9a6-4a19-87c5-e991f947785a tempest-TaggedAttachmentsTest-701445334 tempest-TaggedAttachmentsTest-701445334-project-member] Starting to schedule for instances: ['cc8d8555-5b36-4eed-9044-49d67b0b4b58'] {{(pid=95857) select_destinations /opt/stack/nova/nova/scheduler/manager.py:210}}
Jun 01 22:28:14.354778 np0000001904 nova-scheduler[95857]: DEBUG nova.scheduler.request_filter [None req-ffe2a593-e9a6-4a19-87c5-e991f947785a tempest-TaggedAttachmentsTest-701445334 tempest-TaggedAttachmentsTest-701445334-project-member] compute_status_filter request filter added forbidden trait COMPUTE_STATUS_DISABLED {{(pid=95857) compute_status_filter /opt/stack/nova/nova/scheduler/request_filter.py:253}}
Jun 01 22:28:14.354942 np0000001904 nova-scheduler[95857]: DEBUG nova.scheduler.request_filter [None req-ffe2a593-e9a6-4a19-87c5-e991f947785a tempest-TaggedAttachmentsTest-701445334 tempest-TaggedAttachmentsTest-701445334-project-member] Request filter 'compute_status_filter' took 0.0 seconds {{(pid=95857) wrapper /opt/stack/nova/nova/scheduler/request_filter.py:46}}
Jun 01 22:28:14.355158 np0000001904 nova-scheduler[95857]: DEBUG nova.scheduler.request_filter [None req-ffe2a593-e9a6-4a19-87c5-e991f947785a tempest-TaggedAttachmentsTest-701445334 tempest-TaggedAttachmentsTest-701445334-project-member] Request filter 'accelerators_filter' took 0.0 seconds {{(pid=95857) wrapper /opt/stack/nova/nova/scheduler/request_filter.py:46}}
Jun 01 22:28:14.355640 np0000001904 nova-scheduler[95857]: DEBUG nova.scheduler.request_filter [None req-ffe2a593-e9a6-4a19-87c5-e991f947785a tempest-TaggedAttachmentsTest-701445334 tempest-TaggedAttachmentsTest-701445334-project-member] Request filter 'packed_virtqueue_filter' took 0.0 seconds {{(pid=95857) wrapper /opt/stack/nova/nova/scheduler/request_filter.py:46}}
Jun 01 22:28:14.355949 np0000001904 nova-scheduler[95857]: DEBUG nova.scheduler.request_filter [None req-ffe2a593-e9a6-4a19-87c5-e991f947785a tempest-TaggedAttachmentsTest-701445334 tempest-TaggedAttachmentsTest-701445334-project-member] Request filter 'remote_managed_ports_filter' took 0.0 seconds {{(pid=95857) wrapper /opt/stack/nova/nova/scheduler/request_filter.py:46}}
Jun 01 22:28:14.356255 np0000001904 nova-scheduler[95857]: DEBUG nova.scheduler.request_filter [None req-ffe2a593-e9a6-4a19-87c5-e991f947785a tempest-TaggedAttachmentsTest-701445334 tempest-TaggedAttachmentsTest-701445334-project-member] ephemeral_encryption_filter skipped {{(pid=95857) ephemeral_encryption_filter /opt/stack/nova/nova/scheduler/request_filter.py:426}}
Jun 01 22:28:14.356317 np0000001904 nova-scheduler[95857]: DEBUG nova.scheduler.request_filter [None req-ffe2a593-e9a6-4a19-87c5-e991f947785a tempest-TaggedAttachmentsTest-701445334 tempest-TaggedAttachmentsTest-701445334-project-member] virtio_sound_filter skipped {{(pid=95857) virtio_sound_filter /opt/stack/nova/nova/scheduler/request_filter.py:460}}
Jun 01 22:28:14.356514 np0000001904 nova-scheduler[95857]: DEBUG nova.scheduler.request_filter [None req-ffe2a593-e9a6-4a19-87c5-e991f947785a tempest-TaggedAttachmentsTest-701445334 tempest-TaggedAttachmentsTest-701445334-project-member] tpm_secret_security_filter skipped {{(pid=95857) tpm_secret_security_filter /opt/stack/nova/nova/scheduler/request_filter.py:477}}
Jun 01 22:28:14.465077 np0000001904 nova-scheduler[95857]: INFO nova.utils [None req-ffe2a593-e9a6-4a19-87c5-e991f947785a tempest-TaggedAttachmentsTest-701445334 tempest-TaggedAttachmentsTest-701445334-project-member] The cell worker thread pool ForkProcess-2.cell_worker is initialized
Jun 01 22:28:14.465728 np0000001904 nova-scheduler[95857]: DEBUG oslo_concurrency.lockutils [None req-ffe2a593-e9a6-4a19-87c5-e991f947785a tempest-TaggedAttachmentsTest-701445334 tempest-TaggedAttachmentsTest-701445334-project-member] Acquiring lock "419f8274-3b90-46b4-9c72-da0ce037957e" by "nova.context.set_target_cell..get_or_set_cached_cell_and_set_connections" {{(pid=95857) inner /opt/stack/data/venv/lib/python3.12/site-packages/oslo_concurrency/lockutils.py:511}}
Jun 01 22:28:14.465846 np0000001904 nova-scheduler[95857]: DEBUG oslo_concurrency.lockutils [None req-ffe2a593-e9a6-4a19-87c5-e991f947785a tempest-TaggedAttachmentsTest-701445334 tempest-TaggedAttachmentsTest-701445334-project-member] Lock "419f8274-3b90-46b4-9c72-da0ce037957e" acquired by "nova.context.set_target_cell..get_or_set_cached_cell_and_set_connections" :: waited 0.000s {{(pid=95857) inner /opt/stack/data/venv/lib/python3.12/site-packages/oslo_concurrency/lockutils.py:524}}
Jun 01 22:28:14.468052 np0000001904 nova-scheduler[95857]: DEBUG oslo_concurrency.lockutils [None req-ffe2a593-e9a6-4a19-87c5-e991f947785a tempest-TaggedAttachmentsTest-701445334 tempest-TaggedAttachmentsTest-701445334-project-member] Lock "419f8274-3b90-46b4-9c72-da0ce037957e" "released" by "nova.context.set_target_cell..get_or_set_cached_cell_and_set_connections" :: held 0.002s {{(pid=95857) inner /opt/stack/data/venv/lib/python3.12/site-packages/oslo_concurrency/lockutils.py:543}}
Jun 01 22:28:14.469965 np0000001904 nova-scheduler[95857]: INFO dbcounter [None req-ffe2a593-e9a6-4a19-87c5-e991f947785a tempest-TaggedAttachmentsTest-701445334 tempest-TaggedAttachmentsTest-701445334-project-member] Registered counter for database nova_cell1
Jun 01 22:28:14.518361 np0000001904 nova-scheduler[95857]: DEBUG oslo_db.sqlalchemy.engines [None req-ffe2a593-e9a6-4a19-87c5-e991f947785a tempest-TaggedAttachmentsTest-701445334 tempest-TaggedAttachmentsTest-701445334-project-member] MySQL server mode set to STRICT_TRANS_TABLES,STRICT_ALL_TABLES,NO_ZERO_IN_DATE,NO_ZERO_DATE,ERROR_FOR_DIVISION_BY_ZERO,TRADITIONAL,NO_ENGINE_SUBSTITUTION {{(pid=95857) _check_effective_sql_mode /opt/stack/data/venv/lib/python3.12/site-packages/oslo_db/sqlalchemy/engines.py:325}}
Jun 01 22:28:14.524902 np0000001904 nova-scheduler[95857]: DEBUG dbcounter [-] [95857] Writer thread running {{(pid=95857) stat_writer /opt/stack/data/venv/lib/python3.12/site-packages/dbcounter.py:102}}
Jun 01 22:28:14.595810 np0000001904 nova-scheduler[95857]: DEBUG dbcounter [-] [95857] Writer thread running {{(pid=95857) stat_writer /opt/stack/data/venv/lib/python3.12/site-packages/dbcounter.py:102}}
Jun 01 22:28:14.600924 np0000001904 nova-scheduler[95857]: DEBUG oslo_concurrency.lockutils [None req-ffe2a593-e9a6-4a19-87c5-e991f947785a tempest-TaggedAttachmentsTest-701445334 tempest-TaggedAttachmentsTest-701445334-project-member] Acquiring lock "419f8274-3b90-46b4-9c72-da0ce037957e" by "nova.context.set_target_cell..get_or_set_cached_cell_and_set_connections" {{(pid=95857) inner /opt/stack/data/venv/lib/python3.12/site-packages/oslo_concurrency/lockutils.py:511}}
Jun 01 22:28:14.601124 np0000001904 nova-scheduler[95857]: DEBUG oslo_concurrency.lockutils [None req-ffe2a593-e9a6-4a19-87c5-e991f947785a tempest-TaggedAttachmentsTest-701445334 tempest-TaggedAttachmentsTest-701445334-project-member] Lock "419f8274-3b90-46b4-9c72-da0ce037957e" acquired by "nova.context.set_target_cell..get_or_set_cached_cell_and_set_connections" :: waited 0.000s {{(pid=95857) inner /opt/stack/data/venv/lib/python3.12/site-packages/oslo_concurrency/lockutils.py:524}}
Jun 01 22:28:14.601277 np0000001904 nova-scheduler[95857]: DEBUG oslo_concurrency.lockutils [None req-ffe2a593-e9a6-4a19-87c5-e991f947785a tempest-TaggedAttachmentsTest-701445334 tempest-TaggedAttachmentsTest-701445334-project-member] Lock "419f8274-3b90-46b4-9c72-da0ce037957e" "released" by "nova.context.set_target_cell..get_or_set_cached_cell_and_set_connections" :: held 0.000s {{(pid=95857) inner /opt/stack/data/venv/lib/python3.12/site-packages/oslo_concurrency/lockutils.py:543}}
Jun 01 22:28:14.604978 np0000001904 nova-scheduler[95857]: DEBUG oslo_concurrency.lockutils [None req-ffe2a593-e9a6-4a19-87c5-e991f947785a tempest-TaggedAttachmentsTest-701445334 tempest-TaggedAttachmentsTest-701445334-project-member] Acquiring lock "('np0000001904', 'np0000001904')" by "nova.scheduler.host_manager.HostState.update.._locked_update" {{(pid=95857) inner /opt/stack/data/venv/lib/python3.12/site-packages/oslo_concurrency/lockutils.py:511}}
Jun 01 22:28:14.605125 np0000001904 nova-scheduler[95857]: DEBUG oslo_concurrency.lockutils [None req-ffe2a593-e9a6-4a19-87c5-e991f947785a tempest-TaggedAttachmentsTest-701445334 tempest-TaggedAttachmentsTest-701445334-project-member] Lock "('np0000001904', 'np0000001904')" acquired by "nova.scheduler.host_manager.HostState.update.._locked_update" :: waited 0.000s {{(pid=95857) inner /opt/stack/data/venv/lib/python3.12/site-packages/oslo_concurrency/lockutils.py:524}}
