Jun 01 22:25:23.089860 np0000001904 devstack@neutron-api.service[90053]: DEBUG neutron.plugins.ml2.drivers.ovn.mech_driver.ovsdb.maintenance [-] Touching Hash Ring node "018195b80614509fb37c58d86be019d2" from periodic health check thread {{(pid=90053) touch_hash_ring_node /opt/stack/neutron/neutron/plugins/ml2/drivers/ovn/mech_driver/ovsdb/maintenance.py:1466}}
Jun 01 22:25:23.924029 np0000001904 devstack@neutron-api.service[90051]: DEBUG futurist.periodics [-] Submitting periodic callback 'neutron.plugins.ml2.drivers.ovn.mech_driver.ovsdb.maintenance.HashRingHealthCheckPeriodics.touch_hash_ring_node' {{(pid=90051) _process_scheduled /opt/stack/data/venv/lib/python3.12/site-packages/futurist/periodics.py:784}}
Jun 01 22:25:23.924329 np0000001904 devstack@neutron-api.service[90051]: DEBUG neutron.plugins.ml2.drivers.ovn.mech_driver.ovsdb.maintenance [-] Touching Hash Ring node "8a5f79dc32615b2196dfccd828146104" from periodic health check thread {{(pid=90051) touch_hash_ring_node /opt/stack/neutron/neutron/plugins/ml2/drivers/ovn/mech_driver/ovsdb/maintenance.py:1466}}
Jun 01 22:25:23.998559 np0000001904 devstack@neutron-api.service[90052]: DEBUG futurist.periodics [-] Submitting periodic callback 'neutron.plugins.ml2.drivers.ovn.mech_driver.ovsdb.maintenance.HashRingHealthCheckPeriodics.touch_hash_ring_node' {{(pid=90052) _process_scheduled /opt/stack/data/venv/lib/python3.12/site-packages/futurist/periodics.py:784}}
Jun 01 22:25:24.000421 np0000001904 devstack@neutron-api.service[90052]: DEBUG neutron.plugins.ml2.drivers.ovn.mech_driver.ovsdb.maintenance [-] Touching Hash Ring node "23018aa78d6f5dd18b02ad29b947a78d" from periodic health check thread {{(pid=90052) touch_hash_ring_node /opt/stack/neutron/neutron/plugins/ml2/drivers/ovn/mech_driver/ovsdb/maintenance.py:1466}}
Jun 01 22:25:33.096887 np0000001904 devstack@neutron-api.service[90053]: DEBUG dbcounter [-] [90053] Writing DB stats neutron:SELECT=3314,neutron:INSERT=730,neutron:DELETE=12,neutron:UPDATE=136 {{(pid=90053) stat_writer /opt/stack/data/venv/lib/python3.12/site-packages/dbcounter.py:115}}
Jun 01 22:25:33.930798 np0000001904 devstack@neutron-api.service[90051]: DEBUG dbcounter [-] [90051] Writing DB stats neutron:SELECT=251,neutron:INSERT=18,neutron:DELETE=6,neutron:UPDATE=23 {{(pid=90051) stat_writer /opt/stack/data/venv/lib/python3.12/site-packages/dbcounter.py:115}}
Jun 01 22:25:34.012815 np0000001904 devstack@neutron-api.service[90052]: DEBUG dbcounter [-] [90052] Writing DB stats neutron:SELECT=2321,neutron:INSERT=56,neutron:DELETE=10,neutron:UPDATE=52 {{(pid=90052) stat_writer /opt/stack/data/venv/lib/python3.12/site-packages/dbcounter.py:115}}
Jun 01 22:25:38.089877 np0000001904 devstack@neutron-api.service[90053]: DEBUG futurist.periodics [-] Submitting periodic callback 'neutron.plugins.ml2.drivers.ovn.mech_driver.ovsdb.maintenance.HashRingHealthCheckPeriodics.touch_hash_ring_node' {{(pid=90053) _process_scheduled /opt/stack/data/venv/lib/python3.12/site-packages/futurist/periodics.py:784}}
Jun 01 22:25:38.090115 np0000001904 devstack@neutron-api.service[90053]: DEBUG neutron.plugins.ml2.drivers.ovn.mech_driver.ovsdb.maintenance [-] Touching Hash Ring node "018195b80614509fb37c58d86be019d2" from periodic health check thread {{(pid=90053) touch_hash_ring_node /opt/stack/neutron/neutron/plugins/ml2/drivers/ovn/mech_driver/ovsdb/maintenance.py:1466}}
Jun 01 22:25:38.924583 np0000001904 devstack@neutron-api.service[90051]: DEBUG futurist.periodics [-] Submitting periodic callback 'neutron.plugins.ml2.drivers.ovn.mech_driver.ovsdb.maintenance.HashRingHealthCheckPeriodics.touch_hash_ring_node' {{(pid=90051) _process_scheduled /opt/stack/data/venv/lib/python3.12/site-packages/futurist/periodics.py:784}}
Jun 01 22:25:38.924978 np0000001904 devstack@neutron-api.service[90051]: DEBUG neutron.plugins.ml2.drivers.ovn.mech_driver.ovsdb.maintenance [-] Touching Hash Ring node "8a5f79dc32615b2196dfccd828146104" from periodic health check thread {{(pid=90051) touch_hash_ring_node /opt/stack/neutron/neutron/plugins/ml2/drivers/ovn/mech_driver/ovsdb/maintenance.py:1466}}
Jun 01 22:25:39.000052 np0000001904 devstack@neutron-api.service[90052]: DEBUG futurist.periodics [-] Submitting periodic callback 'neutron.plugins.ml2.drivers.ovn.mech_driver.ovsdb.maintenance.HashRingHealthCheckPeriodics.touch_hash_ring_node' {{(pid=90052) _process_scheduled /opt/stack/data/venv/lib/python3.12/site-packages/futurist/periodics.py:784}}
Jun 01 22:25:39.000425 np0000001904 devstack@neutron-api.service[90052]: DEBUG neutron.plugins.ml2.drivers.ovn.mech_driver.ovsdb.maintenance [-] Touching Hash Ring node "23018aa78d6f5dd18b02ad29b947a78d" from periodic health check thread {{(pid=90052) touch_hash_ring_node /opt/stack/neutron/neutron/plugins/ml2/drivers/ovn/mech_driver/ovsdb/maintenance.py:1466}}
Jun 01 22:25:48.096258 np0000001904 devstack@neutron-api.service[90053]: DEBUG dbcounter [-] [90053] Writing DB stats neutron:UPDATE=1,neutron:SELECT=1 {{(pid=90053) stat_writer /opt/stack/data/venv/lib/python3.12/site-packages/dbcounter.py:115}}
Jun 01 22:25:48.932072 np0000001904 devstack@neutron-api.service[90051]: DEBUG dbcounter [-] [90051] Writing DB stats neutron:UPDATE=1,neutron:SELECT=1 {{(pid=90051) stat_writer /opt/stack/data/venv/lib/python3.12/site-packages/dbcounter.py:115}}
Jun 01 22:25:49.005803 np0000001904 devstack@neutron-api.service[90052]: DEBUG dbcounter [-] [90052] Writing DB stats neutron:UPDATE=1,neutron:SELECT=1 {{(pid=90052) stat_writer /opt/stack/data/venv/lib/python3.12/site-packages/dbcounter.py:115}}
Jun 01 22:25:53.090378 np0000001904 devstack@neutron-api.service[90053]: DEBUG futurist.periodics [-] Submitting periodic callback 'neutron.plugins.ml2.drivers.ovn.mech_driver.ovsdb.maintenance.HashRingHealthCheckPeriodics.touch_hash_ring_node' {{(pid=90053) _process_scheduled /opt/stack/data/venv/lib/python3.12/site-packages/futurist/periodics.py:784}}
Jun 01 22:25:53.090821 np0000001904 devstack@neutron-api.service[90053]: DEBUG neutron.plugins.ml2.drivers.ovn.mech_driver.ovsdb.maintenance [-] Touching Hash Ring node "018195b80614509fb37c58d86be019d2" from periodic health check thread {{(pid=90053) touch_hash_ring_node /opt/stack/neutron/neutron/plugins/ml2/drivers/ovn/mech_driver/ovsdb/maintenance.py:1466}}
Jun 01 22:25:53.925081 np0000001904 devstack@neutron-api.service[90051]: DEBUG futurist.periodics [-] Submitting periodic callback 'neutron.plugins.ml2.drivers.ovn.mech_driver.ovsdb.maintenance.HashRingHealthCheckPeriodics.touch_hash_ring_node' {{(pid=90051) _process_scheduled /opt/stack/data/venv/lib/python3.12/site-packages/futurist/periodics.py:784}}
Jun 01 22:25:53.925536 np0000001904 devstack@neutron-api.service[90051]: DEBUG neutron.plugins.ml2.drivers.ovn.mech_driver.ovsdb.maintenance [-] Touching Hash Ring node "8a5f79dc32615b2196dfccd828146104" from periodic health check thread {{(pid=90051) touch_hash_ring_node /opt/stack/neutron/neutron/plugins/ml2/drivers/ovn/mech_driver/ovsdb/maintenance.py:1466}}
Jun 01 22:25:54.000676 np0000001904 devstack@neutron-api.service[90052]: DEBUG futurist.periodics [-] Submitting periodic callback 'neutron.plugins.ml2.drivers.ovn.mech_driver.ovsdb.maintenance.HashRingHealthCheckPeriodics.touch_hash_ring_node' {{(pid=90052) _process_scheduled /opt/stack/data/venv/lib/python3.12/site-packages/futurist/periodics.py:784}}
Jun 01 22:25:54.001125 np0000001904 devstack@neutron-api.service[90052]: DEBUG neutron.plugins.ml2.drivers.ovn.mech_driver.ovsdb.maintenance [-] Touching Hash Ring node "23018aa78d6f5dd18b02ad29b947a78d" from periodic health check thread {{(pid=90052) touch_hash_ring_node /opt/stack/neutron/neutron/plugins/ml2/drivers/ovn/mech_driver/ovsdb/maintenance.py:1466}}
Jun 01 22:26:03.096049 np0000001904 devstack@neutron-api.service[90053]: DEBUG dbcounter [-] [90053] Writing DB stats neutron:UPDATE=1,neutron:SELECT=1 {{(pid=90053) stat_writer /opt/stack/data/venv/lib/python3.12/site-packages/dbcounter.py:115}}
Jun 01 22:26:03.931133 np0000001904 devstack@neutron-api.service[90051]: DEBUG dbcounter [-] [90051] Writing DB stats neutron:UPDATE=1,neutron:SELECT=1 {{(pid=90051) stat_writer /opt/stack/data/venv/lib/python3.12/site-packages/dbcounter.py:115}}
Jun 01 22:26:04.006893 np0000001904 devstack@neutron-api.service[90052]: DEBUG dbcounter [-] [90052] Writing DB stats neutron:UPDATE=1,neutron:SELECT=1 {{(pid=90052) stat_writer /opt/stack/data/venv/lib/python3.12/site-packages/dbcounter.py:115}}
Jun 01 22:26:08.090889 np0000001904 devstack@neutron-api.service[90053]: DEBUG futurist.periodics [-] Submitting periodic callback 'neutron.plugins.ml2.drivers.ovn.mech_driver.ovsdb.maintenance.HashRingHealthCheckPeriodics.touch_hash_ring_node' {{(pid=90053) _process_scheduled /opt/stack/data/venv/lib/python3.12/site-packages/futurist/periodics.py:784}}
Jun 01 22:26:08.091235 np0000001904 devstack@neutron-api.service[90053]: DEBUG neutron.plugins.ml2.drivers.ovn.mech_driver.ovsdb.maintenance [-] Touching Hash Ring node "018195b80614509fb37c58d86be019d2" from periodic health check thread {{(pid=90053) touch_hash_ring_node /opt/stack/neutron/neutron/plugins/ml2/drivers/ovn/mech_driver/ovsdb/maintenance.py:1466}}
Jun 01 22:26:08.925739 np0000001904 devstack@neutron-api.service[90051]: DEBUG futurist.periodics [-] Submitting periodic callback 'neutron.plugins.ml2.drivers.ovn.mech_driver.ovsdb.maintenance.HashRingHealthCheckPeriodics.touch_hash_ring_node' {{(pid=90051) _process_scheduled /opt/stack/data/venv/lib/python3.12/site-packages/futurist/periodics.py:784}}
Jun 01 22:26:08.926212 np0000001904 devstack@neutron-api.service[90051]: DEBUG neutron.plugins.ml2.drivers.ovn.mech_driver.ovsdb.maintenance [-] Touching Hash Ring node "8a5f79dc32615b2196dfccd828146104" from periodic health check thread {{(pid=90051) touch_hash_ring_node /opt/stack/neutron/neutron/plugins/ml2/drivers/ovn/mech_driver/ovsdb/maintenance.py:1466}}
Jun 01 22:26:09.001131 np0000001904 devstack@neutron-api.service[90052]: DEBUG futurist.periodics [-] Submitting periodic callback 'neutron.plugins.ml2.drivers.ovn.mech_driver.ovsdb.maintenance.HashRingHealthCheckPeriodics.touch_hash_ring_node' {{(pid=90052) _process_scheduled /opt/stack/data/venv/lib/python3.12/site-packages/futurist/periodics.py:784}}
Jun 01 22:26:09.001594 np0000001904 devstack@neutron-api.service[90052]: DEBUG neutron.plugins.ml2.drivers.ovn.mech_driver.ovsdb.maintenance [-] Touching Hash Ring node "23018aa78d6f5dd18b02ad29b947a78d" from periodic health check thread {{(pid=90052) touch_hash_ring_node /opt/stack/neutron/neutron/plugins/ml2/drivers/ovn/mech_driver/ovsdb/maintenance.py:1466}}
Jun 01 22:26:11.010861 np0000001904 devstack@neutron-api.service[90052]: DEBUG neutron.api.wsgi [None req-e332db02-e7d5-4996-bccb-4cff7d92acd6 admin admin] Missing Content-Type {{(pid=90052) get_content_type /opt/stack/neutron/neutron/api/wsgi.py:80}}
Jun 01 22:26:11.011266 np0000001904 devstack@neutron-api.service[90052]: DEBUG neutron.api.wsgi [None req-e332db02-e7d5-4996-bccb-4cff7d92acd6 admin admin] https://10.4.3.116/networking/v2.0/extensions returned with HTTP 200 {{(pid=90052) __call__ /opt/stack/neutron/neutron/api/wsgi.py:540}}
Jun 01 22:26:11.017309 np0000001904 devstack@neutron-api.service[90052]: [pid: 90052|app: 0|req: 11/34] 10.4.3.116 () {64 vars in 1292 bytes} [Mon Jun 1 22:26:11 2026] GET /networking/v2.0/extensions => generated 15209 bytes in 3 msecs (HTTP/1.1 200) 4 headers in 159 bytes (1 switches on core 0)
Jun 01 22:26:11.267153 np0000001904 devstack@neutron-api.service[90053]: INFO neutron.pecan_wsgi.hooks.translation [None req-89f34f16-533b-4187-9e42-9b8aabedf3f6 admin admin] GET failed (client error): The resource could not be found.
Jun 01 22:26:11.267791 np0000001904 devstack@neutron-api.service[90053]: [pid: 90053|app: 0|req: 13/35] 10.4.3.116 () {64 vars in 1294 bytes} [Mon Jun 1 22:26:11 2026] GET /networking/v2.0/networks/public => generated 108 bytes in 7 msecs (HTTP/1.1 404) 4 headers in 164 bytes (1 switches on core 0)
Jun 01 22:26:11.307698 np0000001904 devstack@neutron-api.service[90051]: DEBUG neutron.pecan_wsgi.hooks.policy_enforcement [None req-c5109014-f3fb-44e8-9e37-842564d34e5a admin admin] Attributes excluded by policy engine: ['standard_attr_id'] {{(pid=90051) _exclude_attributes_by_policy /opt/stack/neutron/neutron/pecan_wsgi/hooks/policy_enforcement.py:256}}
Jun 01 22:26:11.308314 np0000001904 devstack@neutron-api.service[90051]: [pid: 90051|app: 0|req: 12/36] 10.4.3.116 () {64 vars in 1309 bytes} [Mon Jun 1 22:26:11 2026] GET /networking/v2.0/networks?name=public => generated 759 bytes in 35 msecs (HTTP/1.1 200) 4 headers in 157 bytes (1 switches on core 0)
Jun 01 22:26:11.517081 np0000001904 devstack@neutron-api.service[90052]: DEBUG neutron.api.v2.base [None req-ccc08c31-f64c-41cc-8e3c-8d72599d43f2 admin admin] Request body: {'network': {'admin_state_up': True, 'shared': True, 'name': 'shared'}} {{(pid=90052) prepare_request_body /opt/stack/neutron/neutron/api/v2/base.py:727}}
Jun 01 22:26:11.527865 np0000001904 devstack@neutron-api.service[90052]: DEBUG neutron.pecan_wsgi.hooks.quota_enforcement [None req-ccc08c31-f64c-41cc-8e3c-8d72599d43f2 admin admin] Made reservation on behalf of 0bf4562bfdc44e05bc12dc740b9d8d45 for: {'network': 1} {{(pid=90052) before /opt/stack/neutron/neutron/pecan_wsgi/hooks/quota_enforcement.py:66}}
Jun 01 22:26:11.530217 np0000001904 devstack@neutron-api.service[90052]: DEBUG neutron_lib.callbacks.manager [None req-ccc08c31-f64c-41cc-8e3c-8d72599d43f2 admin admin] Publish callbacks ['neutron.plugins.ml2.plugin.SecurityGroupDbMixin._ensure_default_security_group_handler-173214'] for network (None), before_create {{(pid=90052) _notify_loop /opt/stack/data/venv/lib/python3.12/site-packages/neutron_lib/callbacks/manager.py:184}}
Jun 01 22:26:11.553951 np0000001904 devstack@neutron-api.service[90052]: WARNING neutron.services.revisions.revision_plugin [None req-ccc08c31-f64c-41cc-8e3c-8d72599d43f2 admin admin] Could not find related network for resource to bump revision.
Jun 01 22:26:11.580075 np0000001904 devstack@neutron-api.service[90052]: DEBUG neutron.plugins.ml2.drivers.helpers [None req-ccc08c31-f64c-41cc-8e3c-8d72599d43f2 admin admin] geneve segment allocate from pool success with {'geneve_vni': 42387} {{(pid=90052) allocate_partially_specified_segment /opt/stack/neutron/neutron/plugins/ml2/drivers/helpers.py:142}}
Jun 01 22:26:11.586104 np0000001904 devstack@neutron-api.service[90052]: DEBUG neutron_lib.callbacks.manager [None req-ccc08c31-f64c-41cc-8e3c-8d72599d43f2 admin admin] Publish callbacks ['neutron.plugins.ml2.plugin.Ml2Plugin._handle_segment_change-996518'] for segment (93c136e2-2f43-4c48-a5f2-c4929a27d3ae), precommit_create {{(pid=90052) _notify_loop /opt/stack/data/venv/lib/python3.12/site-packages/neutron_lib/callbacks/manager.py:184}}
Jun 01 22:26:11.586274 np0000001904 devstack@neutron-api.service[90052]: INFO neutron.db.segments_db [None req-ccc08c31-f64c-41cc-8e3c-8d72599d43f2 admin admin] Added segment 93c136e2-2f43-4c48-a5f2-c4929a27d3ae of type geneve for network c2b492bf-1d38-422b-8171-0acecccd5d35
Jun 01 22:26:11.597003 np0000001904 devstack@neutron-api.service[90052]: DEBUG neutron_lib.callbacks.manager [None req-ccc08c31-f64c-41cc-8e3c-8d72599d43f2 admin admin] Publish callbacks ['neutron.services.auto_allocate.db._ensure_external_network_default_value_callback-8418943368576'] for network (c2b492bf-1d38-422b-8171-0acecccd5d35), precommit_create {{(pid=90052) _notify_loop /opt/stack/data/venv/lib/python3.12/site-packages/neutron_lib/callbacks/manager.py:184}}
Jun 01 22:26:11.605789 np0000001904 devstack@neutron-api.service[90052]: DEBUG neutron.plugins.ml2.drivers.ovn.mech_driver.mech_driver [None req-ccc08c31-f64c-41cc-8e3c-8d72599d43f2 admin admin] Validating network segment with type geneve, segmentation ID 42387, physical network None {{(pid=90052) _validate_network_segments /opt/stack/neutron/neutron/plugins/ml2/drivers/ovn/mech_driver/mech_driver.py:643}}
Jun 01 22:26:11.605962 np0000001904 devstack@neutron-api.service[90052]: DEBUG neutron.db.ovn_revision_numbers_db [None req-ccc08c31-f64c-41cc-8e3c-8d72599d43f2 admin admin] create_initial_revision uuid=c2b492bf-1d38-422b-8171-0acecccd5d35, type=networks, rev=-1 {{(pid=90052) create_initial_revision /opt/stack/neutron/neutron/db/ovn_revision_numbers_db.py:98}}
Jun 01 22:26:11.611329 np0000001904 devstack@neutron-api.service[90052]: DEBUG neutron_lib.callbacks.manager [None req-ccc08c31-f64c-41cc-8e3c-8d72599d43f2 admin admin] Publish callbacks ['neutron.plugins.ml2.ovo_rpc._ObjectChangeHandler.handle_event-1175173'] for network (c2b492bf-1d38-422b-8171-0acecccd5d35), after_create {{(pid=90052) _notify_loop /opt/stack/data/venv/lib/python3.12/site-packages/neutron_lib/callbacks/manager.py:184}}
Jun 01 22:26:11.623339 np0000001904 devstack@neutron-api.service[90052]: DEBUG neutron.api.rpc.handlers.resources_rpc [None req-ccc08c31-f64c-41cc-8e3c-8d72599d43f2 admin admin] Pushing event updated for resources: {'Network': ['ID=c2b492bf-1d38-422b-8171-0acecccd5d35,revision_number=1']} {{(pid=90052) push /opt/stack/neutron/neutron/api/rpc/handlers/resources_rpc.py:237}}
Jun 01 22:26:11.626994 np0000001904 devstack@neutron-api.service[90052]: DEBUG ovsdbapp.backend.ovs_idl.transaction [None req-cd43f159-17f7-470f-930e-beffbf6b1726 None None] Running txn n=1 command(idx=0): CheckLivenessCommand(_result=None) {{(pid=90052) do_commit /opt/stack/data/venv/lib/python3.12/site-packages/ovsdbapp/backend/ovs_idl/transaction.py:89}}
Jun 01 22:26:11.632061 np0000001904 devstack@neutron-api.service[90052]: DEBUG neutron.plugins.ml2.drivers.ovn.mech_driver.ovsdb.ovsdb_monitor [-] ChassisAgentWriteEvent : Matched Chassis_Private, update, None None {{(pid=90052) matches /opt/stack/neutron/neutron/plugins/ml2/drivers/ovn/mech_driver/ovsdb/ovsdb_monitor.py:64}}
Jun 01 22:26:11.632658 np0000001904 devstack@neutron-api.service[90051]: DEBUG neutron.plugins.ml2.drivers.ovn.mech_driver.ovsdb.ovsdb_monitor [None req-e0c4f09b-1e7f-4280-bd8c-1aa1e6d9a0ac None None] ChassisAgentWriteEvent : Matched Chassis_Private, update, None None {{(pid=90051) matches /opt/stack/neutron/neutron/plugins/ml2/drivers/ovn/mech_driver/ovsdb/ovsdb_monitor.py:64}}
Jun 01 22:26:11.633471 np0000001904 devstack@neutron-api.service[90053]: DEBUG neutron.plugins.ml2.drivers.ovn.mech_driver.ovsdb.ovsdb_monitor [None req-dfb20f08-9c8d-490e-873d-c07eb760a346 None None] ChassisAgentWriteEvent : Matched Chassis_Private, update, None None {{(pid=90053) matches /opt/stack/neutron/neutron/plugins/ml2/drivers/ovn/mech_driver/ovsdb/ovsdb_monitor.py:64}}
Jun 01 22:26:11.636879 np0000001904 devstack@neutron-api.service[90052]: DEBUG neutron.common.ovn.hash_ring_manager [None req-cd43f159-17f7-470f-930e-beffbf6b1726 None None] Hash Ring loaded. 3 active nodes. 0 offline nodes {{(pid=90052) _load_hash_ring /opt/stack/neutron/neutron/common/ovn/hash_ring_manager.py:102}}
Jun 01 22:26:11.641102 np0000001904 devstack@neutron-api.service[90051]: DEBUG neutron.common.ovn.hash_ring_manager [None req-a8edbb50-1841-4374-a58d-386d5c7e3440 None None] Hash Ring loaded. 3 active nodes. 0 offline nodes {{(pid=90051) _load_hash_ring /opt/stack/neutron/neutron/common/ovn/hash_ring_manager.py:102}}
Jun 01 22:26:11.641717 np0000001904 devstack@neutron-api.service[90053]: DEBUG neutron.common.ovn.hash_ring_manager [None req-7ec9c3e8-a841-449b-8a08-adca3f3fdb57 None None] Hash Ring loaded. 3 active nodes. 0 offline nodes {{(pid=90053) _load_hash_ring /opt/stack/neutron/neutron/common/ovn/hash_ring_manager.py:102}}
Jun 01 22:26:11.641850 np0000001904 devstack@neutron-api.service[90051]: DEBUG neutron.common.ovn.hash_ring_manager [None req-e0c4f09b-1e7f-4280-bd8c-1aa1e6d9a0ac None None] Hash Ring loaded. 3 active nodes. 0 offline nodes {{(pid=90051) _load_hash_ring /opt/stack/neutron/neutron/common/ovn/hash_ring_manager.py:102}}
Jun 01 22:26:11.641931 np0000001904 devstack@neutron-api.service[90053]: DEBUG neutron.plugins.ml2.drivers.ovn.mech_driver.ovsdb.ovsdb_monitor [None req-7ec9c3e8-a841-449b-8a08-adca3f3fdb57 None None] Hash Ring: Node 018195b80614509fb37c58d86be019d2 (host: np0000001904) handling event "update" for row ea60a02f-f8d5-4446-8486-4da7c497a9f3 (table: NB_Global) {{(pid=90053) notify /opt/stack/neutron/neutron/plugins/ml2/drivers/ovn/mech_driver/ovsdb/ovsdb_monitor.py:1015}}
Jun 01 22:26:11.642320 np0000001904 devstack@neutron-api.service[90051]: DEBUG neutron.plugins.ml2.drivers.ovn.mech_driver.ovsdb.ovsdb_monitor [None req-e0c4f09b-1e7f-4280-bd8c-1aa1e6d9a0ac None None] Hash Ring: Node 8a5f79dc32615b2196dfccd828146104 (host: np0000001904) handling event "update" for row 3f29b336-0511-46d2-959a-ce901be0ddc3 (table: Chassis_Private) {{(pid=90051) notify /opt/stack/neutron/neutron/plugins/ml2/drivers/ovn/mech_driver/ovsdb/ovsdb_monitor.py:1015}}
Jun 01 22:26:11.642650 np0000001904 devstack@neutron-api.service[90053]: DEBUG neutron.plugins.ml2.drivers.ovn.mech_driver.ovsdb.ovsdb_monitor [None req-7ec9c3e8-a841-449b-8a08-adca3f3fdb57 None None] Hash Ring: Node 018195b80614509fb37c58d86be019d2 (host: np0000001904) handling event "update" for row ea60a02f-f8d5-4446-8486-4da7c497a9f3 (table: NB_Global) {{(pid=90053) notify /opt/stack/neutron/neutron/plugins/ml2/drivers/ovn/mech_driver/ovsdb/ovsdb_monitor.py:1015}}
Jun 01 22:26:11.642862 np0000001904 devstack@neutron-api.service[90053]: DEBUG neutron.common.ovn.hash_ring_manager [None req-dfb20f08-9c8d-490e-873d-c07eb760a346 None None] Hash Ring loaded. 3 active nodes. 0 offline nodes {{(pid=90053) _load_hash_ring /opt/stack/neutron/neutron/common/ovn/hash_ring_manager.py:102}}
Jun 01 22:26:11.643607 np0000001904 devstack@neutron-api.service[90052]: DEBUG neutron.common.ovn.hash_ring_manager [-] Hash Ring loaded. 3 active nodes. 0 offline nodes {{(pid=90052) _load_hash_ring /opt/stack/neutron/neutron/common/ovn/hash_ring_manager.py:102}}
Jun 01 22:26:11.643748 np0000001904 devstack@neutron-api.service[90053]: DEBUG neutron.plugins.ml2.drivers.ovn.mech_driver.ovsdb.ovsdb_monitor [None req-7ec9c3e8-a841-449b-8a08-adca3f3fdb57 None None] Hash Ring: Node 018195b80614509fb37c58d86be019d2 (host: np0000001904) handling event "update" for row ea60a02f-f8d5-4446-8486-4da7c497a9f3 (table: NB_Global) {{(pid=90053) notify /opt/stack/neutron/neutron/plugins/ml2/drivers/ovn/mech_driver/ovsdb/ovsdb_monitor.py:1015}}
Jun 01 22:26:11.644180 np0000001904 devstack@neutron-api.service[90053]: DEBUG neutron.plugins.ml2.drivers.ovn.mech_driver.ovsdb.ovsdb_monitor [None req-7ec9c3e8-a841-449b-8a08-adca3f3fdb57 None None] Hash Ring: Node 018195b80614509fb37c58d86be019d2 (host: np0000001904) handling event "update" for row ea60a02f-f8d5-4446-8486-4da7c497a9f3 (table: NB_Global) {{(pid=90053) notify /opt/stack/neutron/neutron/plugins/ml2/drivers/ovn/mech_driver/ovsdb/ovsdb_monitor.py:1015}}
Jun 01 22:26:11.649094 np0000001904 devstack@neutron-api.service[90052]: DEBUG ovsdbapp.backend.ovs_idl.transaction [None req-cd43f159-17f7-470f-930e-beffbf6b1726 None None] Running txn n=1 command(idx=0): AddNetworkCommand(_result=None, network_uuid=c2b492bf-1d38-422b-8171-0acecccd5d35, may_exist=True, columns={'external_ids': {'neutron:network_name': 'shared', 'neutron:mtu': '1372', 'neutron:revision_number': '1', 'neutron:availability_zone_hints': '', 'neutron:provnet-network-type': 'geneve'}, 'other_config': {'mcast_snoop': 'false', 'mcast_flood_unregistered': 'false', 'vlan-passthru': 'false'}}) {{(pid=90052) do_commit /opt/stack/data/venv/lib/python3.12/site-packages/ovsdbapp/backend/ovs_idl/transaction.py:89}}
Jun 01 22:26:11.651356 np0000001904 devstack@neutron-api.service[90051]: DEBUG neutron.plugins.ml2.drivers.ovn.mech_driver.ovsdb.ovsdb_monitor [None req-a8edbb50-1841-4374-a58d-386d5c7e3440 None None] Hash Ring: Node 8a5f79dc32615b2196dfccd828146104 (host: np0000001904) handling event "create" for row c2b492bf-1d38-422b-8171-0acecccd5d35 (table: Logical_Switch) {{(pid=90051) notify /opt/stack/neutron/neutron/plugins/ml2/drivers/ovn/mech_driver/ovsdb/ovsdb_monitor.py:1015}}
Jun 01 22:26:11.653946 np0000001904 devstack@neutron-api.service[90053]: DEBUG neutron.plugins.ml2.drivers.ovn.mech_driver.ovsdb.ovsdb_monitor [None req-dfb20f08-9c8d-490e-873d-c07eb760a346 None None] Hash Ring: Node 018195b80614509fb37c58d86be019d2 (host: np0000001904) handling event "create" for row b8e1e4c9-bc28-42e6-9179-fce9c9269f8d (table: Datapath_Binding) {{(pid=90053) notify /opt/stack/neutron/neutron/plugins/ml2/drivers/ovn/mech_driver/ovsdb/ovsdb_monitor.py:1015}}
Jun 01 22:26:11.668170 np0000001904 devstack@neutron-api.service[90052]: INFO neutron.db.ovn_revision_numbers_db [None req-ccc08c31-f64c-41cc-8e3c-8d72599d43f2 admin admin] Successfully bumped revision number for resource c2b492bf-1d38-422b-8171-0acecccd5d35 (type: networks) to 1
Jun 01 22:26:11.681274 np0000001904 devstack@neutron-api.service[90052]: DEBUG neutron_lib.callbacks.manager [None req-ccc08c31-f64c-41cc-8e3c-8d72599d43f2 admin admin] Publish callbacks ['neutron.plugins.ml2.plugin.SecurityGroupDbMixin._ensure_default_security_group_handler-173214'] for port (None), before_create {{(pid=90052) _notify_loop /opt/stack/data/venv/lib/python3.12/site-packages/neutron_lib/callbacks/manager.py:184}}
Jun 01 22:26:11.742457 np0000001904 devstack@neutron-api.service[90052]: DEBUG neutron_lib.callbacks.manager [None req-ccc08c31-f64c-41cc-8e3c-8d72599d43f2 admin admin] Publish callbacks ['neutron.plugins.ml2.drivers.ovn.mech_driver.mech_driver.OVNMechanismDriver._validate_allowed_address_pairs-6718338'] for allowed_address_pair (8f46ce13-bcb9-4ee2-a482-546f0f70df19), before_create {{(pid=90052) _notify_loop /opt/stack/data/venv/lib/python3.12/site-packages/neutron_lib/callbacks/manager.py:184}}
Jun 01 22:26:11.742998 np0000001904 devstack@neutron-api.service[90052]: DEBUG neutron_lib.callbacks.manager [None req-ccc08c31-f64c-41cc-8e3c-8d72599d43f2 admin admin] Publish callbacks [] for port (8f46ce13-bcb9-4ee2-a482-546f0f70df19), precommit_create {{(pid=90052) _notify_loop /opt/stack/data/venv/lib/python3.12/site-packages/neutron_lib/callbacks/manager.py:184}}
Jun 01 22:26:11.743157 np0000001904 devstack@neutron-api.service[90052]: DEBUG neutron.plugins.ml2.drivers.ovn.mech_driver.mech_driver [None req-ccc08c31-f64c-41cc-8e3c-8d72599d43f2 admin admin] No provisioning block for port 8f46ce13-bcb9-4ee2-a482-546f0f70df19 since it does not have a host {{(pid=90052) _is_port_provisioning_required /opt/stack/neutron/neutron/plugins/ml2/drivers/ovn/mech_driver/mech_driver.py:896}}
Jun 01 22:26:11.743285 np0000001904 devstack@neutron-api.service[90052]: DEBUG neutron.db.ovn_revision_numbers_db [None req-ccc08c31-f64c-41cc-8e3c-8d72599d43f2 admin admin] create_initial_revision uuid=8f46ce13-bcb9-4ee2-a482-546f0f70df19, type=ports, rev=-1 {{(pid=90052) create_initial_revision /opt/stack/neutron/neutron/db/ovn_revision_numbers_db.py:98}}
Jun 01 22:26:11.772285 np0000001904 devstack@neutron-api.service[90052]: DEBUG neutron_lib.callbacks.manager [None req-ccc08c31-f64c-41cc-8e3c-8d72599d43f2 admin admin] Publish callbacks ['neutron.plugins.ml2.ovo_rpc._ObjectChangeHandler.handle_event-1096920'] for port (8f46ce13-bcb9-4ee2-a482-546f0f70df19), after_create {{(pid=90052) _notify_loop /opt/stack/data/venv/lib/python3.12/site-packages/neutron_lib/callbacks/manager.py:184}}
Jun 01 22:26:11.800813 np0000001904 devstack@neutron-api.service[90052]: DEBUG neutron.api.rpc.handlers.resources_rpc [None req-ccc08c31-f64c-41cc-8e3c-8d72599d43f2 admin admin] Pushing event updated for resources: {'Port': ['ID=8f46ce13-bcb9-4ee2-a482-546f0f70df19,revision_number=1']} {{(pid=90052) push /opt/stack/neutron/neutron/api/rpc/handlers/resources_rpc.py:237}}
Jun 01 22:26:11.806008 np0000001904 devstack@neutron-api.service[90052]: DEBUG ovsdbapp.backend.ovs_idl.transaction [None req-cd43f159-17f7-470f-930e-beffbf6b1726 None None] Running txn n=1 command(idx=0): AddLSwitchPortCommand(_result=None, lport=8f46ce13-bcb9-4ee2-a482-546f0f70df19, lswitch=neutron-c2b492bf-1d38-422b-8171-0acecccd5d35, may_exist=True, network_uuid=c2b492bf-1d38-422b-8171-0acecccd5d35, columns={'addresses': ['fa:16:3e:03:65:50'], 'external_ids': {'neutron:port_name': '', 'neutron:device_id': 'ovnmeta-c2b492bf-1d38-422b-8171-0acecccd5d35', 'neutron:project_id': '0bf4562bfdc44e05bc12dc740b9d8d45', 'neutron:cidrs': '', 'neutron:device_owner': 'network:distributed', 'neutron:subnet_pool_addr_scope4': '', 'neutron:subnet_pool_addr_scope6': '', 'neutron:network_name': 'neutron-c2b492bf-1d38-422b-8171-0acecccd5d35', 'neutron:security_group_ids': '', 'neutron:revision_number': '1', 'neutron:vnic_type': 'normal', 'neutron:port_capabilities': '', 'neutron:mtu': '1372'}, 'parent_name': [], 'tag': [], 'enabled': True, 'options': {}, 'type': 'localport', 'port_security': [], 'dhcpv4_options': [], 'dhcpv6_options': []}) {{(pid=90052) do_commit /opt/stack/data/venv/lib/python3.12/site-packages/ovsdbapp/backend/ovs_idl/transaction.py:89}}
Jun 01 22:26:11.806391 np0000001904 devstack@neutron-api.service[90052]: DEBUG ovsdbapp.backend.ovs_idl.transaction [None req-cd43f159-17f7-470f-930e-beffbf6b1726 None None] Running txn n=1 command(idx=1): QoSDelCommand(_result=None, switch=neutron-c2b492bf-1d38-422b-8171-0acecccd5d35, conditions=[('direction', '=', 'to-lport'), ('priority', '=', 2002), ('match', '=', 'outport == "8f46ce13-bcb9-4ee2-a482-546f0f70df19"')], if_exists=True) {{(pid=90052) do_commit /opt/stack/data/venv/lib/python3.12/site-packages/ovsdbapp/backend/ovs_idl/transaction.py:89}}
Jun 01 22:26:11.806551 np0000001904 devstack@neutron-api.service[90052]: DEBUG ovsdbapp.backend.ovs_idl.transaction [None req-cd43f159-17f7-470f-930e-beffbf6b1726 None None] Running txn n=1 command(idx=2): QoSDelCommand(_result=None, switch=neutron-c2b492bf-1d38-422b-8171-0acecccd5d35, conditions=[('direction', '=', 'from-lport'), ('priority', '=', 2002), ('match', '=', 'inport == "8f46ce13-bcb9-4ee2-a482-546f0f70df19"')], if_exists=True) {{(pid=90052) do_commit /opt/stack/data/venv/lib/python3.12/site-packages/ovsdbapp/backend/ovs_idl/transaction.py:89}}
Jun 01 22:26:11.810069 np0000001904 devstack@neutron-api.service[90051]: DEBUG neutron.plugins.ml2.drivers.ovn.mech_driver.ovsdb.ovsdb_monitor [None req-a8edbb50-1841-4374-a58d-386d5c7e3440 None None] Hash Ring: Node 8a5f79dc32615b2196dfccd828146104 (host: np0000001904) handling event "update" for row c2b492bf-1d38-422b-8171-0acecccd5d35 (table: Logical_Switch) {{(pid=90051) notify /opt/stack/neutron/neutron/plugins/ml2/drivers/ovn/mech_driver/ovsdb/ovsdb_monitor.py:1015}}
Jun 01 22:26:11.810228 np0000001904 devstack@neutron-api.service[90051]: DEBUG neutron.plugins.ml2.drivers.ovn.mech_driver.ovsdb.ovsdb_monitor [None req-a8edbb50-1841-4374-a58d-386d5c7e3440 None None] Hash Ring: Node 8a5f79dc32615b2196dfccd828146104 (host: np0000001904) handling event "create" for row 04bb42c7-846e-4cbc-b55a-398d341cf769 (table: Logical_Switch_Port) {{(pid=90051) notify /opt/stack/neutron/neutron/plugins/ml2/drivers/ovn/mech_driver/ovsdb/ovsdb_monitor.py:1015}}
Jun 01 22:26:11.811632 np0000001904 devstack@neutron-api.service[90051]: DEBUG ovsdbapp.backend.ovs_idl.event [None req-a8edbb50-1841-4374-a58d-386d5c7e3440 None None] Matched CREATE: LogicalSwitchPortCreateEvent(events=('create',), table='Logical_Switch_Port', conditions=[], old_conditions=None), priority=20 to row=Logical_Switch_Port(uuid=04bb42c7-846e-4cbc-b55a-398d341cf769, addresses=['fa:16:3e:03:65:50'], dhcpv4_options=[], dhcpv6_options=[], dynamic_addresses=[], enabled=True, external_ids={'neutron:cidrs': '', 'neutron:device_id': 'ovnmeta-c2b492bf-1d38-422b-8171-0acecccd5d35', 'neutron:device_owner': 'network:distributed', 'neutron:mtu': '1372', 'neutron:network_name': 'neutron-c2b492bf-1d38-422b-8171-0acecccd5d35', 'neutron:port_capabilities': '', 'neutron:port_name': '', 'neutron:project_id': '0bf4562bfdc44e05bc12dc740b9d8d45', 'neutron:revision_number': '1', 'neutron:security_group_ids': '', 'neutron:subnet_pool_addr_scope4': '', 'neutron:subnet_pool_addr_scope6': '', 'neutron:vnic_type': 'normal'}, ha_chassis_group=[], mirror_rules=[], name='8f46ce13-bcb9-4ee2-a482-546f0f70df19', options={}, parent_name=[], port_security=[], tag=[], tag_request=[], type='localport', up=[]) old= {{(pid=90051) matches /opt/stack/data/venv/lib/python3.12/site-packages/ovsdbapp/backend/ovs_idl/event.py:55}}
Jun 01 22:26:11.813119 np0000001904 devstack@neutron-api.service[90051]: INFO neutron.plugins.ml2.drivers.ovn.mech_driver.mech_driver [None req-2b13b6fb-d1d4-4aae-8963-5825eb259f42 None None] OVN reports status down for port: 8f46ce13-bcb9-4ee2-a482-546f0f70df19
Jun 01 22:26:11.814166 np0000001904 devstack@neutron-api.service[90051]: DEBUG neutron.plugins.ml2.drivers.ovn.mech_driver.ovsdb.ovsdb_monitor [None req-e0c4f09b-1e7f-4280-bd8c-1aa1e6d9a0ac None None] Hash Ring: Node 8a5f79dc32615b2196dfccd828146104 (host: np0000001904) handling event "create" for row 7582b660-e3fc-4b81-a799-5fad03e0d473 (table: Port_Binding) {{(pid=90051) notify /opt/stack/neutron/neutron/plugins/ml2/drivers/ovn/mech_driver/ovsdb/ovsdb_monitor.py:1015}}
Jun 01 22:26:11.814279 np0000001904 devstack@neutron-api.service[90051]: DEBUG neutron.plugins.ml2.drivers.ovn.mech_driver.ovsdb.ovsdb_monitor [None req-a8edbb50-1841-4374-a58d-386d5c7e3440 None None] Hash Ring: Node 8a5f79dc32615b2196dfccd828146104 (host: np0000001904) handling event "update" for row 04bb42c7-846e-4cbc-b55a-398d341cf769 (table: Logical_Switch_Port) {{(pid=90051) notify /opt/stack/neutron/neutron/plugins/ml2/drivers/ovn/mech_driver/ovsdb/ovsdb_monitor.py:1015}}
Jun 01 22:26:11.834197 np0000001904 devstack@neutron-api.service[90052]: INFO neutron.db.ovn_revision_numbers_db [None req-ccc08c31-f64c-41cc-8e3c-8d72599d43f2 admin admin] Successfully bumped revision number for resource 8f46ce13-bcb9-4ee2-a482-546f0f70df19 (type: ports) to 1
Jun 01 22:26:11.838198 np0000001904 devstack@neutron-api.service[90051]: DEBUG neutron.db.provisioning_blocks [None req-2b13b6fb-d1d4-4aae-8963-5825eb259f42 None None] Transition to ACTIVE for port object 8f46ce13-bcb9-4ee2-a482-546f0f70df19 will not be triggered until provisioned by entity L2. {{(pid=90051) add_provisioning_component /opt/stack/neutron/neutron/db/provisioning_blocks.py:74}}
Jun 01 22:26:11.840111 np0000001904 devstack@neutron-api.service[90052]: DEBUG neutron.pecan_wsgi.hooks.policy_enforcement [None req-ccc08c31-f64c-41cc-8e3c-8d72599d43f2 admin admin] Attributes excluded by policy engine: ['standard_attr_id'] {{(pid=90052) _exclude_attributes_by_policy /opt/stack/neutron/neutron/pecan_wsgi/hooks/policy_enforcement.py:256}}
Jun 01 22:26:11.840421 np0000001904 devstack@neutron-api.service[90052]: DEBUG neutron_lib.callbacks.manager [None req-ccc08c31-f64c-41cc-8e3c-8d72599d43f2 admin admin] Publish callbacks [] for network (None), before_response {{(pid=90052) _notify_loop /opt/stack/data/venv/lib/python3.12/site-packages/neutron_lib/callbacks/manager.py:184}}
Jun 01 22:26:11.848591 np0000001904 devstack@neutron-api.service[90052]: [pid: 90052|app: 0|req: 12/37] 10.4.3.116 () {68 vars in 1326 bytes} [Mon Jun 1 22:26:11 2026] POST /networking/v2.0/networks => generated 679 bytes in 334 msecs (HTTP/1.1 201) 4 headers in 162 bytes (1 switches on core 0)
Jun 01 22:26:11.859841 np0000001904 devstack@neutron-api.service[90051]: DEBUG neutron.plugins.ml2.plugin [None req-2b13b6fb-d1d4-4aae-8963-5825eb259f42 None None] Current status of the port 8f46ce13-bcb9-4ee2-a482-546f0f70df19 is: DOWN; New status is: DOWN {{(pid=90051) _update_individual_port_db_status /opt/stack/neutron/neutron/plugins/ml2/plugin.py:2469}}
Jun 01 22:26:11.861064 np0000001904 devstack@neutron-api.service[90051]: DEBUG ovsdbapp.backend.ovs_idl.transaction [None req-a8edbb50-1841-4374-a58d-386d5c7e3440 None None] Running txn n=1 command(idx=0): DbRemoveCommand(_result=None, table=Logical_Switch_Port, record=8f46ce13-bcb9-4ee2-a482-546f0f70df19, column=external_ids, values=('neutron:host_id',), keyvalues={}, if_exists=True) {{(pid=90051) do_commit /opt/stack/data/venv/lib/python3.12/site-packages/ovsdbapp/backend/ovs_idl/transaction.py:89}}
Jun 01 22:26:12.045627 np0000001904 devstack@neutron-api.service[90053]: INFO neutron.pecan_wsgi.hooks.translation [None req-c214c211-0f11-4b51-bcc3-d7f45532506d admin admin] GET failed (client error): The resource could not be found.
Jun 01 22:26:12.046205 np0000001904 devstack@neutron-api.service[90053]: [pid: 90053|app: 0|req: 14/38] 10.4.3.116 () {64 vars in 1294 bytes} [Mon Jun 1 22:26:12 2026] GET /networking/v2.0/networks/shared => generated 108 bytes in 7 msecs (HTTP/1.1 404) 4 headers in 164 bytes (1 switches on core 0)
Jun 01 22:26:12.078543 np0000001904 devstack@neutron-api.service[90051]: DEBUG neutron.pecan_wsgi.hooks.policy_enforcement [None req-b0d2ed25-469a-4073-949f-d7cd65e16102 admin admin] Attributes excluded by policy engine: ['standard_attr_id'] {{(pid=90051) _exclude_attributes_by_policy /opt/stack/neutron/neutron/pecan_wsgi/hooks/policy_enforcement.py:256}}
Jun 01 22:26:12.079333 np0000001904 devstack@neutron-api.service[90051]: [pid: 90051|app: 0|req: 13/39] 10.4.3.116 () {64 vars in 1309 bytes} [Mon Jun 1 22:26:12 2026] GET /networking/v2.0/networks?name=shared => generated 663 bytes in 27 msecs (HTTP/1.1 200) 4 headers in 157 bytes (1 switches on core 0)
Jun 01 22:26:12.090034 np0000001904 devstack@neutron-api.service[90052]: DEBUG neutron.api.v2.base [None req-0daeba41-0ad6-40da-815b-55fad4fd2b30 admin admin] Request body: {'subnet': {'network_id': 'c2b492bf-1d38-422b-8171-0acecccd5d35', 'name': 'shared-subnet', 'description': 'shared-subnet', 'ip_version': 4, 'cidr': '192.168.233.0/24'}} {{(pid=90052) prepare_request_body /opt/stack/neutron/neutron/api/v2/base.py:727}}
Jun 01 22:26:12.100916 np0000001904 devstack@neutron-api.service[90052]: DEBUG neutron.pecan_wsgi.hooks.quota_enforcement [None req-0daeba41-0ad6-40da-815b-55fad4fd2b30 admin admin] Made reservation on behalf of 0bf4562bfdc44e05bc12dc740b9d8d45 for: {'subnet': 1} {{(pid=90052) before /opt/stack/neutron/neutron/pecan_wsgi/hooks/quota_enforcement.py:66}}
Jun 01 22:26:12.103101 np0000001904 devstack@neutron-api.service[90052]: DEBUG neutron_lib.callbacks.manager [None req-0daeba41-0ad6-40da-815b-55fad4fd2b30 admin admin] Publish callbacks [] for subnet (None), before_create {{(pid=90052) _notify_loop /opt/stack/data/venv/lib/python3.12/site-packages/neutron_lib/callbacks/manager.py:184}}
Jun 01 22:26:12.149313 np0000001904 devstack@neutron-api.service[90052]: DEBUG neutron.db.ovn_revision_numbers_db [None req-0daeba41-0ad6-40da-815b-55fad4fd2b30 admin admin] create_initial_revision uuid=cda33228-7185-40ac-9c67-e1f79daf61e9, type=subnets, rev=-1 {{(pid=90052) create_initial_revision /opt/stack/neutron/neutron/db/ovn_revision_numbers_db.py:98}}
Jun 01 22:26:12.152761 np0000001904 devstack@neutron-api.service[90052]: DEBUG neutron_lib.callbacks.manager [None req-0daeba41-0ad6-40da-815b-55fad4fd2b30 admin admin] Publish callbacks ['neutron.plugins.ml2.ovo_rpc._ObjectChangeHandler.handle_event-11916'] for subnet (cda33228-7185-40ac-9c67-e1f79daf61e9), after_create {{(pid=90052) _notify_loop /opt/stack/data/venv/lib/python3.12/site-packages/neutron_lib/callbacks/manager.py:184}}
Jun 01 22:26:12.163497 np0000001904 devstack@neutron-api.service[90052]: DEBUG neutron.api.rpc.handlers.resources_rpc [None req-0daeba41-0ad6-40da-815b-55fad4fd2b30 admin admin] Pushing event updated for resources: {'Subnet': ['ID=cda33228-7185-40ac-9c67-e1f79daf61e9,revision_number=0']} {{(pid=90052) push /opt/stack/neutron/neutron/api/rpc/handlers/resources_rpc.py:237}}
Jun 01 22:26:12.203577 np0000001904 devstack@neutron-api.service[90052]: DEBUG neutron_lib.callbacks.manager [None req-0daeba41-0ad6-40da-815b-55fad4fd2b30 admin admin] Publish callbacks ['neutron.plugins.ml2.plugin.SecurityGroupDbMixin._ensure_default_security_group_handler-173214', 'neutron.services.ovn_l3.plugin.OVNL3RouterPlugin._port_update-8418943368396', 'neutron.db.l3_db.L3_NAT_dbonly_mixin._prevent_internal_ip_change_for_fip-8418944891814'] for port (8f46ce13-bcb9-4ee2-a482-546f0f70df19), before_update {{(pid=90052) _notify_loop /opt/stack/data/venv/lib/python3.12/site-packages/neutron_lib/callbacks/manager.py:184}}
Jun 01 22:26:12.275114 np0000001904 devstack@neutron-api.service[90052]: DEBUG neutron.db.db_base_plugin_common [None req-0daeba41-0ad6-40da-815b-55fad4fd2b30 admin admin] Allocated IP 192.168.233.2 (c2b492bf-1d38-422b-8171-0acecccd5d35/cda33228-7185-40ac-9c67-e1f79daf61e9/8f46ce13-bcb9-4ee2-a482-546f0f70df19) {{(pid=90052) _store_ip_allocation /opt/stack/neutron/neutron/db/db_base_plugin_common.py:131}}
Jun 01 22:26:12.329331 np0000001904 devstack@neutron-api.service[90052]: DEBUG neutron_lib.callbacks.manager [None req-0daeba41-0ad6-40da-815b-55fad4fd2b30 admin admin] Publish callbacks [] for port (8f46ce13-bcb9-4ee2-a482-546f0f70df19), precommit_update {{(pid=90052) _notify_loop /opt/stack/data/venv/lib/python3.12/site-packages/neutron_lib/callbacks/manager.py:184}}
Jun 01 22:26:12.329473 np0000001904 devstack@neutron-api.service[90052]: DEBUG neutron.plugins.ml2.drivers.ovn.mech_driver.mech_driver [None req-0daeba41-0ad6-40da-815b-55fad4fd2b30 admin admin] No provisioning block for port 8f46ce13-bcb9-4ee2-a482-546f0f70df19 since it does not have a host {{(pid=90052) _is_port_provisioning_required /opt/stack/neutron/neutron/plugins/ml2/drivers/ovn/mech_driver/mech_driver.py:896}}
Jun 01 22:26:12.337689 np0000001904 devstack@neutron-api.service[90052]: DEBUG neutron_lib.callbacks.manager [None req-0daeba41-0ad6-40da-815b-55fad4fd2b30 admin admin] Publish callbacks ['neutron.plugins.ml2.ovo_rpc._ObjectChangeHandler.handle_event-1096920', 'neutron.services.ovn_l3.plugin.OVNL3RouterPlugin._port_update-8418943368396'] for port (8f46ce13-bcb9-4ee2-a482-546f0f70df19), after_update {{(pid=90052) _notify_loop /opt/stack/data/venv/lib/python3.12/site-packages/neutron_lib/callbacks/manager.py:184}}
Jun 01 22:26:12.363847 np0000001904 devstack@neutron-api.service[90052]: DEBUG neutron.api.rpc.handlers.resources_rpc [None req-0daeba41-0ad6-40da-815b-55fad4fd2b30 admin admin] Pushing event updated for resources: {'Port': ['ID=8f46ce13-bcb9-4ee2-a482-546f0f70df19,revision_number=2']} {{(pid=90052) push /opt/stack/neutron/neutron/api/rpc/handlers/resources_rpc.py:237}}
Jun 01 22:26:12.442270 np0000001904 devstack@neutron-api.service[90052]: DEBUG ovsdbapp.backend.ovs_idl.transaction [None req-cd43f159-17f7-470f-930e-beffbf6b1726 None None] Running txn n=1 command(idx=0): CheckRevisionNumberCommand(_result=None, name=8f46ce13-bcb9-4ee2-a482-546f0f70df19, resource={'id': '8f46ce13-bcb9-4ee2-a482-546f0f70df19', 'name': '', 'network_id': 'c2b492bf-1d38-422b-8171-0acecccd5d35', 'project_id': '0bf4562bfdc44e05bc12dc740b9d8d45', 'mac_address': 'fa:16:3e:03:65:50', 'admin_state_up': True, 'status': 'DOWN', 'device_id': 'ovnmeta-c2b492bf-1d38-422b-8171-0acecccd5d35', 'device_owner': 'network:distributed', 'standard_attr_id': 28, 'fixed_ips': [{'subnet_id': 'cda33228-7185-40ac-9c67-e1f79daf61e9', 'ip_address': '192.168.233.2'}], 'allowed_address_pairs': [], 'extra_dhcp_opts': [], 'security_groups': [], 'description': '', 'binding:vnic_type': 'normal', 'binding:profile': {}, 'binding:host_id': '', 'binding:vif_type': 'unbound', 'binding:vif_details': {}, 'port_security_enabled': False, 'tags': [], 'created_at': '2026-06-01T22:26:11Z', 'updated_at': '2026-06-01T22:26:12Z', 'revision_number': 2, 'tenant_id': '0bf4562bfdc44e05bc12dc740b9d8d45', 'network': {'id': 'c2b492bf-1d38-422b-8171-0acecccd5d35', 'name': 'shared', 'tenant_id': '0bf4562bfdc44e05bc12dc740b9d8d45', 'project_id': '0bf4562bfdc44e05bc12dc740b9d8d45', 'admin_state_up': True, 'mtu': 1372, 'status': 'ACTIVE', 'subnets': ['cda33228-7185-40ac-9c67-e1f79daf61e9'], 'standard_attr_id': 26, 'shared': True, 'availability_zone_hints': [], 'availability_zones': [], 'ipv4_address_scope': None, 'ipv6_address_scope': None, 'router:external': False, 'qinq': False, 'vlan_transparent': False, 'description': '', 'port_security_enabled': True, 'tags': [], 'created_at': '2026-06-01T22:26:11Z', 'updated_at': '2026-06-01T22:26:12Z', 'revision_number': 2, 'provider:network_type': 'geneve', 'provider:physical_network': None, 'provider:segmentation_id': 42387}}, resource_type=ports, if_exists=True) {{(pid=90052) do_commit /opt/stack/data/venv/lib/python3.12/site-packages/ovsdbapp/backend/ovs_idl/transaction.py:89}}
Jun 01 22:26:12.442661 np0000001904 devstack@neutron-api.service[90052]: DEBUG ovsdbapp.backend.ovs_idl.transaction [None req-cd43f159-17f7-470f-930e-beffbf6b1726 None None] Running txn n=1 command(idx=1): AddDHCPOptionsCommand(_result=None, columns={'cidr': '192.168.233.0/24', 'options': {'server_id': '192.168.233.1', 'lease_time': '43200', 'mtu': '1372', 'router': '192.168.233.1', 'server_mac': 'fa:16:3e:15:11:41', 'dns_server': '{127.0.0.53}', 'classless_static_route': '{169.254.169.254/32,192.168.233.2, 0.0.0.0/0,192.168.233.1}'}, 'external_ids': {'subnet_id': 'cda33228-7185-40ac-9c67-e1f79daf61e9', 'neutron:network_id': 'c2b492bf-1d38-422b-8171-0acecccd5d35', 'neutron:revision_number': '0'}}, may_exist=True, subnet_id=cda33228-7185-40ac-9c67-e1f79daf61e9, port_id=None, new_insert=False) {{(pid=90052) do_commit /opt/stack/data/venv/lib/python3.12/site-packages/ovsdbapp/backend/ovs_idl/transaction.py:89}}
Jun 01 22:26:12.442934 np0000001904 devstack@neutron-api.service[90052]: DEBUG ovsdbapp.backend.ovs_idl.transaction [None req-cd43f159-17f7-470f-930e-beffbf6b1726 None None] Running txn n=1 command(idx=2): SetLSwitchPortCommand(_result=None, lport=8f46ce13-bcb9-4ee2-a482-546f0f70df19, external_ids_update=None, columns={'external_ids': {'neutron:port_name': '', 'neutron:device_id': 'ovnmeta-c2b492bf-1d38-422b-8171-0acecccd5d35', 'neutron:project_id': '0bf4562bfdc44e05bc12dc740b9d8d45', 'neutron:cidrs': '192.168.233.2/24', 'neutron:device_owner': 'network:distributed', 'neutron:subnet_pool_addr_scope4': '', 'neutron:subnet_pool_addr_scope6': '', 'neutron:network_name': 'neutron-c2b492bf-1d38-422b-8171-0acecccd5d35', 'neutron:security_group_ids': '', 'neutron:revision_number': '2', 'neutron:vnic_type': 'normal', 'neutron:port_capabilities': '', 'neutron:mtu': '1372'}, 'parent_name': [], 'tag': [], 'options': {}, 'enabled': True, 'port_security': [], 'dhcpv4_options': [], 'dhcpv6_options': [], 'type': 'localport', 'addresses': ['fa:16:3e:03:65:50 192.168.233.2'], 'ha_chassis_group': []}, if_exists=False) {{(pid=90052) do_commit /opt/stack/data/venv/lib/python3.12/site-packages/ovsdbapp/backend/ovs_idl/transaction.py:89}}
Jun 01 22:26:12.443469 np0000001904 devstack@neutron-api.service[90052]: DEBUG ovsdbapp.backend.ovs_idl.transaction [None req-cd43f159-17f7-470f-930e-beffbf6b1726 None None] Running txn n=1 command(idx=3): PgDelPortCommand(_result=None, port_group=neutron_pg_drop, lsp=['8f46ce13-bcb9-4ee2-a482-546f0f70df19'], if_exists=False) {{(pid=90052) do_commit /opt/stack/data/venv/lib/python3.12/site-packages/ovsdbapp/backend/ovs_idl/transaction.py:89}}
Jun 01 22:26:12.445548 np0000001904 devstack@neutron-api.service[90052]: DEBUG neutron.plugins.ml2.drivers.ovn.mech_driver.ovsdb.ovsdb_monitor [None req-cd43f159-17f7-470f-930e-beffbf6b1726 None None] Hash Ring: Node 23018aa78d6f5dd18b02ad29b947a78d (host: np0000001904) handling event "create" for row 607b1dc8-fcec-43b9-989c-36b1f0cd4813 (table: DHCP_Options) {{(pid=90052) notify /opt/stack/neutron/neutron/plugins/ml2/drivers/ovn/mech_driver/ovsdb/ovsdb_monitor.py:1015}}
Jun 01 22:26:12.446282 np0000001904 devstack@neutron-api.service[90051]: DEBUG neutron.plugins.ml2.drivers.ovn.mech_driver.ovsdb.ovsdb_monitor [None req-a8edbb50-1841-4374-a58d-386d5c7e3440 None None] Hash Ring: Node 8a5f79dc32615b2196dfccd828146104 (host: np0000001904) handling event "update" for row 04bb42c7-846e-4cbc-b55a-398d341cf769 (table: Logical_Switch_Port) {{(pid=90051) notify /opt/stack/neutron/neutron/plugins/ml2/drivers/ovn/mech_driver/ovsdb/ovsdb_monitor.py:1015}}
Jun 01 22:26:12.448142 np0000001904 devstack@neutron-api.service[90051]: DEBUG neutron.plugins.ml2.drivers.ovn.mech_driver.ovsdb.ovsdb_monitor [None req-e0c4f09b-1e7f-4280-bd8c-1aa1e6d9a0ac None None] Hash Ring: Node 8a5f79dc32615b2196dfccd828146104 (host: np0000001904) handling event "update" for row 7582b660-e3fc-4b81-a799-5fad03e0d473 (table: Port_Binding) {{(pid=90051) notify /opt/stack/neutron/neutron/plugins/ml2/drivers/ovn/mech_driver/ovsdb/ovsdb_monitor.py:1015}}
Jun 01 22:26:12.468420 np0000001904 devstack@neutron-api.service[90052]: INFO neutron.db.ovn_revision_numbers_db [None req-0daeba41-0ad6-40da-815b-55fad4fd2b30 admin admin] Successfully bumped revision number for resource 8f46ce13-bcb9-4ee2-a482-546f0f70df19 (type: ports) to 2
Jun 01 22:26:12.475841 np0000001904 devstack@neutron-api.service[90052]: DEBUG neutron.plugins.ml2.plugin [None req-0daeba41-0ad6-40da-815b-55fad4fd2b30 admin admin] In _notify_port_updated(), no bound segment for port 8f46ce13-bcb9-4ee2-a482-546f0f70df19 on network c2b492bf-1d38-422b-8171-0acecccd5d35 {{(pid=90052) _notify_port_updated /opt/stack/neutron/neutron/plugins/ml2/plugin.py:1037}}
Jun 01 22:26:12.488420 np0000001904 devstack@neutron-api.service[90052]: INFO neutron.db.ovn_revision_numbers_db [None req-0daeba41-0ad6-40da-815b-55fad4fd2b30 admin admin] Successfully bumped revision number for resource cda33228-7185-40ac-9c67-e1f79daf61e9 (type: subnets) to 0
Jun 01 22:26:12.489419 np0000001904 devstack@neutron-api.service[90052]: DEBUG neutron.pecan_wsgi.hooks.policy_enforcement [None req-0daeba41-0ad6-40da-815b-55fad4fd2b30 admin admin] Attributes excluded by policy engine: ['standard_attr_id', 'shared', 'network'] {{(pid=90052) _exclude_attributes_by_policy /opt/stack/neutron/neutron/pecan_wsgi/hooks/policy_enforcement.py:256}}
