Jul 31 08:33:23.869980 np0000006191 devstack@c-api.service[97031]: INFO cinder.volume.api [None req-1b9df745-8ad3-4009-8570-01b61d387efc tempest-TaggedAttachmentsTest-1735572301 tempest-TaggedAttachmentsTest-1735572301-project-member] Volume info retrieved successfully.
Jul 31 08:33:23.881914 np0000006191 devstack@c-api.service[97031]: INFO cinder.api.openstack.wsgi [None req-1b9df745-8ad3-4009-8570-01b61d387efc tempest-TaggedAttachmentsTest-1735572301 tempest-TaggedAttachmentsTest-1735572301-project-member] https://10.4.3.103/volume/v3/volumes/a1155b7c-5a98-49f3-80e1-eeaed6624fe9 returned with HTTP 200
Jul 31 08:33:23.882244 np0000006191 devstack@c-api.service[97031]: [pid: 97031|app: 0|req: 62/188] 10.4.3.103 () {66 vars in 1348 bytes} [Fri Jul 31 08:33:23 2026] GET /volume/v3/volumes/a1155b7c-5a98-49f3-80e1-eeaed6624fe9 => generated 1136 bytes in 67 msecs (HTTP/1.1 200) 7 headers in 286 bytes (1 switches on core 0)
Jul 31 08:33:23.904128 np0000006191 devstack@c-api.service[97031]: DEBUG cinder.api.middleware.request_id [None req-26da80d2-ba26-420f-a11f-dc30b62fe161 None None] RequestId filter calling following filter/app {{(pid=97031) _context_setter /opt/stack/cinder/cinder/api/middleware/request_id.py:62}}
Jul 31 08:33:23.913247 np0000006191 devstack@c-api.service[97031]: INFO cinder.api.openstack.wsgi [None req-26da80d2-ba26-420f-a11f-dc30b62fe161 tempest-TaggedAttachmentsTest-1735572301 tempest-TaggedAttachmentsTest-1735572301-project-member] GET https://10.4.3.103/volume/v3/volumes/a1155b7c-5a98-49f3-80e1-eeaed6624fe9
Jul 31 08:33:23.913560 np0000006191 devstack@c-api.service[97031]: DEBUG cinder.api.openstack.wsgi [None req-26da80d2-ba26-420f-a11f-dc30b62fe161 tempest-TaggedAttachmentsTest-1735572301 tempest-TaggedAttachmentsTest-1735572301-project-member] Empty body provided in request {{(pid=97031) get_body /opt/stack/cinder/cinder/api/openstack/wsgi.py:725}}
Jul 31 08:33:23.913873 np0000006191 devstack@c-api.service[97031]: DEBUG cinder.api.openstack.wsgi [None req-26da80d2-ba26-420f-a11f-dc30b62fe161 tempest-TaggedAttachmentsTest-1735572301 tempest-TaggedAttachmentsTest-1735572301-project-member] Calling method 'show' {{(pid=97031) _process_stack /opt/stack/cinder/cinder/api/openstack/wsgi.py:878}}
Jul 31 08:33:23.935460 np0000006191 devstack@c-api.service[97031]: /opt/stack/data/venv/lib/python3.12/site-packages/oslo_context/context.py:102: DeprecationWarning: Policy enforcement is depending on the value of is_admin. This key is deprecated. Please update your policy file to use the standard policy values.
Jul 31 08:33:23.935460 np0000006191 devstack@c-api.service[97031]: warnings.warn(
Jul 31 08:33:23.946704 np0000006191 devstack@c-api.service[97031]: INFO cinder.volume.api [None req-26da80d2-ba26-420f-a11f-dc30b62fe161 tempest-TaggedAttachmentsTest-1735572301 tempest-TaggedAttachmentsTest-1735572301-project-member] Volume info retrieved successfully.
Jul 31 08:33:23.955525 np0000006191 devstack@c-api.service[97033]: DEBUG cinder.coordination [req-a2439710-161f-4c5e-a3f6-750c6ee35ac3 req-1355600f-2a6d-4995-9627-d764d64445fa tempest-VolumesBackupsTest-745014014 tempest-VolumesBackupsTest-745014014-project-member] Lock "cinder-attachment_update-f49718b0-fb0a-45ec-8dca-b4d4fb901a46-np0000006191" released by "attachment_update" :: held 0.186s {{(pid=97033) __release /opt/stack/cinder/cinder/coordination.py:152}}
Jul 31 08:33:23.955764 np0000006191 devstack@c-api.service[97031]: INFO cinder.api.openstack.wsgi [None req-26da80d2-ba26-420f-a11f-dc30b62fe161 tempest-TaggedAttachmentsTest-1735572301 tempest-TaggedAttachmentsTest-1735572301-project-member] https://10.4.3.103/volume/v3/volumes/a1155b7c-5a98-49f3-80e1-eeaed6624fe9 returned with HTTP 200
Jul 31 08:33:23.955916 np0000006191 devstack@c-api.service[97033]: INFO cinder.api.openstack.wsgi [req-a2439710-161f-4c5e-a3f6-750c6ee35ac3 req-1355600f-2a6d-4995-9627-d764d64445fa tempest-VolumesBackupsTest-745014014 tempest-VolumesBackupsTest-745014014-project-member] https://10.4.3.103/volume/v3/attachments/c7dc1c6a-5d0b-4553-b453-40603413ff51 returned with HTTP 200
Jul 31 08:33:23.956412 np0000006191 devstack@c-api.service[97033]: [pid: 97033|app: 0|req: 64/190] 10.4.3.103 () {74 vars in 1705 bytes} [Fri Jul 31 08:33:23 2026] PUT /volume/v3/attachments/c7dc1c6a-5d0b-4553-b453-40603413ff51 => generated 535 bytes in 236 msecs (HTTP/1.1 200) 7 headers in 286 bytes (1 switches on core 0)
Jul 31 08:33:23.956494 np0000006191 devstack@c-api.service[97031]: [pid: 97031|app: 0|req: 63/190] 10.4.3.103 () {66 vars in 1348 bytes} [Fri Jul 31 08:33:23 2026] GET /volume/v3/volumes/a1155b7c-5a98-49f3-80e1-eeaed6624fe9 => generated 1136 bytes in 53 msecs (HTTP/1.1 200) 7 headers in 286 bytes (1 switches on core 0)
Jul 31 08:33:23.989156 np0000006191 devstack@c-api.service[97032]: INFO cinder.api.openstack.wsgi [req-1919e4a6-c8d2-46ab-985d-d5870d5147c4 req-a3a110d1-beb0-4be2-ae1d-100d743f3e7a tempest-AttachSCSIVolumeTestJSON-1749377593 tempest-AttachSCSIVolumeTestJSON-1749377593-project-member] https://10.4.3.103/volume/v3/attachments/ae89f16d-b469-4ac9-994b-ea617eaf6a4a returned with HTTP 200
Jul 31 08:33:23.990543 np0000006191 devstack@c-api.service[97032]: [pid: 97032|app: 0|req: 64/191] 10.4.3.103 () {72 vars in 1673 bytes} [Fri Jul 31 08:33:23 2026] DELETE /volume/v3/attachments/ae89f16d-b469-4ac9-994b-ea617eaf6a4a => generated 19 bytes in 161 msecs (HTTP/1.1 200) 7 headers in 285 bytes (1 switches on core 0)
Jul 31 08:33:24.088956 np0000006191 devstack@c-api.service[97033]: DEBUG cinder.api.middleware.request_id [req-4e1e8979-ed93-4e60-8450-489e0b2676e9 req-f274db9d-57ad-48f7-894e-5a26efaab698 None None] RequestId filter calling following filter/app {{(pid=97033) _context_setter /opt/stack/cinder/cinder/api/middleware/request_id.py:62}}
Jul 31 08:33:24.095499 np0000006191 devstack@c-api.service[97033]: INFO cinder.api.openstack.wsgi [req-4e1e8979-ed93-4e60-8450-489e0b2676e9 req-f274db9d-57ad-48f7-894e-5a26efaab698 tempest-VolumesAssistedSnapshotsTest-934884064 tempest-VolumesAssistedSnapshotsTest-934884064-project] POST https://10.4.3.103/volume/v3/snapshots/1fe461a1-281d-4625-b50d-15868dcd2360/action
Jul 31 08:33:24.095953 np0000006191 devstack@c-api.service[97033]: DEBUG cinder.api.openstack.wsgi [req-4e1e8979-ed93-4e60-8450-489e0b2676e9 req-f274db9d-57ad-48f7-894e-5a26efaab698 tempest-VolumesAssistedSnapshotsTest-934884064 tempest-VolumesAssistedSnapshotsTest-934884064-project] Action body: b'{"os-update_snapshot_status": {"status": "error", "progress": "90%"}}' {{(pid=97033) get_method /opt/stack/cinder/cinder/api/openstack/wsgi.py:993}}
Jul 31 08:33:24.096118 np0000006191 devstack@c-api.service[97033]: DEBUG cinder.api.openstack.wsgi [req-4e1e8979-ed93-4e60-8450-489e0b2676e9 req-f274db9d-57ad-48f7-894e-5a26efaab698 tempest-VolumesAssistedSnapshotsTest-934884064 tempest-VolumesAssistedSnapshotsTest-934884064-project] Action: 'action', calling method: _update_snapshot_status, body: {"os-update_snapshot_status": {"status": "error", "progress": "90%"}} {{(pid=97033) _process_stack /opt/stack/cinder/cinder/api/openstack/wsgi.py:876}}
Jul 31 08:33:24.097962 np0000006191 devstack@c-api.service[97033]: DEBUG cinder.api.contrib.snapshot_actions [req-4e1e8979-ed93-4e60-8450-489e0b2676e9 req-f274db9d-57ad-48f7-894e-5a26efaab698 tempest-VolumesAssistedSnapshotsTest-934884064 tempest-VolumesAssistedSnapshotsTest-934884064-project] body: {'os-update_snapshot_status': {'status': 'error', 'progress': '90%'}} {{(pid=97033) _update_snapshot_status /opt/stack/cinder/cinder/api/contrib/snapshot_actions.py:46}}
Jul 31 08:33:24.098394 np0000006191 devstack@c-api.service[97031]: DEBUG cinder.api.middleware.request_id [None req-c814c86b-fc9f-4c92-b802-2581f58fa1eb None None] RequestId filter calling following filter/app {{(pid=97031) _context_setter /opt/stack/cinder/cinder/api/middleware/request_id.py:62}}
Jul 31 08:33:24.107055 np0000006191 devstack@c-api.service[97031]: INFO cinder.api.openstack.wsgi [None req-c814c86b-fc9f-4c92-b802-2581f58fa1eb tempest-VolumesAssistedSnapshotsTest-1814228397 tempest-VolumesAssistedSnapshotsTest-1814228397-project-admin] GET https://10.4.3.103/volume/v3/volumes/197a35c5-7353-449a-8880-b6caaaed3b6f
Jul 31 08:33:24.107454 np0000006191 devstack@c-api.service[97031]: DEBUG cinder.api.openstack.wsgi [None req-c814c86b-fc9f-4c92-b802-2581f58fa1eb tempest-VolumesAssistedSnapshotsTest-1814228397 tempest-VolumesAssistedSnapshotsTest-1814228397-project-admin] Empty body provided in request {{(pid=97031) get_body /opt/stack/cinder/cinder/api/openstack/wsgi.py:725}}
Jul 31 08:33:24.107687 np0000006191 devstack@c-api.service[97031]: DEBUG cinder.api.openstack.wsgi [None req-c814c86b-fc9f-4c92-b802-2581f58fa1eb tempest-VolumesAssistedSnapshotsTest-1814228397 tempest-VolumesAssistedSnapshotsTest-1814228397-project-admin] Calling method 'show' {{(pid=97031) _process_stack /opt/stack/cinder/cinder/api/openstack/wsgi.py:878}}
Jul 31 08:33:24.109448 np0000006191 devstack@c-api.service[97032]: DEBUG cinder.api.middleware.request_id [req-39db3eca-1494-403c-9d8c-c0d12d637fe9 req-72e3279f-24c6-4e41-92b5-377533ce390c None None] RequestId filter calling following filter/app {{(pid=97032) _context_setter /opt/stack/cinder/cinder/api/middleware/request_id.py:62}}
Jul 31 08:33:24.112532 np0000006191 devstack@c-api.service[97032]: INFO cinder.api.openstack.wsgi [req-39db3eca-1494-403c-9d8c-c0d12d637fe9 req-72e3279f-24c6-4e41-92b5-377533ce390c tempest-VolumesAssistedSnapshotsTest-934884064 tempest-VolumesAssistedSnapshotsTest-934884064-project] POST https://10.4.3.103/volume/v3/snapshots/None/action
Jul 31 08:33:24.113025 np0000006191 devstack@c-api.service[97032]: DEBUG cinder.api.openstack.wsgi [req-39db3eca-1494-403c-9d8c-c0d12d637fe9 req-72e3279f-24c6-4e41-92b5-377533ce390c tempest-VolumesAssistedSnapshotsTest-934884064 tempest-VolumesAssistedSnapshotsTest-934884064-project] Action body: b'{"os-update_snapshot_status": {"status": "error_deleting", "progress": "90%"}}' {{(pid=97032) get_method /opt/stack/cinder/cinder/api/openstack/wsgi.py:993}}
Jul 31 08:33:24.113025 np0000006191 devstack@c-api.service[97032]: DEBUG cinder.api.openstack.wsgi [req-39db3eca-1494-403c-9d8c-c0d12d637fe9 req-72e3279f-24c6-4e41-92b5-377533ce390c tempest-VolumesAssistedSnapshotsTest-934884064 tempest-VolumesAssistedSnapshotsTest-934884064-project] Action: 'action', calling method: _update_snapshot_status, body: {"os-update_snapshot_status": {"status": "error_deleting", "progress": "90%"}} {{(pid=97032) _process_stack /opt/stack/cinder/cinder/api/openstack/wsgi.py:876}}
Jul 31 08:33:24.114498 np0000006191 devstack@c-api.service[97032]: DEBUG cinder.api.contrib.snapshot_actions [req-39db3eca-1494-403c-9d8c-c0d12d637fe9 req-72e3279f-24c6-4e41-92b5-377533ce390c tempest-VolumesAssistedSnapshotsTest-934884064 tempest-VolumesAssistedSnapshotsTest-934884064-project] body: {'os-update_snapshot_status': {'status': 'error_deleting', 'progress': '90%'}} {{(pid=97032) _update_snapshot_status /opt/stack/cinder/cinder/api/contrib/snapshot_actions.py:46}}
Jul 31 08:33:24.122086 np0000006191 devstack@c-api.service[97033]: INFO cinder.api.openstack.wsgi [req-4e1e8979-ed93-4e60-8450-489e0b2676e9 req-f274db9d-57ad-48f7-894e-5a26efaab698 tempest-VolumesAssistedSnapshotsTest-934884064 tempest-VolumesAssistedSnapshotsTest-934884064-project] https://10.4.3.103/volume/v3/snapshots/1fe461a1-281d-4625-b50d-15868dcd2360/action returned with HTTP 404
Jul 31 08:33:24.122725 np0000006191 devstack@c-api.service[97033]: [pid: 97033|app: 0|req: 65/192] 10.4.3.103 () {72 vars in 1678 bytes} [Fri Jul 31 08:33:24 2026] POST /volume/v3/snapshots/1fe461a1-281d-4625-b50d-15868dcd2360/action => generated 111 bytes in 34 msecs (HTTP/1.1 404) 7 headers in 292 bytes (1 switches on core 0)
Jul 31 08:33:24.125774 np0000006191 devstack@c-api.service[97031]: /opt/stack/data/venv/lib/python3.12/site-packages/oslo_context/context.py:102: DeprecationWarning: Policy enforcement is depending on the value of is_admin. This key is deprecated. Please update your policy file to use the standard policy values.
Jul 31 08:33:24.125774 np0000006191 devstack@c-api.service[97031]: warnings.warn(
Jul 31 08:33:24.132225 np0000006191 devstack@c-api.service[97031]: INFO cinder.volume.api [None req-c814c86b-fc9f-4c92-b802-2581f58fa1eb tempest-VolumesAssistedSnapshotsTest-1814228397 tempest-VolumesAssistedSnapshotsTest-1814228397-project-admin] Volume info retrieved successfully.
Jul 31 08:33:24.140612 np0000006191 devstack@c-api.service[97031]: INFO cinder.api.openstack.wsgi [None req-c814c86b-fc9f-4c92-b802-2581f58fa1eb tempest-VolumesAssistedSnapshotsTest-1814228397 tempest-VolumesAssistedSnapshotsTest-1814228397-project-admin] https://10.4.3.103/volume/v3/volumes/197a35c5-7353-449a-8880-b6caaaed3b6f returned with HTTP 200
Jul 31 08:33:24.141054 np0000006191 devstack@c-api.service[97032]: INFO cinder.api.openstack.wsgi [req-39db3eca-1494-403c-9d8c-c0d12d637fe9 req-72e3279f-24c6-4e41-92b5-377533ce390c tempest-VolumesAssistedSnapshotsTest-934884064 tempest-VolumesAssistedSnapshotsTest-934884064-project] https://10.4.3.103/volume/v3/snapshots/None/action returned with HTTP 404
Jul 31 08:33:24.141338 np0000006191 devstack@c-api.service[97031]: [pid: 97031|app: 0|req: 64/193] 10.4.3.103 () {66 vars in 1348 bytes} [Fri Jul 31 08:33:24 2026] GET /volume/v3/volumes/197a35c5-7353-449a-8880-b6caaaed3b6f => generated 1318 bytes in 43 msecs (HTTP/1.1 200) 7 headers in 286 bytes (1 switches on core 0)
Jul 31 08:33:24.141813 np0000006191 devstack@c-api.service[97032]: [pid: 97032|app: 0|req: 65/194] 10.4.3.103 () {72 vars in 1582 bytes} [Fri Jul 31 08:33:24 2026] POST /volume/v3/snapshots/None/action => generated 79 bytes in 33 msecs (HTTP/1.1 404) 7 headers in 291 bytes (1 switches on core 0)
Jul 31 08:33:24.236863 np0000006191 devstack@c-api.service[97033]: DEBUG cinder.api.middleware.request_id [req-5dd878c3-96ad-4301-a8ca-4af724b8e531 req-e69292f2-a244-444f-a504-a589ce9464c8 None None] RequestId filter calling following filter/app {{(pid=97033) _context_setter /opt/stack/cinder/cinder/api/middleware/request_id.py:62}}
Jul 31 08:33:24.241723 np0000006191 devstack@c-api.service[97033]: INFO cinder.api.openstack.wsgi [req-5dd878c3-96ad-4301-a8ca-4af724b8e531 req-e69292f2-a244-444f-a504-a589ce9464c8 tempest-VolumesAssistedSnapshotsTest-1814228397 tempest-VolumesAssistedSnapshotsTest-1814228397-project-admin] GET https://10.4.3.103/volume/v3/volumes/197a35c5-7353-449a-8880-b6caaaed3b6f
Jul 31 08:33:24.244220 np0000006191 devstack@c-api.service[97033]: DEBUG cinder.api.openstack.wsgi [req-5dd878c3-96ad-4301-a8ca-4af724b8e531 req-e69292f2-a244-444f-a504-a589ce9464c8 tempest-VolumesAssistedSnapshotsTest-1814228397 tempest-VolumesAssistedSnapshotsTest-1814228397-project-admin] Empty body provided in request {{(pid=97033) get_body /opt/stack/cinder/cinder/api/openstack/wsgi.py:725}}
Jul 31 08:33:24.244220 np0000006191 devstack@c-api.service[97033]: DEBUG cinder.api.openstack.wsgi [req-5dd878c3-96ad-4301-a8ca-4af724b8e531 req-e69292f2-a244-444f-a504-a589ce9464c8 tempest-VolumesAssistedSnapshotsTest-1814228397 tempest-VolumesAssistedSnapshotsTest-1814228397-project-admin] Calling method 'show' {{(pid=97033) _process_stack /opt/stack/cinder/cinder/api/openstack/wsgi.py:878}}
Jul 31 08:33:24.271066 np0000006191 devstack@c-api.service[97033]: /opt/stack/data/venv/lib/python3.12/site-packages/oslo_context/context.py:102: DeprecationWarning: Policy enforcement is depending on the value of is_admin. This key is deprecated. Please update your policy file to use the standard policy values.
Jul 31 08:33:24.271066 np0000006191 devstack@c-api.service[97033]: warnings.warn(
Jul 31 08:33:24.287876 np0000006191 devstack@c-api.service[97033]: INFO cinder.volume.api [req-5dd878c3-96ad-4301-a8ca-4af724b8e531 req-e69292f2-a244-444f-a504-a589ce9464c8 tempest-VolumesAssistedSnapshotsTest-1814228397 tempest-VolumesAssistedSnapshotsTest-1814228397-project-admin] Volume info retrieved successfully.
Jul 31 08:33:24.295492 np0000006191 devstack@c-api.service[97033]: INFO cinder.api.openstack.wsgi [req-5dd878c3-96ad-4301-a8ca-4af724b8e531 req-e69292f2-a244-444f-a504-a589ce9464c8 tempest-VolumesAssistedSnapshotsTest-1814228397 tempest-VolumesAssistedSnapshotsTest-1814228397-project-admin] https://10.4.3.103/volume/v3/volumes/197a35c5-7353-449a-8880-b6caaaed3b6f returned with HTTP 200
Jul 31 08:33:24.295492 np0000006191 devstack@c-api.service[97033]: [pid: 97033|app: 0|req: 66/195] 10.4.3.103 () {68 vars in 1598 bytes} [Fri Jul 31 08:33:24 2026] GET /volume/v3/volumes/197a35c5-7353-449a-8880-b6caaaed3b6f => generated 1318 bytes in 59 msecs (HTTP/1.1 200) 7 headers in 286 bytes (1 switches on core 0)
Jul 31 08:33:24.328424 np0000006191 devstack@c-api.service[97031]: DEBUG cinder.api.middleware.request_id [req-a2439710-161f-4c5e-a3f6-750c6ee35ac3 req-58b4216a-dc96-4550-9e26-c09218c056d8 None None] RequestId filter calling following filter/app {{(pid=97031) _context_setter /opt/stack/cinder/cinder/api/middleware/request_id.py:62}}
Jul 31 08:33:24.333491 np0000006191 devstack@c-api.service[97031]: INFO cinder.api.openstack.wsgi [req-a2439710-161f-4c5e-a3f6-750c6ee35ac3 req-58b4216a-dc96-4550-9e26-c09218c056d8 tempest-VolumesBackupsTest-745014014 tempest-VolumesBackupsTest-745014014-project-member] POST https://10.4.3.103/volume/v3/attachments/c7dc1c6a-5d0b-4553-b453-40603413ff51/action
Jul 31 08:33:24.334221 np0000006191 devstack@c-api.service[97031]: DEBUG cinder.api.openstack.wsgi [req-a2439710-161f-4c5e-a3f6-750c6ee35ac3 req-58b4216a-dc96-4550-9e26-c09218c056d8 tempest-VolumesBackupsTest-745014014 tempest-VolumesBackupsTest-745014014-project-member] Action body: b'{"os-complete": null}' {{(pid=97031) get_method /opt/stack/cinder/cinder/api/openstack/wsgi.py:993}}
Jul 31 08:33:24.334221 np0000006191 devstack@c-api.service[97031]: DEBUG cinder.api.openstack.wsgi [req-a2439710-161f-4c5e-a3f6-750c6ee35ac3 req-58b4216a-dc96-4550-9e26-c09218c056d8 tempest-VolumesBackupsTest-745014014 tempest-VolumesBackupsTest-745014014-project-member] Action: 'action', calling method: complete, body: {"os-complete": null} {{(pid=97031) _process_stack /opt/stack/cinder/cinder/api/openstack/wsgi.py:876}}
Jul 31 08:33:24.357064 np0000006191 devstack@c-api.service[97031]: /opt/stack/data/venv/lib/python3.12/site-packages/oslo_context/context.py:102: DeprecationWarning: Policy enforcement is depending on the value of is_admin. This key is deprecated. Please update your policy file to use the standard policy values.
Jul 31 08:33:24.357064 np0000006191 devstack@c-api.service[97031]: warnings.warn(
Jul 31 08:33:24.375518 np0000006191 devstack@c-api.service[97032]: DEBUG cinder.api.middleware.request_id [req-5dd878c3-96ad-4301-a8ca-4af724b8e531 req-7550a887-f55d-4db9-8e16-4a6dfc9db603 None None] RequestId filter calling following filter/app {{(pid=97032) _context_setter /opt/stack/cinder/cinder/api/middleware/request_id.py:62}}
Jul 31 08:33:24.379030 np0000006191 devstack@c-api.service[97032]: INFO cinder.api.openstack.wsgi [req-5dd878c3-96ad-4301-a8ca-4af724b8e531 req-7550a887-f55d-4db9-8e16-4a6dfc9db603 tempest-VolumesAssistedSnapshotsTest-1814228397 tempest-VolumesAssistedSnapshotsTest-1814228397-project-admin] POST https://10.4.3.103/volume/v3/volumes/197a35c5-7353-449a-8880-b6caaaed3b6f/action
Jul 31 08:33:24.379304 np0000006191 devstack@c-api.service[97031]: INFO cinder.api.openstack.wsgi [req-a2439710-161f-4c5e-a3f6-750c6ee35ac3 req-58b4216a-dc96-4550-9e26-c09218c056d8 tempest-VolumesBackupsTest-745014014 tempest-VolumesBackupsTest-745014014-project-member] https://10.4.3.103/volume/v3/attachments/c7dc1c6a-5d0b-4553-b453-40603413ff51/action returned with HTTP 204
Jul 31 08:33:24.379898 np0000006191 devstack@c-api.service[97031]: [pid: 97031|app: 0|req: 65/196] 10.4.3.103 () {74 vars in 1725 bytes} [Fri Jul 31 08:33:24 2026] POST /volume/v3/attachments/c7dc1c6a-5d0b-4553-b453-40603413ff51/action => generated 0 bytes in 54 msecs (HTTP/1.1 204) 7 headers in 292 bytes (2 switches on core 0)
Jul 31 08:33:24.380007 np0000006191 devstack@c-api.service[97032]: DEBUG cinder.api.openstack.wsgi [req-5dd878c3-96ad-4301-a8ca-4af724b8e531 req-7550a887-f55d-4db9-8e16-4a6dfc9db603 tempest-VolumesAssistedSnapshotsTest-1814228397 tempest-VolumesAssistedSnapshotsTest-1814228397-project-admin] Action body: b'{"os-begin_detaching": null}' {{(pid=97032) get_method /opt/stack/cinder/cinder/api/openstack/wsgi.py:993}}
Jul 31 08:33:24.382753 np0000006191 devstack@c-api.service[97032]: DEBUG cinder.api.openstack.wsgi [req-5dd878c3-96ad-4301-a8ca-4af724b8e531 req-7550a887-f55d-4db9-8e16-4a6dfc9db603 tempest-VolumesAssistedSnapshotsTest-1814228397 tempest-VolumesAssistedSnapshotsTest-1814228397-project-admin] Action: 'action', calling method: _begin_detaching, body: {"os-begin_detaching": null} {{(pid=97032) _process_stack /opt/stack/cinder/cinder/api/openstack/wsgi.py:876}}
Jul 31 08:33:24.401914 np0000006191 devstack@c-api.service[97032]: /opt/stack/data/venv/lib/python3.12/site-packages/oslo_context/context.py:102: DeprecationWarning: Policy enforcement is depending on the value of is_admin. This key is deprecated. Please update your policy file to use the standard policy values.
Jul 31 08:33:24.401914 np0000006191 devstack@c-api.service[97032]: warnings.warn(
Jul 31 08:33:24.402309 np0000006191 devstack@c-api.service[97032]: INFO cinder.volume.api [req-5dd878c3-96ad-4301-a8ca-4af724b8e531 req-7550a887-f55d-4db9-8e16-4a6dfc9db603 tempest-VolumesAssistedSnapshotsTest-1814228397 tempest-VolumesAssistedSnapshotsTest-1814228397-project-admin] Volume info retrieved successfully.
Jul 31 08:33:24.418482 np0000006191 devstack@c-api.service[97032]: INFO cinder.volume.api [req-5dd878c3-96ad-4301-a8ca-4af724b8e531 req-7550a887-f55d-4db9-8e16-4a6dfc9db603 tempest-VolumesAssistedSnapshotsTest-1814228397 tempest-VolumesAssistedSnapshotsTest-1814228397-project-admin] Begin detaching volume completed successfully.
Jul 31 08:33:24.418482 np0000006191 devstack@c-api.service[97032]: INFO cinder.api.openstack.wsgi [req-5dd878c3-96ad-4301-a8ca-4af724b8e531 req-7550a887-f55d-4db9-8e16-4a6dfc9db603 tempest-VolumesAssistedSnapshotsTest-1814228397 tempest-VolumesAssistedSnapshotsTest-1814228397-project-admin] https://10.4.3.103/volume/v3/volumes/197a35c5-7353-449a-8880-b6caaaed3b6f/action returned with HTTP 202
Jul 31 08:33:24.419131 np0000006191 devstack@c-api.service[97032]: [pid: 97032|app: 0|req: 66/197] 10.4.3.103 () {72 vars in 1672 bytes} [Fri Jul 31 08:33:24 2026] POST /volume/v3/volumes/197a35c5-7353-449a-8880-b6caaaed3b6f/action => generated 0 bytes in 45 msecs (HTTP/1.1 202) 7 headers in 289 bytes (1 switches on core 0)
Jul 31 08:33:24.471768 np0000006191 devstack@c-api.service[97033]: DEBUG cinder.api.middleware.request_id [None req-89910258-40e0-4d5f-b41e-eaaba8658f69 None None] RequestId filter calling following filter/app {{(pid=97033) _context_setter /opt/stack/cinder/cinder/api/middleware/request_id.py:62}}
Jul 31 08:33:24.473873 np0000006191 devstack@c-api.service[97033]: INFO cinder.api.openstack.wsgi [None req-89910258-40e0-4d5f-b41e-eaaba8658f69 tempest-AttachSCSIVolumeTestJSON-1749377593 tempest-AttachSCSIVolumeTestJSON-1749377593-project-reader] GET https://10.4.3.103/volume/v3/volumes/78ef1d62-9d11-4060-9343-033dbaf7ce6c
Jul 31 08:33:24.474205 np0000006191 devstack@c-api.service[97033]: DEBUG cinder.api.openstack.wsgi [None req-89910258-40e0-4d5f-b41e-eaaba8658f69 tempest-AttachSCSIVolumeTestJSON-1749377593 tempest-AttachSCSIVolumeTestJSON-1749377593-project-reader] Empty body provided in request {{(pid=97033) get_body /opt/stack/cinder/cinder/api/openstack/wsgi.py:725}}
Jul 31 08:33:24.474524 np0000006191 devstack@c-api.service[97033]: DEBUG cinder.api.openstack.wsgi [None req-89910258-40e0-4d5f-b41e-eaaba8658f69 tempest-AttachSCSIVolumeTestJSON-1749377593 tempest-AttachSCSIVolumeTestJSON-1749377593-project-reader] Calling method 'show' {{(pid=97033) _process_stack /opt/stack/cinder/cinder/api/openstack/wsgi.py:878}}
Jul 31 08:33:24.487461 np0000006191 devstack@c-api.service[97033]: /opt/stack/data/venv/lib/python3.12/site-packages/oslo_context/context.py:102: DeprecationWarning: Policy enforcement is depending on the value of is_admin. This key is deprecated. Please update your policy file to use the standard policy values.
Jul 31 08:33:24.487461 np0000006191 devstack@c-api.service[97033]: warnings.warn(
Jul 31 08:33:24.493066 np0000006191 devstack@c-api.service[97031]: DEBUG cinder.api.middleware.request_id [None req-02cebce1-1026-4f59-96ab-5265b88decb7 None None] RequestId filter calling following filter/app {{(pid=97031) _context_setter /opt/stack/cinder/cinder/api/middleware/request_id.py:62}}
Jul 31 08:33:24.493627 np0000006191 devstack@c-api.service[97031]: INFO cinder.api.openstack.wsgi [None req-02cebce1-1026-4f59-96ab-5265b88decb7 None None] GET https://10.4.3.103/volume//
Jul 31 08:33:24.493903 np0000006191 devstack@c-api.service[97031]: DEBUG cinder.api.openstack.wsgi [None req-02cebce1-1026-4f59-96ab-5265b88decb7 None None] Empty body provided in request {{(pid=97031) get_body /opt/stack/cinder/cinder/api/openstack/wsgi.py:725}}
Jul 31 08:33:24.494185 np0000006191 devstack@c-api.service[97031]: DEBUG cinder.api.openstack.wsgi [None req-02cebce1-1026-4f59-96ab-5265b88decb7 None None] Calling method 'all' {{(pid=97031) _process_stack /opt/stack/cinder/cinder/api/openstack/wsgi.py:878}}
Jul 31 08:33:24.494590 np0000006191 devstack@c-api.service[97033]: INFO cinder.volume.api [None req-89910258-40e0-4d5f-b41e-eaaba8658f69 tempest-AttachSCSIVolumeTestJSON-1749377593 tempest-AttachSCSIVolumeTestJSON-1749377593-project-reader] Volume info retrieved successfully.
Jul 31 08:33:24.494688 np0000006191 devstack@c-api.service[97031]: INFO cinder.api.openstack.wsgi [None req-02cebce1-1026-4f59-96ab-5265b88decb7 None None] https://10.4.3.103/volume// returned with HTTP 300
Jul 31 08:33:24.495080 np0000006191 devstack@c-api.service[97031]: [pid: 97031|app: 0|req: 66/198] 10.4.3.103 () {66 vars in 1426 bytes} [Fri Jul 31 08:33:24 2026] GET /volume/ => generated 386 bytes in 3 msecs (HTTP/1.1 300) 7 headers in 299 bytes (1 switches on core 0)
Jul 31 08:33:24.503390 np0000006191 devstack@c-api.service[97033]: INFO cinder.api.openstack.wsgi [None req-89910258-40e0-4d5f-b41e-eaaba8658f69 tempest-AttachSCSIVolumeTestJSON-1749377593 tempest-AttachSCSIVolumeTestJSON-1749377593-project-reader] https://10.4.3.103/volume/v3/volumes/78ef1d62-9d11-4060-9343-033dbaf7ce6c returned with HTTP 200
Jul 31 08:33:24.503390 np0000006191 devstack@c-api.service[97033]: [pid: 97033|app: 0|req: 67/199] 10.4.3.103 () {66 vars in 1348 bytes} [Fri Jul 31 08:33:24 2026] GET /volume/v3/volumes/78ef1d62-9d11-4060-9343-033dbaf7ce6c => generated 847 bytes in 32 msecs (HTTP/1.1 200) 7 headers in 285 bytes (1 switches on core 0)
Jul 31 08:33:24.505044 np0000006191 devstack@c-api.service[97032]: DEBUG cinder.api.middleware.request_id [req-5dd878c3-96ad-4301-a8ca-4af724b8e531 req-a52b679b-f541-4676-9d7e-4c19c9fda93e None None] RequestId filter calling following filter/app {{(pid=97032) _context_setter /opt/stack/cinder/cinder/api/middleware/request_id.py:62}}
Jul 31 08:33:24.508306 np0000006191 devstack@c-api.service[97032]: INFO cinder.api.openstack.wsgi [req-5dd878c3-96ad-4301-a8ca-4af724b8e531 req-a52b679b-f541-4676-9d7e-4c19c9fda93e tempest-VolumesAssistedSnapshotsTest-1814228397 tempest-VolumesAssistedSnapshotsTest-1814228397-project-admin] GET https://10.4.3.103/volume/v3/volumes/197a35c5-7353-449a-8880-b6caaaed3b6f
Jul 31 08:33:24.508681 np0000006191 devstack@c-api.service[97032]: DEBUG cinder.api.openstack.wsgi [req-5dd878c3-96ad-4301-a8ca-4af724b8e531 req-a52b679b-f541-4676-9d7e-4c19c9fda93e tempest-VolumesAssistedSnapshotsTest-1814228397 tempest-VolumesAssistedSnapshotsTest-1814228397-project-admin] Empty body provided in request {{(pid=97032) get_body /opt/stack/cinder/cinder/api/openstack/wsgi.py:725}}
Jul 31 08:33:24.509086 np0000006191 devstack@c-api.service[97032]: DEBUG cinder.api.openstack.wsgi [req-5dd878c3-96ad-4301-a8ca-4af724b8e531 req-a52b679b-f541-4676-9d7e-4c19c9fda93e tempest-VolumesAssistedSnapshotsTest-1814228397 tempest-VolumesAssistedSnapshotsTest-1814228397-project-admin] Calling method 'show' {{(pid=97032) _process_stack /opt/stack/cinder/cinder/api/openstack/wsgi.py:878}}
Jul 31 08:33:24.526035 np0000006191 devstack@c-api.service[97032]: /opt/stack/data/venv/lib/python3.12/site-packages/oslo_context/context.py:102: DeprecationWarning: Policy enforcement is depending on the value of is_admin. This key is deprecated. Please update your policy file to use the standard policy values.
Jul 31 08:33:24.526035 np0000006191 devstack@c-api.service[97032]: warnings.warn(
Jul 31 08:33:24.536168 np0000006191 devstack@c-api.service[97032]: INFO cinder.volume.api [req-5dd878c3-96ad-4301-a8ca-4af724b8e531 req-a52b679b-f541-4676-9d7e-4c19c9fda93e tempest-VolumesAssistedSnapshotsTest-1814228397 tempest-VolumesAssistedSnapshotsTest-1814228397-project-admin] Volume info retrieved successfully.
Jul 31 08:33:24.543480 np0000006191 devstack@c-api.service[97032]: INFO cinder.api.openstack.wsgi [req-5dd878c3-96ad-4301-a8ca-4af724b8e531 req-a52b679b-f541-4676-9d7e-4c19c9fda93e tempest-VolumesAssistedSnapshotsTest-1814228397 tempest-VolumesAssistedSnapshotsTest-1814228397-project-admin] https://10.4.3.103/volume/v3/volumes/197a35c5-7353-449a-8880-b6caaaed3b6f returned with HTTP 200
Jul 31 08:33:24.544357 np0000006191 devstack@c-api.service[97032]: [pid: 97032|app: 0|req: 67/200] 10.4.3.103 () {70 vars in 1639 bytes} [Fri Jul 31 08:33:24 2026] GET /volume/v3/volumes/197a35c5-7353-449a-8880-b6caaaed3b6f => generated 1545 bytes in 40 msecs (HTTP/1.1 200) 7 headers in 287 bytes (1 switches on core 0)
Jul 31 08:33:24.573004 np0000006191 devstack@c-api.service[97031]: DEBUG cinder.api.middleware.request_id [None req-966e7839-2057-440c-8868-32189a5348ee None None] RequestId filter calling following filter/app {{(pid=97031) _context_setter /opt/stack/cinder/cinder/api/middleware/request_id.py:62}}
Jul 31 08:33:24.575906 np0000006191 devstack@c-api.service[97031]: INFO cinder.api.openstack.wsgi [None req-966e7839-2057-440c-8868-32189a5348ee tempest-VolumesBackupsTest-745014014 tempest-VolumesBackupsTest-745014014-project-member] GET https://10.4.3.103/volume/v3/volumes/f49718b0-fb0a-45ec-8dca-b4d4fb901a46
Jul 31 08:33:24.576126 np0000006191 devstack@c-api.service[97031]: DEBUG cinder.api.openstack.wsgi [None req-966e7839-2057-440c-8868-32189a5348ee tempest-VolumesBackupsTest-745014014 tempest-VolumesBackupsTest-745014014-project-member] Empty body provided in request {{(pid=97031) get_body /opt/stack/cinder/cinder/api/openstack/wsgi.py:725}}
Jul 31 08:33:24.576458 np0000006191 devstack@c-api.service[97031]: DEBUG cinder.api.openstack.wsgi [None req-966e7839-2057-440c-8868-32189a5348ee tempest-VolumesBackupsTest-745014014 tempest-VolumesBackupsTest-745014014-project-member] Calling method 'show' {{(pid=97031) _process_stack /opt/stack/cinder/cinder/api/openstack/wsgi.py:878}}
Jul 31 08:33:24.580250 np0000006191 devstack@c-api.service[97033]: DEBUG cinder.api.middleware.request_id [None req-632f0e50-7ec3-49e2-8b09-369b616ee014 None None] RequestId filter calling following filter/app {{(pid=97033) _context_setter /opt/stack/cinder/cinder/api/middleware/request_id.py:62}}
Jul 31 08:33:24.582550 np0000006191 devstack@c-api.service[97033]: INFO cinder.api.openstack.wsgi [None req-632f0e50-7ec3-49e2-8b09-369b616ee014 tempest-AttachSCSIVolumeTestJSON-1749377593 tempest-AttachSCSIVolumeTestJSON-1749377593-project-member] GET https://10.4.3.103/volume/v3/volumes/78ef1d62-9d11-4060-9343-033dbaf7ce6c
Jul 31 08:33:24.582833 np0000006191 devstack@c-api.service[97033]: DEBUG cinder.api.openstack.wsgi [None req-632f0e50-7ec3-49e2-8b09-369b616ee014 tempest-AttachSCSIVolumeTestJSON-1749377593 tempest-AttachSCSIVolumeTestJSON-1749377593-project-member] Empty body provided in request {{(pid=97033) get_body /opt/stack/cinder/cinder/api/openstack/wsgi.py:725}}
Jul 31 08:33:24.583127 np0000006191 devstack@c-api.service[97033]: DEBUG cinder.api.openstack.wsgi [None req-632f0e50-7ec3-49e2-8b09-369b616ee014 tempest-AttachSCSIVolumeTestJSON-1749377593 tempest-AttachSCSIVolumeTestJSON-1749377593-project-member] Calling method 'show' {{(pid=97033) _process_stack /opt/stack/cinder/cinder/api/openstack/wsgi.py:878}}
Jul 31 08:33:24.593177 np0000006191 devstack@c-api.service[97033]: /opt/stack/data/venv/lib/python3.12/site-packages/oslo_context/context.py:102: DeprecationWarning: Policy enforcement is depending on the value of is_admin. This key is deprecated. Please update your policy file to use the standard policy values.
Jul 31 08:33:24.593177 np0000006191 devstack@c-api.service[97033]: warnings.warn(
Jul 31 08:33:24.595035 np0000006191 devstack@c-api.service[97031]: /opt/stack/data/venv/lib/python3.12/site-packages/oslo_context/context.py:102: DeprecationWarning: Policy enforcement is depending on the value of is_admin. This key is deprecated. Please update your policy file to use the standard policy values.
Jul 31 08:33:24.595035 np0000006191 devstack@c-api.service[97031]: warnings.warn(
Jul 31 08:33:24.601536 np0000006191 devstack@c-api.service[97033]: INFO cinder.volume.api [None req-632f0e50-7ec3-49e2-8b09-369b616ee014 tempest-AttachSCSIVolumeTestJSON-1749377593 tempest-AttachSCSIVolumeTestJSON-1749377593-project-member] Volume info retrieved successfully.
Jul 31 08:33:24.603893 np0000006191 devstack@c-api.service[97031]: INFO cinder.volume.api [None req-966e7839-2057-440c-8868-32189a5348ee tempest-VolumesBackupsTest-745014014 tempest-VolumesBackupsTest-745014014-project-member] Volume info retrieved successfully.
Jul 31 08:33:24.610133 np0000006191 devstack@c-api.service[97033]: INFO cinder.api.openstack.wsgi [None req-632f0e50-7ec3-49e2-8b09-369b616ee014 tempest-AttachSCSIVolumeTestJSON-1749377593 tempest-AttachSCSIVolumeTestJSON-1749377593-project-member] https://10.4.3.103/volume/v3/volumes/78ef1d62-9d11-4060-9343-033dbaf7ce6c returned with HTTP 200
Jul 31 08:33:24.610999 np0000006191 devstack@c-api.service[97033]: [pid: 97033|app: 0|req: 68/201] 10.4.3.103 () {66 vars in 1348 bytes} [Fri Jul 31 08:33:24 2026] GET /volume/v3/volumes/78ef1d62-9d11-4060-9343-033dbaf7ce6c => generated 847 bytes in 31 msecs (HTTP/1.1 200) 7 headers in 285 bytes (1 switches on core 0)
Jul 31 08:33:24.611940 np0000006191 devstack@c-api.service[97031]: INFO cinder.api.openstack.wsgi [None req-966e7839-2057-440c-8868-32189a5348ee tempest-VolumesBackupsTest-745014014 tempest-VolumesBackupsTest-745014014-project-member] https://10.4.3.103/volume/v3/volumes/f49718b0-fb0a-45ec-8dca-b4d4fb901a46 returned with HTTP 200
Jul 31 08:33:24.612508 np0000006191 devstack@c-api.service[97031]: [pid: 97031|app: 0|req: 67/202] 10.4.3.103 () {66 vars in 1348 bytes} [Fri Jul 31 08:33:24 2026] GET /volume/v3/volumes/f49718b0-fb0a-45ec-8dca-b4d4fb901a46 => generated 1134 bytes in 40 msecs (HTTP/1.1 200) 7 headers in 286 bytes (1 switches on core 0)
Jul 31 08:33:24.629422 np0000006191 devstack@c-api.service[97032]: DEBUG cinder.api.middleware.request_id [None req-1c3f9842-e47d-4053-801b-4490d7bb5c22 None None] RequestId filter calling following filter/app {{(pid=97032) _context_setter /opt/stack/cinder/cinder/api/middleware/request_id.py:62}}
Jul 31 08:33:24.633669 np0000006191 devstack@c-api.service[97032]: INFO cinder.api.openstack.wsgi [None req-1c3f9842-e47d-4053-801b-4490d7bb5c22 tempest-VolumesAdminNegativeTest-1639552248 tempest-VolumesAdminNegativeTest-1639552248-project-member] GET https://10.4.3.103/volume/v3/volumes/b239735d-b26d-4603-a805-5ab11a8c73fd
Jul 31 08:33:24.633798 np0000006191 devstack@c-api.service[97033]: DEBUG cinder.api.middleware.request_id [None req-e465d2ff-15d5-4ef8-832a-90f4c97ec066 None None] RequestId filter calling following filter/app {{(pid=97033) _context_setter /opt/stack/cinder/cinder/api/middleware/request_id.py:62}}
Jul 31 08:33:24.635468 np0000006191 devstack@c-api.service[97032]: DEBUG cinder.api.openstack.wsgi [None req-1c3f9842-e47d-4053-801b-4490d7bb5c22 tempest-VolumesAdminNegativeTest-1639552248 tempest-VolumesAdminNegativeTest-1639552248-project-member] Empty body provided in request {{(pid=97032) get_body /opt/stack/cinder/cinder/api/openstack/wsgi.py:725}}
Jul 31 08:33:24.635832 np0000006191 devstack@c-api.service[97032]: DEBUG cinder.api.openstack.wsgi [None req-1c3f9842-e47d-4053-801b-4490d7bb5c22 tempest-VolumesAdminNegativeTest-1639552248 tempest-VolumesAdminNegativeTest-1639552248-project-member] Calling method 'show' {{(pid=97032) _process_stack /opt/stack/cinder/cinder/api/openstack/wsgi.py:878}}
Jul 31 08:33:24.636045 np0000006191 devstack@c-api.service[97033]: INFO cinder.api.openstack.wsgi [None req-e465d2ff-15d5-4ef8-832a-90f4c97ec066 tempest-VolumesBackupsTest-745014014 tempest-VolumesBackupsTest-745014014-project-member] POST https://10.4.3.103/volume/v3/backups
Jul 31 08:33:24.636526 np0000006191 devstack@c-api.service[97033]: DEBUG cinder.api.openstack.wsgi [None req-e465d2ff-15d5-4ef8-832a-90f4c97ec066 tempest-VolumesBackupsTest-745014014 tempest-VolumesBackupsTest-745014014-project-member] Action: 'create', calling method: create, body: {"backup": {"volume_id": "f49718b0-fb0a-45ec-8dca-b4d4fb901a46", "name": "tempest-VolumesBackupsTest-Backup-714469603", "force": true, "container": "tempest-volumesbackupstest-backup-container-188420879"}} {{(pid=97033) _process_stack /opt/stack/cinder/cinder/api/openstack/wsgi.py:876}}
Jul 31 08:33:24.641356 np0000006191 devstack@c-api.service[97033]: DEBUG cinder.api.contrib.backups [None req-e465d2ff-15d5-4ef8-832a-90f4c97ec066 tempest-VolumesBackupsTest-745014014 tempest-VolumesBackupsTest-745014014-project-member] Creating new backup {'backup': {'volume_id': 'f49718b0-fb0a-45ec-8dca-b4d4fb901a46', 'name': 'tempest-VolumesBackupsTest-Backup-714469603', 'force': True, 'container': 'tempest-volumesbackupstest-backup-container-188420879'}} {{(pid=97033) create /opt/stack/cinder/cinder/api/contrib/backups.py:155}}
Jul 31 08:33:24.641911 np0000006191 devstack@c-api.service[97033]: INFO cinder.api.contrib.backups [None req-e465d2ff-15d5-4ef8-832a-90f4c97ec066 tempest-VolumesBackupsTest-745014014 tempest-VolumesBackupsTest-745014014-project-member] Creating backup of volume f49718b0-fb0a-45ec-8dca-b4d4fb901a46 in container tempest-volumesbackupstest-backup-container-188420879
Jul 31 08:33:24.651146 np0000006191 devstack@c-api.service[97032]: /opt/stack/data/venv/lib/python3.12/site-packages/oslo_context/context.py:102: DeprecationWarning: Policy enforcement is depending on the value of is_admin. This key is deprecated. Please update your policy file to use the standard policy values.
Jul 31 08:33:24.651146 np0000006191 devstack@c-api.service[97032]: warnings.warn(
Jul 31 08:33:24.657126 np0000006191 devstack@c-api.service[97032]: INFO cinder.volume.api [None req-1c3f9842-e47d-4053-801b-4490d7bb5c22 tempest-VolumesAdminNegativeTest-1639552248 tempest-VolumesAdminNegativeTest-1639552248-project-member] Volume info retrieved successfully.
Jul 31 08:33:24.658319 np0000006191 devstack@c-api.service[97033]: /opt/stack/data/venv/lib/python3.12/site-packages/oslo_context/context.py:102: DeprecationWarning: Policy enforcement is depending on the value of is_admin. This key is deprecated. Please update your policy file to use the standard policy values.
Jul 31 08:33:24.658319 np0000006191 devstack@c-api.service[97033]: warnings.warn(
Jul 31 08:33:24.659140 np0000006191 devstack@c-api.service[97033]: INFO cinder.volume.api [None req-e465d2ff-15d5-4ef8-832a-90f4c97ec066 tempest-VolumesBackupsTest-745014014 tempest-VolumesBackupsTest-745014014-project-member] Volume info retrieved successfully.
Jul 31 08:33:24.663518 np0000006191 devstack@c-api.service[97032]: INFO cinder.api.openstack.wsgi [None req-1c3f9842-e47d-4053-801b-4490d7bb5c22 tempest-VolumesAdminNegativeTest-1639552248 tempest-VolumesAdminNegativeTest-1639552248-project-member] https://10.4.3.103/volume/v3/volumes/b239735d-b26d-4603-a805-5ab11a8c73fd returned with HTTP 200
Jul 31 08:33:24.664071 np0000006191 devstack@c-api.service[97032]: [pid: 97032|app: 0|req: 68/203] 10.4.3.103 () {66 vars in 1348 bytes} [Fri Jul 31 08:33:24 2026] GET /volume/v3/volumes/b239735d-b26d-4603-a805-5ab11a8c73fd => generated 848 bytes in 35 msecs (HTTP/1.1 200) 7 headers in 285 bytes (1 switches on core 0)
Jul 31 08:33:24.694236 np0000006191 devstack@c-api.service[97031]: DEBUG cinder.api.middleware.request_id [None req-42c587e7-e263-4888-b2bd-3d6a42a7a000 None None] RequestId filter calling following filter/app {{(pid=97031) _context_setter /opt/stack/cinder/cinder/api/middleware/request_id.py:62}}
Jul 31 08:33:24.696564 np0000006191 devstack@c-api.service[97031]: INFO cinder.api.openstack.wsgi [None req-42c587e7-e263-4888-b2bd-3d6a42a7a000 tempest-AttachSCSIVolumeTestJSON-1749377593 tempest-AttachSCSIVolumeTestJSON-1749377593-project-member] GET https://10.4.3.103/volume/v3/volumes/78ef1d62-9d11-4060-9343-033dbaf7ce6c
Jul 31 08:33:24.696974 np0000006191 devstack@c-api.service[97031]: DEBUG cinder.api.openstack.wsgi [None req-42c587e7-e263-4888-b2bd-3d6a42a7a000 tempest-AttachSCSIVolumeTestJSON-1749377593 tempest-AttachSCSIVolumeTestJSON-1749377593-project-member] Empty body provided in request {{(pid=97031) get_body /opt/stack/cinder/cinder/api/openstack/wsgi.py:725}}
Jul 31 08:33:24.696974 np0000006191 devstack@c-api.service[97031]: DEBUG cinder.api.openstack.wsgi [None req-42c587e7-e263-4888-b2bd-3d6a42a7a000 tempest-AttachSCSIVolumeTestJSON-1749377593 tempest-AttachSCSIVolumeTestJSON-1749377593-project-member] Calling method 'show' {{(pid=97031) _process_stack /opt/stack/cinder/cinder/api/openstack/wsgi.py:878}}
Jul 31 08:33:24.711683 np0000006191 devstack@c-api.service[97031]: /opt/stack/data/venv/lib/python3.12/site-packages/oslo_context/context.py:102: DeprecationWarning: Policy enforcement is depending on the value of is_admin. This key is deprecated. Please update your policy file to use the standard policy values.
Jul 31 08:33:24.711683 np0000006191 devstack@c-api.service[97031]: warnings.warn(
Jul 31 08:33:24.713545 np0000006191 devstack@c-api.service[97033]: DEBUG cinder.quota [None req-e465d2ff-15d5-4ef8-832a-90f4c97ec066 tempest-VolumesBackupsTest-745014014 tempest-VolumesBackupsTest-745014014-project-member] Created reservations ['7b0bb5d3-0e37-4653-ba8a-de5298c99c18', '3002f95f-2920-44c8-9b10-b2ef39177452'] {{(pid=97033) reserve /opt/stack/cinder/cinder/quota.py:752}}
Jul 31 08:33:24.724021 np0000006191 devstack@c-api.service[97031]: INFO cinder.volume.api [None req-42c587e7-e263-4888-b2bd-3d6a42a7a000 tempest-AttachSCSIVolumeTestJSON-1749377593 tempest-AttachSCSIVolumeTestJSON-1749377593-project-member] Volume info retrieved successfully.
Jul 31 08:33:24.732381 np0000006191 devstack@c-api.service[97031]: INFO cinder.api.openstack.wsgi [None req-42c587e7-e263-4888-b2bd-3d6a42a7a000 tempest-AttachSCSIVolumeTestJSON-1749377593 tempest-AttachSCSIVolumeTestJSON-1749377593-project-member] https://10.4.3.103/volume/v3/volumes/78ef1d62-9d11-4060-9343-033dbaf7ce6c returned with HTTP 200
Jul 31 08:33:24.732920 np0000006191 devstack@c-api.service[97031]: [pid: 97031|app: 0|req: 68/204] 10.4.3.103 () {66 vars in 1348 bytes} [Fri Jul 31 08:33:24 2026] GET /volume/v3/volumes/78ef1d62-9d11-4060-9343-033dbaf7ce6c => generated 847 bytes in 40 msecs (HTTP/1.1 200) 7 headers in 285 bytes (1 switches on core 0)
Jul 31 08:33:24.798979 np0000006191 devstack@c-api.service[97033]: INFO cinder.api.openstack.wsgi [None req-e465d2ff-15d5-4ef8-832a-90f4c97ec066 tempest-VolumesBackupsTest-745014014 tempest-VolumesBackupsTest-745014014-project-member] https://10.4.3.103/volume/v3/backups returned with HTTP 202
Jul 31 08:33:24.799540 np0000006191 devstack@c-api.service[97033]: [pid: 97033|app: 0|req: 69/205] 10.4.3.103 () {68 vars in 1259 bytes} [Fri Jul 31 08:33:24 2026] POST /volume/v3/backups => generated 329 bytes in 166 msecs (HTTP/1.1 202) 7 headers in 291 bytes (1 switches on core 0)
Jul 31 08:33:24.812918 np0000006191 devstack@c-api.service[97032]: DEBUG cinder.api.middleware.request_id [None req-224e1056-c0b7-44c9-b56d-5289e648c726 None None] RequestId filter calling following filter/app {{(pid=97032) _context_setter /opt/stack/cinder/cinder/api/middleware/request_id.py:62}}
Jul 31 08:33:24.817915 np0000006191 devstack@c-api.service[97032]: INFO cinder.api.openstack.wsgi [None req-224e1056-c0b7-44c9-b56d-5289e648c726 tempest-VolumesBackupsTest-745014014 tempest-VolumesBackupsTest-745014014-project-member] GET https://10.4.3.103/volume/v3/backups/837b2e4b-2a4d-42ec-b740-058510744830
Jul 31 08:33:24.818308 np0000006191 devstack@c-api.service[97032]: DEBUG cinder.api.openstack.wsgi [None req-224e1056-c0b7-44c9-b56d-5289e648c726 tempest-VolumesBackupsTest-745014014 tempest-VolumesBackupsTest-745014014-project-member] Empty body provided in request {{(pid=97032) get_body /opt/stack/cinder/cinder/api/openstack/wsgi.py:725}}
Jul 31 08:33:24.818790 np0000006191 devstack@c-api.service[97032]: DEBUG cinder.api.openstack.wsgi [None req-224e1056-c0b7-44c9-b56d-5289e648c726 tempest-VolumesBackupsTest-745014014 tempest-VolumesBackupsTest-745014014-project-member] Calling method 'show' {{(pid=97032) _process_stack /opt/stack/cinder/cinder/api/openstack/wsgi.py:878}}
Jul 31 08:33:24.819089 np0000006191 devstack@c-api.service[97032]: DEBUG cinder.api.v3.backups [None req-224e1056-c0b7-44c9-b56d-5289e648c726 tempest-VolumesBackupsTest-745014014 tempest-VolumesBackupsTest-745014014-project-member] Show backup with id 837b2e4b-2a4d-42ec-b740-058510744830. {{(pid=97032) show /opt/stack/cinder/cinder/api/v3/backups.py:75}}
Jul 31 08:33:24.846424 np0000006191 devstack@c-api.service[97032]: /opt/stack/data/venv/lib/python3.12/site-packages/oslo_context/context.py:102: DeprecationWarning: Policy enforcement is depending on the value of is_admin. This key is deprecated. Please update your policy file to use the standard policy values.
Jul 31 08:33:24.846424 np0000006191 devstack@c-api.service[97032]: warnings.warn(
Jul 31 08:33:24.847641 np0000006191 devstack@c-api.service[97032]: INFO cinder.api.openstack.wsgi [None req-224e1056-c0b7-44c9-b56d-5289e648c726 tempest-VolumesBackupsTest-745014014 tempest-VolumesBackupsTest-745014014-project-member] https://10.4.3.103/volume/v3/backups/837b2e4b-2a4d-42ec-b740-058510744830 returned with HTTP 200
Jul 31 08:33:24.848385 np0000006191 devstack@c-api.service[97032]: [pid: 97032|app: 0|req: 69/206] 10.4.3.103 () {66 vars in 1348 bytes} [Fri Jul 31 08:33:24 2026] GET /volume/v3/backups/837b2e4b-2a4d-42ec-b740-058510744830 => generated 787 bytes in 36 msecs (HTTP/1.1 200) 7 headers in 285 bytes (1 switches on core 0)
Jul 31 08:33:25.117756 np0000006191 devstack@c-api.service[97031]: DEBUG cinder.api.middleware.request_id [req-e72c8f30-80e8-4fcc-9ae9-661e118a8406 req-aa040dcc-59eb-4422-a6cc-a84404c97ed2 None None] RequestId filter calling following filter/app {{(pid=97031) _context_setter /opt/stack/cinder/cinder/api/middleware/request_id.py:62}}
Jul 31 08:33:25.120170 np0000006191 devstack@c-api.service[97031]: INFO cinder.api.openstack.wsgi [req-e72c8f30-80e8-4fcc-9ae9-661e118a8406 req-aa040dcc-59eb-4422-a6cc-a84404c97ed2 tempest-VolumesAdminNegativeTest-1585890605 tempest-VolumesAdminNegativeTest-1585890605-project] GET https://10.4.3.103/volume/v3/volumes/84517825-64f0-4190-a5d5-914308c5d8af
Jul 31 08:33:25.120170 np0000006191 devstack@c-api.service[97031]: DEBUG cinder.api.openstack.wsgi [req-e72c8f30-80e8-4fcc-9ae9-661e118a8406 req-aa040dcc-59eb-4422-a6cc-a84404c97ed2 tempest-VolumesAdminNegativeTest-1585890605 tempest-VolumesAdminNegativeTest-1585890605-project] Empty body provided in request {{(pid=97031) get_body /opt/stack/cinder/cinder/api/openstack/wsgi.py:725}}
Jul 31 08:33:25.120448 np0000006191 devstack@c-api.service[97031]: DEBUG cinder.api.openstack.wsgi [req-e72c8f30-80e8-4fcc-9ae9-661e118a8406 req-aa040dcc-59eb-4422-a6cc-a84404c97ed2 tempest-VolumesAdminNegativeTest-1585890605 tempest-VolumesAdminNegativeTest-1585890605-project] Calling method 'show' {{(pid=97031) _process_stack /opt/stack/cinder/cinder/api/openstack/wsgi.py:878}}
Jul 31 08:33:25.131163 np0000006191 devstack@c-api.service[97031]: INFO cinder.api.openstack.wsgi [req-e72c8f30-80e8-4fcc-9ae9-661e118a8406 req-aa040dcc-59eb-4422-a6cc-a84404c97ed2 tempest-VolumesAdminNegativeTest-1585890605 tempest-VolumesAdminNegativeTest-1585890605-project] https://10.4.3.103/volume/v3/volumes/84517825-64f0-4190-a5d5-914308c5d8af returned with HTTP 404
Jul 31 08:33:25.132116 np0000006191 devstack@c-api.service[97031]: [pid: 97031|app: 0|req: 69/207] 10.4.3.103 () {68 vars in 1598 bytes} [Fri Jul 31 08:33:25 2026] GET /volume/v3/volumes/84517825-64f0-4190-a5d5-914308c5d8af => generated 109 bytes in 16 msecs (HTTP/1.1 404) 7 headers in 292 bytes (1 switches on core 0)
Jul 31 08:33:25.153880 np0000006191 devstack@c-api.service[97033]: DEBUG cinder.api.middleware.request_id [None req-963db395-78a3-4d81-ac10-9d190d662329 None None] RequestId filter calling following filter/app {{(pid=97033) _context_setter /opt/stack/cinder/cinder/api/middleware/request_id.py:62}}
Jul 31 08:33:25.159846 np0000006191 devstack@c-api.service[97033]: INFO cinder.api.openstack.wsgi [None req-963db395-78a3-4d81-ac10-9d190d662329 tempest-VolumesAdminNegativeTest-1639552248 tempest-VolumesAdminNegativeTest-1639552248-project-member] DELETE https://10.4.3.103/volume/v3/volumes/b239735d-b26d-4603-a805-5ab11a8c73fd
Jul 31 08:33:25.159846 np0000006191 devstack@c-api.service[97033]: DEBUG cinder.api.openstack.wsgi [None req-963db395-78a3-4d81-ac10-9d190d662329 tempest-VolumesAdminNegativeTest-1639552248 tempest-VolumesAdminNegativeTest-1639552248-project-member] Empty body provided in request {{(pid=97033) get_body /opt/stack/cinder/cinder/api/openstack/wsgi.py:725}}
