Jul 12 20:25:59.501845 np0000005099 devstack@g-api.service[99673]: DEBUG glance_store._drivers.swift.store [None req-b96d26d1-660d-44e3-8ed3-74effc778eba tempest-AttachSCSIVolumeTestJSON-887021854 tempest-AttachSCSIVolumeTestJSON-887021854-project-admin] Cannot determine image size because it is either not provided in the request or chunked-transfer encoding is used. Adding image as a segmented object to Swift. {{(pid=99673) add /opt/stack/data/venv/lib/python3.12/site-packages/glance_store/_drivers/swift/store.py:994}}
Jul 12 20:25:59.508013 np0000005099 devstack@g-api.service[99673]: DEBUG oslo_utils.imageutils.format_inspector [None req-b96d26d1-660d-44e3-8ed3-74effc778eba tempest-AttachSCSIVolumeTestJSON-887021854 tempest-AttachSCSIVolumeTestJSON-887021854-project-admin] Format inspector for vmdk does not match, excluding from consideration (Signature KDMV not found: b'QFI\xfb') {{(pid=99673) _process_chunk /opt/stack/data/venv/lib/python3.12/site-packages/oslo_utils/imageutils/format_inspector.py:1758}}
Jul 12 20:25:59.510753 np0000005099 devstack@g-api.service[99673]: DEBUG oslo_utils.imageutils.format_inspector [None req-b96d26d1-660d-44e3-8ed3-74effc778eba tempest-AttachSCSIVolumeTestJSON-887021854 tempest-AttachSCSIVolumeTestJSON-887021854-project-admin] Format inspector for vhdx does not match, excluding from consideration (Region signature not found at 30000) {{(pid=99673) _process_chunk /opt/stack/data/venv/lib/python3.12/site-packages/oslo_utils/imageutils/format_inspector.py:1758}}
Jul 12 20:25:59.746804 np0000005099 devstack@g-api.service[99673]: DEBUG swiftclient [None req-b96d26d1-660d-44e3-8ed3-74effc778eba tempest-AttachSCSIVolumeTestJSON-887021854 tempest-AttachSCSIVolumeTestJSON-887021854-project-admin] REQ: curl -i https://10.4.3.144:8080/v1/AUTH_7d0bf75954ef42ccb5b9e25993d2592e/glance/4292bb67-9327-4842-a306-b8d5b6684380-00001 -X PUT -H "X-Auth-Token: gAAAAABqU_hX-Wzo..." {{(pid=99673) http_log /opt/stack/data/venv/lib/python3.12/site-packages/swiftclient/client.py:160}}
Jul 12 20:25:59.746909 np0000005099 devstack@g-api.service[99673]: DEBUG swiftclient [None req-b96d26d1-660d-44e3-8ed3-74effc778eba tempest-AttachSCSIVolumeTestJSON-887021854 tempest-AttachSCSIVolumeTestJSON-887021854-project-admin] RESP STATUS: 201 Created {{(pid=99673) http_log /opt/stack/data/venv/lib/python3.12/site-packages/swiftclient/client.py:161}}
Jul 12 20:25:59.747063 np0000005099 devstack@g-api.service[99673]: DEBUG swiftclient [None req-b96d26d1-660d-44e3-8ed3-74effc778eba tempest-AttachSCSIVolumeTestJSON-887021854 tempest-AttachSCSIVolumeTestJSON-887021854-project-admin] RESP HEADERS: {'Date': 'Sun, 12 Jul 2026 20:25:59 GMT', 'Server': 'Apache/2.4.58 (Ubuntu)', 'Content-Type': 'text/html; charset=UTF-8', 'Content-Length': '0', 'Etag': '87617e24a5e30cb3b87fda8c0764838f', 'Last-Modified': 'Sun, 12 Jul 2026 20:26:00 GMT', 'X-Trans-Id': 'txb925d70e3e8b4b6896a6f-006a53f857', 'X-Openstack-Request-Id': 'txb925d70e3e8b4b6896a6f-006a53f857', 'Connection': 'close'} {{(pid=99673) http_log /opt/stack/data/venv/lib/python3.12/site-packages/swiftclient/client.py:162}}
Jul 12 20:25:59.747193 np0000005099 devstack@g-api.service[99673]: DEBUG glance_store._drivers.swift.store [None req-b96d26d1-660d-44e3-8ed3-74effc778eba tempest-AttachSCSIVolumeTestJSON-887021854 tempest-AttachSCSIVolumeTestJSON-887021854-project-admin] Wrote chunk 4292bb67-9327-4842-a306-b8d5b6684380-00001 (1/?) of length 21692416 to Swift returning MD5 of content: 87617e24a5e30cb3b87fda8c0764838f {{(pid=99673) add /opt/stack/data/venv/lib/python3.12/site-packages/glance_store/_drivers/swift/store.py:1059}}
Jul 12 20:25:59.747961 np0000005099 devstack@g-api.service[99673]: DEBUG glance_store._drivers.swift.store [None req-b96d26d1-660d-44e3-8ed3-74effc778eba tempest-AttachSCSIVolumeTestJSON-887021854 tempest-AttachSCSIVolumeTestJSON-887021854-project-admin] Not writing zero-length chunk. {{(pid=99673) add /opt/stack/data/venv/lib/python3.12/site-packages/glance_store/_drivers/swift/store.py:1028}}
Jul 12 20:25:59.775675 np0000005099 devstack@g-api.service[99673]: DEBUG swiftclient [None req-b96d26d1-660d-44e3-8ed3-74effc778eba tempest-AttachSCSIVolumeTestJSON-887021854 tempest-AttachSCSIVolumeTestJSON-887021854-project-admin] REQ: curl -i https://10.4.3.144:8080/v1/AUTH_7d0bf75954ef42ccb5b9e25993d2592e/glance/4292bb67-9327-4842-a306-b8d5b6684380 -X PUT -H "X-Object-Manifest: glance/4292bb67-9327-4842-a306-b8d5b6684380-" -H "X-Auth-Token: gAAAAABqU_hX-Wzo..." -H "Content-Length: 0" {{(pid=99673) http_log /opt/stack/data/venv/lib/python3.12/site-packages/swiftclient/client.py:160}}
Jul 12 20:25:59.776977 np0000005099 devstack@g-api.service[99673]: DEBUG swiftclient [None req-b96d26d1-660d-44e3-8ed3-74effc778eba tempest-AttachSCSIVolumeTestJSON-887021854 tempest-AttachSCSIVolumeTestJSON-887021854-project-admin] RESP STATUS: 201 Created {{(pid=99673) http_log /opt/stack/data/venv/lib/python3.12/site-packages/swiftclient/client.py:161}}
Jul 12 20:25:59.776977 np0000005099 devstack@g-api.service[99673]: DEBUG swiftclient [None req-b96d26d1-660d-44e3-8ed3-74effc778eba tempest-AttachSCSIVolumeTestJSON-887021854 tempest-AttachSCSIVolumeTestJSON-887021854-project-admin] RESP HEADERS: {'Date': 'Sun, 12 Jul 2026 20:25:59 GMT', 'Server': 'Apache/2.4.58 (Ubuntu)', 'Content-Type': 'text/html; charset=UTF-8', 'Content-Length': '0', 'Etag': 'd41d8cd98f00b204e9800998ecf8427e', 'Last-Modified': 'Sun, 12 Jul 2026 20:26:00 GMT', 'X-Trans-Id': 'tx98d03af3137b484f928bb-006a53f857', 'X-Openstack-Request-Id': 'tx98d03af3137b484f928bb-006a53f857', 'Connection': 'close'} {{(pid=99673) http_log /opt/stack/data/venv/lib/python3.12/site-packages/swiftclient/client.py:162}}
Jul 12 20:25:59.776977 np0000005099 devstack@g-api.service[99673]: INFO glance.location [None req-b96d26d1-660d-44e3-8ed3-74effc778eba tempest-AttachSCSIVolumeTestJSON-887021854 tempest-AttachSCSIVolumeTestJSON-887021854-project-admin] Image format matched and virtual size computed: 117440512
Jul 12 20:25:59.811196 np0000005099 devstack@g-api.service[99673]: DEBUG glance_store.backend [None req-b96d26d1-660d-44e3-8ed3-74effc778eba tempest-AttachSCSIVolumeTestJSON-887021854 tempest-AttachSCSIVolumeTestJSON-887021854-project-admin] Attempting to import store swift {{(pid=99673) _load_store /opt/stack/data/venv/lib/python3.12/site-packages/glance_store/backend.py:215}}
Jul 12 20:25:59.812524 np0000005099 devstack@g-api.service[99673]: DEBUG glance_store.capabilities [None req-b96d26d1-660d-44e3-8ed3-74effc778eba tempest-AttachSCSIVolumeTestJSON-887021854 tempest-AttachSCSIVolumeTestJSON-887021854-project-admin] Store glance_store._drivers.swift.store.SingleTenantStore doesn't support updating dynamic storage capabilities. Please overwrite 'update_capabilities' method of the store to implement updating logics if needed. {{(pid=99673) update_capabilities /opt/stack/data/venv/lib/python3.12/site-packages/glance_store/capabilities.py:91}}
Jul 12 20:25:59.812689 np0000005099 devstack@g-api.service[99673]: DEBUG glance_store.driver [None req-b96d26d1-660d-44e3-8ed3-74effc778eba tempest-AttachSCSIVolumeTestJSON-887021854 tempest-AttachSCSIVolumeTestJSON-887021854-project-admin] Late loading location class glance_store._drivers.swift.store.StoreLocation {{(pid=99673) get_store_location_class /opt/stack/data/venv/lib/python3.12/site-packages/glance_store/driver.py:134}}
Jul 12 20:25:59.812689 np0000005099 devstack@g-api.service[99673]: DEBUG glance_store.location [None req-b96d26d1-660d-44e3-8ed3-74effc778eba tempest-AttachSCSIVolumeTestJSON-887021854 tempest-AttachSCSIVolumeTestJSON-887021854-project-admin] Registering scheme swift+https with {'store': , 'location_class': , 'store_entry': 'swift'} {{(pid=99673) register_scheme_map /opt/stack/data/venv/lib/python3.12/site-packages/glance_store/location.py:146}}
Jul 12 20:25:59.813025 np0000005099 devstack@g-api.service[99673]: DEBUG glance_store.location [None req-b96d26d1-660d-44e3-8ed3-74effc778eba tempest-AttachSCSIVolumeTestJSON-887021854 tempest-AttachSCSIVolumeTestJSON-887021854-project-admin] Registering scheme swift+https with {'store': , 'location_class': , 'store_entry': 'swift'} {{(pid=99673) register_scheme_map /opt/stack/data/venv/lib/python3.12/site-packages/glance_store/location.py:146}}
Jul 12 20:25:59.813025 np0000005099 devstack@g-api.service[99673]: DEBUG glance_store.location [None req-b96d26d1-660d-44e3-8ed3-74effc778eba tempest-AttachSCSIVolumeTestJSON-887021854 tempest-AttachSCSIVolumeTestJSON-887021854-project-admin] Registering scheme swift with {'store': , 'location_class': , 'store_entry': 'swift'} {{(pid=99673) register_scheme_map /opt/stack/data/venv/lib/python3.12/site-packages/glance_store/location.py:146}}
Jul 12 20:25:59.813025 np0000005099 devstack@g-api.service[99673]: DEBUG glance_store.location [None req-b96d26d1-660d-44e3-8ed3-74effc778eba tempest-AttachSCSIVolumeTestJSON-887021854 tempest-AttachSCSIVolumeTestJSON-887021854-project-admin] Registering scheme swift+https with {'store': , 'location_class': , 'store_entry': 'swift'} {{(pid=99673) register_scheme_map /opt/stack/data/venv/lib/python3.12/site-packages/glance_store/location.py:146}}
Jul 12 20:25:59.813301 np0000005099 devstack@g-api.service[99673]: DEBUG glance_store.location [None req-b96d26d1-660d-44e3-8ed3-74effc778eba tempest-AttachSCSIVolumeTestJSON-887021854 tempest-AttachSCSIVolumeTestJSON-887021854-project-admin] Registering scheme swift with {'store': , 'location_class': , 'store_entry': 'swift'} {{(pid=99673) register_scheme_map /opt/stack/data/venv/lib/python3.12/site-packages/glance_store/location.py:146}}
Jul 12 20:25:59.813301 np0000005099 devstack@g-api.service[99673]: DEBUG glance_store.location [None req-b96d26d1-660d-44e3-8ed3-74effc778eba tempest-AttachSCSIVolumeTestJSON-887021854 tempest-AttachSCSIVolumeTestJSON-887021854-project-admin] Registering scheme swift+http with {'store': , 'location_class': , 'store_entry': 'swift'} {{(pid=99673) register_scheme_map /opt/stack/data/venv/lib/python3.12/site-packages/glance_store/location.py:146}}
Jul 12 20:25:59.813301 np0000005099 devstack@g-api.service[99673]: DEBUG glance_store.location [None req-b96d26d1-660d-44e3-8ed3-74effc778eba tempest-AttachSCSIVolumeTestJSON-887021854 tempest-AttachSCSIVolumeTestJSON-887021854-project-admin] Registering scheme swift+https with {'store': , 'location_class': , 'store_entry': 'swift'} {{(pid=99673) register_scheme_map /opt/stack/data/venv/lib/python3.12/site-packages/glance_store/location.py:146}}
Jul 12 20:25:59.813414 np0000005099 devstack@g-api.service[99673]: DEBUG glance_store.location [None req-b96d26d1-660d-44e3-8ed3-74effc778eba tempest-AttachSCSIVolumeTestJSON-887021854 tempest-AttachSCSIVolumeTestJSON-887021854-project-admin] Registering scheme swift with {'store': , 'location_class': , 'store_entry': 'swift'} {{(pid=99673) register_scheme_map /opt/stack/data/venv/lib/python3.12/site-packages/glance_store/location.py:146}}
Jul 12 20:25:59.813414 np0000005099 devstack@g-api.service[99673]: DEBUG glance_store.location [None req-b96d26d1-660d-44e3-8ed3-74effc778eba tempest-AttachSCSIVolumeTestJSON-887021854 tempest-AttachSCSIVolumeTestJSON-887021854-project-admin] Registering scheme swift+http with {'store': , 'location_class': , 'store_entry': 'swift'} {{(pid=99673) register_scheme_map /opt/stack/data/venv/lib/python3.12/site-packages/glance_store/location.py:146}}
Jul 12 20:25:59.813414 np0000005099 devstack@g-api.service[99673]: DEBUG glance_store.location [None req-b96d26d1-660d-44e3-8ed3-74effc778eba tempest-AttachSCSIVolumeTestJSON-887021854 tempest-AttachSCSIVolumeTestJSON-887021854-project-admin] Registering scheme swift+config with {'store': , 'location_class': , 'store_entry': 'swift'} {{(pid=99673) register_scheme_map /opt/stack/data/venv/lib/python3.12/site-packages/glance_store/location.py:146}}
Jul 12 20:25:59.813504 np0000005099 devstack@g-api.service[99673]: DEBUG glance_store.backend [None req-b96d26d1-660d-44e3-8ed3-74effc778eba tempest-AttachSCSIVolumeTestJSON-887021854 tempest-AttachSCSIVolumeTestJSON-887021854-project-admin] Skipping store.set_acls... not implemented. {{(pid=99673) set_acls /opt/stack/data/venv/lib/python3.12/site-packages/glance_store/backend.py:507}}
Jul 12 20:25:59.815630 np0000005099 devstack@g-api.service[99673]: [pid: 99673|app: 0|req: 18/50] 127.0.0.1 () {40 vars in 858 bytes} [Sun Jul 12 20:25:57 2026] PUT /v2/images/4292bb67-9327-4842-a306-b8d5b6684380/file => generated 0 bytes in 2255 msecs (HTTP/1.1 204) 4 headers in 171 bytes (1 switches on core 0)
Jul 12 20:26:00.798799 np0000005099 devstack@g-api.service[99675]: DEBUG glance.api.middleware.version_negotiation [None req-185d6bf0-fe3b-4869-8288-fc4000883ffc tempest-AttachSCSIVolumeTestJSON-887021854 tempest-AttachSCSIVolumeTestJSON-887021854-project-admin] Determining version of request: GET /v2/images/5c482fdd-fe5d-4bb2-b5df-fde8b15e925e Accept: */* {{(pid=99675) process_request /opt/stack/glance/glance/api/middleware/version_negotiation.py:44}}
Jul 12 20:26:00.799392 np0000005099 devstack@g-api.service[99675]: DEBUG glance.api.middleware.version_negotiation [None req-185d6bf0-fe3b-4869-8288-fc4000883ffc tempest-AttachSCSIVolumeTestJSON-887021854 tempest-AttachSCSIVolumeTestJSON-887021854-project-admin] Using url versioning {{(pid=99675) process_request /opt/stack/glance/glance/api/middleware/version_negotiation.py:57}}
Jul 12 20:26:00.799392 np0000005099 devstack@g-api.service[99675]: DEBUG glance.api.middleware.version_negotiation [None req-185d6bf0-fe3b-4869-8288-fc4000883ffc tempest-AttachSCSIVolumeTestJSON-887021854 tempest-AttachSCSIVolumeTestJSON-887021854-project-admin] Matched version: v2 {{(pid=99675) process_request /opt/stack/glance/glance/api/middleware/version_negotiation.py:69}}
Jul 12 20:26:00.799392 np0000005099 devstack@g-api.service[99675]: DEBUG glance.api.middleware.version_negotiation [None req-185d6bf0-fe3b-4869-8288-fc4000883ffc tempest-AttachSCSIVolumeTestJSON-887021854 tempest-AttachSCSIVolumeTestJSON-887021854-project-admin] new path /v2/images/5c482fdd-fe5d-4bb2-b5df-fde8b15e925e {{(pid=99675) process_request /opt/stack/glance/glance/api/middleware/version_negotiation.py:70}}
Jul 12 20:26:01.100322 np0000005099 devstack@g-api.service[99675]: [pid: 99675|app: 0|req: 17/51] 127.0.0.1 () {44 vars in 1115 bytes} [Sun Jul 12 20:26:00 2026] GET /v2/images/5c482fdd-fe5d-4bb2-b5df-fde8b15e925e => generated 1044 bytes in 302 msecs (HTTP/1.1 200) 4 headers in 158 bytes (1 switches on core 0)
Jul 12 20:26:01.109869 np0000005099 devstack@g-api.service[99674]: DEBUG glance.api.middleware.version_negotiation [None req-1970c205-d340-4e55-80e4-a692de14b790 tempest-AttachSCSIVolumeTestJSON-887021854 tempest-AttachSCSIVolumeTestJSON-887021854-project-admin] Determining version of request: GET /v2/schemas/image Accept: */* {{(pid=99674) process_request /opt/stack/glance/glance/api/middleware/version_negotiation.py:44}}
Jul 12 20:26:01.110424 np0000005099 devstack@g-api.service[99674]: DEBUG glance.api.middleware.version_negotiation [None req-1970c205-d340-4e55-80e4-a692de14b790 tempest-AttachSCSIVolumeTestJSON-887021854 tempest-AttachSCSIVolumeTestJSON-887021854-project-admin] Using url versioning {{(pid=99674) process_request /opt/stack/glance/glance/api/middleware/version_negotiation.py:57}}
Jul 12 20:26:01.110424 np0000005099 devstack@g-api.service[99674]: DEBUG glance.api.middleware.version_negotiation [None req-1970c205-d340-4e55-80e4-a692de14b790 tempest-AttachSCSIVolumeTestJSON-887021854 tempest-AttachSCSIVolumeTestJSON-887021854-project-admin] Matched version: v2 {{(pid=99674) process_request /opt/stack/glance/glance/api/middleware/version_negotiation.py:69}}
Jul 12 20:26:01.111162 np0000005099 devstack@g-api.service[99674]: DEBUG glance.api.middleware.version_negotiation [None req-1970c205-d340-4e55-80e4-a692de14b790 tempest-AttachSCSIVolumeTestJSON-887021854 tempest-AttachSCSIVolumeTestJSON-887021854-project-admin] new path /v2/schemas/image {{(pid=99674) process_request /opt/stack/glance/glance/api/middleware/version_negotiation.py:70}}
Jul 12 20:26:01.113760 np0000005099 devstack@g-api.service[99674]: [pid: 99674|app: 0|req: 17/52] 127.0.0.1 () {44 vars in 1055 bytes} [Sun Jul 12 20:26:01 2026] GET /v2/schemas/image => generated 6083 bytes in 4 msecs (HTTP/1.1 200) 4 headers in 158 bytes (1 switches on core 0)
Jul 12 20:26:01.125530 np0000005099 devstack@g-api.service[99673]: DEBUG glance.api.middleware.version_negotiation [None req-b96d26d1-660d-44e3-8ed3-74effc778eba tempest-AttachSCSIVolumeTestJSON-887021854 tempest-AttachSCSIVolumeTestJSON-887021854-project-admin] Determining version of request: GET /v2/schemas/image Accept: */* {{(pid=99673) process_request /opt/stack/glance/glance/api/middleware/version_negotiation.py:44}}
Jul 12 20:26:01.125941 np0000005099 devstack@g-api.service[99673]: DEBUG glance.api.middleware.version_negotiation [None req-b96d26d1-660d-44e3-8ed3-74effc778eba tempest-AttachSCSIVolumeTestJSON-887021854 tempest-AttachSCSIVolumeTestJSON-887021854-project-admin] Using url versioning {{(pid=99673) process_request /opt/stack/glance/glance/api/middleware/version_negotiation.py:57}}
Jul 12 20:26:01.125941 np0000005099 devstack@g-api.service[99673]: DEBUG glance.api.middleware.version_negotiation [None req-b96d26d1-660d-44e3-8ed3-74effc778eba tempest-AttachSCSIVolumeTestJSON-887021854 tempest-AttachSCSIVolumeTestJSON-887021854-project-admin] Matched version: v2 {{(pid=99673) process_request /opt/stack/glance/glance/api/middleware/version_negotiation.py:69}}
Jul 12 20:26:01.125941 np0000005099 devstack@g-api.service[99673]: DEBUG glance.api.middleware.version_negotiation [None req-b96d26d1-660d-44e3-8ed3-74effc778eba tempest-AttachSCSIVolumeTestJSON-887021854 tempest-AttachSCSIVolumeTestJSON-887021854-project-admin] new path /v2/schemas/image {{(pid=99673) process_request /opt/stack/glance/glance/api/middleware/version_negotiation.py:70}}
Jul 12 20:26:01.132072 np0000005099 devstack@g-api.service[99673]: [pid: 99673|app: 0|req: 19/53] 127.0.0.1 () {44 vars in 1055 bytes} [Sun Jul 12 20:26:01 2026] GET /v2/schemas/image => generated 6083 bytes in 7 msecs (HTTP/1.1 200) 4 headers in 158 bytes (1 switches on core 0)
Jul 12 20:26:01.146112 np0000005099 devstack@g-api.service[99675]: DEBUG glance.api.middleware.version_negotiation [None req-a9b6c823-4c62-49f4-b9e8-9277796964a3 tempest-TaggedBootDevicesTest_v242-25716125 tempest-TaggedBootDevicesTest_v242-25716125-project-member] Determining version of request: GET /v2/images/5c482fdd-fe5d-4bb2-b5df-fde8b15e925e Accept: */* {{(pid=99675) process_request /opt/stack/glance/glance/api/middleware/version_negotiation.py:44}}
Jul 12 20:26:01.146112 np0000005099 devstack@g-api.service[99675]: DEBUG glance.api.middleware.version_negotiation [None req-a9b6c823-4c62-49f4-b9e8-9277796964a3 tempest-TaggedBootDevicesTest_v242-25716125 tempest-TaggedBootDevicesTest_v242-25716125-project-member] Using url versioning {{(pid=99675) process_request /opt/stack/glance/glance/api/middleware/version_negotiation.py:57}}
Jul 12 20:26:01.146112 np0000005099 devstack@g-api.service[99675]: DEBUG glance.api.middleware.version_negotiation [None req-a9b6c823-4c62-49f4-b9e8-9277796964a3 tempest-TaggedBootDevicesTest_v242-25716125 tempest-TaggedBootDevicesTest_v242-25716125-project-member] Matched version: v2 {{(pid=99675) process_request /opt/stack/glance/glance/api/middleware/version_negotiation.py:69}}
Jul 12 20:26:01.146112 np0000005099 devstack@g-api.service[99675]: DEBUG glance.api.middleware.version_negotiation [None req-a9b6c823-4c62-49f4-b9e8-9277796964a3 tempest-TaggedBootDevicesTest_v242-25716125 tempest-TaggedBootDevicesTest_v242-25716125-project-member] new path /v2/images/5c482fdd-fe5d-4bb2-b5df-fde8b15e925e {{(pid=99675) process_request /opt/stack/glance/glance/api/middleware/version_negotiation.py:70}}
Jul 12 20:26:01.157863 np0000005099 devstack@g-api.service[99675]: [pid: 99675|app: 0|req: 18/54] 127.0.0.1 () {44 vars in 1115 bytes} [Sun Jul 12 20:26:01 2026] GET /v2/images/5c482fdd-fe5d-4bb2-b5df-fde8b15e925e => generated 1044 bytes in 13 msecs (HTTP/1.1 200) 4 headers in 158 bytes (1 switches on core 0)
Jul 12 20:26:01.173206 np0000005099 devstack@g-api.service[99674]: DEBUG glance.api.middleware.version_negotiation [None req-a9b6c823-4c62-49f4-b9e8-9277796964a3 tempest-TaggedBootDevicesTest_v242-25716125 tempest-TaggedBootDevicesTest_v242-25716125-project-member] Determining version of request: GET /v2/schemas/image Accept: */* {{(pid=99674) process_request /opt/stack/glance/glance/api/middleware/version_negotiation.py:44}}
Jul 12 20:26:01.174783 np0000005099 devstack@g-api.service[99674]: DEBUG glance.api.middleware.version_negotiation [None req-a9b6c823-4c62-49f4-b9e8-9277796964a3 tempest-TaggedBootDevicesTest_v242-25716125 tempest-TaggedBootDevicesTest_v242-25716125-project-member] Using url versioning {{(pid=99674) process_request /opt/stack/glance/glance/api/middleware/version_negotiation.py:57}}
Jul 12 20:26:01.175062 np0000005099 devstack@g-api.service[99674]: DEBUG glance.api.middleware.version_negotiation [None req-a9b6c823-4c62-49f4-b9e8-9277796964a3 tempest-TaggedBootDevicesTest_v242-25716125 tempest-TaggedBootDevicesTest_v242-25716125-project-member] Matched version: v2 {{(pid=99674) process_request /opt/stack/glance/glance/api/middleware/version_negotiation.py:69}}
Jul 12 20:26:01.175232 np0000005099 devstack@g-api.service[99674]: DEBUG glance.api.middleware.version_negotiation [None req-a9b6c823-4c62-49f4-b9e8-9277796964a3 tempest-TaggedBootDevicesTest_v242-25716125 tempest-TaggedBootDevicesTest_v242-25716125-project-member] new path /v2/schemas/image {{(pid=99674) process_request /opt/stack/glance/glance/api/middleware/version_negotiation.py:70}}
Jul 12 20:26:01.181802 np0000005099 devstack@g-api.service[99674]: [pid: 99674|app: 0|req: 18/55] 127.0.0.1 () {44 vars in 1055 bytes} [Sun Jul 12 20:26:01 2026] GET /v2/schemas/image => generated 6083 bytes in 10 msecs (HTTP/1.1 200) 4 headers in 158 bytes (1 switches on core 0)
Jul 12 20:26:01.196189 np0000005099 devstack@g-api.service[99673]: DEBUG glance.api.middleware.version_negotiation [None req-a9b6c823-4c62-49f4-b9e8-9277796964a3 tempest-TaggedBootDevicesTest_v242-25716125 tempest-TaggedBootDevicesTest_v242-25716125-project-member] Determining version of request: GET /v2/schemas/image Accept: */* {{(pid=99673) process_request /opt/stack/glance/glance/api/middleware/version_negotiation.py:44}}
Jul 12 20:26:01.196378 np0000005099 devstack@g-api.service[99673]: DEBUG glance.api.middleware.version_negotiation [None req-a9b6c823-4c62-49f4-b9e8-9277796964a3 tempest-TaggedBootDevicesTest_v242-25716125 tempest-TaggedBootDevicesTest_v242-25716125-project-member] Using url versioning {{(pid=99673) process_request /opt/stack/glance/glance/api/middleware/version_negotiation.py:57}}
Jul 12 20:26:01.196543 np0000005099 devstack@g-api.service[99673]: DEBUG glance.api.middleware.version_negotiation [None req-a9b6c823-4c62-49f4-b9e8-9277796964a3 tempest-TaggedBootDevicesTest_v242-25716125 tempest-TaggedBootDevicesTest_v242-25716125-project-member] Matched version: v2 {{(pid=99673) process_request /opt/stack/glance/glance/api/middleware/version_negotiation.py:69}}
Jul 12 20:26:01.196643 np0000005099 devstack@g-api.service[99673]: DEBUG glance.api.middleware.version_negotiation [None req-a9b6c823-4c62-49f4-b9e8-9277796964a3 tempest-TaggedBootDevicesTest_v242-25716125 tempest-TaggedBootDevicesTest_v242-25716125-project-member] new path /v2/schemas/image {{(pid=99673) process_request /opt/stack/glance/glance/api/middleware/version_negotiation.py:70}}
Jul 12 20:26:01.199941 np0000005099 devstack@g-api.service[99673]: [pid: 99673|app: 0|req: 20/56] 127.0.0.1 () {44 vars in 1055 bytes} [Sun Jul 12 20:26:01 2026] GET /v2/schemas/image => generated 6083 bytes in 4 msecs (HTTP/1.1 200) 4 headers in 158 bytes (1 switches on core 0)
Jul 12 20:26:01.233733 np0000005099 devstack@g-api.service[99675]: DEBUG glance.api.middleware.version_negotiation [None req-a9b6c823-4c62-49f4-b9e8-9277796964a3 tempest-TaggedBootDevicesTest_v242-25716125 tempest-TaggedBootDevicesTest_v242-25716125-project-member] Determining version of request: GET /v2/images/5c482fdd-fe5d-4bb2-b5df-fde8b15e925e Accept: */* {{(pid=99675) process_request /opt/stack/glance/glance/api/middleware/version_negotiation.py:44}}
Jul 12 20:26:01.233733 np0000005099 devstack@g-api.service[99675]: DEBUG glance.api.middleware.version_negotiation [None req-a9b6c823-4c62-49f4-b9e8-9277796964a3 tempest-TaggedBootDevicesTest_v242-25716125 tempest-TaggedBootDevicesTest_v242-25716125-project-member] Using url versioning {{(pid=99675) process_request /opt/stack/glance/glance/api/middleware/version_negotiation.py:57}}
Jul 12 20:26:01.233733 np0000005099 devstack@g-api.service[99675]: DEBUG glance.api.middleware.version_negotiation [None req-a9b6c823-4c62-49f4-b9e8-9277796964a3 tempest-TaggedBootDevicesTest_v242-25716125 tempest-TaggedBootDevicesTest_v242-25716125-project-member] Matched version: v2 {{(pid=99675) process_request /opt/stack/glance/glance/api/middleware/version_negotiation.py:69}}
Jul 12 20:26:01.233733 np0000005099 devstack@g-api.service[99675]: DEBUG glance.api.middleware.version_negotiation [None req-a9b6c823-4c62-49f4-b9e8-9277796964a3 tempest-TaggedBootDevicesTest_v242-25716125 tempest-TaggedBootDevicesTest_v242-25716125-project-member] new path /v2/images/5c482fdd-fe5d-4bb2-b5df-fde8b15e925e {{(pid=99675) process_request /opt/stack/glance/glance/api/middleware/version_negotiation.py:70}}
Jul 12 20:26:01.248884 np0000005099 devstack@g-api.service[99675]: [pid: 99675|app: 0|req: 19/57] 127.0.0.1 () {44 vars in 1115 bytes} [Sun Jul 12 20:26:01 2026] GET /v2/images/5c482fdd-fe5d-4bb2-b5df-fde8b15e925e => generated 1044 bytes in 17 msecs (HTTP/1.1 200) 4 headers in 158 bytes (1 switches on core 0)
Jul 12 20:26:01.259713 np0000005099 devstack@g-api.service[99674]: DEBUG glance.api.middleware.version_negotiation [None req-a9b6c823-4c62-49f4-b9e8-9277796964a3 tempest-TaggedBootDevicesTest_v242-25716125 tempest-TaggedBootDevicesTest_v242-25716125-project-member] Determining version of request: GET /v2/schemas/image Accept: */* {{(pid=99674) process_request /opt/stack/glance/glance/api/middleware/version_negotiation.py:44}}
Jul 12 20:26:01.260173 np0000005099 devstack@g-api.service[99674]: DEBUG glance.api.middleware.version_negotiation [None req-a9b6c823-4c62-49f4-b9e8-9277796964a3 tempest-TaggedBootDevicesTest_v242-25716125 tempest-TaggedBootDevicesTest_v242-25716125-project-member] Using url versioning {{(pid=99674) process_request /opt/stack/glance/glance/api/middleware/version_negotiation.py:57}}
Jul 12 20:26:01.260406 np0000005099 devstack@g-api.service[99674]: DEBUG glance.api.middleware.version_negotiation [None req-a9b6c823-4c62-49f4-b9e8-9277796964a3 tempest-TaggedBootDevicesTest_v242-25716125 tempest-TaggedBootDevicesTest_v242-25716125-project-member] Matched version: v2 {{(pid=99674) process_request /opt/stack/glance/glance/api/middleware/version_negotiation.py:69}}
Jul 12 20:26:01.260632 np0000005099 devstack@g-api.service[99674]: DEBUG glance.api.middleware.version_negotiation [None req-a9b6c823-4c62-49f4-b9e8-9277796964a3 tempest-TaggedBootDevicesTest_v242-25716125 tempest-TaggedBootDevicesTest_v242-25716125-project-member] new path /v2/schemas/image {{(pid=99674) process_request /opt/stack/glance/glance/api/middleware/version_negotiation.py:70}}
Jul 12 20:26:01.263830 np0000005099 devstack@g-api.service[99674]: [pid: 99674|app: 0|req: 19/58] 127.0.0.1 () {44 vars in 1055 bytes} [Sun Jul 12 20:26:01 2026] GET /v2/schemas/image => generated 6083 bytes in 5 msecs (HTTP/1.1 200) 4 headers in 158 bytes (1 switches on core 0)
Jul 12 20:26:01.277711 np0000005099 devstack@g-api.service[99673]: DEBUG glance.api.middleware.version_negotiation [None req-a9b6c823-4c62-49f4-b9e8-9277796964a3 tempest-TaggedBootDevicesTest_v242-25716125 tempest-TaggedBootDevicesTest_v242-25716125-project-member] Determining version of request: GET /v2/schemas/image Accept: */* {{(pid=99673) process_request /opt/stack/glance/glance/api/middleware/version_negotiation.py:44}}
Jul 12 20:26:01.278022 np0000005099 devstack@g-api.service[99673]: DEBUG glance.api.middleware.version_negotiation [None req-a9b6c823-4c62-49f4-b9e8-9277796964a3 tempest-TaggedBootDevicesTest_v242-25716125 tempest-TaggedBootDevicesTest_v242-25716125-project-member] Using url versioning {{(pid=99673) process_request /opt/stack/glance/glance/api/middleware/version_negotiation.py:57}}
Jul 12 20:26:01.278175 np0000005099 devstack@g-api.service[99673]: DEBUG glance.api.middleware.version_negotiation [None req-a9b6c823-4c62-49f4-b9e8-9277796964a3 tempest-TaggedBootDevicesTest_v242-25716125 tempest-TaggedBootDevicesTest_v242-25716125-project-member] Matched version: v2 {{(pid=99673) process_request /opt/stack/glance/glance/api/middleware/version_negotiation.py:69}}
Jul 12 20:26:01.278328 np0000005099 devstack@g-api.service[99673]: DEBUG glance.api.middleware.version_negotiation [None req-a9b6c823-4c62-49f4-b9e8-9277796964a3 tempest-TaggedBootDevicesTest_v242-25716125 tempest-TaggedBootDevicesTest_v242-25716125-project-member] new path /v2/schemas/image {{(pid=99673) process_request /opt/stack/glance/glance/api/middleware/version_negotiation.py:70}}
Jul 12 20:26:01.282471 np0000005099 devstack@g-api.service[99673]: [pid: 99673|app: 0|req: 21/59] 127.0.0.1 () {44 vars in 1055 bytes} [Sun Jul 12 20:26:01 2026] GET /v2/schemas/image => generated 6083 bytes in 5 msecs (HTTP/1.1 200) 4 headers in 158 bytes (1 switches on core 0)
Jul 12 20:26:01.921761 np0000005099 devstack@g-api.service[99675]: DEBUG glance.api.middleware.version_negotiation [None req-a9b6c823-4c62-49f4-b9e8-9277796964a3 tempest-TaggedBootDevicesTest_v242-25716125 tempest-TaggedBootDevicesTest_v242-25716125-project-member] Determining version of request: GET /versions Accept: */* {{(pid=99675) process_request /opt/stack/glance/glance/api/middleware/version_negotiation.py:44}}
Jul 12 20:26:01.922490 np0000005099 devstack@g-api.service[99675]: [pid: 99675|app: 0|req: 20/60] 127.0.0.1 () {44 vars in 1039 bytes} [Sun Jul 12 20:26:01 2026] GET /versions => generated 1515 bytes in 1 msecs (HTTP/1.1 200) 3 headers in 92 bytes (1 switches on core 0)
Jul 12 20:26:01.939378 np0000005099 devstack@g-api.service[99674]: DEBUG glance.api.middleware.version_negotiation [None req-a9b6c823-4c62-49f4-b9e8-9277796964a3 tempest-TaggedBootDevicesTest_v242-25716125 tempest-TaggedBootDevicesTest_v242-25716125-project-member] Determining version of request: GET /v2/images/5c482fdd-fe5d-4bb2-b5df-fde8b15e925e/locations Accept: */* {{(pid=99674) process_request /opt/stack/glance/glance/api/middleware/version_negotiation.py:44}}
Jul 12 20:26:01.939378 np0000005099 devstack@g-api.service[99674]: DEBUG glance.api.middleware.version_negotiation [None req-a9b6c823-4c62-49f4-b9e8-9277796964a3 tempest-TaggedBootDevicesTest_v242-25716125 tempest-TaggedBootDevicesTest_v242-25716125-project-member] Using url versioning {{(pid=99674) process_request /opt/stack/glance/glance/api/middleware/version_negotiation.py:57}}
Jul 12 20:26:01.939378 np0000005099 devstack@g-api.service[99674]: DEBUG glance.api.middleware.version_negotiation [None req-a9b6c823-4c62-49f4-b9e8-9277796964a3 tempest-TaggedBootDevicesTest_v242-25716125 tempest-TaggedBootDevicesTest_v242-25716125-project-member] Matched version: v2 {{(pid=99674) process_request /opt/stack/glance/glance/api/middleware/version_negotiation.py:69}}
Jul 12 20:26:01.939378 np0000005099 devstack@g-api.service[99674]: DEBUG glance.api.middleware.version_negotiation [None req-a9b6c823-4c62-49f4-b9e8-9277796964a3 tempest-TaggedBootDevicesTest_v242-25716125 tempest-TaggedBootDevicesTest_v242-25716125-project-member] new path /v2/images/5c482fdd-fe5d-4bb2-b5df-fde8b15e925e/locations {{(pid=99674) process_request /opt/stack/glance/glance/api/middleware/version_negotiation.py:70}}
Jul 12 20:26:02.204411 np0000005099 devstack@g-api.service[99674]: [pid: 99674|app: 0|req: 20/61] 127.0.0.1 () {44 vars in 1135 bytes} [Sun Jul 12 20:26:01 2026] GET /v2/images/5c482fdd-fe5d-4bb2-b5df-fde8b15e925e/locations => generated 92 bytes in 268 msecs (HTTP/1.1 200) 4 headers in 156 bytes (1 switches on core 0)
Jul 12 20:26:02.214841 np0000005099 devstack@g-api.service[99673]: DEBUG glance.api.middleware.version_negotiation [None req-a9b6c823-4c62-49f4-b9e8-9277796964a3 tempest-TaggedBootDevicesTest_v242-25716125 tempest-TaggedBootDevicesTest_v242-25716125-project-member] Determining version of request: GET /v2/images/5c482fdd-fe5d-4bb2-b5df-fde8b15e925e Accept: */* {{(pid=99673) process_request /opt/stack/glance/glance/api/middleware/version_negotiation.py:44}}
Jul 12 20:26:02.214841 np0000005099 devstack@g-api.service[99673]: DEBUG glance.api.middleware.version_negotiation [None req-a9b6c823-4c62-49f4-b9e8-9277796964a3 tempest-TaggedBootDevicesTest_v242-25716125 tempest-TaggedBootDevicesTest_v242-25716125-project-member] Using url versioning {{(pid=99673) process_request /opt/stack/glance/glance/api/middleware/version_negotiation.py:57}}
Jul 12 20:26:02.214841 np0000005099 devstack@g-api.service[99673]: DEBUG glance.api.middleware.version_negotiation [None req-a9b6c823-4c62-49f4-b9e8-9277796964a3 tempest-TaggedBootDevicesTest_v242-25716125 tempest-TaggedBootDevicesTest_v242-25716125-project-member] Matched version: v2 {{(pid=99673) process_request /opt/stack/glance/glance/api/middleware/version_negotiation.py:69}}
Jul 12 20:26:02.214841 np0000005099 devstack@g-api.service[99673]: DEBUG glance.api.middleware.version_negotiation [None req-a9b6c823-4c62-49f4-b9e8-9277796964a3 tempest-TaggedBootDevicesTest_v242-25716125 tempest-TaggedBootDevicesTest_v242-25716125-project-member] new path /v2/images/5c482fdd-fe5d-4bb2-b5df-fde8b15e925e {{(pid=99673) process_request /opt/stack/glance/glance/api/middleware/version_negotiation.py:70}}
Jul 12 20:26:02.226400 np0000005099 devstack@g-api.service[99673]: [pid: 99673|app: 0|req: 22/62] 127.0.0.1 () {44 vars in 1115 bytes} [Sun Jul 12 20:26:02 2026] GET /v2/images/5c482fdd-fe5d-4bb2-b5df-fde8b15e925e => generated 1044 bytes in 11 msecs (HTTP/1.1 200) 4 headers in 158 bytes (1 switches on core 0)
Jul 12 20:26:02.238229 np0000005099 devstack@g-api.service[99675]: DEBUG glance.api.middleware.version_negotiation [None req-a9b6c823-4c62-49f4-b9e8-9277796964a3 tempest-TaggedBootDevicesTest_v242-25716125 tempest-TaggedBootDevicesTest_v242-25716125-project-member] Determining version of request: GET /v2/schemas/image Accept: */* {{(pid=99675) process_request /opt/stack/glance/glance/api/middleware/version_negotiation.py:44}}
Jul 12 20:26:02.238377 np0000005099 devstack@g-api.service[99675]: DEBUG glance.api.middleware.version_negotiation [None req-a9b6c823-4c62-49f4-b9e8-9277796964a3 tempest-TaggedBootDevicesTest_v242-25716125 tempest-TaggedBootDevicesTest_v242-25716125-project-member] Using url versioning {{(pid=99675) process_request /opt/stack/glance/glance/api/middleware/version_negotiation.py:57}}
Jul 12 20:26:02.241072 np0000005099 devstack@g-api.service[99675]: DEBUG glance.api.middleware.version_negotiation [None req-a9b6c823-4c62-49f4-b9e8-9277796964a3 tempest-TaggedBootDevicesTest_v242-25716125 tempest-TaggedBootDevicesTest_v242-25716125-project-member] Matched version: v2 {{(pid=99675) process_request /opt/stack/glance/glance/api/middleware/version_negotiation.py:69}}
Jul 12 20:26:02.241290 np0000005099 devstack@g-api.service[99675]: DEBUG glance.api.middleware.version_negotiation [None req-a9b6c823-4c62-49f4-b9e8-9277796964a3 tempest-TaggedBootDevicesTest_v242-25716125 tempest-TaggedBootDevicesTest_v242-25716125-project-member] new path /v2/schemas/image {{(pid=99675) process_request /opt/stack/glance/glance/api/middleware/version_negotiation.py:70}}
Jul 12 20:26:02.249959 np0000005099 devstack@g-api.service[99675]: [pid: 99675|app: 0|req: 21/63] 127.0.0.1 () {44 vars in 1055 bytes} [Sun Jul 12 20:26:02 2026] GET /v2/schemas/image => generated 6083 bytes in 12 msecs (HTTP/1.1 200) 4 headers in 158 bytes (1 switches on core 0)
Jul 12 20:26:02.261599 np0000005099 devstack@g-api.service[99674]: DEBUG glance.api.middleware.version_negotiation [None req-a9b6c823-4c62-49f4-b9e8-9277796964a3 service glance] Determining version of request: GET /v2/schemas/image Accept: */* {{(pid=99674) process_request /opt/stack/glance/glance/api/middleware/version_negotiation.py:44}}
Jul 12 20:26:02.261837 np0000005099 devstack@g-api.service[99674]: DEBUG glance.api.middleware.version_negotiation [None req-a9b6c823-4c62-49f4-b9e8-9277796964a3 service glance] Using url versioning {{(pid=99674) process_request /opt/stack/glance/glance/api/middleware/version_negotiation.py:57}}
Jul 12 20:26:02.262555 np0000005099 devstack@g-api.service[99674]: DEBUG glance.api.middleware.version_negotiation [None req-a9b6c823-4c62-49f4-b9e8-9277796964a3 service glance] Matched version: v2 {{(pid=99674) process_request /opt/stack/glance/glance/api/middleware/version_negotiation.py:69}}
Jul 12 20:26:02.262555 np0000005099 devstack@g-api.service[99674]: DEBUG glance.api.middleware.version_negotiation [None req-a9b6c823-4c62-49f4-b9e8-9277796964a3 service glance] new path /v2/schemas/image {{(pid=99674) process_request /opt/stack/glance/glance/api/middleware/version_negotiation.py:70}}
Jul 12 20:26:02.267458 np0000005099 devstack@g-api.service[99674]: [pid: 99674|app: 0|req: 21/64] 127.0.0.1 () {44 vars in 1055 bytes} [Sun Jul 12 20:26:02 2026] GET /v2/schemas/image => generated 6083 bytes in 6 msecs (HTTP/1.1 200) 4 headers in 158 bytes (1 switches on core 0)
Jul 12 20:26:02.744204 np0000005099 devstack@g-api.service[99673]: DEBUG glance.api.middleware.version_negotiation [None req-a9b6c823-4c62-49f4-b9e8-9277796964a3 tempest-TaggedBootDevicesTest_v242-25716125 tempest-TaggedBootDevicesTest_v242-25716125-project-member] Determining version of request: GET /v2/images/5c482fdd-fe5d-4bb2-b5df-fde8b15e925e Accept: */* {{(pid=99673) process_request /opt/stack/glance/glance/api/middleware/version_negotiation.py:44}}
Jul 12 20:26:02.744364 np0000005099 devstack@g-api.service[99673]: DEBUG glance.api.middleware.version_negotiation [None req-a9b6c823-4c62-49f4-b9e8-9277796964a3 tempest-TaggedBootDevicesTest_v242-25716125 tempest-TaggedBootDevicesTest_v242-25716125-project-member] Using url versioning {{(pid=99673) process_request /opt/stack/glance/glance/api/middleware/version_negotiation.py:57}}
Jul 12 20:26:02.744632 np0000005099 devstack@g-api.service[99673]: DEBUG glance.api.middleware.version_negotiation [None req-a9b6c823-4c62-49f4-b9e8-9277796964a3 tempest-TaggedBootDevicesTest_v242-25716125 tempest-TaggedBootDevicesTest_v242-25716125-project-member] Matched version: v2 {{(pid=99673) process_request /opt/stack/glance/glance/api/middleware/version_negotiation.py:69}}
Jul 12 20:26:02.744632 np0000005099 devstack@g-api.service[99673]: DEBUG glance.api.middleware.version_negotiation [None req-a9b6c823-4c62-49f4-b9e8-9277796964a3 tempest-TaggedBootDevicesTest_v242-25716125 tempest-TaggedBootDevicesTest_v242-25716125-project-member] new path /v2/images/5c482fdd-fe5d-4bb2-b5df-fde8b15e925e {{(pid=99673) process_request /opt/stack/glance/glance/api/middleware/version_negotiation.py:70}}
Jul 12 20:26:03.035531 np0000005099 devstack@g-api.service[99673]: [pid: 99673|app: 0|req: 23/65] 127.0.0.1 () {44 vars in 1115 bytes} [Sun Jul 12 20:26:02 2026] GET /v2/images/5c482fdd-fe5d-4bb2-b5df-fde8b15e925e => generated 1044 bytes in 291 msecs (HTTP/1.1 200) 4 headers in 158 bytes (1 switches on core 0)
Jul 12 20:26:03.089246 np0000005099 devstack@g-api.service[99675]: DEBUG glance.api.middleware.version_negotiation [None req-a9b6c823-4c62-49f4-b9e8-9277796964a3 tempest-TaggedBootDevicesTest_v242-25716125 tempest-TaggedBootDevicesTest_v242-25716125-project-member] Determining version of request: GET /v2/images/5c482fdd-fe5d-4bb2-b5df-fde8b15e925e/file Accept: */* {{(pid=99675) process_request /opt/stack/glance/glance/api/middleware/version_negotiation.py:44}}
Jul 12 20:26:03.089246 np0000005099 devstack@g-api.service[99675]: DEBUG glance.api.middleware.version_negotiation [None req-a9b6c823-4c62-49f4-b9e8-9277796964a3 tempest-TaggedBootDevicesTest_v242-25716125 tempest-TaggedBootDevicesTest_v242-25716125-project-member] Using url versioning {{(pid=99675) process_request /opt/stack/glance/glance/api/middleware/version_negotiation.py:57}}
Jul 12 20:26:03.089246 np0000005099 devstack@g-api.service[99675]: DEBUG glance.api.middleware.version_negotiation [None req-a9b6c823-4c62-49f4-b9e8-9277796964a3 tempest-TaggedBootDevicesTest_v242-25716125 tempest-TaggedBootDevicesTest_v242-25716125-project-member] Matched version: v2 {{(pid=99675) process_request /opt/stack/glance/glance/api/middleware/version_negotiation.py:69}}
Jul 12 20:26:03.089246 np0000005099 devstack@g-api.service[99675]: DEBUG glance.api.middleware.version_negotiation [None req-a9b6c823-4c62-49f4-b9e8-9277796964a3 tempest-TaggedBootDevicesTest_v242-25716125 tempest-TaggedBootDevicesTest_v242-25716125-project-member] new path /v2/images/5c482fdd-fe5d-4bb2-b5df-fde8b15e925e/file {{(pid=99675) process_request /opt/stack/glance/glance/api/middleware/version_negotiation.py:70}}
Jul 12 20:26:03.103914 np0000005099 devstack@g-api.service[99675]: DEBUG glance.api.middleware.cache [None req-7a6aada7-c154-493b-b54c-340847c55714 tempest-ServerActionsTestOtherB-70830687 tempest-ServerActionsTestOtherB-70830687-project-member] Cache hit for image '5c482fdd-fe5d-4bb2-b5df-fde8b15e925e' {{(pid=99675) process_request /opt/stack/glance/glance/api/middleware/cache.py:160}}
Jul 12 20:26:03.171217 np0000005099 devstack@g-api.service[99675]: [pid: 99675|app: 0|req: 22/66] 127.0.0.1 () {44 vars in 1125 bytes} [Sun Jul 12 20:26:03 2026] GET /v2/images/5c482fdd-fe5d-4bb2-b5df-fde8b15e925e/file => generated 21692416 bytes in 83 msecs (HTTP/1.1 200) 5 headers in 217 bytes (335 switches on core 0)
Jul 12 20:26:03.336405 np0000005099 devstack@g-api.service[99674]: DEBUG glance.api.middleware.version_negotiation [None req-a9b6c823-4c62-49f4-b9e8-9277796964a3 tempest-TaggedBootDevicesTest_v242-25716125 tempest-TaggedBootDevicesTest_v242-25716125-project-member] Determining version of request: GET / Accept: application/json {{(pid=99674) process_request /opt/stack/glance/glance/api/middleware/version_negotiation.py:44}}
Jul 12 20:26:03.336801 np0000005099 devstack@g-api.service[99674]: DEBUG glance.api.middleware.version_negotiation [None req-a9b6c823-4c62-49f4-b9e8-9277796964a3 tempest-TaggedBootDevicesTest_v242-25716125 tempest-TaggedBootDevicesTest_v242-25716125-project-member] Using url versioning {{(pid=99674) process_request /opt/stack/glance/glance/api/middleware/version_negotiation.py:57}}
Jul 12 20:26:03.336801 np0000005099 devstack@g-api.service[99674]: DEBUG glance.api.middleware.version_negotiation [None req-a9b6c823-4c62-49f4-b9e8-9277796964a3 tempest-TaggedBootDevicesTest_v242-25716125 tempest-TaggedBootDevicesTest_v242-25716125-project-member] Unknown version. Returning version choices. {{(pid=99674) process_request /opt/stack/glance/glance/api/middleware/version_negotiation.py:64}}
Jul 12 20:26:03.337991 np0000005099 devstack@g-api.service[99674]: [pid: 99674|app: 0|req: 22/67] 127.0.0.1 () {36 vars in 559 bytes} [Sun Jul 12 20:26:03 2026] GET / => generated 1515 bytes in 2 msecs (HTTP/1.1 300) 3 headers in 106 bytes (1 switches on core 0)
Jul 12 20:26:03.344605 np0000005099 devstack@g-api.service[99673]: DEBUG glance.api.middleware.version_negotiation [None req-7a6aada7-c154-493b-b54c-340847c55714 tempest-ServerActionsTestOtherB-70830687 tempest-ServerActionsTestOtherB-70830687-project-member] Determining version of request: GET /v2/images/5c482fdd-fe5d-4bb2-b5df-fde8b15e925e Accept: */* {{(pid=99673) process_request /opt/stack/glance/glance/api/middleware/version_negotiation.py:44}}
Jul 12 20:26:03.345019 np0000005099 devstack@g-api.service[99673]: DEBUG glance.api.middleware.version_negotiation [None req-7a6aada7-c154-493b-b54c-340847c55714 tempest-ServerActionsTestOtherB-70830687 tempest-ServerActionsTestOtherB-70830687-project-member] Using url versioning {{(pid=99673) process_request /opt/stack/glance/glance/api/middleware/version_negotiation.py:57}}
Jul 12 20:26:03.345019 np0000005099 devstack@g-api.service[99673]: DEBUG glance.api.middleware.version_negotiation [None req-7a6aada7-c154-493b-b54c-340847c55714 tempest-ServerActionsTestOtherB-70830687 tempest-ServerActionsTestOtherB-70830687-project-member] Matched version: v2 {{(pid=99673) process_request /opt/stack/glance/glance/api/middleware/version_negotiation.py:69}}
Jul 12 20:26:03.345019 np0000005099 devstack@g-api.service[99673]: DEBUG glance.api.middleware.version_negotiation [None req-7a6aada7-c154-493b-b54c-340847c55714 tempest-ServerActionsTestOtherB-70830687 tempest-ServerActionsTestOtherB-70830687-project-member] new path /v2/images/5c482fdd-fe5d-4bb2-b5df-fde8b15e925e {{(pid=99673) process_request /opt/stack/glance/glance/api/middleware/version_negotiation.py:70}}
Jul 12 20:26:03.361166 np0000005099 devstack@g-api.service[99673]: [pid: 99673|app: 0|req: 24/68] 127.0.0.1 () {44 vars in 1115 bytes} [Sun Jul 12 20:26:03 2026] GET /v2/images/5c482fdd-fe5d-4bb2-b5df-fde8b15e925e => generated 1044 bytes in 16 msecs (HTTP/1.1 200) 4 headers in 158 bytes (1 switches on core 0)
Jul 12 20:26:03.375160 np0000005099 devstack@g-api.service[99675]: DEBUG glance.api.middleware.version_negotiation [None req-7a6aada7-c154-493b-b54c-340847c55714 tempest-ServerActionsTestOtherB-70830687 tempest-ServerActionsTestOtherB-70830687-project-member] Determining version of request: GET /v2/images/4292bb67-9327-4842-a306-b8d5b6684380 Accept: */* {{(pid=99675) process_request /opt/stack/glance/glance/api/middleware/version_negotiation.py:44}}
Jul 12 20:26:03.375352 np0000005099 devstack@g-api.service[99675]: DEBUG glance.api.middleware.version_negotiation [None req-7a6aada7-c154-493b-b54c-340847c55714 tempest-ServerActionsTestOtherB-70830687 tempest-ServerActionsTestOtherB-70830687-project-member] Using url versioning {{(pid=99675) process_request /opt/stack/glance/glance/api/middleware/version_negotiation.py:57}}
Jul 12 20:26:03.375789 np0000005099 devstack@g-api.service[99675]: DEBUG glance.api.middleware.version_negotiation [None req-7a6aada7-c154-493b-b54c-340847c55714 tempest-ServerActionsTestOtherB-70830687 tempest-ServerActionsTestOtherB-70830687-project-member] Matched version: v2 {{(pid=99675) process_request /opt/stack/glance/glance/api/middleware/version_negotiation.py:69}}
Jul 12 20:26:03.375789 np0000005099 devstack@g-api.service[99675]: DEBUG glance.api.middleware.version_negotiation [None req-7a6aada7-c154-493b-b54c-340847c55714 tempest-ServerActionsTestOtherB-70830687 tempest-ServerActionsTestOtherB-70830687-project-member] new path /v2/images/4292bb67-9327-4842-a306-b8d5b6684380 {{(pid=99675) process_request /opt/stack/glance/glance/api/middleware/version_negotiation.py:70}}
Jul 12 20:26:03.388806 np0000005099 devstack@g-api.service[99675]: [pid: 99675|app: 0|req: 23/69] 127.0.0.1 () {44 vars in 1115 bytes} [Sun Jul 12 20:26:03 2026] GET /v2/images/4292bb67-9327-4842-a306-b8d5b6684380 => generated 859 bytes in 14 msecs (HTTP/1.1 200) 4 headers in 157 bytes (1 switches on core 0)
Jul 12 20:26:03.399363 np0000005099 devstack@g-api.service[99674]: DEBUG glance.api.middleware.version_negotiation [None req-a9b6c823-4c62-49f4-b9e8-9277796964a3 tempest-TaggedBootDevicesTest_v242-25716125 tempest-TaggedBootDevicesTest_v242-25716125-project-member] Determining version of request: GET /v2/schemas/image Accept: */* {{(pid=99674) process_request /opt/stack/glance/glance/api/middleware/version_negotiation.py:44}}
Jul 12 20:26:03.399881 np0000005099 devstack@g-api.service[99674]: DEBUG glance.api.middleware.version_negotiation [None req-a9b6c823-4c62-49f4-b9e8-9277796964a3 tempest-TaggedBootDevicesTest_v242-25716125 tempest-TaggedBootDevicesTest_v242-25716125-project-member] Using url versioning {{(pid=99674) process_request /opt/stack/glance/glance/api/middleware/version_negotiation.py:57}}
Jul 12 20:26:03.400088 np0000005099 devstack@g-api.service[99674]: DEBUG glance.api.middleware.version_negotiation [None req-a9b6c823-4c62-49f4-b9e8-9277796964a3 tempest-TaggedBootDevicesTest_v242-25716125 tempest-TaggedBootDevicesTest_v242-25716125-project-member] Matched version: v2 {{(pid=99674) process_request /opt/stack/glance/glance/api/middleware/version_negotiation.py:69}}
Jul 12 20:26:03.400223 np0000005099 devstack@g-api.service[99674]: DEBUG glance.api.middleware.version_negotiation [None req-a9b6c823-4c62-49f4-b9e8-9277796964a3 tempest-TaggedBootDevicesTest_v242-25716125 tempest-TaggedBootDevicesTest_v242-25716125-project-member] new path /v2/schemas/image {{(pid=99674) process_request /opt/stack/glance/glance/api/middleware/version_negotiation.py:70}}
Jul 12 20:26:03.403007 np0000005099 devstack@g-api.service[99674]: [pid: 99674|app: 0|req: 23/70] 127.0.0.1 () {44 vars in 1055 bytes} [Sun Jul 12 20:26:03 2026] GET /v2/schemas/image => generated 6083 bytes in 4 msecs (HTTP/1.1 200) 4 headers in 158 bytes (1 switches on core 0)
Jul 12 20:26:03.423983 np0000005099 devstack@g-api.service[99673]: DEBUG glance.api.middleware.version_negotiation [None req-7a6aada7-c154-493b-b54c-340847c55714 tempest-ServerActionsTestOtherB-70830687 tempest-ServerActionsTestOtherB-70830687-project-member] Determining version of request: GET /v2/schemas/image Accept: */* {{(pid=99673) process_request /opt/stack/glance/glance/api/middleware/version_negotiation.py:44}}
