Jul 12 20:27:25.711336 np0000005099 devstack@g-api.service[99673]: DEBUG swiftclient [None req-10ec05fa-001f-42bd-91c0-8765eb39a541 tempest-AttachVolumeShelveTestJSON-1873971314 tempest-AttachVolumeShelveTestJSON-1873971314-project-member] RESP HEADERS: {'Date': 'Sun, 12 Jul 2026 20:27:25 GMT', 'Server': 'Apache/2.4.58 (Ubuntu)', 'Content-Type': 'application/json; charset=utf-8', 'Content-Length': '210', 'X-Container-Object-Count': '7', 'X-Container-Bytes-Used': '141819904', 'X-Timestamp': '1783887829.03338', 'Last-Modified': 'Sun, 12 Jul 2026 20:23:50 GMT', 'Accept-Ranges': 'bytes', 'X-Storage-Policy': 'Policy-0', 'X-Container-Sharding': 'False', 'X-Trans-Id': 'tx70cefe696f334da0b4908-006a53f8ad', 'X-Openstack-Request-Id': 'tx70cefe696f334da0b4908-006a53f8ad', 'Connection': 'close'} {{(pid=99673) http_log /opt/stack/data/venv/lib/python3.12/site-packages/swiftclient/client.py:162}}
Jul 12 20:27:25.711336 np0000005099 devstack@g-api.service[99673]: DEBUG swiftclient [None req-10ec05fa-001f-42bd-91c0-8765eb39a541 tempest-AttachVolumeShelveTestJSON-1873971314 tempest-AttachVolumeShelveTestJSON-1873971314-project-member] RESP BODY: b'[{"bytes": 53936128, "hash": "8ecb5f0da12c207ca1af69c8ac03632f", "name": "657e2d47-1bcb-44ec-9de1-612001503466-00001", "content_type": "application/octet-stream", "last_modified": "2026-07-12T20:27:02.982860"}]' {{(pid=99673) http_log /opt/stack/data/venv/lib/python3.12/site-packages/swiftclient/client.py:166}}
Jul 12 20:27:25.748372 np0000005099 devstack@g-api.service[99673]: DEBUG swiftclient [None req-10ec05fa-001f-42bd-91c0-8765eb39a541 tempest-AttachVolumeShelveTestJSON-1873971314 tempest-AttachVolumeShelveTestJSON-1873971314-project-member] REQ: curl -i https://10.4.3.144:8080/v1/AUTH_7d0bf75954ef42ccb5b9e25993d2592e/glance/657e2d47-1bcb-44ec-9de1-612001503466-00001 DELETE -H "X-Auth-Token: gAAAAABqU_itOlxP..." {{(pid=99673) http_log /opt/stack/data/venv/lib/python3.12/site-packages/swiftclient/client.py:160}}
Jul 12 20:27:25.748372 np0000005099 devstack@g-api.service[99673]: DEBUG swiftclient [None req-10ec05fa-001f-42bd-91c0-8765eb39a541 tempest-AttachVolumeShelveTestJSON-1873971314 tempest-AttachVolumeShelveTestJSON-1873971314-project-member] RESP STATUS: 204 No Content {{(pid=99673) http_log /opt/stack/data/venv/lib/python3.12/site-packages/swiftclient/client.py:161}}
Jul 12 20:27:25.748372 np0000005099 devstack@g-api.service[99673]: DEBUG swiftclient [None req-10ec05fa-001f-42bd-91c0-8765eb39a541 tempest-AttachVolumeShelveTestJSON-1873971314 tempest-AttachVolumeShelveTestJSON-1873971314-project-member] RESP HEADERS: {'Date': 'Sun, 12 Jul 2026 20:27:25 GMT', 'Server': 'Apache/2.4.58 (Ubuntu)', 'Content-Type': 'text/html; charset=UTF-8', 'X-Trans-Id': 'tx6113b5d710fc4b8d9ae52-006a53f8ad', 'X-Openstack-Request-Id': 'tx6113b5d710fc4b8d9ae52-006a53f8ad', 'Connection': 'close'} {{(pid=99673) http_log /opt/stack/data/venv/lib/python3.12/site-packages/swiftclient/client.py:162}}
Jul 12 20:27:25.782312 np0000005099 devstack@g-api.service[99673]: DEBUG swiftclient [None req-10ec05fa-001f-42bd-91c0-8765eb39a541 tempest-AttachVolumeShelveTestJSON-1873971314 tempest-AttachVolumeShelveTestJSON-1873971314-project-member] REQ: curl -i https://10.4.3.144:8080/v1/AUTH_7d0bf75954ef42ccb5b9e25993d2592e/glance/657e2d47-1bcb-44ec-9de1-612001503466 DELETE -H "X-Auth-Token: gAAAAABqU_itOlxP..." {{(pid=99673) http_log /opt/stack/data/venv/lib/python3.12/site-packages/swiftclient/client.py:160}}
Jul 12 20:27:25.782441 np0000005099 devstack@g-api.service[99673]: DEBUG swiftclient [None req-10ec05fa-001f-42bd-91c0-8765eb39a541 tempest-AttachVolumeShelveTestJSON-1873971314 tempest-AttachVolumeShelveTestJSON-1873971314-project-member] RESP STATUS: 204 No Content {{(pid=99673) http_log /opt/stack/data/venv/lib/python3.12/site-packages/swiftclient/client.py:161}}
Jul 12 20:27:25.782732 np0000005099 devstack@g-api.service[99673]: DEBUG swiftclient [None req-10ec05fa-001f-42bd-91c0-8765eb39a541 tempest-AttachVolumeShelveTestJSON-1873971314 tempest-AttachVolumeShelveTestJSON-1873971314-project-member] RESP HEADERS: {'Date': 'Sun, 12 Jul 2026 20:27:25 GMT', 'Server': 'Apache/2.4.58 (Ubuntu)', 'Content-Type': 'text/html; charset=UTF-8', 'X-Trans-Id': 'txef29d0aa9c734489a03d1-006a53f8ad', 'X-Openstack-Request-Id': 'txef29d0aa9c734489a03d1-006a53f8ad', 'Connection': 'close'} {{(pid=99673) http_log /opt/stack/data/venv/lib/python3.12/site-packages/swiftclient/client.py:162}}
Jul 12 20:27:26.191721 np0000005099 devstack@g-api.service[99673]: DEBUG glance.api.middleware.cache [None req-10ec05fa-001f-42bd-91c0-8765eb39a541 tempest-AttachVolumeShelveTestJSON-1873971314 tempest-AttachVolumeShelveTestJSON-1873971314-project-member] Removing image 657e2d47-1bcb-44ec-9de1-612001503466 from cache {{(pid=99673) _process_DELETE_response /opt/stack/glance/glance/api/middleware/cache.py:264}}
Jul 12 20:27:26.191721 np0000005099 devstack@g-api.service[99673]: DEBUG glance.image_cache.drivers.centralized_db [None req-10ec05fa-001f-42bd-91c0-8765eb39a541 tempest-AttachVolumeShelveTestJSON-1873971314 tempest-AttachVolumeShelveTestJSON-1873971314-project-member] Deleting image cache file '/opt/stack/data/glance/cache/657e2d47-1bcb-44ec-9de1-612001503466' {{(pid=99673) delete_cached_file /opt/stack/glance/glance/image_cache/drivers/centralized_db.py:400}}
Jul 12 20:27:26.269243 np0000005099 devstack@g-api.service[99675]: DEBUG dbcounter [-] [99675] Writing DB stats glance:SELECT=33,glance:UPDATE=2,glance:INSERT=1 {{(pid=99675) stat_writer /opt/stack/data/venv/lib/python3.12/site-packages/dbcounter.py:115}}
Jul 12 20:27:26.290194 np0000005099 devstack@g-api.service[99673]: [pid: 99673|app: 0|req: 49/159] 127.0.0.1 () {46 vars in 1137 bytes} [Sun Jul 12 20:27:24 2026] DELETE /v2/images/657e2d47-1bcb-44ec-9de1-612001503466 => generated 0 bytes in 1401 msecs (HTTP/1.1 204) 4 headers in 171 bytes (1 switches on core 0)
Jul 12 20:27:27.928705 np0000005099 devstack@g-api.service[99674]: DEBUG dbcounter [-] [99674] Writing DB stats glance:SELECT=59,glance:INSERT=36,glance:UPDATE=11,glance:DELETE=1 {{(pid=99674) stat_writer /opt/stack/data/venv/lib/python3.12/site-packages/dbcounter.py:115}}
Jul 12 20:27:28.078564 np0000005099 devstack@g-api.service[99674]: DEBUG glance.api.middleware.version_negotiation [None req-10ec05fa-001f-42bd-91c0-8765eb39a541 tempest-AttachVolumeShelveTestJSON-1873971314 tempest-AttachVolumeShelveTestJSON-1873971314-project-member] Determining version of request: GET /v2/schemas/image Accept: */* {{(pid=99674) process_request /opt/stack/glance/glance/api/middleware/version_negotiation.py:44}}
Jul 12 20:27:28.078564 np0000005099 devstack@g-api.service[99674]: DEBUG glance.api.middleware.version_negotiation [None req-10ec05fa-001f-42bd-91c0-8765eb39a541 tempest-AttachVolumeShelveTestJSON-1873971314 tempest-AttachVolumeShelveTestJSON-1873971314-project-member] Using url versioning {{(pid=99674) process_request /opt/stack/glance/glance/api/middleware/version_negotiation.py:57}}
Jul 12 20:27:28.078564 np0000005099 devstack@g-api.service[99674]: DEBUG glance.api.middleware.version_negotiation [None req-10ec05fa-001f-42bd-91c0-8765eb39a541 tempest-AttachVolumeShelveTestJSON-1873971314 tempest-AttachVolumeShelveTestJSON-1873971314-project-member] Matched version: v2 {{(pid=99674) process_request /opt/stack/glance/glance/api/middleware/version_negotiation.py:69}}
Jul 12 20:27:28.078564 np0000005099 devstack@g-api.service[99674]: DEBUG glance.api.middleware.version_negotiation [None req-10ec05fa-001f-42bd-91c0-8765eb39a541 tempest-AttachVolumeShelveTestJSON-1873971314 tempest-AttachVolumeShelveTestJSON-1873971314-project-member] new path /v2/schemas/image {{(pid=99674) process_request /opt/stack/glance/glance/api/middleware/version_negotiation.py:70}}
Jul 12 20:27:28.082069 np0000005099 devstack@g-api.service[99674]: [pid: 99674|app: 0|req: 53/160] 127.0.0.1 () {44 vars in 1055 bytes} [Sun Jul 12 20:27:28 2026] GET /v2/schemas/image => generated 6083 bytes in 6 msecs (HTTP/1.1 200) 4 headers in 158 bytes (1 switches on core 0)
Jul 12 20:27:28.127473 np0000005099 devstack@g-api.service[99675]: DEBUG glance.api.middleware.version_negotiation [None req-10ec05fa-001f-42bd-91c0-8765eb39a541 tempest-AttachVolumeShelveTestJSON-1873971314 tempest-AttachVolumeShelveTestJSON-1873971314-project-member] Determining version of request: POST /v2/images Accept: */* {{(pid=99675) process_request /opt/stack/glance/glance/api/middleware/version_negotiation.py:44}}
Jul 12 20:27:28.127801 np0000005099 devstack@g-api.service[99675]: DEBUG glance.api.middleware.version_negotiation [None req-10ec05fa-001f-42bd-91c0-8765eb39a541 tempest-AttachVolumeShelveTestJSON-1873971314 tempest-AttachVolumeShelveTestJSON-1873971314-project-member] Using url versioning {{(pid=99675) process_request /opt/stack/glance/glance/api/middleware/version_negotiation.py:57}}
Jul 12 20:27:28.127801 np0000005099 devstack@g-api.service[99675]: DEBUG glance.api.middleware.version_negotiation [None req-10ec05fa-001f-42bd-91c0-8765eb39a541 tempest-AttachVolumeShelveTestJSON-1873971314 tempest-AttachVolumeShelveTestJSON-1873971314-project-member] Matched version: v2 {{(pid=99675) process_request /opt/stack/glance/glance/api/middleware/version_negotiation.py:69}}
Jul 12 20:27:28.127942 np0000005099 devstack@g-api.service[99675]: DEBUG glance.api.middleware.version_negotiation [None req-10ec05fa-001f-42bd-91c0-8765eb39a541 tempest-AttachVolumeShelveTestJSON-1873971314 tempest-AttachVolumeShelveTestJSON-1873971314-project-member] new path /v2/images {{(pid=99675) process_request /opt/stack/glance/glance/api/middleware/version_negotiation.py:70}}
Jul 12 20:27:28.967553 np0000005099 devstack@g-api.service[99675]: [pid: 99675|app: 0|req: 59/161] 127.0.0.1 () {46 vars in 1055 bytes} [Sun Jul 12 20:27:28 2026] POST /v2/images => generated 1360 bytes in 840 msecs (HTTP/1.1 201) 6 headers in 316 bytes (1 switches on core 0)
Jul 12 20:27:29.043654 np0000005099 devstack@g-api.service[99673]: DEBUG glance.api.middleware.version_negotiation [None req-10ec05fa-001f-42bd-91c0-8765eb39a541 tempest-AttachVolumeShelveTestJSON-1873971314 tempest-AttachVolumeShelveTestJSON-1873971314-project-member] Determining version of request: GET /v2/images/8c640c4c-b067-45a6-8c7b-e519a38c87d8 Accept: application/json {{(pid=99673) process_request /opt/stack/glance/glance/api/middleware/version_negotiation.py:44}}
Jul 12 20:27:29.043654 np0000005099 devstack@g-api.service[99673]: DEBUG glance.api.middleware.version_negotiation [None req-10ec05fa-001f-42bd-91c0-8765eb39a541 tempest-AttachVolumeShelveTestJSON-1873971314 tempest-AttachVolumeShelveTestJSON-1873971314-project-member] Using url versioning {{(pid=99673) process_request /opt/stack/glance/glance/api/middleware/version_negotiation.py:57}}
Jul 12 20:27:29.043654 np0000005099 devstack@g-api.service[99673]: DEBUG glance.api.middleware.version_negotiation [None req-10ec05fa-001f-42bd-91c0-8765eb39a541 tempest-AttachVolumeShelveTestJSON-1873971314 tempest-AttachVolumeShelveTestJSON-1873971314-project-member] Matched version: v2 {{(pid=99673) process_request /opt/stack/glance/glance/api/middleware/version_negotiation.py:69}}
Jul 12 20:27:29.044232 np0000005099 devstack@g-api.service[99673]: DEBUG glance.api.middleware.version_negotiation [None req-10ec05fa-001f-42bd-91c0-8765eb39a541 tempest-AttachVolumeShelveTestJSON-1873971314 tempest-AttachVolumeShelveTestJSON-1873971314-project-member] new path /v2/images/8c640c4c-b067-45a6-8c7b-e519a38c87d8 {{(pid=99673) process_request /opt/stack/glance/glance/api/middleware/version_negotiation.py:70}}
Jul 12 20:27:29.054487 np0000005099 devstack@g-api.service[99673]: [pid: 99673|app: 0|req: 50/162] 127.0.0.1 () {40 vars in 838 bytes} [Sun Jul 12 20:27:29 2026] GET /v2/images/8c640c4c-b067-45a6-8c7b-e519a38c87d8 => generated 1360 bytes in 11 msecs (HTTP/1.1 200) 4 headers in 158 bytes (1 switches on core 0)
Jul 12 20:27:29.222686 np0000005099 devstack@g-api.service[99674]: DEBUG glance.api.middleware.version_negotiation [None req-13d3615b-76f2-4f75-89d8-4e6e87907c6c tempest-ServerBootFromVolumeStableRescueTest-1330195307 tempest-ServerBootFromVolumeStableRescueTest-1330195307-project-member] Determining version of request: GET /v2/images/8c640c4c-b067-45a6-8c7b-e519a38c87d8 Accept: */* {{(pid=99674) process_request /opt/stack/glance/glance/api/middleware/version_negotiation.py:44}}
Jul 12 20:27:29.223074 np0000005099 devstack@g-api.service[99674]: DEBUG glance.api.middleware.version_negotiation [None req-13d3615b-76f2-4f75-89d8-4e6e87907c6c tempest-ServerBootFromVolumeStableRescueTest-1330195307 tempest-ServerBootFromVolumeStableRescueTest-1330195307-project-member] Using url versioning {{(pid=99674) process_request /opt/stack/glance/glance/api/middleware/version_negotiation.py:57}}
Jul 12 20:27:29.223133 np0000005099 devstack@g-api.service[99674]: DEBUG glance.api.middleware.version_negotiation [None req-13d3615b-76f2-4f75-89d8-4e6e87907c6c tempest-ServerBootFromVolumeStableRescueTest-1330195307 tempest-ServerBootFromVolumeStableRescueTest-1330195307-project-member] Matched version: v2 {{(pid=99674) process_request /opt/stack/glance/glance/api/middleware/version_negotiation.py:69}}
Jul 12 20:27:29.223302 np0000005099 devstack@g-api.service[99674]: DEBUG glance.api.middleware.version_negotiation [None req-13d3615b-76f2-4f75-89d8-4e6e87907c6c tempest-ServerBootFromVolumeStableRescueTest-1330195307 tempest-ServerBootFromVolumeStableRescueTest-1330195307-project-member] new path /v2/images/8c640c4c-b067-45a6-8c7b-e519a38c87d8 {{(pid=99674) process_request /opt/stack/glance/glance/api/middleware/version_negotiation.py:70}}
Jul 12 20:27:29.247463 np0000005099 devstack@g-api.service[99674]: [pid: 99674|app: 0|req: 54/163] 127.0.0.1 () {44 vars in 1115 bytes} [Sun Jul 12 20:27:29 2026] GET /v2/images/8c640c4c-b067-45a6-8c7b-e519a38c87d8 => generated 1360 bytes in 25 msecs (HTTP/1.1 200) 4 headers in 158 bytes (1 switches on core 0)
Jul 12 20:27:29.290641 np0000005099 devstack@g-api.service[99675]: DEBUG glance.api.middleware.version_negotiation [None req-13d3615b-76f2-4f75-89d8-4e6e87907c6c tempest-ServerBootFromVolumeStableRescueTest-1330195307 tempest-ServerBootFromVolumeStableRescueTest-1330195307-project-member] Determining version of request: GET /v2/schemas/image Accept: */* {{(pid=99675) process_request /opt/stack/glance/glance/api/middleware/version_negotiation.py:44}}
Jul 12 20:27:29.290641 np0000005099 devstack@g-api.service[99675]: DEBUG glance.api.middleware.version_negotiation [None req-13d3615b-76f2-4f75-89d8-4e6e87907c6c tempest-ServerBootFromVolumeStableRescueTest-1330195307 tempest-ServerBootFromVolumeStableRescueTest-1330195307-project-member] Using url versioning {{(pid=99675) process_request /opt/stack/glance/glance/api/middleware/version_negotiation.py:57}}
Jul 12 20:27:29.292956 np0000005099 devstack@g-api.service[99675]: DEBUG glance.api.middleware.version_negotiation [None req-13d3615b-76f2-4f75-89d8-4e6e87907c6c tempest-ServerBootFromVolumeStableRescueTest-1330195307 tempest-ServerBootFromVolumeStableRescueTest-1330195307-project-member] Matched version: v2 {{(pid=99675) process_request /opt/stack/glance/glance/api/middleware/version_negotiation.py:69}}
Jul 12 20:27:29.292956 np0000005099 devstack@g-api.service[99675]: DEBUG glance.api.middleware.version_negotiation [None req-13d3615b-76f2-4f75-89d8-4e6e87907c6c tempest-ServerBootFromVolumeStableRescueTest-1330195307 tempest-ServerBootFromVolumeStableRescueTest-1330195307-project-member] new path /v2/schemas/image {{(pid=99675) process_request /opt/stack/glance/glance/api/middleware/version_negotiation.py:70}}
Jul 12 20:27:29.294029 np0000005099 devstack@g-api.service[99675]: [pid: 99675|app: 0|req: 60/164] 127.0.0.1 () {44 vars in 1055 bytes} [Sun Jul 12 20:27:29 2026] GET /v2/schemas/image => generated 6083 bytes in 4 msecs (HTTP/1.1 200) 4 headers in 158 bytes (1 switches on core 0)
Jul 12 20:27:30.067741 np0000005099 devstack@g-api.service[99673]: DEBUG glance.api.middleware.version_negotiation [None req-48d53837-2052-495d-9b16-524d90aec641 tempest-ServerBootFromVolumeStableRescueTest-1330195307 tempest-ServerBootFromVolumeStableRescueTest-1330195307-project-member] Determining version of request: GET /v2/images/8c640c4c-b067-45a6-8c7b-e519a38c87d8 Accept: application/json {{(pid=99673) process_request /opt/stack/glance/glance/api/middleware/version_negotiation.py:44}}
Jul 12 20:27:30.068290 np0000005099 devstack@g-api.service[99673]: DEBUG glance.api.middleware.version_negotiation [None req-48d53837-2052-495d-9b16-524d90aec641 tempest-ServerBootFromVolumeStableRescueTest-1330195307 tempest-ServerBootFromVolumeStableRescueTest-1330195307-project-member] Using url versioning {{(pid=99673) process_request /opt/stack/glance/glance/api/middleware/version_negotiation.py:57}}
Jul 12 20:27:30.068290 np0000005099 devstack@g-api.service[99673]: DEBUG glance.api.middleware.version_negotiation [None req-48d53837-2052-495d-9b16-524d90aec641 tempest-ServerBootFromVolumeStableRescueTest-1330195307 tempest-ServerBootFromVolumeStableRescueTest-1330195307-project-member] Matched version: v2 {{(pid=99673) process_request /opt/stack/glance/glance/api/middleware/version_negotiation.py:69}}
Jul 12 20:27:30.068726 np0000005099 devstack@g-api.service[99673]: DEBUG glance.api.middleware.version_negotiation [None req-48d53837-2052-495d-9b16-524d90aec641 tempest-ServerBootFromVolumeStableRescueTest-1330195307 tempest-ServerBootFromVolumeStableRescueTest-1330195307-project-member] new path /v2/images/8c640c4c-b067-45a6-8c7b-e519a38c87d8 {{(pid=99673) process_request /opt/stack/glance/glance/api/middleware/version_negotiation.py:70}}
Jul 12 20:27:30.081052 np0000005099 devstack@g-api.service[99673]: [pid: 99673|app: 0|req: 51/165] 127.0.0.1 () {40 vars in 838 bytes} [Sun Jul 12 20:27:30 2026] GET /v2/images/8c640c4c-b067-45a6-8c7b-e519a38c87d8 => generated 1360 bytes in 13 msecs (HTTP/1.1 200) 4 headers in 158 bytes (1 switches on core 0)
Jul 12 20:27:30.356917 np0000005099 devstack@g-api.service[99674]: DEBUG glance.api.middleware.version_negotiation [None req-13d3615b-76f2-4f75-89d8-4e6e87907c6c tempest-ServerBootFromVolumeStableRescueTest-1330195307 tempest-ServerBootFromVolumeStableRescueTest-1330195307-project-member] Determining version of request: GET /v2/images/8c640c4c-b067-45a6-8c7b-e519a38c87d8 Accept: */* {{(pid=99674) process_request /opt/stack/glance/glance/api/middleware/version_negotiation.py:44}}
Jul 12 20:27:30.358988 np0000005099 devstack@g-api.service[99674]: DEBUG glance.api.middleware.version_negotiation [None req-13d3615b-76f2-4f75-89d8-4e6e87907c6c tempest-ServerBootFromVolumeStableRescueTest-1330195307 tempest-ServerBootFromVolumeStableRescueTest-1330195307-project-member] Using url versioning {{(pid=99674) process_request /opt/stack/glance/glance/api/middleware/version_negotiation.py:57}}
Jul 12 20:27:30.359219 np0000005099 devstack@g-api.service[99674]: DEBUG glance.api.middleware.version_negotiation [None req-13d3615b-76f2-4f75-89d8-4e6e87907c6c tempest-ServerBootFromVolumeStableRescueTest-1330195307 tempest-ServerBootFromVolumeStableRescueTest-1330195307-project-member] Matched version: v2 {{(pid=99674) process_request /opt/stack/glance/glance/api/middleware/version_negotiation.py:69}}
Jul 12 20:27:30.359414 np0000005099 devstack@g-api.service[99674]: DEBUG glance.api.middleware.version_negotiation [None req-13d3615b-76f2-4f75-89d8-4e6e87907c6c tempest-ServerBootFromVolumeStableRescueTest-1330195307 tempest-ServerBootFromVolumeStableRescueTest-1330195307-project-member] new path /v2/images/8c640c4c-b067-45a6-8c7b-e519a38c87d8 {{(pid=99674) process_request /opt/stack/glance/glance/api/middleware/version_negotiation.py:70}}
Jul 12 20:27:30.380030 np0000005099 devstack@g-api.service[99674]: [pid: 99674|app: 0|req: 55/166] 127.0.0.1 () {44 vars in 1115 bytes} [Sun Jul 12 20:27:30 2026] GET /v2/images/8c640c4c-b067-45a6-8c7b-e519a38c87d8 => generated 1360 bytes in 23 msecs (HTTP/1.1 200) 4 headers in 158 bytes (1 switches on core 0)
Jul 12 20:27:30.412454 np0000005099 devstack@g-api.service[99675]: DEBUG glance.api.middleware.version_negotiation [None req-13d3615b-76f2-4f75-89d8-4e6e87907c6c tempest-ServerBootFromVolumeStableRescueTest-1330195307 tempest-ServerBootFromVolumeStableRescueTest-1330195307-project-member] Determining version of request: GET /v2/schemas/image Accept: */* {{(pid=99675) process_request /opt/stack/glance/glance/api/middleware/version_negotiation.py:44}}
Jul 12 20:27:30.412885 np0000005099 devstack@g-api.service[99675]: DEBUG glance.api.middleware.version_negotiation [None req-13d3615b-76f2-4f75-89d8-4e6e87907c6c tempest-ServerBootFromVolumeStableRescueTest-1330195307 tempest-ServerBootFromVolumeStableRescueTest-1330195307-project-member] Using url versioning {{(pid=99675) process_request /opt/stack/glance/glance/api/middleware/version_negotiation.py:57}}
Jul 12 20:27:30.412958 np0000005099 devstack@g-api.service[99675]: DEBUG glance.api.middleware.version_negotiation [None req-13d3615b-76f2-4f75-89d8-4e6e87907c6c tempest-ServerBootFromVolumeStableRescueTest-1330195307 tempest-ServerBootFromVolumeStableRescueTest-1330195307-project-member] Matched version: v2 {{(pid=99675) process_request /opt/stack/glance/glance/api/middleware/version_negotiation.py:69}}
Jul 12 20:27:30.413526 np0000005099 devstack@g-api.service[99675]: DEBUG glance.api.middleware.version_negotiation [None req-13d3615b-76f2-4f75-89d8-4e6e87907c6c tempest-ServerBootFromVolumeStableRescueTest-1330195307 tempest-ServerBootFromVolumeStableRescueTest-1330195307-project-member] new path /v2/schemas/image {{(pid=99675) process_request /opt/stack/glance/glance/api/middleware/version_negotiation.py:70}}
Jul 12 20:27:30.416767 np0000005099 devstack@g-api.service[99675]: [pid: 99675|app: 0|req: 61/167] 127.0.0.1 () {44 vars in 1055 bytes} [Sun Jul 12 20:27:30 2026] GET /v2/schemas/image => generated 6083 bytes in 4 msecs (HTTP/1.1 200) 4 headers in 158 bytes (1 switches on core 0)
Jul 12 20:27:30.452843 np0000005099 devstack@g-api.service[99673]: DEBUG glance.api.middleware.version_negotiation [None req-82e25b39-5bee-4d29-a1a1-86a8e9a537b8 tempest-ServerBootFromVolumeStableRescueTest-1330195307 tempest-ServerBootFromVolumeStableRescueTest-1330195307-project-member] Determining version of request: GET /v2/schemas/image Accept: */* {{(pid=99673) process_request /opt/stack/glance/glance/api/middleware/version_negotiation.py:44}}
Jul 12 20:27:30.453087 np0000005099 devstack@g-api.service[99673]: DEBUG glance.api.middleware.version_negotiation [None req-82e25b39-5bee-4d29-a1a1-86a8e9a537b8 tempest-ServerBootFromVolumeStableRescueTest-1330195307 tempest-ServerBootFromVolumeStableRescueTest-1330195307-project-member] Using url versioning {{(pid=99673) process_request /opt/stack/glance/glance/api/middleware/version_negotiation.py:57}}
Jul 12 20:27:30.453292 np0000005099 devstack@g-api.service[99673]: DEBUG glance.api.middleware.version_negotiation [None req-82e25b39-5bee-4d29-a1a1-86a8e9a537b8 tempest-ServerBootFromVolumeStableRescueTest-1330195307 tempest-ServerBootFromVolumeStableRescueTest-1330195307-project-member] Matched version: v2 {{(pid=99673) process_request /opt/stack/glance/glance/api/middleware/version_negotiation.py:69}}
Jul 12 20:27:30.453458 np0000005099 devstack@g-api.service[99673]: DEBUG glance.api.middleware.version_negotiation [None req-82e25b39-5bee-4d29-a1a1-86a8e9a537b8 tempest-ServerBootFromVolumeStableRescueTest-1330195307 tempest-ServerBootFromVolumeStableRescueTest-1330195307-project-member] new path /v2/schemas/image {{(pid=99673) process_request /opt/stack/glance/glance/api/middleware/version_negotiation.py:70}}
Jul 12 20:27:30.456001 np0000005099 devstack@g-api.service[99673]: [pid: 99673|app: 0|req: 52/168] 127.0.0.1 () {44 vars in 1055 bytes} [Sun Jul 12 20:27:30 2026] GET /v2/schemas/image => generated 6083 bytes in 3 msecs (HTTP/1.1 200) 4 headers in 158 bytes (1 switches on core 0)
Jul 12 20:27:30.494445 np0000005099 devstack@g-api.service[99674]: DEBUG glance.api.middleware.version_negotiation [None req-13d3615b-76f2-4f75-89d8-4e6e87907c6c tempest-ServerBootFromVolumeStableRescueTest-1330195307 tempest-ServerBootFromVolumeStableRescueTest-1330195307-project-member] Determining version of request: PATCH /v2/images/8c640c4c-b067-45a6-8c7b-e519a38c87d8 Accept: */* {{(pid=99674) process_request /opt/stack/glance/glance/api/middleware/version_negotiation.py:44}}
Jul 12 20:27:30.494445 np0000005099 devstack@g-api.service[99674]: DEBUG glance.api.middleware.version_negotiation [None req-13d3615b-76f2-4f75-89d8-4e6e87907c6c tempest-ServerBootFromVolumeStableRescueTest-1330195307 tempest-ServerBootFromVolumeStableRescueTest-1330195307-project-member] Using url versioning {{(pid=99674) process_request /opt/stack/glance/glance/api/middleware/version_negotiation.py:57}}
Jul 12 20:27:30.494445 np0000005099 devstack@g-api.service[99674]: DEBUG glance.api.middleware.version_negotiation [None req-13d3615b-76f2-4f75-89d8-4e6e87907c6c tempest-ServerBootFromVolumeStableRescueTest-1330195307 tempest-ServerBootFromVolumeStableRescueTest-1330195307-project-member] Matched version: v2 {{(pid=99674) process_request /opt/stack/glance/glance/api/middleware/version_negotiation.py:69}}
Jul 12 20:27:30.494664 np0000005099 devstack@g-api.service[99674]: DEBUG glance.api.middleware.version_negotiation [None req-13d3615b-76f2-4f75-89d8-4e6e87907c6c tempest-ServerBootFromVolumeStableRescueTest-1330195307 tempest-ServerBootFromVolumeStableRescueTest-1330195307-project-member] new path /v2/images/8c640c4c-b067-45a6-8c7b-e519a38c87d8 {{(pid=99674) process_request /opt/stack/glance/glance/api/middleware/version_negotiation.py:70}}
Jul 12 20:27:30.687990 np0000005099 devstack@g-api.service[99674]: [pid: 99674|app: 0|req: 56/169] 127.0.0.1 () {46 vars in 1158 bytes} [Sun Jul 12 20:27:30 2026] PATCH /v2/images/8c640c4c-b067-45a6-8c7b-e519a38c87d8 => generated 1471 bytes in 194 msecs (HTTP/1.1 200) 4 headers in 158 bytes (1 switches on core 0)
Jul 12 20:27:30.759650 np0000005099 devstack@g-api.service[99675]: DEBUG glance.api.middleware.version_negotiation [None req-13d3615b-76f2-4f75-89d8-4e6e87907c6c tempest-ServerBootFromVolumeStableRescueTest-1330195307 tempest-ServerBootFromVolumeStableRescueTest-1330195307-project-member] Determining version of request: GET /v2/images/8c640c4c-b067-45a6-8c7b-e519a38c87d8 Accept: */* {{(pid=99675) process_request /opt/stack/glance/glance/api/middleware/version_negotiation.py:44}}
Jul 12 20:27:30.759816 np0000005099 devstack@g-api.service[99675]: DEBUG glance.api.middleware.version_negotiation [None req-13d3615b-76f2-4f75-89d8-4e6e87907c6c tempest-ServerBootFromVolumeStableRescueTest-1330195307 tempest-ServerBootFromVolumeStableRescueTest-1330195307-project-member] Using url versioning {{(pid=99675) process_request /opt/stack/glance/glance/api/middleware/version_negotiation.py:57}}
Jul 12 20:27:30.760004 np0000005099 devstack@g-api.service[99675]: DEBUG glance.api.middleware.version_negotiation [None req-13d3615b-76f2-4f75-89d8-4e6e87907c6c tempest-ServerBootFromVolumeStableRescueTest-1330195307 tempest-ServerBootFromVolumeStableRescueTest-1330195307-project-member] Matched version: v2 {{(pid=99675) process_request /opt/stack/glance/glance/api/middleware/version_negotiation.py:69}}
Jul 12 20:27:30.760127 np0000005099 devstack@g-api.service[99675]: DEBUG glance.api.middleware.version_negotiation [None req-13d3615b-76f2-4f75-89d8-4e6e87907c6c tempest-ServerBootFromVolumeStableRescueTest-1330195307 tempest-ServerBootFromVolumeStableRescueTest-1330195307-project-member] new path /v2/images/8c640c4c-b067-45a6-8c7b-e519a38c87d8 {{(pid=99675) process_request /opt/stack/glance/glance/api/middleware/version_negotiation.py:70}}
Jul 12 20:27:30.776139 np0000005099 devstack@g-api.service[99675]: [pid: 99675|app: 0|req: 62/170] 127.0.0.1 () {44 vars in 1115 bytes} [Sun Jul 12 20:27:30 2026] GET /v2/images/8c640c4c-b067-45a6-8c7b-e519a38c87d8 => generated 1471 bytes in 17 msecs (HTTP/1.1 200) 4 headers in 158 bytes (1 switches on core 0)
Jul 12 20:27:30.832187 np0000005099 devstack@g-api.service[99673]: DEBUG glance.api.middleware.version_negotiation [None req-13d3615b-76f2-4f75-89d8-4e6e87907c6c tempest-ServerBootFromVolumeStableRescueTest-1330195307 tempest-ServerBootFromVolumeStableRescueTest-1330195307-project-member] Determining version of request: PUT /v2/images/8c640c4c-b067-45a6-8c7b-e519a38c87d8/file Accept: */* {{(pid=99673) process_request /opt/stack/glance/glance/api/middleware/version_negotiation.py:44}}
Jul 12 20:27:30.832472 np0000005099 devstack@g-api.service[99673]: DEBUG glance.api.middleware.version_negotiation [None req-13d3615b-76f2-4f75-89d8-4e6e87907c6c tempest-ServerBootFromVolumeStableRescueTest-1330195307 tempest-ServerBootFromVolumeStableRescueTest-1330195307-project-member] Using url versioning {{(pid=99673) process_request /opt/stack/glance/glance/api/middleware/version_negotiation.py:57}}
Jul 12 20:27:30.832664 np0000005099 devstack@g-api.service[99673]: DEBUG glance.api.middleware.version_negotiation [None req-13d3615b-76f2-4f75-89d8-4e6e87907c6c tempest-ServerBootFromVolumeStableRescueTest-1330195307 tempest-ServerBootFromVolumeStableRescueTest-1330195307-project-member] Matched version: v2 {{(pid=99673) process_request /opt/stack/glance/glance/api/middleware/version_negotiation.py:69}}
Jul 12 20:27:30.832803 np0000005099 devstack@g-api.service[99673]: DEBUG glance.api.middleware.version_negotiation [None req-13d3615b-76f2-4f75-89d8-4e6e87907c6c tempest-ServerBootFromVolumeStableRescueTest-1330195307 tempest-ServerBootFromVolumeStableRescueTest-1330195307-project-member] new path /v2/images/8c640c4c-b067-45a6-8c7b-e519a38c87d8/file {{(pid=99673) process_request /opt/stack/glance/glance/api/middleware/version_negotiation.py:70}}
Jul 12 20:27:31.094622 np0000005099 devstack@g-api.service[99674]: DEBUG glance.api.middleware.version_negotiation [None req-13d3615b-76f2-4f75-89d8-4e6e87907c6c tempest-ServerBootFromVolumeStableRescueTest-1330195307 tempest-ServerBootFromVolumeStableRescueTest-1330195307-project-member] Determining version of request: GET /v2/images/8c640c4c-b067-45a6-8c7b-e519a38c87d8 Accept: application/json {{(pid=99674) process_request /opt/stack/glance/glance/api/middleware/version_negotiation.py:44}}
Jul 12 20:27:31.094829 np0000005099 devstack@g-api.service[99674]: DEBUG glance.api.middleware.version_negotiation [None req-13d3615b-76f2-4f75-89d8-4e6e87907c6c tempest-ServerBootFromVolumeStableRescueTest-1330195307 tempest-ServerBootFromVolumeStableRescueTest-1330195307-project-member] Using url versioning {{(pid=99674) process_request /opt/stack/glance/glance/api/middleware/version_negotiation.py:57}}
Jul 12 20:27:31.094921 np0000005099 devstack@g-api.service[99674]: DEBUG glance.api.middleware.version_negotiation [None req-13d3615b-76f2-4f75-89d8-4e6e87907c6c tempest-ServerBootFromVolumeStableRescueTest-1330195307 tempest-ServerBootFromVolumeStableRescueTest-1330195307-project-member] Matched version: v2 {{(pid=99674) process_request /opt/stack/glance/glance/api/middleware/version_negotiation.py:69}}
Jul 12 20:27:31.095072 np0000005099 devstack@g-api.service[99674]: DEBUG glance.api.middleware.version_negotiation [None req-13d3615b-76f2-4f75-89d8-4e6e87907c6c tempest-ServerBootFromVolumeStableRescueTest-1330195307 tempest-ServerBootFromVolumeStableRescueTest-1330195307-project-member] new path /v2/images/8c640c4c-b067-45a6-8c7b-e519a38c87d8 {{(pid=99674) process_request /opt/stack/glance/glance/api/middleware/version_negotiation.py:70}}
Jul 12 20:27:31.113387 np0000005099 devstack@g-api.service[99674]: [pid: 99674|app: 0|req: 57/171] 127.0.0.1 () {40 vars in 838 bytes} [Sun Jul 12 20:27:31 2026] GET /v2/images/8c640c4c-b067-45a6-8c7b-e519a38c87d8 => generated 1471 bytes in 19 msecs (HTTP/1.1 200) 4 headers in 158 bytes (1 switches on core 0)
Jul 12 20:27:31.578397 np0000005099 devstack@g-api.service[99673]: INFO glance.api.v2.image_data [None req-13d3615b-76f2-4f75-89d8-4e6e87907c6c tempest-ServerBootFromVolumeStableRescueTest-1330195307 tempest-ServerBootFromVolumeStableRescueTest-1330195307-project-member] Unable to create trust: no such option collect_timing in group [keystone_authtoken] Use the existing user token.
Jul 12 20:27:32.125871 np0000005099 devstack@g-api.service[99675]: DEBUG glance.api.middleware.version_negotiation [None req-13d3615b-76f2-4f75-89d8-4e6e87907c6c tempest-ServerBootFromVolumeStableRescueTest-1330195307 tempest-ServerBootFromVolumeStableRescueTest-1330195307-project-member] Determining version of request: GET /v2/images/8c640c4c-b067-45a6-8c7b-e519a38c87d8 Accept: application/json {{(pid=99675) process_request /opt/stack/glance/glance/api/middleware/version_negotiation.py:44}}
Jul 12 20:27:32.126264 np0000005099 devstack@g-api.service[99675]: DEBUG glance.api.middleware.version_negotiation [None req-13d3615b-76f2-4f75-89d8-4e6e87907c6c tempest-ServerBootFromVolumeStableRescueTest-1330195307 tempest-ServerBootFromVolumeStableRescueTest-1330195307-project-member] Using url versioning {{(pid=99675) process_request /opt/stack/glance/glance/api/middleware/version_negotiation.py:57}}
Jul 12 20:27:32.126264 np0000005099 devstack@g-api.service[99675]: DEBUG glance.api.middleware.version_negotiation [None req-13d3615b-76f2-4f75-89d8-4e6e87907c6c tempest-ServerBootFromVolumeStableRescueTest-1330195307 tempest-ServerBootFromVolumeStableRescueTest-1330195307-project-member] Matched version: v2 {{(pid=99675) process_request /opt/stack/glance/glance/api/middleware/version_negotiation.py:69}}
Jul 12 20:27:32.126264 np0000005099 devstack@g-api.service[99675]: DEBUG glance.api.middleware.version_negotiation [None req-13d3615b-76f2-4f75-89d8-4e6e87907c6c tempest-ServerBootFromVolumeStableRescueTest-1330195307 tempest-ServerBootFromVolumeStableRescueTest-1330195307-project-member] new path /v2/images/8c640c4c-b067-45a6-8c7b-e519a38c87d8 {{(pid=99675) process_request /opt/stack/glance/glance/api/middleware/version_negotiation.py:70}}
Jul 12 20:27:32.138797 np0000005099 devstack@g-api.service[99675]: [pid: 99675|app: 0|req: 63/172] 127.0.0.1 () {40 vars in 838 bytes} [Sun Jul 12 20:27:32 2026] GET /v2/images/8c640c4c-b067-45a6-8c7b-e519a38c87d8 => generated 1471 bytes in 13 msecs (HTTP/1.1 200) 4 headers in 158 bytes (1 switches on core 0)
Jul 12 20:27:32.297420 np0000005099 devstack@g-api.service[99673]: DEBUG glance.location [None req-13d3615b-76f2-4f75-89d8-4e6e87907c6c tempest-ServerBootFromVolumeStableRescueTest-1330195307 tempest-ServerBootFromVolumeStableRescueTest-1330195307-project-member] Enabling in-flight format inspection for qcow2 {{(pid=99673) set_data /opt/stack/glance/glance/location.py:596}}
Jul 12 20:27:32.297731 np0000005099 devstack@g-api.service[99673]: DEBUG glance_store.backend [None req-13d3615b-76f2-4f75-89d8-4e6e87907c6c tempest-ServerBootFromVolumeStableRescueTest-1330195307 tempest-ServerBootFromVolumeStableRescueTest-1330195307-project-member] Attempting to import store swift {{(pid=99673) _load_store /opt/stack/data/venv/lib/python3.12/site-packages/glance_store/backend.py:215}}
Jul 12 20:27:32.299549 np0000005099 devstack@g-api.service[99673]: DEBUG glance_store.capabilities [None req-13d3615b-76f2-4f75-89d8-4e6e87907c6c tempest-ServerBootFromVolumeStableRescueTest-1330195307 tempest-ServerBootFromVolumeStableRescueTest-1330195307-project-member] Store glance_store._drivers.swift.store.SingleTenantStore doesn't support updating dynamic storage capabilities. Please overwrite 'update_capabilities' method of the store to implement updating logics if needed. {{(pid=99673) update_capabilities /opt/stack/data/venv/lib/python3.12/site-packages/glance_store/capabilities.py:91}}
Jul 12 20:27:32.299549 np0000005099 devstack@g-api.service[99673]: DEBUG glance_store.driver [None req-13d3615b-76f2-4f75-89d8-4e6e87907c6c tempest-ServerBootFromVolumeStableRescueTest-1330195307 tempest-ServerBootFromVolumeStableRescueTest-1330195307-project-member] Late loading location class glance_store._drivers.swift.store.StoreLocation {{(pid=99673) get_store_location_class /opt/stack/data/venv/lib/python3.12/site-packages/glance_store/driver.py:134}}
Jul 12 20:27:32.299549 np0000005099 devstack@g-api.service[99673]: DEBUG glance_store.location [None req-13d3615b-76f2-4f75-89d8-4e6e87907c6c tempest-ServerBootFromVolumeStableRescueTest-1330195307 tempest-ServerBootFromVolumeStableRescueTest-1330195307-project-member] Registering scheme swift+https with {'store': , 'location_class': , 'store_entry': 'swift'} {{(pid=99673) register_scheme_map /opt/stack/data/venv/lib/python3.12/site-packages/glance_store/location.py:146}}
Jul 12 20:27:32.299549 np0000005099 devstack@g-api.service[99673]: DEBUG glance_store.location [None req-13d3615b-76f2-4f75-89d8-4e6e87907c6c tempest-ServerBootFromVolumeStableRescueTest-1330195307 tempest-ServerBootFromVolumeStableRescueTest-1330195307-project-member] Registering scheme swift+https with {'store': , 'location_class': , 'store_entry': 'swift'} {{(pid=99673) register_scheme_map /opt/stack/data/venv/lib/python3.12/site-packages/glance_store/location.py:146}}
Jul 12 20:27:32.299549 np0000005099 devstack@g-api.service[99673]: DEBUG glance_store.location [None req-13d3615b-76f2-4f75-89d8-4e6e87907c6c tempest-ServerBootFromVolumeStableRescueTest-1330195307 tempest-ServerBootFromVolumeStableRescueTest-1330195307-project-member] Registering scheme swift with {'store': , 'location_class': , 'store_entry': 'swift'} {{(pid=99673) register_scheme_map /opt/stack/data/venv/lib/python3.12/site-packages/glance_store/location.py:146}}
Jul 12 20:27:32.299549 np0000005099 devstack@g-api.service[99673]: DEBUG glance_store.location [None req-13d3615b-76f2-4f75-89d8-4e6e87907c6c tempest-ServerBootFromVolumeStableRescueTest-1330195307 tempest-ServerBootFromVolumeStableRescueTest-1330195307-project-member] Registering scheme swift+https with {'store': , 'location_class': , 'store_entry': 'swift'} {{(pid=99673) register_scheme_map /opt/stack/data/venv/lib/python3.12/site-packages/glance_store/location.py:146}}
Jul 12 20:27:32.299549 np0000005099 devstack@g-api.service[99673]: DEBUG glance_store.location [None req-13d3615b-76f2-4f75-89d8-4e6e87907c6c tempest-ServerBootFromVolumeStableRescueTest-1330195307 tempest-ServerBootFromVolumeStableRescueTest-1330195307-project-member] Registering scheme swift with {'store': , 'location_class': , 'store_entry': 'swift'} {{(pid=99673) register_scheme_map /opt/stack/data/venv/lib/python3.12/site-packages/glance_store/location.py:146}}
Jul 12 20:27:32.299875 np0000005099 devstack@g-api.service[99673]: DEBUG glance_store.location [None req-13d3615b-76f2-4f75-89d8-4e6e87907c6c tempest-ServerBootFromVolumeStableRescueTest-1330195307 tempest-ServerBootFromVolumeStableRescueTest-1330195307-project-member] Registering scheme swift+http with {'store': , 'location_class': , 'store_entry': 'swift'} {{(pid=99673) register_scheme_map /opt/stack/data/venv/lib/python3.12/site-packages/glance_store/location.py:146}}
Jul 12 20:27:32.299875 np0000005099 devstack@g-api.service[99673]: DEBUG glance_store.location [None req-13d3615b-76f2-4f75-89d8-4e6e87907c6c tempest-ServerBootFromVolumeStableRescueTest-1330195307 tempest-ServerBootFromVolumeStableRescueTest-1330195307-project-member] Registering scheme swift+https with {'store': , 'location_class': , 'store_entry': 'swift'} {{(pid=99673) register_scheme_map /opt/stack/data/venv/lib/python3.12/site-packages/glance_store/location.py:146}}
Jul 12 20:27:32.299875 np0000005099 devstack@g-api.service[99673]: DEBUG glance_store.location [None req-13d3615b-76f2-4f75-89d8-4e6e87907c6c tempest-ServerBootFromVolumeStableRescueTest-1330195307 tempest-ServerBootFromVolumeStableRescueTest-1330195307-project-member] Registering scheme swift with {'store': , 'location_class': , 'store_entry': 'swift'} {{(pid=99673) register_scheme_map /opt/stack/data/venv/lib/python3.12/site-packages/glance_store/location.py:146}}
Jul 12 20:27:32.299875 np0000005099 devstack@g-api.service[99673]: DEBUG glance_store.location [None req-13d3615b-76f2-4f75-89d8-4e6e87907c6c tempest-ServerBootFromVolumeStableRescueTest-1330195307 tempest-ServerBootFromVolumeStableRescueTest-1330195307-project-member] Registering scheme swift+http with {'store': , 'location_class': , 'store_entry': 'swift'} {{(pid=99673) register_scheme_map /opt/stack/data/venv/lib/python3.12/site-packages/glance_store/location.py:146}}
Jul 12 20:27:32.299875 np0000005099 devstack@g-api.service[99673]: DEBUG glance_store.location [None req-13d3615b-76f2-4f75-89d8-4e6e87907c6c tempest-ServerBootFromVolumeStableRescueTest-1330195307 tempest-ServerBootFromVolumeStableRescueTest-1330195307-project-member] Registering scheme swift+config with {'store': , 'location_class': , 'store_entry': 'swift'} {{(pid=99673) register_scheme_map /opt/stack/data/venv/lib/python3.12/site-packages/glance_store/location.py:146}}
Jul 12 20:27:32.821186 np0000005099 devstack@g-api.service[99673]: DEBUG swiftclient [None req-13d3615b-76f2-4f75-89d8-4e6e87907c6c tempest-ServerBootFromVolumeStableRescueTest-1330195307 tempest-ServerBootFromVolumeStableRescueTest-1330195307-project-member] REQ: curl -i https://10.4.3.144:8080/v1/AUTH_7d0bf75954ef42ccb5b9e25993d2592e/glance -I -H "X-Auth-Token: gAAAAABqU_i0hRxX..." {{(pid=99673) http_log /opt/stack/data/venv/lib/python3.12/site-packages/swiftclient/client.py:160}}
Jul 12 20:27:32.822113 np0000005099 devstack@g-api.service[99673]: DEBUG swiftclient [None req-13d3615b-76f2-4f75-89d8-4e6e87907c6c tempest-ServerBootFromVolumeStableRescueTest-1330195307 tempest-ServerBootFromVolumeStableRescueTest-1330195307-project-member] RESP STATUS: 204 No Content {{(pid=99673) http_log /opt/stack/data/venv/lib/python3.12/site-packages/swiftclient/client.py:161}}
Jul 12 20:27:32.822113 np0000005099 devstack@g-api.service[99673]: DEBUG swiftclient [None req-13d3615b-76f2-4f75-89d8-4e6e87907c6c tempest-ServerBootFromVolumeStableRescueTest-1330195307 tempest-ServerBootFromVolumeStableRescueTest-1330195307-project-member] RESP HEADERS: {'Date': 'Sun, 12 Jul 2026 20:27:32 GMT', 'Server': 'Apache/2.4.58 (Ubuntu)', 'Content-Type': 'text/plain; charset=utf-8', 'X-Container-Object-Count': '5', 'X-Container-Bytes-Used': '87883776', 'X-Timestamp': '1783887829.03338', 'Last-Modified': 'Sun, 12 Jul 2026 20:23:50 GMT', 'Accept-Ranges': 'bytes', 'X-Storage-Policy': 'Policy-0', 'X-Container-Sharding': 'False', 'Vary': 'Accept', 'X-Trans-Id': 'tx882bfee6ec424710a8bee-006a53f8b4', 'X-Openstack-Request-Id': 'tx882bfee6ec424710a8bee-006a53f8b4', 'Connection': 'close'} {{(pid=99673) http_log /opt/stack/data/venv/lib/python3.12/site-packages/swiftclient/client.py:162}}
Jul 12 20:27:32.822113 np0000005099 devstack@g-api.service[99673]: DEBUG glance_store._drivers.swift.store [None req-13d3615b-76f2-4f75-89d8-4e6e87907c6c tempest-ServerBootFromVolumeStableRescueTest-1330195307 tempest-ServerBootFromVolumeStableRescueTest-1330195307-project-member] Adding image object '8c640c4c-b067-45a6-8c7b-e519a38c87d8' to Swift {{(pid=99673) add /opt/stack/data/venv/lib/python3.12/site-packages/glance_store/_drivers/swift/store.py:970}}
Jul 12 20:27:32.822113 np0000005099 devstack@g-api.service[99673]: DEBUG glance_store._drivers.swift.store [None req-13d3615b-76f2-4f75-89d8-4e6e87907c6c tempest-ServerBootFromVolumeStableRescueTest-1330195307 tempest-ServerBootFromVolumeStableRescueTest-1330195307-project-member] Cannot determine image size because it is either not provided in the request or chunked-transfer encoding is used. Adding image as a segmented object to Swift. {{(pid=99673) add /opt/stack/data/venv/lib/python3.12/site-packages/glance_store/_drivers/swift/store.py:994}}
Jul 12 20:27:32.827854 np0000005099 devstack@g-api.service[99673]: DEBUG oslo_utils.imageutils.format_inspector [None req-13d3615b-76f2-4f75-89d8-4e6e87907c6c tempest-ServerBootFromVolumeStableRescueTest-1330195307 tempest-ServerBootFromVolumeStableRescueTest-1330195307-project-member] Format inspector for vmdk does not match, excluding from consideration (Signature KDMV not found: b'QFI\xfb') {{(pid=99673) _process_chunk /opt/stack/data/venv/lib/python3.12/site-packages/oslo_utils/imageutils/format_inspector.py:1758}}
Jul 12 20:27:32.831005 np0000005099 devstack@g-api.service[99673]: DEBUG oslo_utils.imageutils.format_inspector [None req-13d3615b-76f2-4f75-89d8-4e6e87907c6c tempest-ServerBootFromVolumeStableRescueTest-1330195307 tempest-ServerBootFromVolumeStableRescueTest-1330195307-project-member] Format inspector for vhdx does not match, excluding from consideration (Region signature not found at 30000) {{(pid=99673) _process_chunk /opt/stack/data/venv/lib/python3.12/site-packages/oslo_utils/imageutils/format_inspector.py:1758}}
Jul 12 20:27:33.152621 np0000005099 devstack@g-api.service[99674]: DEBUG glance.api.middleware.version_negotiation [None req-b7067644-f98b-4441-9e52-85f4b1d62e76 tempest-ServerBootFromVolumeStableRescueTest-1330195307 tempest-ServerBootFromVolumeStableRescueTest-1330195307-project-member] Determining version of request: GET /v2/images/8c640c4c-b067-45a6-8c7b-e519a38c87d8 Accept: application/json {{(pid=99674) process_request /opt/stack/glance/glance/api/middleware/version_negotiation.py:44}}
Jul 12 20:27:33.152978 np0000005099 devstack@g-api.service[99674]: DEBUG glance.api.middleware.version_negotiation [None req-b7067644-f98b-4441-9e52-85f4b1d62e76 tempest-ServerBootFromVolumeStableRescueTest-1330195307 tempest-ServerBootFromVolumeStableRescueTest-1330195307-project-member] Using url versioning {{(pid=99674) process_request /opt/stack/glance/glance/api/middleware/version_negotiation.py:57}}
Jul 12 20:27:33.152978 np0000005099 devstack@g-api.service[99674]: DEBUG glance.api.middleware.version_negotiation [None req-b7067644-f98b-4441-9e52-85f4b1d62e76 tempest-ServerBootFromVolumeStableRescueTest-1330195307 tempest-ServerBootFromVolumeStableRescueTest-1330195307-project-member] Matched version: v2 {{(pid=99674) process_request /opt/stack/glance/glance/api/middleware/version_negotiation.py:69}}
Jul 12 20:27:33.153199 np0000005099 devstack@g-api.service[99674]: DEBUG glance.api.middleware.version_negotiation [None req-b7067644-f98b-4441-9e52-85f4b1d62e76 tempest-ServerBootFromVolumeStableRescueTest-1330195307 tempest-ServerBootFromVolumeStableRescueTest-1330195307-project-member] new path /v2/images/8c640c4c-b067-45a6-8c7b-e519a38c87d8 {{(pid=99674) process_request /opt/stack/glance/glance/api/middleware/version_negotiation.py:70}}
Jul 12 20:27:33.159787 np0000005099 devstack@g-api.service[99673]: DEBUG swiftclient [None req-13d3615b-76f2-4f75-89d8-4e6e87907c6c tempest-ServerBootFromVolumeStableRescueTest-1330195307 tempest-ServerBootFromVolumeStableRescueTest-1330195307-project-member] REQ: curl -i https://10.4.3.144:8080/v1/AUTH_7d0bf75954ef42ccb5b9e25993d2592e/glance/8c640c4c-b067-45a6-8c7b-e519a38c87d8-00001 -X PUT -H "X-Auth-Token: gAAAAABqU_i0hRxX..." {{(pid=99673) http_log /opt/stack/data/venv/lib/python3.12/site-packages/swiftclient/client.py:160}}
Jul 12 20:27:33.160090 np0000005099 devstack@g-api.service[99673]: DEBUG swiftclient [None req-13d3615b-76f2-4f75-89d8-4e6e87907c6c tempest-ServerBootFromVolumeStableRescueTest-1330195307 tempest-ServerBootFromVolumeStableRescueTest-1330195307-project-member] RESP STATUS: 201 Created {{(pid=99673) http_log /opt/stack/data/venv/lib/python3.12/site-packages/swiftclient/client.py:161}}
Jul 12 20:27:33.160318 np0000005099 devstack@g-api.service[99673]: DEBUG swiftclient [None req-13d3615b-76f2-4f75-89d8-4e6e87907c6c tempest-ServerBootFromVolumeStableRescueTest-1330195307 tempest-ServerBootFromVolumeStableRescueTest-1330195307-project-member] RESP HEADERS: {'Date': 'Sun, 12 Jul 2026 20:27:33 GMT', 'Server': 'Apache/2.4.58 (Ubuntu)', 'Content-Type': 'text/html; charset=UTF-8', 'Content-Length': '0', 'Etag': '4fa343ee581d8d2e78533191fd1ac3e1', 'Last-Modified': 'Sun, 12 Jul 2026 20:27:33 GMT', 'X-Trans-Id': 'tx46ec971bf22149069e8b8-006a53f8b4', 'X-Openstack-Request-Id': 'tx46ec971bf22149069e8b8-006a53f8b4', 'Connection': 'close'} {{(pid=99673) http_log /opt/stack/data/venv/lib/python3.12/site-packages/swiftclient/client.py:162}}
Jul 12 20:27:33.160552 np0000005099 devstack@g-api.service[99673]: DEBUG glance_store._drivers.swift.store [None req-13d3615b-76f2-4f75-89d8-4e6e87907c6c tempest-ServerBootFromVolumeStableRescueTest-1330195307 tempest-ServerBootFromVolumeStableRescueTest-1330195307-project-member] Wrote chunk 8c640c4c-b067-45a6-8c7b-e519a38c87d8-00001 (1/?) of length 23527424 to Swift returning MD5 of content: 4fa343ee581d8d2e78533191fd1ac3e1 {{(pid=99673) add /opt/stack/data/venv/lib/python3.12/site-packages/glance_store/_drivers/swift/store.py:1059}}
Jul 12 20:27:33.160914 np0000005099 devstack@g-api.service[99673]: DEBUG glance_store._drivers.swift.store [None req-13d3615b-76f2-4f75-89d8-4e6e87907c6c tempest-ServerBootFromVolumeStableRescueTest-1330195307 tempest-ServerBootFromVolumeStableRescueTest-1330195307-project-member] Not writing zero-length chunk. {{(pid=99673) add /opt/stack/data/venv/lib/python3.12/site-packages/glance_store/_drivers/swift/store.py:1028}}
Jul 12 20:27:33.167586 np0000005099 devstack@g-api.service[99674]: [pid: 99674|app: 0|req: 58/173] 127.0.0.1 () {40 vars in 838 bytes} [Sun Jul 12 20:27:33 2026] GET /v2/images/8c640c4c-b067-45a6-8c7b-e519a38c87d8 => generated 1471 bytes in 15 msecs (HTTP/1.1 200) 4 headers in 158 bytes (1 switches on core 0)
