Jul 12 20:23:19.267650 np0000005099 nova-scheduler[93451]: DEBUG cotyledon.oslo_config_glue [-] oslo_messaging_rabbit.rabbit_interval_max = 30 {{(pid=93451) log_opt_values /opt/stack/data/venv/lib/python3.12/site-packages/oslo_config/cfg.py:3253}}
Jul 12 20:23:19.267883 np0000005099 nova-scheduler[93451]: DEBUG cotyledon.oslo_config_glue [-] oslo_messaging_rabbit.rabbit_login_method = AMQPLAIN {{(pid=93451) log_opt_values /opt/stack/data/venv/lib/python3.12/site-packages/oslo_config/cfg.py:3253}}
Jul 12 20:23:19.267883 np0000005099 nova-scheduler[93451]: DEBUG cotyledon.oslo_config_glue [-] oslo_messaging_rabbit.rabbit_qos_prefetch_count = 0 {{(pid=93451) log_opt_values /opt/stack/data/venv/lib/python3.12/site-packages/oslo_config/cfg.py:3253}}
Jul 12 20:23:19.267883 np0000005099 nova-scheduler[93451]: DEBUG cotyledon.oslo_config_glue [-] oslo_messaging_rabbit.rabbit_quorum_delivery_limit = 0 {{(pid=93451) log_opt_values /opt/stack/data/venv/lib/python3.12/site-packages/oslo_config/cfg.py:3253}}
Jul 12 20:23:19.267883 np0000005099 nova-scheduler[93451]: DEBUG cotyledon.oslo_config_glue [-] oslo_messaging_rabbit.rabbit_quorum_max_memory_bytes = 0 {{(pid=93451) log_opt_values /opt/stack/data/venv/lib/python3.12/site-packages/oslo_config/cfg.py:3253}}
Jul 12 20:23:19.267883 np0000005099 nova-scheduler[93451]: DEBUG cotyledon.oslo_config_glue [-] oslo_messaging_rabbit.rabbit_quorum_max_memory_length = 0 {{(pid=93451) log_opt_values /opt/stack/data/venv/lib/python3.12/site-packages/oslo_config/cfg.py:3253}}
Jul 12 20:23:19.267883 np0000005099 nova-scheduler[93451]: DEBUG cotyledon.oslo_config_glue [-] oslo_messaging_rabbit.rabbit_quorum_queue = False {{(pid=93451) log_opt_values /opt/stack/data/venv/lib/python3.12/site-packages/oslo_config/cfg.py:3253}}
Jul 12 20:23:19.267883 np0000005099 nova-scheduler[93451]: DEBUG cotyledon.oslo_config_glue [-] oslo_messaging_rabbit.rabbit_retry_backoff = 2 {{(pid=93451) log_opt_values /opt/stack/data/venv/lib/python3.12/site-packages/oslo_config/cfg.py:3253}}
Jul 12 20:23:19.267883 np0000005099 nova-scheduler[93451]: DEBUG cotyledon.oslo_config_glue [-] oslo_messaging_rabbit.rabbit_retry_interval = 1 {{(pid=93451) log_opt_values /opt/stack/data/venv/lib/python3.12/site-packages/oslo_config/cfg.py:3253}}
Jul 12 20:23:19.267883 np0000005099 nova-scheduler[93451]: DEBUG cotyledon.oslo_config_glue [-] oslo_messaging_rabbit.rabbit_stream_fanout = False {{(pid=93451) log_opt_values /opt/stack/data/venv/lib/python3.12/site-packages/oslo_config/cfg.py:3253}}
Jul 12 20:23:19.268143 np0000005099 nova-scheduler[93451]: DEBUG cotyledon.oslo_config_glue [-] oslo_messaging_rabbit.rabbit_transient_queues_ttl = 1800 {{(pid=93451) log_opt_values /opt/stack/data/venv/lib/python3.12/site-packages/oslo_config/cfg.py:3253}}
Jul 12 20:23:19.268143 np0000005099 nova-scheduler[93451]: DEBUG cotyledon.oslo_config_glue [-] oslo_messaging_rabbit.rabbit_transient_quorum_queue = False {{(pid=93451) log_opt_values /opt/stack/data/venv/lib/python3.12/site-packages/oslo_config/cfg.py:3253}}
Jul 12 20:23:19.268143 np0000005099 nova-scheduler[93451]: DEBUG cotyledon.oslo_config_glue [-] oslo_messaging_rabbit.rpc_conn_pool_size = 30 {{(pid=93451) log_opt_values /opt/stack/data/venv/lib/python3.12/site-packages/oslo_config/cfg.py:3253}}
Jul 12 20:23:19.268143 np0000005099 nova-scheduler[93451]: DEBUG cotyledon.oslo_config_glue [-] oslo_messaging_rabbit.ssl = False {{(pid=93451) log_opt_values /opt/stack/data/venv/lib/python3.12/site-packages/oslo_config/cfg.py:3253}}
Jul 12 20:23:19.268143 np0000005099 nova-scheduler[93451]: DEBUG cotyledon.oslo_config_glue [-] oslo_messaging_rabbit.ssl_ca_file = {{(pid=93451) log_opt_values /opt/stack/data/venv/lib/python3.12/site-packages/oslo_config/cfg.py:3253}}
Jul 12 20:23:19.268143 np0000005099 nova-scheduler[93451]: DEBUG cotyledon.oslo_config_glue [-] oslo_messaging_rabbit.ssl_cert_file = {{(pid=93451) log_opt_values /opt/stack/data/venv/lib/python3.12/site-packages/oslo_config/cfg.py:3253}}
Jul 12 20:23:19.268143 np0000005099 nova-scheduler[93451]: DEBUG cotyledon.oslo_config_glue [-] oslo_messaging_rabbit.ssl_enforce_fips_mode = False {{(pid=93451) log_opt_values /opt/stack/data/venv/lib/python3.12/site-packages/oslo_config/cfg.py:3253}}
Jul 12 20:23:19.268143 np0000005099 nova-scheduler[93451]: DEBUG cotyledon.oslo_config_glue [-] oslo_messaging_rabbit.ssl_enforce_hostname_verification = True {{(pid=93451) log_opt_values /opt/stack/data/venv/lib/python3.12/site-packages/oslo_config/cfg.py:3253}}
Jul 12 20:23:19.268143 np0000005099 nova-scheduler[93451]: DEBUG cotyledon.oslo_config_glue [-] oslo_messaging_rabbit.ssl_key_file = {{(pid=93451) log_opt_values /opt/stack/data/venv/lib/python3.12/site-packages/oslo_config/cfg.py:3253}}
Jul 12 20:23:19.268376 np0000005099 nova-scheduler[93451]: DEBUG cotyledon.oslo_config_glue [-] oslo_messaging_rabbit.ssl_version = {{(pid=93451) log_opt_values /opt/stack/data/venv/lib/python3.12/site-packages/oslo_config/cfg.py:3253}}
Jul 12 20:23:19.268376 np0000005099 nova-scheduler[93451]: DEBUG cotyledon.oslo_config_glue [-] oslo_messaging_rabbit.use_queue_manager = False {{(pid=93451) log_opt_values /opt/stack/data/venv/lib/python3.12/site-packages/oslo_config/cfg.py:3253}}
Jul 12 20:23:19.268376 np0000005099 nova-scheduler[93451]: DEBUG cotyledon.oslo_config_glue [-] oslo_messaging_notifications.driver = ['messagingv2'] {{(pid=93451) log_opt_values /opt/stack/data/venv/lib/python3.12/site-packages/oslo_config/cfg.py:3253}}
Jul 12 20:23:19.268376 np0000005099 nova-scheduler[93451]: DEBUG cotyledon.oslo_config_glue [-] oslo_messaging_notifications.retry = -1 {{(pid=93451) log_opt_values /opt/stack/data/venv/lib/python3.12/site-packages/oslo_config/cfg.py:3253}}
Jul 12 20:23:19.268376 np0000005099 nova-scheduler[93451]: DEBUG cotyledon.oslo_config_glue [-] oslo_messaging_notifications.topics = ['notifications'] {{(pid=93451) log_opt_values /opt/stack/data/venv/lib/python3.12/site-packages/oslo_config/cfg.py:3253}}
Jul 12 20:23:19.268376 np0000005099 nova-scheduler[93451]: DEBUG cotyledon.oslo_config_glue [-] oslo_messaging_notifications.transport_url = **** {{(pid=93451) log_opt_values /opt/stack/data/venv/lib/python3.12/site-packages/oslo_config/cfg.py:3253}}
Jul 12 20:23:19.268376 np0000005099 nova-scheduler[93451]: DEBUG cotyledon.oslo_config_glue [-] oslo_limit.auth_section = None {{(pid=93451) log_opt_values /opt/stack/data/venv/lib/python3.12/site-packages/oslo_config/cfg.py:3253}}
Jul 12 20:23:19.268376 np0000005099 nova-scheduler[93451]: DEBUG cotyledon.oslo_config_glue [-] oslo_limit.auth_type = None {{(pid=93451) log_opt_values /opt/stack/data/venv/lib/python3.12/site-packages/oslo_config/cfg.py:3253}}
Jul 12 20:23:19.268376 np0000005099 nova-scheduler[93451]: DEBUG cotyledon.oslo_config_glue [-] oslo_limit.cafile = None {{(pid=93451) log_opt_values /opt/stack/data/venv/lib/python3.12/site-packages/oslo_config/cfg.py:3253}}
Jul 12 20:23:19.268635 np0000005099 nova-scheduler[93451]: DEBUG cotyledon.oslo_config_glue [-] oslo_limit.certfile = None {{(pid=93451) log_opt_values /opt/stack/data/venv/lib/python3.12/site-packages/oslo_config/cfg.py:3253}}
Jul 12 20:23:19.268635 np0000005099 nova-scheduler[93451]: DEBUG cotyledon.oslo_config_glue [-] oslo_limit.collect_timing = False {{(pid=93451) log_opt_values /opt/stack/data/venv/lib/python3.12/site-packages/oslo_config/cfg.py:3253}}
Jul 12 20:23:19.268635 np0000005099 nova-scheduler[93451]: DEBUG cotyledon.oslo_config_glue [-] oslo_limit.connect_retries = None {{(pid=93451) log_opt_values /opt/stack/data/venv/lib/python3.12/site-packages/oslo_config/cfg.py:3253}}
Jul 12 20:23:19.268635 np0000005099 nova-scheduler[93451]: DEBUG cotyledon.oslo_config_glue [-] oslo_limit.connect_retry_delay = None {{(pid=93451) log_opt_values /opt/stack/data/venv/lib/python3.12/site-packages/oslo_config/cfg.py:3253}}
Jul 12 20:23:19.268635 np0000005099 nova-scheduler[93451]: DEBUG cotyledon.oslo_config_glue [-] oslo_limit.endpoint_id = None {{(pid=93451) log_opt_values /opt/stack/data/venv/lib/python3.12/site-packages/oslo_config/cfg.py:3253}}
Jul 12 20:23:19.268635 np0000005099 nova-scheduler[93451]: DEBUG cotyledon.oslo_config_glue [-] oslo_limit.endpoint_interface = public {{(pid=93451) log_opt_values /opt/stack/data/venv/lib/python3.12/site-packages/oslo_config/cfg.py:3253}}
Jul 12 20:23:19.268635 np0000005099 nova-scheduler[93451]: DEBUG cotyledon.oslo_config_glue [-] oslo_limit.endpoint_override = None {{(pid=93451) log_opt_values /opt/stack/data/venv/lib/python3.12/site-packages/oslo_config/cfg.py:3253}}
Jul 12 20:23:19.268635 np0000005099 nova-scheduler[93451]: DEBUG cotyledon.oslo_config_glue [-] oslo_limit.endpoint_region_name = None {{(pid=93451) log_opt_values /opt/stack/data/venv/lib/python3.12/site-packages/oslo_config/cfg.py:3253}}
Jul 12 20:23:19.268635 np0000005099 nova-scheduler[93451]: DEBUG cotyledon.oslo_config_glue [-] oslo_limit.endpoint_service_name = None {{(pid=93451) log_opt_values /opt/stack/data/venv/lib/python3.12/site-packages/oslo_config/cfg.py:3253}}
Jul 12 20:23:19.268881 np0000005099 nova-scheduler[93451]: DEBUG cotyledon.oslo_config_glue [-] oslo_limit.endpoint_service_type = None {{(pid=93451) log_opt_values /opt/stack/data/venv/lib/python3.12/site-packages/oslo_config/cfg.py:3253}}
Jul 12 20:23:19.268881 np0000005099 nova-scheduler[93451]: DEBUG cotyledon.oslo_config_glue [-] oslo_limit.insecure = False {{(pid=93451) log_opt_values /opt/stack/data/venv/lib/python3.12/site-packages/oslo_config/cfg.py:3253}}
Jul 12 20:23:19.268881 np0000005099 nova-scheduler[93451]: DEBUG cotyledon.oslo_config_glue [-] oslo_limit.keyfile = None {{(pid=93451) log_opt_values /opt/stack/data/venv/lib/python3.12/site-packages/oslo_config/cfg.py:3253}}
Jul 12 20:23:19.268881 np0000005099 nova-scheduler[93451]: DEBUG cotyledon.oslo_config_glue [-] oslo_limit.max_version = None {{(pid=93451) log_opt_values /opt/stack/data/venv/lib/python3.12/site-packages/oslo_config/cfg.py:3253}}
Jul 12 20:23:19.268881 np0000005099 nova-scheduler[93451]: DEBUG cotyledon.oslo_config_glue [-] oslo_limit.min_version = None {{(pid=93451) log_opt_values /opt/stack/data/venv/lib/python3.12/site-packages/oslo_config/cfg.py:3253}}
Jul 12 20:23:19.268881 np0000005099 nova-scheduler[93451]: DEBUG cotyledon.oslo_config_glue [-] oslo_limit.region_name = None {{(pid=93451) log_opt_values /opt/stack/data/venv/lib/python3.12/site-packages/oslo_config/cfg.py:3253}}
Jul 12 20:23:19.268881 np0000005099 nova-scheduler[93451]: DEBUG cotyledon.oslo_config_glue [-] oslo_limit.retriable_status_codes = None {{(pid=93451) log_opt_values /opt/stack/data/venv/lib/python3.12/site-packages/oslo_config/cfg.py:3253}}
Jul 12 20:23:19.268881 np0000005099 nova-scheduler[93451]: DEBUG cotyledon.oslo_config_glue [-] oslo_limit.service_name = None {{(pid=93451) log_opt_values /opt/stack/data/venv/lib/python3.12/site-packages/oslo_config/cfg.py:3253}}
Jul 12 20:23:19.268881 np0000005099 nova-scheduler[93451]: DEBUG cotyledon.oslo_config_glue [-] oslo_limit.service_type = None {{(pid=93451) log_opt_values /opt/stack/data/venv/lib/python3.12/site-packages/oslo_config/cfg.py:3253}}
Jul 12 20:23:19.269138 np0000005099 nova-scheduler[93451]: DEBUG cotyledon.oslo_config_glue [-] oslo_limit.split_loggers = False {{(pid=93451) log_opt_values /opt/stack/data/venv/lib/python3.12/site-packages/oslo_config/cfg.py:3253}}
Jul 12 20:23:19.269138 np0000005099 nova-scheduler[93451]: DEBUG cotyledon.oslo_config_glue [-] oslo_limit.status_code_retries = None {{(pid=93451) log_opt_values /opt/stack/data/venv/lib/python3.12/site-packages/oslo_config/cfg.py:3253}}
Jul 12 20:23:19.269138 np0000005099 nova-scheduler[93451]: DEBUG cotyledon.oslo_config_glue [-] oslo_limit.status_code_retry_delay = None {{(pid=93451) log_opt_values /opt/stack/data/venv/lib/python3.12/site-packages/oslo_config/cfg.py:3253}}
Jul 12 20:23:19.269138 np0000005099 nova-scheduler[93451]: DEBUG cotyledon.oslo_config_glue [-] oslo_limit.timeout = None {{(pid=93451) log_opt_values /opt/stack/data/venv/lib/python3.12/site-packages/oslo_config/cfg.py:3253}}
Jul 12 20:23:19.269138 np0000005099 nova-scheduler[93451]: DEBUG cotyledon.oslo_config_glue [-] oslo_limit.valid_interfaces = None {{(pid=93451) log_opt_values /opt/stack/data/venv/lib/python3.12/site-packages/oslo_config/cfg.py:3253}}
Jul 12 20:23:19.269138 np0000005099 nova-scheduler[93451]: DEBUG cotyledon.oslo_config_glue [-] oslo_limit.version = None {{(pid=93451) log_opt_values /opt/stack/data/venv/lib/python3.12/site-packages/oslo_config/cfg.py:3253}}
Jul 12 20:23:19.269138 np0000005099 nova-scheduler[93451]: DEBUG cotyledon.oslo_config_glue [-] oslo_reports.file_event_handler = None {{(pid=93451) log_opt_values /opt/stack/data/venv/lib/python3.12/site-packages/oslo_config/cfg.py:3253}}
Jul 12 20:23:19.269138 np0000005099 nova-scheduler[93451]: DEBUG cotyledon.oslo_config_glue [-] oslo_reports.file_event_handler_interval = 1 {{(pid=93451) log_opt_values /opt/stack/data/venv/lib/python3.12/site-packages/oslo_config/cfg.py:3253}}
Jul 12 20:23:19.269138 np0000005099 nova-scheduler[93451]: DEBUG cotyledon.oslo_config_glue [-] oslo_reports.log_dir = None {{(pid=93451) log_opt_values /opt/stack/data/venv/lib/python3.12/site-packages/oslo_config/cfg.py:3253}}
Jul 12 20:23:19.269371 np0000005099 nova-scheduler[93451]: DEBUG cotyledon.oslo_config_glue [-] ******************************************************************************** {{(pid=93451) log_opt_values /opt/stack/data/venv/lib/python3.12/site-packages/oslo_config/cfg.py:3260}}
Jul 12 20:23:19.269371 np0000005099 nova-scheduler[93451]: DEBUG cotyledon._service_worker [-] Run service ServiceWrapper(2) [93451] {{(pid=93451) wait_forever /opt/stack/data/venv/lib/python3.12/site-packages/cotyledon/_service_worker.py:218}}
Jul 12 20:23:19.269371 np0000005099 nova-scheduler[93451]: INFO nova.service [-] Starting scheduler node (version 33.1.0)
Jul 12 20:23:19.269371 np0000005099 nova-scheduler[93451]: INFO dbcounter [None req-59d36d11-bccb-4ddb-af72-01a4bd8287b9 None None] Registered counter for database nova_cell0
Jul 12 20:23:19.276161 np0000005099 nova-scheduler[93420]: DEBUG oslo_db.sqlalchemy.engines [None req-a37d08a7-911f-4124-a543-fb998b114701 None None] MySQL server mode set to STRICT_TRANS_TABLES,STRICT_ALL_TABLES,NO_ZERO_IN_DATE,NO_ZERO_DATE,ERROR_FOR_DIVISION_BY_ZERO,TRADITIONAL,NO_ENGINE_SUBSTITUTION {{(pid=93420) _check_effective_sql_mode /opt/stack/data/venv/lib/python3.12/site-packages/oslo_db/sqlalchemy/engines.py:325}}
Jul 12 20:23:19.284364 np0000005099 nova-scheduler[93426]: DEBUG oslo_db.sqlalchemy.engines [None req-c5e3c451-30a4-4054-8270-ea2a9a6f1c64 None None] MySQL server mode set to STRICT_TRANS_TABLES,STRICT_ALL_TABLES,NO_ZERO_IN_DATE,NO_ZERO_DATE,ERROR_FOR_DIVISION_BY_ZERO,TRADITIONAL,NO_ENGINE_SUBSTITUTION {{(pid=93426) _check_effective_sql_mode /opt/stack/data/venv/lib/python3.12/site-packages/oslo_db/sqlalchemy/engines.py:325}}
Jul 12 20:23:19.286663 np0000005099 nova-scheduler[93420]: DEBUG dbcounter [-] [93420] Writer thread running {{(pid=93420) stat_writer /opt/stack/data/venv/lib/python3.12/site-packages/dbcounter.py:102}}
Jul 12 20:23:19.295572 np0000005099 nova-scheduler[93426]: DEBUG dbcounter [-] [93426] Writer thread running {{(pid=93426) stat_writer /opt/stack/data/venv/lib/python3.12/site-packages/dbcounter.py:102}}
Jul 12 20:23:19.304584 np0000005099 nova-scheduler[93420]: DEBUG nova.service [None req-a37d08a7-911f-4124-a543-fb998b114701 None None] Creating RPC server for service: nova-scheduler on topic: scheduler {{(pid=93420) start /opt/stack/nova/nova/service.py:196}}
Jul 12 20:23:19.311694 np0000005099 nova-scheduler[93426]: DEBUG nova.service [None req-c5e3c451-30a4-4054-8270-ea2a9a6f1c64 None None] Creating RPC server for service: nova-scheduler on topic: scheduler {{(pid=93426) start /opt/stack/nova/nova/service.py:196}}
Jul 12 20:23:19.324093 np0000005099 nova-scheduler[93451]: DEBUG oslo_db.sqlalchemy.engines [None req-59d36d11-bccb-4ddb-af72-01a4bd8287b9 None None] MySQL server mode set to STRICT_TRANS_TABLES,STRICT_ALL_TABLES,NO_ZERO_IN_DATE,NO_ZERO_DATE,ERROR_FOR_DIVISION_BY_ZERO,TRADITIONAL,NO_ENGINE_SUBSTITUTION {{(pid=93451) _check_effective_sql_mode /opt/stack/data/venv/lib/python3.12/site-packages/oslo_db/sqlalchemy/engines.py:325}}
Jul 12 20:23:19.335772 np0000005099 nova-scheduler[93426]: DEBUG nova.service [None req-c5e3c451-30a4-4054-8270-ea2a9a6f1c64 None None] Join ServiceGroup membership for this service scheduler {{(pid=93426) start /opt/stack/nova/nova/service.py:222}}
Jul 12 20:23:19.336011 np0000005099 nova-scheduler[93426]: DEBUG nova.servicegroup.drivers.db [None req-c5e3c451-30a4-4054-8270-ea2a9a6f1c64 None None] DB_Driver: join new ServiceGroup member np0000005099 to the scheduler group, service = {{(pid=93426) join /opt/stack/nova/nova/servicegroup/drivers/db.py:44}}
Jul 12 20:23:19.336711 np0000005099 nova-scheduler[93420]: DEBUG nova.service [None req-a37d08a7-911f-4124-a543-fb998b114701 None None] Join ServiceGroup membership for this service scheduler {{(pid=93420) start /opt/stack/nova/nova/service.py:222}}
Jul 12 20:23:19.336832 np0000005099 nova-scheduler[93451]: DEBUG dbcounter [-] [93451] Writer thread running {{(pid=93451) stat_writer /opt/stack/data/venv/lib/python3.12/site-packages/dbcounter.py:102}}
Jul 12 20:23:19.336922 np0000005099 nova-scheduler[93420]: DEBUG nova.servicegroup.drivers.db [None req-a37d08a7-911f-4124-a543-fb998b114701 None None] DB_Driver: join new ServiceGroup member np0000005099 to the scheduler group, service = {{(pid=93420) join /opt/stack/nova/nova/servicegroup/drivers/db.py:44}}
Jul 12 20:23:19.340128 np0000005099 nova-scheduler[93451]: DEBUG nova.service [None req-59d36d11-bccb-4ddb-af72-01a4bd8287b9 None None] Creating RPC server for service: nova-scheduler on topic: scheduler {{(pid=93451) start /opt/stack/nova/nova/service.py:196}}
Jul 12 20:23:19.357154 np0000005099 nova-scheduler[93451]: DEBUG nova.service [None req-59d36d11-bccb-4ddb-af72-01a4bd8287b9 None None] Join ServiceGroup membership for this service scheduler {{(pid=93451) start /opt/stack/nova/nova/service.py:222}}
Jul 12 20:23:19.357346 np0000005099 nova-scheduler[93451]: DEBUG nova.servicegroup.drivers.db [None req-59d36d11-bccb-4ddb-af72-01a4bd8287b9 None None] DB_Driver: join new ServiceGroup member np0000005099 to the scheduler group, service = {{(pid=93451) join /opt/stack/nova/nova/servicegroup/drivers/db.py:44}}
Jul 12 20:23:21.338839 np0000005099 nova-scheduler[93420]: DEBUG oslo.service.backend._threading.loopingcall [None req-72a5151b-4b21-475d-a831-6e1499572b67 None None] Dynamic interval looping call 'nova.service.Service.periodic_tasks' sleeping for 60.00 seconds {{(pid=93420) _run_loop /opt/stack/data/venv/lib/python3.12/site-packages/oslo_service/backend/_threading/loopingcall.py:125}}
Jul 12 20:23:24.351036 np0000005099 nova-scheduler[93426]: DEBUG oslo.service.backend._threading.loopingcall [-] Fixed interval looping call 'nova.servicegroup.drivers.db.DbDriver._report_state' sleeping for 119.99 seconds {{(pid=93426) _run_loop /opt/stack/data/venv/lib/python3.12/site-packages/oslo_service/backend/_threading/loopingcall.py:125}}
Jul 12 20:23:24.351365 np0000005099 nova-scheduler[93420]: DEBUG oslo.service.backend._threading.loopingcall [-] Fixed interval looping call 'nova.servicegroup.drivers.db.DbDriver._report_state' sleeping for 119.99 seconds {{(pid=93420) _run_loop /opt/stack/data/venv/lib/python3.12/site-packages/oslo_service/backend/_threading/loopingcall.py:125}}
Jul 12 20:23:24.374651 np0000005099 nova-scheduler[93451]: DEBUG oslo.service.backend._threading.loopingcall [-] Fixed interval looping call 'nova.servicegroup.drivers.db.DbDriver._report_state' sleeping for 119.98 seconds {{(pid=93451) _run_loop /opt/stack/data/venv/lib/python3.12/site-packages/oslo_service/backend/_threading/loopingcall.py:125}}
Jul 12 20:23:27.889585 np0000005099 nova-scheduler[92176]: DEBUG dbcounter [-] [92176] Writing DB stats nova_api:SELECT=3 {{(pid=92176) stat_writer /opt/stack/data/venv/lib/python3.12/site-packages/dbcounter.py:115}}
Jul 12 20:23:28.025023 np0000005099 nova-scheduler[92176]: DEBUG dbcounter [-] [92176] Writing DB stats nova_cell0:SELECT=1 {{(pid=92176) stat_writer /opt/stack/data/venv/lib/python3.12/site-packages/dbcounter.py:115}}
Jul 12 20:23:28.029857 np0000005099 nova-scheduler[92176]: DEBUG dbcounter [-] [92176] Writing DB stats nova_cell1:SELECT=1 {{(pid=92176) stat_writer /opt/stack/data/venv/lib/python3.12/site-packages/dbcounter.py:115}}
Jul 12 20:23:34.346395 np0000005099 nova-scheduler[93426]: DEBUG dbcounter [-] [93426] Writing DB stats nova_cell0:SELECT=5,nova_cell0:INSERT=1,nova_cell0:UPDATE=1 {{(pid=93426) stat_writer /opt/stack/data/venv/lib/python3.12/site-packages/dbcounter.py:115}}
Jul 12 20:23:34.346819 np0000005099 nova-scheduler[93420]: DEBUG dbcounter [-] [93420] Writing DB stats nova_cell0:SELECT=4,nova_cell0:INSERT=1,nova_cell0:UPDATE=1 {{(pid=93420) stat_writer /opt/stack/data/venv/lib/python3.12/site-packages/dbcounter.py:115}}
Jul 12 20:23:34.369004 np0000005099 nova-scheduler[93451]: DEBUG dbcounter [-] [93451] Writing DB stats nova_cell0:SELECT=3 {{(pid=93451) stat_writer /opt/stack/data/venv/lib/python3.12/site-packages/dbcounter.py:115}}
Jul 12 20:23:44.359822 np0000005099 nova-scheduler[93451]: DEBUG oslo.service.backend._threading.loopingcall [None req-305f0bf2-c2e3-4e93-bb0f-5a83c7c6d0eb None None] Dynamic interval looping call 'nova.service.Service.periodic_tasks' sleeping for 60.00 seconds {{(pid=93451) _run_loop /opt/stack/data/venv/lib/python3.12/site-packages/oslo_service/backend/_threading/loopingcall.py:125}}
Jul 12 20:24:07.338542 np0000005099 nova-scheduler[93426]: DEBUG oslo.service.backend._threading.loopingcall [None req-53b16eb2-4d0a-47a7-81a3-32256bbf6704 None None] Dynamic interval looping call 'nova.service.Service.periodic_tasks' sleeping for 60.00 seconds {{(pid=93426) _run_loop /opt/stack/data/venv/lib/python3.12/site-packages/oslo_service/backend/_threading/loopingcall.py:125}}
Jul 12 20:24:21.339369 np0000005099 nova-scheduler[93420]: DEBUG oslo.service.backend._threading.loopingcall [None req-72a5151b-4b21-475d-a831-6e1499572b67 None None] Dynamic interval looping call 'nova.service.Service.periodic_tasks' sleeping for 60.00 seconds {{(pid=93420) _run_loop /opt/stack/data/venv/lib/python3.12/site-packages/oslo_service/backend/_threading/loopingcall.py:125}}
Jul 12 20:24:44.360369 np0000005099 nova-scheduler[93451]: DEBUG oslo.service.backend._threading.loopingcall [None req-305f0bf2-c2e3-4e93-bb0f-5a83c7c6d0eb None None] Dynamic interval looping call 'nova.service.Service.periodic_tasks' sleeping for 60.00 seconds {{(pid=93451) _run_loop /opt/stack/data/venv/lib/python3.12/site-packages/oslo_service/backend/_threading/loopingcall.py:125}}
Jul 12 20:25:07.339207 np0000005099 nova-scheduler[93426]: DEBUG oslo.service.backend._threading.loopingcall [None req-53b16eb2-4d0a-47a7-81a3-32256bbf6704 None None] Dynamic interval looping call 'nova.service.Service.periodic_tasks' sleeping for 60.00 seconds {{(pid=93426) _run_loop /opt/stack/data/venv/lib/python3.12/site-packages/oslo_service/backend/_threading/loopingcall.py:125}}
Jul 12 20:25:21.339980 np0000005099 nova-scheduler[93420]: DEBUG oslo.service.backend._threading.loopingcall [None req-72a5151b-4b21-475d-a831-6e1499572b67 None None] Dynamic interval looping call 'nova.service.Service.periodic_tasks' sleeping for 60.00 seconds {{(pid=93420) _run_loop /opt/stack/data/venv/lib/python3.12/site-packages/oslo_service/backend/_threading/loopingcall.py:125}}
Jul 12 20:25:24.348627 np0000005099 nova-scheduler[93426]: DEBUG oslo.service.backend._threading.loopingcall [-] Fixed interval looping call 'nova.servicegroup.drivers.db.DbDriver._report_state' sleeping for 119.99 seconds {{(pid=93426) _run_loop /opt/stack/data/venv/lib/python3.12/site-packages/oslo_service/backend/_threading/loopingcall.py:125}}
Jul 12 20:25:24.349099 np0000005099 nova-scheduler[93420]: DEBUG oslo.service.backend._threading.loopingcall [-] Fixed interval looping call 'nova.servicegroup.drivers.db.DbDriver._report_state' sleeping for 119.99 seconds {{(pid=93420) _run_loop /opt/stack/data/venv/lib/python3.12/site-packages/oslo_service/backend/_threading/loopingcall.py:125}}
Jul 12 20:25:24.358281 np0000005099 nova-scheduler[93451]: DEBUG oslo.service.backend._threading.loopingcall [-] Fixed interval looping call 'nova.servicegroup.drivers.db.DbDriver._report_state' sleeping for 120.00 seconds {{(pid=93451) _run_loop /opt/stack/data/venv/lib/python3.12/site-packages/oslo_service/backend/_threading/loopingcall.py:125}}
Jul 12 20:25:34.345268 np0000005099 nova-scheduler[93426]: DEBUG dbcounter [-] [93426] Writing DB stats nova_cell0:SELECT=1,nova_cell0:UPDATE=1 {{(pid=93426) stat_writer /opt/stack/data/venv/lib/python3.12/site-packages/dbcounter.py:115}}
Jul 12 20:25:34.345740 np0000005099 nova-scheduler[93420]: DEBUG dbcounter [-] [93420] Writing DB stats nova_cell0:SELECT=1,nova_cell0:UPDATE=1 {{(pid=93420) stat_writer /opt/stack/data/venv/lib/python3.12/site-packages/dbcounter.py:115}}
Jul 12 20:25:34.357359 np0000005099 nova-scheduler[93451]: DEBUG dbcounter [-] [93451] Writing DB stats nova_cell0:SELECT=1 {{(pid=93451) stat_writer /opt/stack/data/venv/lib/python3.12/site-packages/dbcounter.py:115}}
Jul 12 20:25:44.361018 np0000005099 nova-scheduler[93451]: DEBUG oslo.service.backend._threading.loopingcall [None req-305f0bf2-c2e3-4e93-bb0f-5a83c7c6d0eb None None] Dynamic interval looping call 'nova.service.Service.periodic_tasks' sleeping for 60.00 seconds {{(pid=93451) _run_loop /opt/stack/data/venv/lib/python3.12/site-packages/oslo_service/backend/_threading/loopingcall.py:125}}
Jul 12 20:26:00.151769 np0000005099 nova-scheduler[93426]: DEBUG nova.scheduler.manager [None req-7a6aada7-c154-493b-b54c-340847c55714 tempest-ServerActionsTestOtherB-70830687 tempest-ServerActionsTestOtherB-70830687-project-member] Starting to schedule for instances: ['8e07deb0-9ddf-4ca9-aaef-d193c8e47669'] {{(pid=93426) select_destinations /opt/stack/nova/nova/scheduler/manager.py:209}}
Jul 12 20:26:00.153281 np0000005099 nova-scheduler[93426]: DEBUG nova.scheduler.request_filter [None req-7a6aada7-c154-493b-b54c-340847c55714 tempest-ServerActionsTestOtherB-70830687 tempest-ServerActionsTestOtherB-70830687-project-member] compute_status_filter request filter added forbidden trait COMPUTE_STATUS_DISABLED {{(pid=93426) compute_status_filter /opt/stack/nova/nova/scheduler/request_filter.py:253}}
Jul 12 20:26:00.153281 np0000005099 nova-scheduler[93426]: DEBUG nova.scheduler.request_filter [None req-7a6aada7-c154-493b-b54c-340847c55714 tempest-ServerActionsTestOtherB-70830687 tempest-ServerActionsTestOtherB-70830687-project-member] Request filter 'compute_status_filter' took 0.0 seconds {{(pid=93426) wrapper /opt/stack/nova/nova/scheduler/request_filter.py:46}}
Jul 12 20:26:00.153867 np0000005099 nova-scheduler[93426]: DEBUG nova.scheduler.request_filter [None req-7a6aada7-c154-493b-b54c-340847c55714 tempest-ServerActionsTestOtherB-70830687 tempest-ServerActionsTestOtherB-70830687-project-member] Request filter 'accelerators_filter' took 0.0 seconds {{(pid=93426) wrapper /opt/stack/nova/nova/scheduler/request_filter.py:46}}
Jul 12 20:26:00.154149 np0000005099 nova-scheduler[93426]: DEBUG nova.scheduler.request_filter [None req-7a6aada7-c154-493b-b54c-340847c55714 tempest-ServerActionsTestOtherB-70830687 tempest-ServerActionsTestOtherB-70830687-project-member] Request filter 'packed_virtqueue_filter' took 0.0 seconds {{(pid=93426) wrapper /opt/stack/nova/nova/scheduler/request_filter.py:46}}
Jul 12 20:26:00.154632 np0000005099 nova-scheduler[93426]: DEBUG nova.scheduler.request_filter [None req-7a6aada7-c154-493b-b54c-340847c55714 tempest-ServerActionsTestOtherB-70830687 tempest-ServerActionsTestOtherB-70830687-project-member] Request filter 'remote_managed_ports_filter' took 0.0 seconds {{(pid=93426) wrapper /opt/stack/nova/nova/scheduler/request_filter.py:46}}
Jul 12 20:26:00.157593 np0000005099 nova-scheduler[93426]: DEBUG nova.scheduler.request_filter [None req-7a6aada7-c154-493b-b54c-340847c55714 tempest-ServerActionsTestOtherB-70830687 tempest-ServerActionsTestOtherB-70830687-project-member] ephemeral_encryption_filter skipped {{(pid=93426) ephemeral_encryption_filter /opt/stack/nova/nova/scheduler/request_filter.py:426}}
Jul 12 20:26:00.157593 np0000005099 nova-scheduler[93426]: DEBUG nova.scheduler.request_filter [None req-7a6aada7-c154-493b-b54c-340847c55714 tempest-ServerActionsTestOtherB-70830687 tempest-ServerActionsTestOtherB-70830687-project-member] virtio_sound_filter skipped {{(pid=93426) virtio_sound_filter /opt/stack/nova/nova/scheduler/request_filter.py:460}}
Jul 12 20:26:00.157593 np0000005099 nova-scheduler[93426]: DEBUG nova.scheduler.request_filter [None req-7a6aada7-c154-493b-b54c-340847c55714 tempest-ServerActionsTestOtherB-70830687 tempest-ServerActionsTestOtherB-70830687-project-member] tpm_secret_security_filter skipped {{(pid=93426) tpm_secret_security_filter /opt/stack/nova/nova/scheduler/request_filter.py:477}}
Jul 12 20:26:00.699974 np0000005099 nova-scheduler[93420]: DEBUG nova.scheduler.manager [None req-fb66ca83-ebc5-4096-9476-c421c54ddb3a tempest-AttachVolumeShelveTestJSON-1873971314 tempest-AttachVolumeShelveTestJSON-1873971314-project-member] Starting to schedule for instances: ['e848e283-6d0c-435d-9304-834059e879c7'] {{(pid=93420) select_destinations /opt/stack/nova/nova/scheduler/manager.py:209}}
Jul 12 20:26:00.699974 np0000005099 nova-scheduler[93420]: DEBUG nova.scheduler.request_filter [None req-fb66ca83-ebc5-4096-9476-c421c54ddb3a tempest-AttachVolumeShelveTestJSON-1873971314 tempest-AttachVolumeShelveTestJSON-1873971314-project-member] compute_status_filter request filter added forbidden trait COMPUTE_STATUS_DISABLED {{(pid=93420) compute_status_filter /opt/stack/nova/nova/scheduler/request_filter.py:253}}
Jul 12 20:26:00.699974 np0000005099 nova-scheduler[93420]: DEBUG nova.scheduler.request_filter [None req-fb66ca83-ebc5-4096-9476-c421c54ddb3a tempest-AttachVolumeShelveTestJSON-1873971314 tempest-AttachVolumeShelveTestJSON-1873971314-project-member] Request filter 'compute_status_filter' took 0.0 seconds {{(pid=93420) wrapper /opt/stack/nova/nova/scheduler/request_filter.py:46}}
Jul 12 20:26:00.699974 np0000005099 nova-scheduler[93420]: DEBUG nova.scheduler.request_filter [None req-fb66ca83-ebc5-4096-9476-c421c54ddb3a tempest-AttachVolumeShelveTestJSON-1873971314 tempest-AttachVolumeShelveTestJSON-1873971314-project-member] Request filter 'accelerators_filter' took 0.0 seconds {{(pid=93420) wrapper /opt/stack/nova/nova/scheduler/request_filter.py:46}}
Jul 12 20:26:00.700651 np0000005099 nova-scheduler[93420]: DEBUG nova.scheduler.request_filter [None req-fb66ca83-ebc5-4096-9476-c421c54ddb3a tempest-AttachVolumeShelveTestJSON-1873971314 tempest-AttachVolumeShelveTestJSON-1873971314-project-member] Request filter 'packed_virtqueue_filter' took 0.0 seconds {{(pid=93420) wrapper /opt/stack/nova/nova/scheduler/request_filter.py:46}}
Jul 12 20:26:00.700651 np0000005099 nova-scheduler[93420]: DEBUG nova.scheduler.request_filter [None req-fb66ca83-ebc5-4096-9476-c421c54ddb3a tempest-AttachVolumeShelveTestJSON-1873971314 tempest-AttachVolumeShelveTestJSON-1873971314-project-member] Request filter 'remote_managed_ports_filter' took 0.0 seconds {{(pid=93420) wrapper /opt/stack/nova/nova/scheduler/request_filter.py:46}}
Jul 12 20:26:00.700651 np0000005099 nova-scheduler[93420]: DEBUG nova.scheduler.request_filter [None req-fb66ca83-ebc5-4096-9476-c421c54ddb3a tempest-AttachVolumeShelveTestJSON-1873971314 tempest-AttachVolumeShelveTestJSON-1873971314-project-member] ephemeral_encryption_filter skipped {{(pid=93420) ephemeral_encryption_filter /opt/stack/nova/nova/scheduler/request_filter.py:426}}
Jul 12 20:26:00.700862 np0000005099 nova-scheduler[93420]: DEBUG nova.scheduler.request_filter [None req-fb66ca83-ebc5-4096-9476-c421c54ddb3a tempest-AttachVolumeShelveTestJSON-1873971314 tempest-AttachVolumeShelveTestJSON-1873971314-project-member] virtio_sound_filter skipped {{(pid=93420) virtio_sound_filter /opt/stack/nova/nova/scheduler/request_filter.py:460}}
Jul 12 20:26:00.701085 np0000005099 nova-scheduler[93420]: DEBUG nova.scheduler.request_filter [None req-fb66ca83-ebc5-4096-9476-c421c54ddb3a tempest-AttachVolumeShelveTestJSON-1873971314 tempest-AttachVolumeShelveTestJSON-1873971314-project-member] tpm_secret_security_filter skipped {{(pid=93420) tpm_secret_security_filter /opt/stack/nova/nova/scheduler/request_filter.py:477}}
Jul 12 20:26:00.864342 np0000005099 nova-scheduler[93426]: INFO nova.utils [None req-7a6aada7-c154-493b-b54c-340847c55714 tempest-ServerActionsTestOtherB-70830687 tempest-ServerActionsTestOtherB-70830687-project-member] The cell worker thread pool ForkProcess-2.cell_worker is initialized
Jul 12 20:26:00.864527 np0000005099 nova-scheduler[93426]: DEBUG oslo_concurrency.lockutils [None req-7a6aada7-c154-493b-b54c-340847c55714 tempest-ServerActionsTestOtherB-70830687 tempest-ServerActionsTestOtherB-70830687-project-member] Acquiring lock "4fb705f2-c5d8-4eb3-bfa4-6c5cb157133c" by "nova.context.set_target_cell..get_or_set_cached_cell_and_set_connections" {{(pid=93426) inner /opt/stack/data/venv/lib/python3.12/site-packages/oslo_concurrency/lockutils.py:511}}
Jul 12 20:26:00.865094 np0000005099 nova-scheduler[93426]: DEBUG oslo_concurrency.lockutils [None req-7a6aada7-c154-493b-b54c-340847c55714 tempest-ServerActionsTestOtherB-70830687 tempest-ServerActionsTestOtherB-70830687-project-member] Lock "4fb705f2-c5d8-4eb3-bfa4-6c5cb157133c" acquired by "nova.context.set_target_cell..get_or_set_cached_cell_and_set_connections" :: waited 0.000s {{(pid=93426) inner /opt/stack/data/venv/lib/python3.12/site-packages/oslo_concurrency/lockutils.py:524}}
Jul 12 20:26:00.866691 np0000005099 nova-scheduler[93426]: DEBUG oslo_concurrency.lockutils [None req-7a6aada7-c154-493b-b54c-340847c55714 tempest-ServerActionsTestOtherB-70830687 tempest-ServerActionsTestOtherB-70830687-project-member] Lock "4fb705f2-c5d8-4eb3-bfa4-6c5cb157133c" "released" by "nova.context.set_target_cell..get_or_set_cached_cell_and_set_connections" :: held 0.002s {{(pid=93426) inner /opt/stack/data/venv/lib/python3.12/site-packages/oslo_concurrency/lockutils.py:543}}
Jul 12 20:26:00.869804 np0000005099 nova-scheduler[93426]: INFO dbcounter [None req-7a6aada7-c154-493b-b54c-340847c55714 tempest-ServerActionsTestOtherB-70830687 tempest-ServerActionsTestOtherB-70830687-project-member] Registered counter for database nova_cell1
Jul 12 20:26:00.916723 np0000005099 nova-scheduler[93426]: DEBUG oslo_db.sqlalchemy.engines [None req-7a6aada7-c154-493b-b54c-340847c55714 tempest-ServerActionsTestOtherB-70830687 tempest-ServerActionsTestOtherB-70830687-project-member] MySQL server mode set to STRICT_TRANS_TABLES,STRICT_ALL_TABLES,NO_ZERO_IN_DATE,NO_ZERO_DATE,ERROR_FOR_DIVISION_BY_ZERO,TRADITIONAL,NO_ENGINE_SUBSTITUTION {{(pid=93426) _check_effective_sql_mode /opt/stack/data/venv/lib/python3.12/site-packages/oslo_db/sqlalchemy/engines.py:325}}
Jul 12 20:26:00.924205 np0000005099 nova-scheduler[93426]: DEBUG dbcounter [-] [93426] Writer thread running {{(pid=93426) stat_writer /opt/stack/data/venv/lib/python3.12/site-packages/dbcounter.py:102}}
Jul 12 20:26:00.938281 np0000005099 nova-scheduler[93426]: DEBUG oslo_db.sqlalchemy.engines [None req-7a6aada7-c154-493b-b54c-340847c55714 tempest-ServerActionsTestOtherB-70830687 tempest-ServerActionsTestOtherB-70830687-project-member] Parent process 92176 forked (93426) with an open database connection, which is being discarded and recreated. {{(pid=93426) checkout /opt/stack/data/venv/lib/python3.12/site-packages/oslo_db/sqlalchemy/engines.py:402}}
Jul 12 20:26:00.977209 np0000005099 nova-scheduler[93426]: DEBUG dbcounter [-] [93426] Writer thread running {{(pid=93426) stat_writer /opt/stack/data/venv/lib/python3.12/site-packages/dbcounter.py:102}}
Jul 12 20:26:00.980638 np0000005099 nova-scheduler[93426]: DEBUG oslo_concurrency.lockutils [None req-7a6aada7-c154-493b-b54c-340847c55714 tempest-ServerActionsTestOtherB-70830687 tempest-ServerActionsTestOtherB-70830687-project-member] Acquiring lock "4fb705f2-c5d8-4eb3-bfa4-6c5cb157133c" by "nova.context.set_target_cell..get_or_set_cached_cell_and_set_connections" {{(pid=93426) inner /opt/stack/data/venv/lib/python3.12/site-packages/oslo_concurrency/lockutils.py:511}}
Jul 12 20:26:00.980789 np0000005099 nova-scheduler[93426]: DEBUG oslo_concurrency.lockutils [None req-7a6aada7-c154-493b-b54c-340847c55714 tempest-ServerActionsTestOtherB-70830687 tempest-ServerActionsTestOtherB-70830687-project-member] Lock "4fb705f2-c5d8-4eb3-bfa4-6c5cb157133c" acquired by "nova.context.set_target_cell..get_or_set_cached_cell_and_set_connections" :: waited 0.000s {{(pid=93426) inner /opt/stack/data/venv/lib/python3.12/site-packages/oslo_concurrency/lockutils.py:524}}
Jul 12 20:26:00.981219 np0000005099 nova-scheduler[93426]: DEBUG oslo_concurrency.lockutils [None req-7a6aada7-c154-493b-b54c-340847c55714 tempest-ServerActionsTestOtherB-70830687 tempest-ServerActionsTestOtherB-70830687-project-member] Lock "4fb705f2-c5d8-4eb3-bfa4-6c5cb157133c" "released" by "nova.context.set_target_cell..get_or_set_cached_cell_and_set_connections" :: held 0.000s {{(pid=93426) inner /opt/stack/data/venv/lib/python3.12/site-packages/oslo_concurrency/lockutils.py:543}}
Jul 12 20:26:00.984739 np0000005099 nova-scheduler[93426]: DEBUG oslo_concurrency.lockutils [None req-7a6aada7-c154-493b-b54c-340847c55714 tempest-ServerActionsTestOtherB-70830687 tempest-ServerActionsTestOtherB-70830687-project-member] Acquiring lock "np0000005099-np0000005099" by "nova.scheduler.host_manager.HostState.update.._locked_update" {{(pid=93426) inner /opt/stack/data/venv/lib/python3.12/site-packages/oslo_concurrency/lockutils.py:511}}
Jul 12 20:26:00.985018 np0000005099 nova-scheduler[93426]: DEBUG oslo_concurrency.lockutils [None req-7a6aada7-c154-493b-b54c-340847c55714 tempest-ServerActionsTestOtherB-70830687 tempest-ServerActionsTestOtherB-70830687-project-member] Lock "np0000005099-np0000005099" acquired by "nova.scheduler.host_manager.HostState.update.._locked_update" :: waited 0.000s {{(pid=93426) inner /opt/stack/data/venv/lib/python3.12/site-packages/oslo_concurrency/lockutils.py:524}}
Jul 12 20:26:00.986062 np0000005099 nova-scheduler[93426]: DEBUG nova.scheduler.host_manager [None req-7a6aada7-c154-493b-b54c-340847c55714 tempest-ServerActionsTestOtherB-70830687 tempest-ServerActionsTestOtherB-70830687-project-member] Update host state from compute node: ComputeNode(cpu_allocation_ratio=4.0,cpu_info='{"arch": "x86_64", "model": "EPYC-Milan", "vendor": "AMD", "topology": {"cells": 1, "sockets": 16, "cores": 1, "threads": 1}, "maxphysaddr": {"mode": "emulate", "bits": 40}, "features": ["svme-addr-chk", "aes", "skip-l1dfl-vmentry", "sse", "mce", "xgetbv1", "bmi2", "nrip-save", "no-nested-data-bp", "sse2", "virt-ssbd", "pse36", "3dnowprefetch", "rdctl-no", "fpu", "fma", "sha-ni", "fsgsbase", "ibrs", "mmxext", "xsaveerptr", "pfthreshold", "xsaveopt", "lfence-always-serializing", "flushbyasid", "popcnt", "erms", "pni", "pae", "hypervisor", "mmx", "arat", "bmi1", "cx8", "null-sel-clr-base", "apic", "vgif", "tsc-deadline", "sse4a", "gds-no", "vme", "tsc", "pclmuldq", "lahf_lm", "lbrv", "pse", "rdpid", "abm", "adx", "arch-capabilities", "msr", "spec-ctrl", "ssse3", "clflushopt", "pcid", "rdtscp", "pdpe1gb", "f16c", "clflush", "fxsr_opt", "lm", "fsrm", "osvw", "clwb", "stibp-always-on", "invpcid", "cmov", "movbe", "ssbd", "topoext", "x2apic", "pschange-mc-no", "pat", "stibp", "rdseed", "sep", "wbnoinvd", "xsave", "tsc-scale", "mtrr", "amd-psfd", "amd-ssbd", "xsaves", "sse4.1", "vaes", "vmcb-clean", "rdrand", "mds-no", "fxsr", "mca", "avx2", "xsavec", "pku", "tsc_adjust", "amd-stibp", "syscall", "npt", "perfctr_core", "svm", "cmp_legacy", "de", "clzero", "sse4.2", "smep", "misalignsse", "nx", "avx", "vpclmulqdq", "pause-filter", "pge", "v-vmsave-vmload", "umip", "ibpb", "smap", "cx16", "cr8legacy"]}',created_at=2026-07-12T20:23:41Z,current_workload=0,deleted=False,deleted_at=None,disk_allocation_ratio=1.0,disk_available_least=73,free_disk_gb=95,free_ram_mb=62765,host='np0000005099',host_ip=10.4.3.144,hypervisor_hostname='np0000005099',hypervisor_type='QEMU',hypervisor_version=8002002,id=1,local_gb=95,local_gb_used=0,mapped=1,memory_mb=63277,memory_mb_used=512,metrics='[]',numa_topology='{"nova_object.name": "NUMATopology", "nova_object.namespace": "nova", "nova_object.version": "1.2", "nova_object.data": {"cells": [{"nova_object.name": "NUMACell", "nova_object.namespace": "nova", "nova_object.version": "1.5", "nova_object.data": {"id": 0, "cpuset": [0, 1, 2, 3, 4, 5, 6, 7, 8, 9, 10, 11, 12, 13, 14, 15], "pcpuset": [0, 1, 2, 3, 4, 5, 6, 7, 8, 9, 10, 11, 12, 13, 14, 15], "memory": 63277, "cpu_usage": 0, "memory_usage": 0, "pinned_cpus": [], "siblings": [[6], [12], [2], [15], [5], [11], [8], [14], [4], [1], [7], [10], [0], [13], [3], [9]], "mempages": [{"nova_object.name": "NUMAPagesTopology", "nova_object.namespace": "nova", "nova_object.version": "1.1", "nova_object.data": {"size_kb": 4, "total": 16177929, "used": 0, "reserved": 0}, "nova_object.changes": ["total", "used", "size_kb", "reserved"]}, {"nova_object.name": "NUMAPagesTopology", "nova_object.namespace": "nova", "nova_object.version": "1.1", "nova_object.data": {"size_kb": 2048, "total": 41, "used": 0, "reserved": 0}, "nova_object.changes": ["total", "used", "size_kb", "reserved"]}, {"nova_object.name": "NUMAPagesTopology", "nova_object.namespace": "nova", "nova_object.version": "1.1", "nova_object.data": {"size_kb": 1048576, "total": 0, "used": 0, "reserved": 0}, "nova_object.changes": ["total", "used", "size_kb", "reserved"]}], "network_metadata": {"nova_object.name": "NetworkMetadata", "nova_object.namespace": "nova", "nova_object.version": "1.0", "nova_object.data": {"physnets": [], "tunneled": false}, "nova_object.changes": ["physnets", "tunneled"]}, "socket": null}, "nova_object.changes": ["mempages", "memory_usage", "cpu_usage", "pinned_cpus", "socket", "siblings", "pcpuset", "id", "network_metadata", "cpuset", "memory"]}]}, "nova_object.changes": ["cells"]}',pci_device_pools=PciDevicePoolList,ram_allocation_ratio=1.0,running_vms=0,service_id=3,stats={failed_builds='0',uptime=' 20:25:28 up 13 min, 2 users, load average: 1.44, 1.38, 0.79
Jul 12 20:26:00.986062 np0000005099 nova-scheduler[93426]: '},supported_hv_specs=[HVSpec,HVSpec,HVSpec,HVSpec,HVSpec,HVSpec,HVSpec,HVSpec,HVSpec,HVSpec,HVSpec,HVSpec,HVSpec,HVSpec,HVSpec,HVSpec,HVSpec,HVSpec,HVSpec,HVSpec,HVSpec,HVSpec,HVSpec,HVSpec,HVSpec],updated_at=2026-07-12T20:25:28Z,uuid=026012b0-cde9-4794-b019-3fd497179475,vcpus=16,vcpus_used=0) {{(pid=93426) _locked_update /opt/stack/nova/nova/scheduler/host_manager.py:168}}
Jul 12 20:26:00.986824 np0000005099 nova-scheduler[93426]: DEBUG nova.scheduler.host_manager [None req-7a6aada7-c154-493b-b54c-340847c55714 tempest-ServerActionsTestOtherB-70830687 tempest-ServerActionsTestOtherB-70830687-project-member] Update host state with aggregates: [] {{(pid=93426) _locked_update /opt/stack/nova/nova/scheduler/host_manager.py:171}}
Jul 12 20:26:00.986963 np0000005099 nova-scheduler[93426]: DEBUG nova.scheduler.host_manager [None req-7a6aada7-c154-493b-b54c-340847c55714 tempest-ServerActionsTestOtherB-70830687 tempest-ServerActionsTestOtherB-70830687-project-member] Update host state with service dict: {'id': 3, 'uuid': '35f104e7-0e8c-440a-9200-5fbc8c4ea006', 'host': 'np0000005099', 'binary': 'nova-compute', 'topic': 'compute', 'report_count': 2, 'disabled': False, 'disabled_reason': None, 'last_seen_up': datetime.datetime(2026, 7, 12, 20, 25, 46, tzinfo=datetime.timezone.utc), 'forced_down': False, 'version': 72, 'created_at': datetime.datetime(2026, 7, 12, 20, 23, 40, tzinfo=datetime.timezone.utc), 'updated_at': datetime.datetime(2026, 7, 12, 20, 25, 46, tzinfo=datetime.timezone.utc), 'deleted_at': None, 'deleted': False} {{(pid=93426) _locked_update /opt/stack/nova/nova/scheduler/host_manager.py:174}}
Jul 12 20:26:00.987093 np0000005099 nova-scheduler[93426]: DEBUG nova.scheduler.host_manager [None req-7a6aada7-c154-493b-b54c-340847c55714 tempest-ServerActionsTestOtherB-70830687 tempest-ServerActionsTestOtherB-70830687-project-member] Update host state with instances: [] {{(pid=93426) _locked_update /opt/stack/nova/nova/scheduler/host_manager.py:177}}
Jul 12 20:26:00.987244 np0000005099 nova-scheduler[93426]: DEBUG oslo_concurrency.lockutils [None req-7a6aada7-c154-493b-b54c-340847c55714 tempest-ServerActionsTestOtherB-70830687 tempest-ServerActionsTestOtherB-70830687-project-member] Lock "np0000005099-np0000005099" "released" by "nova.scheduler.host_manager.HostState.update.._locked_update" :: held 0.002s {{(pid=93426) inner /opt/stack/data/venv/lib/python3.12/site-packages/oslo_concurrency/lockutils.py:543}}
Jul 12 20:26:00.987688 np0000005099 nova-scheduler[93426]: DEBUG nova.filters [None req-7a6aada7-c154-493b-b54c-340847c55714 tempest-ServerActionsTestOtherB-70830687 tempest-ServerActionsTestOtherB-70830687-project-member] Starting with 1 host(s) {{(pid=93426) get_filtered_objects /opt/stack/nova/nova/filters.py:70}}
Jul 12 20:26:00.987904 np0000005099 nova-scheduler[93426]: DEBUG nova.filters [None req-7a6aada7-c154-493b-b54c-340847c55714 tempest-ServerActionsTestOtherB-70830687 tempest-ServerActionsTestOtherB-70830687-project-member] Filter ComputeFilter returned 1 host(s) {{(pid=93426) get_filtered_objects /opt/stack/nova/nova/filters.py:102}}
Jul 12 20:26:00.988117 np0000005099 nova-scheduler[93426]: DEBUG nova.filters [None req-7a6aada7-c154-493b-b54c-340847c55714 tempest-ServerActionsTestOtherB-70830687 tempest-ServerActionsTestOtherB-70830687-project-member] Filter ComputeCapabilitiesFilter returned 1 host(s) {{(pid=93426) get_filtered_objects /opt/stack/nova/nova/filters.py:102}}
Jul 12 20:26:00.988413 np0000005099 nova-scheduler[93426]: DEBUG nova.filters [None req-7a6aada7-c154-493b-b54c-340847c55714 tempest-ServerActionsTestOtherB-70830687 tempest-ServerActionsTestOtherB-70830687-project-member] Filter ImagePropertiesFilter returned 1 host(s) {{(pid=93426) get_filtered_objects /opt/stack/nova/nova/filters.py:102}}
Jul 12 20:26:00.988552 np0000005099 nova-scheduler[93426]: DEBUG nova.filters [None req-7a6aada7-c154-493b-b54c-340847c55714 tempest-ServerActionsTestOtherB-70830687 tempest-ServerActionsTestOtherB-70830687-project-member] Filter ServerGroupAntiAffinityFilter returned 1 host(s) {{(pid=93426) get_filtered_objects /opt/stack/nova/nova/filters.py:102}}
Jul 12 20:26:00.988661 np0000005099 nova-scheduler[93426]: DEBUG nova.filters [None req-7a6aada7-c154-493b-b54c-340847c55714 tempest-ServerActionsTestOtherB-70830687 tempest-ServerActionsTestOtherB-70830687-project-member] Filter ServerGroupAffinityFilter returned 1 host(s) {{(pid=93426) get_filtered_objects /opt/stack/nova/nova/filters.py:102}}
Jul 12 20:26:00.988795 np0000005099 nova-scheduler[93426]: DEBUG nova.filters [None req-7a6aada7-c154-493b-b54c-340847c55714 tempest-ServerActionsTestOtherB-70830687 tempest-ServerActionsTestOtherB-70830687-project-member] Filter SameHostFilter returned 1 host(s) {{(pid=93426) get_filtered_objects /opt/stack/nova/nova/filters.py:102}}
Jul 12 20:26:00.988883 np0000005099 nova-scheduler[93426]: DEBUG nova.filters [None req-7a6aada7-c154-493b-b54c-340847c55714 tempest-ServerActionsTestOtherB-70830687 tempest-ServerActionsTestOtherB-70830687-project-member] Filter DifferentHostFilter returned 1 host(s) {{(pid=93426) get_filtered_objects /opt/stack/nova/nova/filters.py:102}}
Jul 12 20:26:00.989022 np0000005099 nova-scheduler[93426]: DEBUG nova.scheduler.manager [None req-7a6aada7-c154-493b-b54c-340847c55714 tempest-ServerActionsTestOtherB-70830687 tempest-ServerActionsTestOtherB-70830687-project-member] Filtered [(np0000005099, np0000005099) ram: 62765MB disk: 74752MB io_ops: 0 instances: 0, allocation_candidates: 1] {{(pid=93426) _get_sorted_hosts /opt/stack/nova/nova/scheduler/manager.py:742}}
Jul 12 20:26:00.989276 np0000005099 nova-scheduler[93426]: DEBUG nova.scheduler.manager [None req-7a6aada7-c154-493b-b54c-340847c55714 tempest-ServerActionsTestOtherB-70830687 tempest-ServerActionsTestOtherB-70830687-project-member] Weighed [WeighedHost [host: (np0000005099, np0000005099) ram: 62765MB disk: 74752MB io_ops: 0 instances: 0, allocation_candidates: 1, weight: 0.0]] {{(pid=93426) _get_sorted_hosts /opt/stack/nova/nova/scheduler/manager.py:764}}
Jul 12 20:26:00.989572 np0000005099 nova-scheduler[93426]: DEBUG nova.scheduler.utils [None req-7a6aada7-c154-493b-b54c-340847c55714 tempest-ServerActionsTestOtherB-70830687 tempest-ServerActionsTestOtherB-70830687-project-member] Attempting to claim resources in the placement API for instance 8e07deb0-9ddf-4ca9-aaef-d193c8e47669 {{(pid=93426) claim_resources /opt/stack/nova/nova/scheduler/utils.py:1345}}
Jul 12 20:26:01.166875 np0000005099 nova-scheduler[93426]: DEBUG nova.scheduler.manager [None req-7a6aada7-c154-493b-b54c-340847c55714 tempest-ServerActionsTestOtherB-70830687 tempest-ServerActionsTestOtherB-70830687-project-member] [instance: 8e07deb0-9ddf-4ca9-aaef-d193c8e47669] Selected host: (np0000005099, np0000005099) ram: 62765MB disk: 74752MB io_ops: 0 instances: 0, allocation_candidates: 1 {{(pid=93426) _consume_selected_host /opt/stack/nova/nova/scheduler/manager.py:624}}
Jul 12 20:26:01.167666 np0000005099 nova-scheduler[93426]: DEBUG oslo_concurrency.lockutils [None req-7a6aada7-c154-493b-b54c-340847c55714 tempest-ServerActionsTestOtherB-70830687 tempest-ServerActionsTestOtherB-70830687-project-member] Acquiring lock "np0000005099-np0000005099" by "nova.scheduler.host_manager.HostState.consume_from_request.._locked" {{(pid=93426) inner /opt/stack/data/venv/lib/python3.12/site-packages/oslo_concurrency/lockutils.py:511}}
