Aug 26 16:54:11.325054 np0000008177 nova-scheduler[96627]: DEBUG cotyledon.oslo_config_glue [-] workarounds.enable_numa_live_migration = False {{(pid=96627) log_opt_values /opt/stack/data/venv/lib/python3.12/site-packages/oslo_config/cfg.py:3560}}
Aug 26 16:54:11.325054 np0000008177 nova-scheduler[96627]: DEBUG cotyledon.oslo_config_glue [-] workarounds.enable_qemu_monitor_announce_self = False {{(pid=96627) log_opt_values /opt/stack/data/venv/lib/python3.12/site-packages/oslo_config/cfg.py:3560}}
Aug 26 16:54:11.325054 np0000008177 nova-scheduler[96627]: DEBUG cotyledon.oslo_config_glue [-] workarounds.ensure_libvirt_rbd_instance_dir_cleanup = False {{(pid=96627) log_opt_values /opt/stack/data/venv/lib/python3.12/site-packages/oslo_config/cfg.py:3560}}
Aug 26 16:54:11.325054 np0000008177 nova-scheduler[96627]: DEBUG cotyledon.oslo_config_glue [-] workarounds.handle_virt_lifecycle_events = True {{(pid=96627) log_opt_values /opt/stack/data/venv/lib/python3.12/site-packages/oslo_config/cfg.py:3560}}
Aug 26 16:54:11.325054 np0000008177 nova-scheduler[96627]: DEBUG cotyledon.oslo_config_glue [-] workarounds.libvirt_disable_apic = False {{(pid=96627) log_opt_values /opt/stack/data/venv/lib/python3.12/site-packages/oslo_config/cfg.py:3560}}
Aug 26 16:54:11.325054 np0000008177 nova-scheduler[96627]: DEBUG cotyledon.oslo_config_glue [-] workarounds.never_download_image_if_on_rbd = False {{(pid=96627) log_opt_values /opt/stack/data/venv/lib/python3.12/site-packages/oslo_config/cfg.py:3560}}
Aug 26 16:54:11.325054 np0000008177 nova-scheduler[96627]: DEBUG cotyledon.oslo_config_glue [-] workarounds.qemu_monitor_announce_self_count = 3 {{(pid=96627) log_opt_values /opt/stack/data/venv/lib/python3.12/site-packages/oslo_config/cfg.py:3560}}
Aug 26 16:54:11.325054 np0000008177 nova-scheduler[96627]: DEBUG cotyledon.oslo_config_glue [-] workarounds.qemu_monitor_announce_self_interval = 1 {{(pid=96627) log_opt_values /opt/stack/data/venv/lib/python3.12/site-packages/oslo_config/cfg.py:3560}}
Aug 26 16:54:11.325348 np0000008177 nova-scheduler[96627]: DEBUG cotyledon.oslo_config_glue [-] workarounds.reserve_disk_resource_for_image_cache = False {{(pid=96627) log_opt_values /opt/stack/data/venv/lib/python3.12/site-packages/oslo_config/cfg.py:3560}}
Aug 26 16:54:11.325348 np0000008177 nova-scheduler[96627]: DEBUG cotyledon.oslo_config_glue [-] workarounds.skip_cpu_compare_at_startup = False {{(pid=96627) log_opt_values /opt/stack/data/venv/lib/python3.12/site-packages/oslo_config/cfg.py:3560}}
Aug 26 16:54:11.325348 np0000008177 nova-scheduler[96627]: DEBUG cotyledon.oslo_config_glue [-] workarounds.skip_cpu_compare_on_dest = False {{(pid=96627) log_opt_values /opt/stack/data/venv/lib/python3.12/site-packages/oslo_config/cfg.py:3560}}
Aug 26 16:54:11.325348 np0000008177 nova-scheduler[96627]: DEBUG cotyledon.oslo_config_glue [-] workarounds.skip_hypervisor_version_check_on_lm = False {{(pid=96627) log_opt_values /opt/stack/data/venv/lib/python3.12/site-packages/oslo_config/cfg.py:3560}}
Aug 26 16:54:11.325348 np0000008177 nova-scheduler[96627]: DEBUG cotyledon.oslo_config_glue [-] workarounds.skip_reserve_in_use_ironic_nodes = False {{(pid=96627) log_opt_values /opt/stack/data/venv/lib/python3.12/site-packages/oslo_config/cfg.py:3560}}
Aug 26 16:54:11.325348 np0000008177 nova-scheduler[96627]: DEBUG cotyledon.oslo_config_glue [-] workarounds.unified_limits_count_pcpu_as_vcpu = False {{(pid=96627) log_opt_values /opt/stack/data/venv/lib/python3.12/site-packages/oslo_config/cfg.py:3560}}
Aug 26 16:54:11.325348 np0000008177 nova-scheduler[96627]: DEBUG cotyledon.oslo_config_glue [-] workarounds.wait_for_vif_plugged_event_during_hard_reboot = [] {{(pid=96627) log_opt_values /opt/stack/data/venv/lib/python3.12/site-packages/oslo_config/cfg.py:3560}}
Aug 26 16:54:11.325348 np0000008177 nova-scheduler[96627]: DEBUG cotyledon.oslo_config_glue [-] wsgi.api_paste_config = /etc/nova/api-paste.ini {{(pid=96627) log_opt_values /opt/stack/data/venv/lib/python3.12/site-packages/oslo_config/cfg.py:3560}}
Aug 26 16:54:11.325597 np0000008177 nova-scheduler[96627]: DEBUG cotyledon.oslo_config_glue [-] wsgi.secure_proxy_ssl_header = None {{(pid=96627) log_opt_values /opt/stack/data/venv/lib/python3.12/site-packages/oslo_config/cfg.py:3560}}
Aug 26 16:54:11.325597 np0000008177 nova-scheduler[96627]: DEBUG cotyledon.oslo_config_glue [-] zvm.ca_file = None {{(pid=96627) log_opt_values /opt/stack/data/venv/lib/python3.12/site-packages/oslo_config/cfg.py:3560}}
Aug 26 16:54:11.325597 np0000008177 nova-scheduler[96627]: DEBUG cotyledon.oslo_config_glue [-] zvm.cloud_connector_url = None {{(pid=96627) log_opt_values /opt/stack/data/venv/lib/python3.12/site-packages/oslo_config/cfg.py:3560}}
Aug 26 16:54:11.325597 np0000008177 nova-scheduler[96627]: DEBUG cotyledon.oslo_config_glue [-] zvm.image_tmp_path = /opt/stack/data/nova/images {{(pid=96627) log_opt_values /opt/stack/data/venv/lib/python3.12/site-packages/oslo_config/cfg.py:3560}}
Aug 26 16:54:11.325597 np0000008177 nova-scheduler[96627]: DEBUG cotyledon.oslo_config_glue [-] zvm.reachable_timeout = 300 {{(pid=96627) log_opt_values /opt/stack/data/venv/lib/python3.12/site-packages/oslo_config/cfg.py:3560}}
Aug 26 16:54:11.325597 np0000008177 nova-scheduler[96627]: DEBUG cotyledon.oslo_config_glue [-] oslo_versionedobjects.fatal_exception_format_errors = False {{(pid=96627) log_opt_values /opt/stack/data/venv/lib/python3.12/site-packages/oslo_config/cfg.py:3560}}
Aug 26 16:54:11.325597 np0000008177 nova-scheduler[96627]: DEBUG cotyledon.oslo_config_glue [-] oslo_middleware.http_basic_auth_user_file = /etc/htpasswd {{(pid=96627) log_opt_values /opt/stack/data/venv/lib/python3.12/site-packages/oslo_config/cfg.py:3560}}
Aug 26 16:54:11.325597 np0000008177 nova-scheduler[96627]: DEBUG cotyledon.oslo_config_glue [-] oslo_messaging_metrics.metrics_buffer_size = 1000 {{(pid=96627) log_opt_values /opt/stack/data/venv/lib/python3.12/site-packages/oslo_config/cfg.py:3560}}
Aug 26 16:54:11.325597 np0000008177 nova-scheduler[96627]: DEBUG cotyledon.oslo_config_glue [-] oslo_messaging_metrics.metrics_enabled = False {{(pid=96627) log_opt_values /opt/stack/data/venv/lib/python3.12/site-packages/oslo_config/cfg.py:3560}}
Aug 26 16:54:11.326177 np0000008177 nova-scheduler[96627]: DEBUG cotyledon.oslo_config_glue [-] oslo_messaging_metrics.metrics_process_name = {{(pid=96627) log_opt_values /opt/stack/data/venv/lib/python3.12/site-packages/oslo_config/cfg.py:3560}}
Aug 26 16:54:11.326177 np0000008177 nova-scheduler[96627]: DEBUG cotyledon.oslo_config_glue [-] oslo_messaging_metrics.metrics_socket_file = /var/tmp/metrics_collector.sock {{(pid=96627) log_opt_values /opt/stack/data/venv/lib/python3.12/site-packages/oslo_config/cfg.py:3560}}
Aug 26 16:54:11.326177 np0000008177 nova-scheduler[96627]: DEBUG cotyledon.oslo_config_glue [-] oslo_messaging_metrics.metrics_thread_stop_timeout = 10 {{(pid=96627) log_opt_values /opt/stack/data/venv/lib/python3.12/site-packages/oslo_config/cfg.py:3560}}
Aug 26 16:54:11.326177 np0000008177 nova-scheduler[96627]: DEBUG cotyledon.oslo_config_glue [-] profiler.connection_string = messaging:// {{(pid=96627) log_opt_values /opt/stack/data/venv/lib/python3.12/site-packages/oslo_config/cfg.py:3560}}
Aug 26 16:54:11.326177 np0000008177 nova-scheduler[96627]: DEBUG cotyledon.oslo_config_glue [-] profiler.enabled = False {{(pid=96627) log_opt_values /opt/stack/data/venv/lib/python3.12/site-packages/oslo_config/cfg.py:3560}}
Aug 26 16:54:11.326177 np0000008177 nova-scheduler[96627]: DEBUG cotyledon.oslo_config_glue [-] profiler.es_doc_type = notification {{(pid=96627) log_opt_values /opt/stack/data/venv/lib/python3.12/site-packages/oslo_config/cfg.py:3560}}
Aug 26 16:54:11.326177 np0000008177 nova-scheduler[96627]: DEBUG cotyledon.oslo_config_glue [-] profiler.es_scroll_size = 10000 {{(pid=96627) log_opt_values /opt/stack/data/venv/lib/python3.12/site-packages/oslo_config/cfg.py:3560}}
Aug 26 16:54:11.326177 np0000008177 nova-scheduler[96627]: DEBUG cotyledon.oslo_config_glue [-] profiler.es_scroll_time = 2m {{(pid=96627) log_opt_values /opt/stack/data/venv/lib/python3.12/site-packages/oslo_config/cfg.py:3560}}
Aug 26 16:54:11.326177 np0000008177 nova-scheduler[96627]: DEBUG cotyledon.oslo_config_glue [-] profiler.filter_error_trace = False {{(pid=96627) log_opt_values /opt/stack/data/venv/lib/python3.12/site-packages/oslo_config/cfg.py:3560}}
Aug 26 16:54:11.326460 np0000008177 nova-scheduler[96627]: DEBUG cotyledon.oslo_config_glue [-] profiler.hmac_keys = **** {{(pid=96627) log_opt_values /opt/stack/data/venv/lib/python3.12/site-packages/oslo_config/cfg.py:3560}}
Aug 26 16:54:11.326460 np0000008177 nova-scheduler[96627]: DEBUG cotyledon.oslo_config_glue [-] profiler.sentinel_service_name = mymaster {{(pid=96627) log_opt_values /opt/stack/data/venv/lib/python3.12/site-packages/oslo_config/cfg.py:3560}}
Aug 26 16:54:11.326460 np0000008177 nova-scheduler[96627]: DEBUG cotyledon.oslo_config_glue [-] profiler.socket_timeout = 0.1 {{(pid=96627) log_opt_values /opt/stack/data/venv/lib/python3.12/site-packages/oslo_config/cfg.py:3560}}
Aug 26 16:54:11.326460 np0000008177 nova-scheduler[96627]: DEBUG cotyledon.oslo_config_glue [-] profiler.trace_requests = False {{(pid=96627) log_opt_values /opt/stack/data/venv/lib/python3.12/site-packages/oslo_config/cfg.py:3560}}
Aug 26 16:54:11.326460 np0000008177 nova-scheduler[96627]: DEBUG cotyledon.oslo_config_glue [-] profiler.trace_sqlalchemy = False {{(pid=96627) log_opt_values /opt/stack/data/venv/lib/python3.12/site-packages/oslo_config/cfg.py:3560}}
Aug 26 16:54:11.326460 np0000008177 nova-scheduler[96627]: DEBUG cotyledon.oslo_config_glue [-] profiler_jaeger.process_tags = {} {{(pid=96627) log_opt_values /opt/stack/data/venv/lib/python3.12/site-packages/oslo_config/cfg.py:3560}}
Aug 26 16:54:11.326460 np0000008177 nova-scheduler[96627]: DEBUG cotyledon.oslo_config_glue [-] profiler_jaeger.service_name_prefix = None {{(pid=96627) log_opt_values /opt/stack/data/venv/lib/python3.12/site-packages/oslo_config/cfg.py:3560}}
Aug 26 16:54:11.326460 np0000008177 nova-scheduler[96627]: DEBUG cotyledon.oslo_config_glue [-] profiler_otlp.service_name_prefix = None {{(pid=96627) log_opt_values /opt/stack/data/venv/lib/python3.12/site-packages/oslo_config/cfg.py:3560}}
Aug 26 16:54:11.326460 np0000008177 nova-scheduler[96627]: DEBUG cotyledon.oslo_config_glue [-] oslo_messaging_rabbit.amqp_auto_delete = False {{(pid=96627) log_opt_values /opt/stack/data/venv/lib/python3.12/site-packages/oslo_config/cfg.py:3560}}
Aug 26 16:54:11.326757 np0000008177 nova-scheduler[96627]: DEBUG cotyledon.oslo_config_glue [-] oslo_messaging_rabbit.amqp_durable_queues = False {{(pid=96627) log_opt_values /opt/stack/data/venv/lib/python3.12/site-packages/oslo_config/cfg.py:3560}}
Aug 26 16:54:11.326757 np0000008177 nova-scheduler[96627]: DEBUG cotyledon.oslo_config_glue [-] oslo_messaging_rabbit.conn_pool_min_size = 2 {{(pid=96627) log_opt_values /opt/stack/data/venv/lib/python3.12/site-packages/oslo_config/cfg.py:3560}}
Aug 26 16:54:11.326757 np0000008177 nova-scheduler[96627]: DEBUG cotyledon.oslo_config_glue [-] oslo_messaging_rabbit.conn_pool_ttl = 1200 {{(pid=96627) log_opt_values /opt/stack/data/venv/lib/python3.12/site-packages/oslo_config/cfg.py:3560}}
Aug 26 16:54:11.326757 np0000008177 nova-scheduler[96627]: DEBUG cotyledon.oslo_config_glue [-] oslo_messaging_rabbit.direct_mandatory_flag = True {{(pid=96627) log_opt_values /opt/stack/data/venv/lib/python3.12/site-packages/oslo_config/cfg.py:3560}}
Aug 26 16:54:11.326757 np0000008177 nova-scheduler[96627]: DEBUG cotyledon.oslo_config_glue [-] oslo_messaging_rabbit.enable_cancel_on_failover = False {{(pid=96627) log_opt_values /opt/stack/data/venv/lib/python3.12/site-packages/oslo_config/cfg.py:3560}}
Aug 26 16:54:11.326757 np0000008177 nova-scheduler[96627]: DEBUG cotyledon.oslo_config_glue [-] oslo_messaging_rabbit.heartbeat_rate = 3 {{(pid=96627) log_opt_values /opt/stack/data/venv/lib/python3.12/site-packages/oslo_config/cfg.py:3560}}
Aug 26 16:54:11.326757 np0000008177 nova-scheduler[96627]: DEBUG cotyledon.oslo_config_glue [-] oslo_messaging_rabbit.heartbeat_timeout_threshold = 60 {{(pid=96627) log_opt_values /opt/stack/data/venv/lib/python3.12/site-packages/oslo_config/cfg.py:3560}}
Aug 26 16:54:11.326988 np0000008177 nova-scheduler[96623]: INFO nova.service [-] Starting scheduler node (version 33.1.0)
Aug 26 16:54:11.327027 np0000008177 nova-scheduler[96627]: DEBUG cotyledon.oslo_config_glue [-] oslo_messaging_rabbit.hostname = np0000008177 {{(pid=96627) log_opt_values /opt/stack/data/venv/lib/python3.12/site-packages/oslo_config/cfg.py:3560}}
Aug 26 16:54:11.327027 np0000008177 nova-scheduler[96627]: DEBUG cotyledon.oslo_config_glue [-] oslo_messaging_rabbit.kombu_compression = None {{(pid=96627) log_opt_values /opt/stack/data/venv/lib/python3.12/site-packages/oslo_config/cfg.py:3560}}
Aug 26 16:54:11.327027 np0000008177 nova-scheduler[96627]: DEBUG cotyledon.oslo_config_glue [-] oslo_messaging_rabbit.kombu_failover_strategy = round-robin {{(pid=96627) log_opt_values /opt/stack/data/venv/lib/python3.12/site-packages/oslo_config/cfg.py:3560}}
Aug 26 16:54:11.327027 np0000008177 nova-scheduler[96627]: DEBUG cotyledon.oslo_config_glue [-] oslo_messaging_rabbit.kombu_missing_consumer_retry_timeout = 60 {{(pid=96627) log_opt_values /opt/stack/data/venv/lib/python3.12/site-packages/oslo_config/cfg.py:3560}}
Aug 26 16:54:11.327027 np0000008177 nova-scheduler[96627]: DEBUG cotyledon.oslo_config_glue [-] oslo_messaging_rabbit.kombu_reconnect_delay = 1.0 {{(pid=96627) log_opt_values /opt/stack/data/venv/lib/python3.12/site-packages/oslo_config/cfg.py:3560}}
Aug 26 16:54:11.327027 np0000008177 nova-scheduler[96627]: DEBUG cotyledon.oslo_config_glue [-] oslo_messaging_rabbit.kombu_reconnect_splay = 0.0 {{(pid=96627) log_opt_values /opt/stack/data/venv/lib/python3.12/site-packages/oslo_config/cfg.py:3560}}
Aug 26 16:54:11.327027 np0000008177 nova-scheduler[96627]: DEBUG cotyledon.oslo_config_glue [-] oslo_messaging_rabbit.processname = nova-scheduler {{(pid=96627) log_opt_values /opt/stack/data/venv/lib/python3.12/site-packages/oslo_config/cfg.py:3560}}
Aug 26 16:54:11.327027 np0000008177 nova-scheduler[96627]: DEBUG cotyledon.oslo_config_glue [-] oslo_messaging_rabbit.rabbit_ha_queues = False {{(pid=96627) log_opt_values /opt/stack/data/venv/lib/python3.12/site-packages/oslo_config/cfg.py:3560}}
Aug 26 16:54:11.327027 np0000008177 nova-scheduler[96627]: DEBUG cotyledon.oslo_config_glue [-] oslo_messaging_rabbit.rabbit_interval_max = 30 {{(pid=96627) log_opt_values /opt/stack/data/venv/lib/python3.12/site-packages/oslo_config/cfg.py:3560}}
Aug 26 16:54:11.327324 np0000008177 nova-scheduler[96627]: DEBUG cotyledon.oslo_config_glue [-] oslo_messaging_rabbit.rabbit_login_method = AMQPLAIN {{(pid=96627) log_opt_values /opt/stack/data/venv/lib/python3.12/site-packages/oslo_config/cfg.py:3560}}
Aug 26 16:54:11.327324 np0000008177 nova-scheduler[96627]: DEBUG cotyledon.oslo_config_glue [-] oslo_messaging_rabbit.rabbit_qos_prefetch_count = 0 {{(pid=96627) log_opt_values /opt/stack/data/venv/lib/python3.12/site-packages/oslo_config/cfg.py:3560}}
Aug 26 16:54:11.327324 np0000008177 nova-scheduler[96627]: DEBUG cotyledon.oslo_config_glue [-] oslo_messaging_rabbit.rabbit_quorum_delivery_limit = 0 {{(pid=96627) log_opt_values /opt/stack/data/venv/lib/python3.12/site-packages/oslo_config/cfg.py:3560}}
Aug 26 16:54:11.327324 np0000008177 nova-scheduler[96627]: DEBUG cotyledon.oslo_config_glue [-] oslo_messaging_rabbit.rabbit_quorum_max_memory_bytes = 0 {{(pid=96627) log_opt_values /opt/stack/data/venv/lib/python3.12/site-packages/oslo_config/cfg.py:3560}}
Aug 26 16:54:11.327324 np0000008177 nova-scheduler[96627]: DEBUG cotyledon.oslo_config_glue [-] oslo_messaging_rabbit.rabbit_quorum_max_memory_length = 0 {{(pid=96627) log_opt_values /opt/stack/data/venv/lib/python3.12/site-packages/oslo_config/cfg.py:3560}}
Aug 26 16:54:11.327324 np0000008177 nova-scheduler[96627]: DEBUG cotyledon.oslo_config_glue [-] oslo_messaging_rabbit.rabbit_quorum_queue = False {{(pid=96627) log_opt_values /opt/stack/data/venv/lib/python3.12/site-packages/oslo_config/cfg.py:3560}}
Aug 26 16:54:11.327324 np0000008177 nova-scheduler[96627]: DEBUG cotyledon.oslo_config_glue [-] oslo_messaging_rabbit.rabbit_retry_backoff = 2 {{(pid=96627) log_opt_values /opt/stack/data/venv/lib/python3.12/site-packages/oslo_config/cfg.py:3560}}
Aug 26 16:54:11.327324 np0000008177 nova-scheduler[96627]: DEBUG cotyledon.oslo_config_glue [-] oslo_messaging_rabbit.rabbit_retry_interval = 1 {{(pid=96627) log_opt_values /opt/stack/data/venv/lib/python3.12/site-packages/oslo_config/cfg.py:3560}}
Aug 26 16:54:11.327324 np0000008177 nova-scheduler[96627]: DEBUG cotyledon.oslo_config_glue [-] oslo_messaging_rabbit.rabbit_stream_fanout = False {{(pid=96627) log_opt_values /opt/stack/data/venv/lib/python3.12/site-packages/oslo_config/cfg.py:3560}}
Aug 26 16:54:11.327608 np0000008177 nova-scheduler[96627]: DEBUG cotyledon.oslo_config_glue [-] oslo_messaging_rabbit.rabbit_transient_queues_ttl = 1800 {{(pid=96627) log_opt_values /opt/stack/data/venv/lib/python3.12/site-packages/oslo_config/cfg.py:3560}}
Aug 26 16:54:11.327608 np0000008177 nova-scheduler[96627]: DEBUG cotyledon.oslo_config_glue [-] oslo_messaging_rabbit.rabbit_transient_quorum_queue = False {{(pid=96627) log_opt_values /opt/stack/data/venv/lib/python3.12/site-packages/oslo_config/cfg.py:3560}}
Aug 26 16:54:11.327608 np0000008177 nova-scheduler[96627]: DEBUG cotyledon.oslo_config_glue [-] oslo_messaging_rabbit.rpc_conn_pool_size = 30 {{(pid=96627) log_opt_values /opt/stack/data/venv/lib/python3.12/site-packages/oslo_config/cfg.py:3560}}
Aug 26 16:54:11.327608 np0000008177 nova-scheduler[96627]: DEBUG cotyledon.oslo_config_glue [-] oslo_messaging_rabbit.ssl = False {{(pid=96627) log_opt_values /opt/stack/data/venv/lib/python3.12/site-packages/oslo_config/cfg.py:3560}}
Aug 26 16:54:11.327608 np0000008177 nova-scheduler[96627]: DEBUG cotyledon.oslo_config_glue [-] oslo_messaging_rabbit.ssl_ca_file = {{(pid=96627) log_opt_values /opt/stack/data/venv/lib/python3.12/site-packages/oslo_config/cfg.py:3560}}
Aug 26 16:54:11.327608 np0000008177 nova-scheduler[96627]: DEBUG cotyledon.oslo_config_glue [-] oslo_messaging_rabbit.ssl_cert_file = {{(pid=96627) log_opt_values /opt/stack/data/venv/lib/python3.12/site-packages/oslo_config/cfg.py:3560}}
Aug 26 16:54:11.327608 np0000008177 nova-scheduler[96627]: DEBUG cotyledon.oslo_config_glue [-] oslo_messaging_rabbit.ssl_enforce_fips_mode = False {{(pid=96627) log_opt_values /opt/stack/data/venv/lib/python3.12/site-packages/oslo_config/cfg.py:3560}}
Aug 26 16:54:11.327608 np0000008177 nova-scheduler[96627]: DEBUG cotyledon.oslo_config_glue [-] oslo_messaging_rabbit.ssl_enforce_hostname_verification = True {{(pid=96627) log_opt_values /opt/stack/data/venv/lib/python3.12/site-packages/oslo_config/cfg.py:3560}}
Aug 26 16:54:11.327608 np0000008177 nova-scheduler[96627]: DEBUG cotyledon.oslo_config_glue [-] oslo_messaging_rabbit.ssl_key_file = {{(pid=96627) log_opt_values /opt/stack/data/venv/lib/python3.12/site-packages/oslo_config/cfg.py:3560}}
Aug 26 16:54:11.327941 np0000008177 nova-scheduler[96627]: DEBUG cotyledon.oslo_config_glue [-] oslo_messaging_rabbit.ssl_version = {{(pid=96627) log_opt_values /opt/stack/data/venv/lib/python3.12/site-packages/oslo_config/cfg.py:3560}}
Aug 26 16:54:11.327941 np0000008177 nova-scheduler[96627]: DEBUG cotyledon.oslo_config_glue [-] oslo_messaging_rabbit.use_queue_manager = False {{(pid=96627) log_opt_values /opt/stack/data/venv/lib/python3.12/site-packages/oslo_config/cfg.py:3560}}
Aug 26 16:54:11.327941 np0000008177 nova-scheduler[96627]: DEBUG cotyledon.oslo_config_glue [-] oslo_messaging_notifications.driver = ['messagingv2'] {{(pid=96627) log_opt_values /opt/stack/data/venv/lib/python3.12/site-packages/oslo_config/cfg.py:3560}}
Aug 26 16:54:11.327941 np0000008177 nova-scheduler[96627]: DEBUG cotyledon.oslo_config_glue [-] oslo_messaging_notifications.retry = -1 {{(pid=96627) log_opt_values /opt/stack/data/venv/lib/python3.12/site-packages/oslo_config/cfg.py:3560}}
Aug 26 16:54:11.327941 np0000008177 nova-scheduler[96627]: DEBUG cotyledon.oslo_config_glue [-] oslo_messaging_notifications.topics = ['notifications'] {{(pid=96627) log_opt_values /opt/stack/data/venv/lib/python3.12/site-packages/oslo_config/cfg.py:3560}}
Aug 26 16:54:11.327941 np0000008177 nova-scheduler[96627]: DEBUG cotyledon.oslo_config_glue [-] oslo_messaging_notifications.transport_url = **** {{(pid=96627) log_opt_values /opt/stack/data/venv/lib/python3.12/site-packages/oslo_config/cfg.py:3560}}
Aug 26 16:54:11.327941 np0000008177 nova-scheduler[96627]: DEBUG cotyledon.oslo_config_glue [-] oslo_limit.auth_section = None {{(pid=96627) log_opt_values /opt/stack/data/venv/lib/python3.12/site-packages/oslo_config/cfg.py:3560}}
Aug 26 16:54:11.327941 np0000008177 nova-scheduler[96627]: DEBUG cotyledon.oslo_config_glue [-] oslo_limit.auth_type = None {{(pid=96627) log_opt_values /opt/stack/data/venv/lib/python3.12/site-packages/oslo_config/cfg.py:3560}}
Aug 26 16:54:11.327941 np0000008177 nova-scheduler[96627]: DEBUG cotyledon.oslo_config_glue [-] oslo_limit.cafile = None {{(pid=96627) log_opt_values /opt/stack/data/venv/lib/python3.12/site-packages/oslo_config/cfg.py:3560}}
Aug 26 16:54:11.328231 np0000008177 nova-scheduler[96627]: DEBUG cotyledon.oslo_config_glue [-] oslo_limit.certfile = None {{(pid=96627) log_opt_values /opt/stack/data/venv/lib/python3.12/site-packages/oslo_config/cfg.py:3560}}
Aug 26 16:54:11.328231 np0000008177 nova-scheduler[96627]: DEBUG cotyledon.oslo_config_glue [-] oslo_limit.collect_timing = False {{(pid=96627) log_opt_values /opt/stack/data/venv/lib/python3.12/site-packages/oslo_config/cfg.py:3560}}
Aug 26 16:54:11.328231 np0000008177 nova-scheduler[96627]: DEBUG cotyledon.oslo_config_glue [-] oslo_limit.connect_retries = None {{(pid=96627) log_opt_values /opt/stack/data/venv/lib/python3.12/site-packages/oslo_config/cfg.py:3560}}
Aug 26 16:54:11.328231 np0000008177 nova-scheduler[96627]: DEBUG cotyledon.oslo_config_glue [-] oslo_limit.connect_retry_delay = None {{(pid=96627) log_opt_values /opt/stack/data/venv/lib/python3.12/site-packages/oslo_config/cfg.py:3560}}
Aug 26 16:54:11.328231 np0000008177 nova-scheduler[96627]: DEBUG cotyledon.oslo_config_glue [-] oslo_limit.endpoint_id = None {{(pid=96627) log_opt_values /opt/stack/data/venv/lib/python3.12/site-packages/oslo_config/cfg.py:3560}}
Aug 26 16:54:11.328231 np0000008177 nova-scheduler[96627]: DEBUG cotyledon.oslo_config_glue [-] oslo_limit.endpoint_interface = public {{(pid=96627) log_opt_values /opt/stack/data/venv/lib/python3.12/site-packages/oslo_config/cfg.py:3560}}
Aug 26 16:54:11.328231 np0000008177 nova-scheduler[96627]: DEBUG cotyledon.oslo_config_glue [-] oslo_limit.endpoint_override = None {{(pid=96627) log_opt_values /opt/stack/data/venv/lib/python3.12/site-packages/oslo_config/cfg.py:3560}}
Aug 26 16:54:11.328231 np0000008177 nova-scheduler[96627]: DEBUG cotyledon.oslo_config_glue [-] oslo_limit.endpoint_region_name = None {{(pid=96627) log_opt_values /opt/stack/data/venv/lib/python3.12/site-packages/oslo_config/cfg.py:3560}}
Aug 26 16:54:11.328231 np0000008177 nova-scheduler[96627]: DEBUG cotyledon.oslo_config_glue [-] oslo_limit.endpoint_service_name = None {{(pid=96627) log_opt_values /opt/stack/data/venv/lib/python3.12/site-packages/oslo_config/cfg.py:3560}}
Aug 26 16:54:11.328506 np0000008177 nova-scheduler[96627]: DEBUG cotyledon.oslo_config_glue [-] oslo_limit.endpoint_service_type = None {{(pid=96627) log_opt_values /opt/stack/data/venv/lib/python3.12/site-packages/oslo_config/cfg.py:3560}}
Aug 26 16:54:11.328506 np0000008177 nova-scheduler[96627]: DEBUG cotyledon.oslo_config_glue [-] oslo_limit.insecure = False {{(pid=96627) log_opt_values /opt/stack/data/venv/lib/python3.12/site-packages/oslo_config/cfg.py:3560}}
Aug 26 16:54:11.328506 np0000008177 nova-scheduler[96627]: DEBUG cotyledon.oslo_config_glue [-] oslo_limit.keyfile = None {{(pid=96627) log_opt_values /opt/stack/data/venv/lib/python3.12/site-packages/oslo_config/cfg.py:3560}}
Aug 26 16:54:11.328506 np0000008177 nova-scheduler[96627]: DEBUG cotyledon.oslo_config_glue [-] oslo_limit.max_version = None {{(pid=96627) log_opt_values /opt/stack/data/venv/lib/python3.12/site-packages/oslo_config/cfg.py:3560}}
Aug 26 16:54:11.328506 np0000008177 nova-scheduler[96627]: DEBUG cotyledon.oslo_config_glue [-] oslo_limit.min_version = None {{(pid=96627) log_opt_values /opt/stack/data/venv/lib/python3.12/site-packages/oslo_config/cfg.py:3560}}
Aug 26 16:54:11.328506 np0000008177 nova-scheduler[96627]: DEBUG cotyledon.oslo_config_glue [-] oslo_limit.region_name = None {{(pid=96627) log_opt_values /opt/stack/data/venv/lib/python3.12/site-packages/oslo_config/cfg.py:3560}}
Aug 26 16:54:11.328506 np0000008177 nova-scheduler[96627]: DEBUG cotyledon.oslo_config_glue [-] oslo_limit.retriable_status_codes = None {{(pid=96627) log_opt_values /opt/stack/data/venv/lib/python3.12/site-packages/oslo_config/cfg.py:3560}}
Aug 26 16:54:11.328506 np0000008177 nova-scheduler[96627]: DEBUG cotyledon.oslo_config_glue [-] oslo_limit.service_name = None {{(pid=96627) log_opt_values /opt/stack/data/venv/lib/python3.12/site-packages/oslo_config/cfg.py:3560}}
Aug 26 16:54:11.328506 np0000008177 nova-scheduler[96627]: DEBUG cotyledon.oslo_config_glue [-] oslo_limit.service_type = None {{(pid=96627) log_opt_values /opt/stack/data/venv/lib/python3.12/site-packages/oslo_config/cfg.py:3560}}
Aug 26 16:54:11.328802 np0000008177 nova-scheduler[96627]: DEBUG cotyledon.oslo_config_glue [-] oslo_limit.split_loggers = False {{(pid=96627) log_opt_values /opt/stack/data/venv/lib/python3.12/site-packages/oslo_config/cfg.py:3560}}
Aug 26 16:54:11.328802 np0000008177 nova-scheduler[96627]: DEBUG cotyledon.oslo_config_glue [-] oslo_limit.status_code_retries = None {{(pid=96627) log_opt_values /opt/stack/data/venv/lib/python3.12/site-packages/oslo_config/cfg.py:3560}}
Aug 26 16:54:11.328802 np0000008177 nova-scheduler[96627]: DEBUG cotyledon.oslo_config_glue [-] oslo_limit.status_code_retry_delay = None {{(pid=96627) log_opt_values /opt/stack/data/venv/lib/python3.12/site-packages/oslo_config/cfg.py:3560}}
Aug 26 16:54:11.328802 np0000008177 nova-scheduler[96627]: DEBUG cotyledon.oslo_config_glue [-] oslo_limit.timeout = None {{(pid=96627) log_opt_values /opt/stack/data/venv/lib/python3.12/site-packages/oslo_config/cfg.py:3560}}
Aug 26 16:54:11.328802 np0000008177 nova-scheduler[96627]: DEBUG cotyledon.oslo_config_glue [-] oslo_limit.valid_interfaces = None {{(pid=96627) log_opt_values /opt/stack/data/venv/lib/python3.12/site-packages/oslo_config/cfg.py:3560}}
Aug 26 16:54:11.328802 np0000008177 nova-scheduler[96627]: DEBUG cotyledon.oslo_config_glue [-] oslo_limit.version = None {{(pid=96627) log_opt_values /opt/stack/data/venv/lib/python3.12/site-packages/oslo_config/cfg.py:3560}}
Aug 26 16:54:11.328802 np0000008177 nova-scheduler[96627]: DEBUG cotyledon.oslo_config_glue [-] oslo_reports.file_event_handler = None {{(pid=96627) log_opt_values /opt/stack/data/venv/lib/python3.12/site-packages/oslo_config/cfg.py:3560}}
Aug 26 16:54:11.328802 np0000008177 nova-scheduler[96627]: DEBUG cotyledon.oslo_config_glue [-] oslo_reports.file_event_handler_interval = 1 {{(pid=96627) log_opt_values /opt/stack/data/venv/lib/python3.12/site-packages/oslo_config/cfg.py:3560}}
Aug 26 16:54:11.328802 np0000008177 nova-scheduler[96627]: DEBUG cotyledon.oslo_config_glue [-] oslo_reports.log_dir = None {{(pid=96627) log_opt_values /opt/stack/data/venv/lib/python3.12/site-packages/oslo_config/cfg.py:3560}}
Aug 26 16:54:11.329097 np0000008177 nova-scheduler[96627]: DEBUG cotyledon.oslo_config_glue [-] ******************************************************************************** {{(pid=96627) log_opt_values /opt/stack/data/venv/lib/python3.12/site-packages/oslo_config/cfg.py:3567}}
Aug 26 16:54:11.329097 np0000008177 nova-scheduler[96627]: DEBUG cotyledon._service_worker [-] Run service ServiceWrapper(3) [96627] {{(pid=96627) wait_forever /opt/stack/data/venv/lib/python3.12/site-packages/cotyledon/_service_worker.py:218}}
Aug 26 16:54:11.329097 np0000008177 nova-scheduler[96627]: INFO nova.service [-] Starting scheduler node (version 33.1.0)
Aug 26 16:54:11.329209 np0000008177 nova-scheduler[96623]: INFO dbcounter [None req-867ef727-09e8-4b12-801e-0e4c293e9287 None None] Registered counter for database nova_cell0
Aug 26 16:54:11.329246 np0000008177 nova-scheduler[96627]: INFO dbcounter [None req-6167d019-6cb0-4b2a-85a5-4a11bf7f3267 None None] Registered counter for database nova_cell0
Aug 26 16:54:11.329282 np0000008177 nova-scheduler[96621]: DEBUG oslo_db.sqlalchemy.engines [None req-d46fb7da-ea01-43de-9961-fbfc0f265cdf None None] MySQL server mode set to STRICT_TRANS_TABLES,STRICT_ALL_TABLES,NO_ZERO_IN_DATE,NO_ZERO_DATE,ERROR_FOR_DIVISION_BY_ZERO,TRADITIONAL,NO_ENGINE_SUBSTITUTION {{(pid=96621) _check_effective_sql_mode /opt/stack/data/venv/lib/python3.12/site-packages/oslo_db/sqlalchemy/engines.py:325}}
Aug 26 16:54:11.329331 np0000008177 nova-scheduler[96625]: DEBUG oslo_db.sqlalchemy.engines [None req-021fb2f0-5d0c-464a-aa8b-d9492bba36a7 None None] MySQL server mode set to STRICT_TRANS_TABLES,STRICT_ALL_TABLES,NO_ZERO_IN_DATE,NO_ZERO_DATE,ERROR_FOR_DIVISION_BY_ZERO,TRADITIONAL,NO_ENGINE_SUBSTITUTION {{(pid=96625) _check_effective_sql_mode /opt/stack/data/venv/lib/python3.12/site-packages/oslo_db/sqlalchemy/engines.py:325}}
Aug 26 16:54:11.329371 np0000008177 nova-scheduler[96621]: DEBUG dbcounter [-] [96621] Writer thread running {{(pid=96621) stat_writer /opt/stack/data/venv/lib/python3.12/site-packages/dbcounter.py:102}}
Aug 26 16:54:11.330596 np0000008177 nova-scheduler[96625]: DEBUG dbcounter [-] [96625] Writer thread running {{(pid=96625) stat_writer /opt/stack/data/venv/lib/python3.12/site-packages/dbcounter.py:102}}
Aug 26 16:54:11.334454 np0000008177 nova-scheduler[96627]: DEBUG oslo_db.sqlalchemy.engines [None req-6167d019-6cb0-4b2a-85a5-4a11bf7f3267 None None] MySQL server mode set to STRICT_TRANS_TABLES,STRICT_ALL_TABLES,NO_ZERO_IN_DATE,NO_ZERO_DATE,ERROR_FOR_DIVISION_BY_ZERO,TRADITIONAL,NO_ENGINE_SUBSTITUTION {{(pid=96627) _check_effective_sql_mode /opt/stack/data/venv/lib/python3.12/site-packages/oslo_db/sqlalchemy/engines.py:325}}
Aug 26 16:54:11.341398 np0000008177 nova-scheduler[96623]: DEBUG oslo_db.sqlalchemy.engines [None req-867ef727-09e8-4b12-801e-0e4c293e9287 None None] MySQL server mode set to STRICT_TRANS_TABLES,STRICT_ALL_TABLES,NO_ZERO_IN_DATE,NO_ZERO_DATE,ERROR_FOR_DIVISION_BY_ZERO,TRADITIONAL,NO_ENGINE_SUBSTITUTION {{(pid=96623) _check_effective_sql_mode /opt/stack/data/venv/lib/python3.12/site-packages/oslo_db/sqlalchemy/engines.py:325}}
Aug 26 16:54:11.345610 np0000008177 nova-scheduler[96621]: DEBUG nova.service [None req-d46fb7da-ea01-43de-9961-fbfc0f265cdf None None] Creating RPC server for service: nova-scheduler on topic: scheduler {{(pid=96621) start /opt/stack/nova/nova/service.py:262}}
Aug 26 16:54:11.346493 np0000008177 nova-scheduler[96627]: DEBUG dbcounter [-] [96627] Writer thread running {{(pid=96627) stat_writer /opt/stack/data/venv/lib/python3.12/site-packages/dbcounter.py:102}}
Aug 26 16:54:11.349979 np0000008177 nova-scheduler[96627]: DEBUG nova.service [None req-6167d019-6cb0-4b2a-85a5-4a11bf7f3267 None None] Creating RPC server for service: nova-scheduler on topic: scheduler {{(pid=96627) start /opt/stack/nova/nova/service.py:262}}
Aug 26 16:54:11.352932 np0000008177 nova-scheduler[96623]: DEBUG dbcounter [-] [96623] Writer thread running {{(pid=96623) stat_writer /opt/stack/data/venv/lib/python3.12/site-packages/dbcounter.py:102}}
Aug 26 16:54:11.356858 np0000008177 nova-scheduler[96625]: DEBUG nova.service [None req-021fb2f0-5d0c-464a-aa8b-d9492bba36a7 None None] Creating RPC server for service: nova-scheduler on topic: scheduler {{(pid=96625) start /opt/stack/nova/nova/service.py:262}}
Aug 26 16:54:11.358223 np0000008177 nova-scheduler[96623]: DEBUG nova.service [None req-867ef727-09e8-4b12-801e-0e4c293e9287 None None] Creating RPC server for service: nova-scheduler on topic: scheduler {{(pid=96623) start /opt/stack/nova/nova/service.py:262}}
Aug 26 16:54:11.383874 np0000008177 nova-scheduler[96623]: DEBUG nova.service [None req-867ef727-09e8-4b12-801e-0e4c293e9287 None None] Join ServiceGroup membership for this service scheduler {{(pid=96623) start /opt/stack/nova/nova/service.py:288}}
Aug 26 16:54:11.384054 np0000008177 nova-scheduler[96623]: DEBUG nova.servicegroup.drivers.db [None req-867ef727-09e8-4b12-801e-0e4c293e9287 None None] DB_Driver: join new ServiceGroup member np0000008177 to the scheduler group, service = {{(pid=96623) join /opt/stack/nova/nova/servicegroup/drivers/db.py:44}}
Aug 26 16:54:11.384356 np0000008177 nova-scheduler[96627]: DEBUG nova.service [None req-6167d019-6cb0-4b2a-85a5-4a11bf7f3267 None None] Join ServiceGroup membership for this service scheduler {{(pid=96627) start /opt/stack/nova/nova/service.py:288}}
Aug 26 16:54:11.384951 np0000008177 nova-scheduler[96627]: DEBUG nova.servicegroup.drivers.db [None req-6167d019-6cb0-4b2a-85a5-4a11bf7f3267 None None] DB_Driver: join new ServiceGroup member np0000008177 to the scheduler group, service = {{(pid=96627) join /opt/stack/nova/nova/servicegroup/drivers/db.py:44}}
Aug 26 16:54:11.392932 np0000008177 nova-scheduler[96625]: DEBUG nova.service [None req-021fb2f0-5d0c-464a-aa8b-d9492bba36a7 None None] Join ServiceGroup membership for this service scheduler {{(pid=96625) start /opt/stack/nova/nova/service.py:288}}
Aug 26 16:54:11.393033 np0000008177 nova-scheduler[96621]: DEBUG nova.service [None req-d46fb7da-ea01-43de-9961-fbfc0f265cdf None None] Join ServiceGroup membership for this service scheduler {{(pid=96621) start /opt/stack/nova/nova/service.py:288}}
Aug 26 16:54:11.393106 np0000008177 nova-scheduler[96625]: DEBUG nova.servicegroup.drivers.db [None req-021fb2f0-5d0c-464a-aa8b-d9492bba36a7 None None] DB_Driver: join new ServiceGroup member np0000008177 to the scheduler group, service = {{(pid=96625) join /opt/stack/nova/nova/servicegroup/drivers/db.py:44}}
Aug 26 16:54:11.393262 np0000008177 nova-scheduler[96621]: DEBUG nova.servicegroup.drivers.db [None req-d46fb7da-ea01-43de-9961-fbfc0f265cdf None None] DB_Driver: join new ServiceGroup member np0000008177 to the scheduler group, service = {{(pid=96621) join /opt/stack/nova/nova/servicegroup/drivers/db.py:44}}
Aug 26 16:54:16.400591 np0000008177 nova-scheduler[96623]: DEBUG oslo.service.backend._threading.loopingcall [-] Fixed interval looping call 'nova.servicegroup.drivers.db.DbDriver._report_state' sleeping for 119.99 seconds {{(pid=96623) _run_loop /opt/stack/data/venv/lib/python3.12/site-packages/oslo_service/backend/_threading/loopingcall.py:125}}
Aug 26 16:54:16.401424 np0000008177 nova-scheduler[96627]: DEBUG oslo.service.backend._threading.loopingcall [-] Fixed interval looping call 'nova.servicegroup.drivers.db.DbDriver._report_state' sleeping for 119.99 seconds {{(pid=96627) _run_loop /opt/stack/data/venv/lib/python3.12/site-packages/oslo_service/backend/_threading/loopingcall.py:125}}
Aug 26 16:54:16.401776 np0000008177 nova-scheduler[96621]: DEBUG oslo.service.backend._threading.loopingcall [-] Fixed interval looping call 'nova.servicegroup.drivers.db.DbDriver._report_state' sleeping for 119.99 seconds {{(pid=96621) _run_loop /opt/stack/data/venv/lib/python3.12/site-packages/oslo_service/backend/_threading/loopingcall.py:125}}
Aug 26 16:54:16.402092 np0000008177 nova-scheduler[96625]: DEBUG oslo.service.backend._threading.loopingcall [-] Fixed interval looping call 'nova.servicegroup.drivers.db.DbDriver._report_state' sleeping for 119.99 seconds {{(pid=96625) _run_loop /opt/stack/data/venv/lib/python3.12/site-packages/oslo_service/backend/_threading/loopingcall.py:125}}
Aug 26 16:54:19.897210 np0000008177 nova-scheduler[95425]: DEBUG dbcounter [-] [95425] Writing DB stats nova_api:SELECT=3 {{(pid=95425) stat_writer /opt/stack/data/venv/lib/python3.12/site-packages/dbcounter.py:115}}
Aug 26 16:54:20.030590 np0000008177 nova-scheduler[95425]: DEBUG dbcounter [-] [95425] Writing DB stats nova_cell0:SELECT=1 {{(pid=95425) stat_writer /opt/stack/data/venv/lib/python3.12/site-packages/dbcounter.py:115}}
Aug 26 16:54:20.035544 np0000008177 nova-scheduler[95425]: DEBUG dbcounter [-] [95425] Writing DB stats nova_cell1:SELECT=1 {{(pid=95425) stat_writer /opt/stack/data/venv/lib/python3.12/site-packages/dbcounter.py:115}}
Aug 26 16:54:21.386361 np0000008177 nova-scheduler[96623]: DEBUG oslo.service.backend._threading.loopingcall [None req-d55582d1-2b7f-46be-a35d-d9b2d1b8c946 None None] Dynamic interval looping call 'nova.service.Service.periodic_tasks' sleeping for 60.00 seconds {{(pid=96623) _run_loop /opt/stack/data/venv/lib/python3.12/site-packages/oslo_service/backend/_threading/loopingcall.py:125}}
Aug 26 16:54:26.396677 np0000008177 nova-scheduler[96627]: DEBUG dbcounter [-] [96627] Writing DB stats nova_cell0:SELECT=3,nova_cell0:UPDATE=1 {{(pid=96627) stat_writer /opt/stack/data/venv/lib/python3.12/site-packages/dbcounter.py:115}}
Aug 26 16:54:26.397151 np0000008177 nova-scheduler[96623]: DEBUG dbcounter [-] [96623] Writing DB stats nova_cell0:SELECT=3,nova_cell0:UPDATE=1 {{(pid=96623) stat_writer /opt/stack/data/venv/lib/python3.12/site-packages/dbcounter.py:115}}
Aug 26 16:54:26.399783 np0000008177 nova-scheduler[96625]: DEBUG dbcounter [-] [96625] Writing DB stats nova_cell0:SELECT=5,nova_cell0:INSERT=1 {{(pid=96625) stat_writer /opt/stack/data/venv/lib/python3.12/site-packages/dbcounter.py:115}}
Aug 26 16:54:26.400342 np0000008177 nova-scheduler[96621]: DEBUG dbcounter [-] [96621] Writing DB stats nova_cell0:SELECT=4,nova_cell0:INSERT=1 {{(pid=96621) stat_writer /opt/stack/data/venv/lib/python3.12/site-packages/dbcounter.py:115}}
Aug 26 16:54:35.395110 np0000008177 nova-scheduler[96625]: DEBUG oslo.service.backend._threading.loopingcall [None req-116d9a07-c906-4737-998a-0928103053cb None None] Dynamic interval looping call 'nova.service.Service.periodic_tasks' sleeping for 60.00 seconds {{(pid=96625) _run_loop /opt/stack/data/venv/lib/python3.12/site-packages/oslo_service/backend/_threading/loopingcall.py:125}}
Aug 26 16:54:55.387148 np0000008177 nova-scheduler[96627]: DEBUG oslo.service.backend._threading.loopingcall [None req-b6889fae-8c16-40f4-b6a8-b78ed7d39c7f None None] Dynamic interval looping call 'nova.service.Service.periodic_tasks' sleeping for 60.00 seconds {{(pid=96627) _run_loop /opt/stack/data/venv/lib/python3.12/site-packages/oslo_service/backend/_threading/loopingcall.py:125}}
Aug 26 16:55:08.395511 np0000008177 nova-scheduler[96621]: DEBUG oslo.service.backend._threading.loopingcall [None req-5bd3efcf-10e4-4b90-a58e-d5e2fc24c774 None None] Dynamic interval looping call 'nova.service.Service.periodic_tasks' sleeping for 60.00 seconds {{(pid=96621) _run_loop /opt/stack/data/venv/lib/python3.12/site-packages/oslo_service/backend/_threading/loopingcall.py:125}}
Aug 26 16:55:21.386739 np0000008177 nova-scheduler[96623]: DEBUG oslo.service.backend._threading.loopingcall [None req-d55582d1-2b7f-46be-a35d-d9b2d1b8c946 None None] Dynamic interval looping call 'nova.service.Service.periodic_tasks' sleeping for 60.00 seconds {{(pid=96623) _run_loop /opt/stack/data/venv/lib/python3.12/site-packages/oslo_service/backend/_threading/loopingcall.py:125}}
Aug 26 16:55:35.395547 np0000008177 nova-scheduler[96625]: DEBUG oslo.service.backend._threading.loopingcall [None req-116d9a07-c906-4737-998a-0928103053cb None None] Dynamic interval looping call 'nova.service.Service.periodic_tasks' sleeping for 60.00 seconds {{(pid=96625) _run_loop /opt/stack/data/venv/lib/python3.12/site-packages/oslo_service/backend/_threading/loopingcall.py:125}}
Aug 26 16:55:55.387710 np0000008177 nova-scheduler[96627]: DEBUG oslo.service.backend._threading.loopingcall [None req-b6889fae-8c16-40f4-b6a8-b78ed7d39c7f None None] Dynamic interval looping call 'nova.service.Service.periodic_tasks' sleeping for 60.00 seconds {{(pid=96627) _run_loop /opt/stack/data/venv/lib/python3.12/site-packages/oslo_service/backend/_threading/loopingcall.py:125}}
Aug 26 16:56:08.396109 np0000008177 nova-scheduler[96621]: DEBUG oslo.service.backend._threading.loopingcall [None req-5bd3efcf-10e4-4b90-a58e-d5e2fc24c774 None None] Dynamic interval looping call 'nova.service.Service.periodic_tasks' sleeping for 60.00 seconds {{(pid=96621) _run_loop /opt/stack/data/venv/lib/python3.12/site-packages/oslo_service/backend/_threading/loopingcall.py:125}}
Aug 26 16:56:16.401713 np0000008177 nova-scheduler[96623]: DEBUG oslo.service.backend._threading.loopingcall [-] Fixed interval looping call 'nova.servicegroup.drivers.db.DbDriver._report_state' sleeping for 119.99 seconds {{(pid=96623) _run_loop /opt/stack/data/venv/lib/python3.12/site-packages/oslo_service/backend/_threading/loopingcall.py:125}}
Aug 26 16:56:16.402371 np0000008177 nova-scheduler[96627]: DEBUG oslo.service.backend._threading.loopingcall [-] Fixed interval looping call 'nova.servicegroup.drivers.db.DbDriver._report_state' sleeping for 119.99 seconds {{(pid=96627) _run_loop /opt/stack/data/venv/lib/python3.12/site-packages/oslo_service/backend/_threading/loopingcall.py:125}}
Aug 26 16:56:16.403103 np0000008177 nova-scheduler[96621]: DEBUG oslo.service.backend._threading.loopingcall [-] Fixed interval looping call 'nova.servicegroup.drivers.db.DbDriver._report_state' sleeping for 119.99 seconds {{(pid=96621) _run_loop /opt/stack/data/venv/lib/python3.12/site-packages/oslo_service/backend/_threading/loopingcall.py:125}}
Aug 26 16:56:16.404098 np0000008177 nova-scheduler[96625]: DEBUG oslo.service.backend._threading.loopingcall [-] Fixed interval looping call 'nova.servicegroup.drivers.db.DbDriver._report_state' sleeping for 119.99 seconds {{(pid=96625) _run_loop /opt/stack/data/venv/lib/python3.12/site-packages/oslo_service/backend/_threading/loopingcall.py:125}}
Aug 26 16:56:21.387427 np0000008177 nova-scheduler[96623]: DEBUG oslo.service.backend._threading.loopingcall [None req-d55582d1-2b7f-46be-a35d-d9b2d1b8c946 None None] Dynamic interval looping call 'nova.service.Service.periodic_tasks' sleeping for 60.00 seconds {{(pid=96623) _run_loop /opt/stack/data/venv/lib/python3.12/site-packages/oslo_service/backend/_threading/loopingcall.py:125}}
Aug 26 16:56:22.306432 np0000008177 nova-scheduler[96623]: DEBUG nova.scheduler.manager [None req-ce7e2a91-9b31-4372-8a3f-77f111072bd2 tempest-ServerActionsTestOtherA-1212647651 tempest-ServerActionsTestOtherA-1212647651-project-member] Starting to schedule for instances: ['19b54bef-3653-4b71-b5c3-2e5e4169f715'] {{(pid=96623) select_destinations /opt/stack/nova/nova/scheduler/manager.py:197}}
Aug 26 16:56:22.307441 np0000008177 nova-scheduler[96623]: DEBUG nova.scheduler.request_filter [None req-ce7e2a91-9b31-4372-8a3f-77f111072bd2 tempest-ServerActionsTestOtherA-1212647651 tempest-ServerActionsTestOtherA-1212647651-project-member] compute_status_filter request filter added forbidden trait COMPUTE_STATUS_DISABLED {{(pid=96623) compute_status_filter /opt/stack/nova/nova/scheduler/request_filter.py:258}}
Aug 26 16:56:22.307783 np0000008177 nova-scheduler[96623]: DEBUG nova.scheduler.request_filter [None req-ce7e2a91-9b31-4372-8a3f-77f111072bd2 tempest-ServerActionsTestOtherA-1212647651 tempest-ServerActionsTestOtherA-1212647651-project-member] Request filter 'compute_status_filter' took 0.0 seconds {{(pid=96623) wrapper /opt/stack/nova/nova/scheduler/request_filter.py:51}}
Aug 26 16:56:22.308241 np0000008177 nova-scheduler[96623]: DEBUG nova.scheduler.request_filter [None req-ce7e2a91-9b31-4372-8a3f-77f111072bd2 tempest-ServerActionsTestOtherA-1212647651 tempest-ServerActionsTestOtherA-1212647651-project-member] Request filter 'accelerators_filter' took 0.0 seconds {{(pid=96623) wrapper /opt/stack/nova/nova/scheduler/request_filter.py:51}}
Aug 26 16:56:22.308774 np0000008177 nova-scheduler[96623]: DEBUG nova.scheduler.request_filter [None req-ce7e2a91-9b31-4372-8a3f-77f111072bd2 tempest-ServerActionsTestOtherA-1212647651 tempest-ServerActionsTestOtherA-1212647651-project-member] Request filter 'packed_virtqueue_filter' took 0.0 seconds {{(pid=96623) wrapper /opt/stack/nova/nova/scheduler/request_filter.py:51}}
Aug 26 16:56:22.309052 np0000008177 nova-scheduler[96623]: DEBUG nova.scheduler.request_filter [None req-ce7e2a91-9b31-4372-8a3f-77f111072bd2 tempest-ServerActionsTestOtherA-1212647651 tempest-ServerActionsTestOtherA-1212647651-project-member] Request filter 'remote_managed_ports_filter' took 0.0 seconds {{(pid=96623) wrapper /opt/stack/nova/nova/scheduler/request_filter.py:51}}
Aug 26 16:56:22.309338 np0000008177 nova-scheduler[96623]: DEBUG nova.scheduler.request_filter [None req-ce7e2a91-9b31-4372-8a3f-77f111072bd2 tempest-ServerActionsTestOtherA-1212647651 tempest-ServerActionsTestOtherA-1212647651-project-member] ephemeral_encryption_filter skipped {{(pid=96623) ephemeral_encryption_filter /opt/stack/nova/nova/scheduler/request_filter.py:431}}
Aug 26 16:56:22.309736 np0000008177 nova-scheduler[96623]: DEBUG nova.scheduler.request_filter [None req-ce7e2a91-9b31-4372-8a3f-77f111072bd2 tempest-ServerActionsTestOtherA-1212647651 tempest-ServerActionsTestOtherA-1212647651-project-member] virtio_sound_filter skipped {{(pid=96623) virtio_sound_filter /opt/stack/nova/nova/scheduler/request_filter.py:465}}
Aug 26 16:56:22.310142 np0000008177 nova-scheduler[96623]: DEBUG nova.scheduler.request_filter [None req-ce7e2a91-9b31-4372-8a3f-77f111072bd2 tempest-ServerActionsTestOtherA-1212647651 tempest-ServerActionsTestOtherA-1212647651-project-member] tpm_secret_security_filter skipped {{(pid=96623) tpm_secret_security_filter /opt/stack/nova/nova/scheduler/request_filter.py:482}}
Aug 26 16:56:22.310624 np0000008177 nova-scheduler[96623]: DEBUG oslo_concurrency.lockutils [None req-ce7e2a91-9b31-4372-8a3f-77f111072bd2 tempest-ServerActionsTestOtherA-1212647651 tempest-ServerActionsTestOtherA-1212647651-project-member] Acquiring lock "00000000-0000-0000-0000-000000000000" by "nova.context.set_target_cell..get_or_set_cached_cell_and_set_connections" {{(pid=96623) inner /opt/stack/data/venv/lib/python3.12/site-packages/oslo_concurrency/lockutils.py:512}}
Aug 26 16:56:22.310822 np0000008177 nova-scheduler[96623]: DEBUG oslo_concurrency.lockutils [None req-ce7e2a91-9b31-4372-8a3f-77f111072bd2 tempest-ServerActionsTestOtherA-1212647651 tempest-ServerActionsTestOtherA-1212647651-project-member] Lock "00000000-0000-0000-0000-000000000000" acquired by "nova.context.set_target_cell..get_or_set_cached_cell_and_set_connections" :: waited 0.000s {{(pid=96623) inner /opt/stack/data/venv/lib/python3.12/site-packages/oslo_concurrency/lockutils.py:525}}
Aug 26 16:56:22.311690 np0000008177 nova-scheduler[96623]: DEBUG oslo_concurrency.lockutils [None req-ce7e2a91-9b31-4372-8a3f-77f111072bd2 tempest-ServerActionsTestOtherA-1212647651 tempest-ServerActionsTestOtherA-1212647651-project-member] Lock "00000000-0000-0000-0000-000000000000" "released" by "nova.context.set_target_cell..get_or_set_cached_cell_and_set_connections" :: held 0.001s {{(pid=96623) inner /opt/stack/data/venv/lib/python3.12/site-packages/oslo_concurrency/lockutils.py:544}}
Aug 26 16:56:22.311949 np0000008177 nova-scheduler[96623]: INFO nova.thread_pool_factory [None req-ce7e2a91-9b31-4372-8a3f-77f111072bd2 tempest-ServerActionsTestOtherA-1212647651 tempest-ServerActionsTestOtherA-1212647651-project-member] The cell_worker thread pool ForkProcess-2.cell_worker is initialized
Aug 26 16:56:22.313680 np0000008177 nova-scheduler[96623]: DEBUG oslo_concurrency.lockutils [None req-ce7e2a91-9b31-4372-8a3f-77f111072bd2 tempest-ServerActionsTestOtherA-1212647651 tempest-ServerActionsTestOtherA-1212647651-project-member] Acquiring lock "9d3de49e-bea3-458f-a370-196136cc4682" by "nova.context.set_target_cell..get_or_set_cached_cell_and_set_connections" {{(pid=96623) inner /opt/stack/data/venv/lib/python3.12/site-packages/oslo_concurrency/lockutils.py:512}}
Aug 26 16:56:22.313838 np0000008177 nova-scheduler[96623]: DEBUG oslo_concurrency.lockutils [None req-ce7e2a91-9b31-4372-8a3f-77f111072bd2 tempest-ServerActionsTestOtherA-1212647651 tempest-ServerActionsTestOtherA-1212647651-project-member] Lock "9d3de49e-bea3-458f-a370-196136cc4682" acquired by "nova.context.set_target_cell..get_or_set_cached_cell_and_set_connections" :: waited 0.000s {{(pid=96623) inner /opt/stack/data/venv/lib/python3.12/site-packages/oslo_concurrency/lockutils.py:525}}
Aug 26 16:56:22.316302 np0000008177 nova-scheduler[96623]: DEBUG oslo_concurrency.lockutils [None req-ce7e2a91-9b31-4372-8a3f-77f111072bd2 tempest-ServerActionsTestOtherA-1212647651 tempest-ServerActionsTestOtherA-1212647651-project-member] Lock "9d3de49e-bea3-458f-a370-196136cc4682" "released" by "nova.context.set_target_cell..get_or_set_cached_cell_and_set_connections" :: held 0.002s {{(pid=96623) inner /opt/stack/data/venv/lib/python3.12/site-packages/oslo_concurrency/lockutils.py:544}}
Aug 26 16:56:22.318246 np0000008177 nova-scheduler[96623]: INFO dbcounter [None req-ce7e2a91-9b31-4372-8a3f-77f111072bd2 tempest-ServerActionsTestOtherA-1212647651 tempest-ServerActionsTestOtherA-1212647651-project-member] Registered counter for database nova_cell0
Aug 26 16:56:22.325004 np0000008177 nova-scheduler[96623]: INFO dbcounter [None req-ce7e2a91-9b31-4372-8a3f-77f111072bd2 tempest-ServerActionsTestOtherA-1212647651 tempest-ServerActionsTestOtherA-1212647651-project-member] Registered counter for database nova_cell1
