Jun 23 11:40:04.752574 np0000003461 nova-scheduler[96363]: DEBUG cotyledon.oslo_config_glue [-] profiler.hmac_keys = **** {{(pid=96363) log_opt_values /opt/stack/data/venv/lib/python3.12/site-packages/oslo_config/cfg.py:3253}}
Jun 23 11:40:04.752574 np0000003461 nova-scheduler[96363]: DEBUG cotyledon.oslo_config_glue [-] profiler.sentinel_service_name = mymaster {{(pid=96363) log_opt_values /opt/stack/data/venv/lib/python3.12/site-packages/oslo_config/cfg.py:3253}}
Jun 23 11:40:04.752897 np0000003461 nova-scheduler[96363]: DEBUG cotyledon.oslo_config_glue [-] profiler.socket_timeout = 0.1 {{(pid=96363) log_opt_values /opt/stack/data/venv/lib/python3.12/site-packages/oslo_config/cfg.py:3253}}
Jun 23 11:40:04.752897 np0000003461 nova-scheduler[96363]: DEBUG cotyledon.oslo_config_glue [-] profiler.trace_requests = False {{(pid=96363) log_opt_values /opt/stack/data/venv/lib/python3.12/site-packages/oslo_config/cfg.py:3253}}
Jun 23 11:40:04.752897 np0000003461 nova-scheduler[96363]: DEBUG cotyledon.oslo_config_glue [-] profiler.trace_sqlalchemy = False {{(pid=96363) log_opt_values /opt/stack/data/venv/lib/python3.12/site-packages/oslo_config/cfg.py:3253}}
Jun 23 11:40:04.752897 np0000003461 nova-scheduler[96363]: DEBUG cotyledon.oslo_config_glue [-] profiler_jaeger.process_tags = {} {{(pid=96363) log_opt_values /opt/stack/data/venv/lib/python3.12/site-packages/oslo_config/cfg.py:3253}}
Jun 23 11:40:04.752897 np0000003461 nova-scheduler[96363]: DEBUG cotyledon.oslo_config_glue [-] profiler_jaeger.service_name_prefix = None {{(pid=96363) log_opt_values /opt/stack/data/venv/lib/python3.12/site-packages/oslo_config/cfg.py:3253}}
Jun 23 11:40:04.752897 np0000003461 nova-scheduler[96363]: DEBUG cotyledon.oslo_config_glue [-] profiler_otlp.service_name_prefix = None {{(pid=96363) log_opt_values /opt/stack/data/venv/lib/python3.12/site-packages/oslo_config/cfg.py:3253}}
Jun 23 11:40:04.752897 np0000003461 nova-scheduler[96363]: DEBUG cotyledon.oslo_config_glue [-] oslo_messaging_rabbit.amqp_auto_delete = False {{(pid=96363) log_opt_values /opt/stack/data/venv/lib/python3.12/site-packages/oslo_config/cfg.py:3253}}
Jun 23 11:40:04.752897 np0000003461 nova-scheduler[96363]: DEBUG cotyledon.oslo_config_glue [-] oslo_messaging_rabbit.amqp_durable_queues = False {{(pid=96363) log_opt_values /opt/stack/data/venv/lib/python3.12/site-packages/oslo_config/cfg.py:3253}}
Jun 23 11:40:04.752897 np0000003461 nova-scheduler[96363]: DEBUG cotyledon.oslo_config_glue [-] oslo_messaging_rabbit.conn_pool_min_size = 2 {{(pid=96363) log_opt_values /opt/stack/data/venv/lib/python3.12/site-packages/oslo_config/cfg.py:3253}}
Jun 23 11:40:04.753192 np0000003461 nova-scheduler[96363]: DEBUG cotyledon.oslo_config_glue [-] oslo_messaging_rabbit.conn_pool_ttl = 1200 {{(pid=96363) log_opt_values /opt/stack/data/venv/lib/python3.12/site-packages/oslo_config/cfg.py:3253}}
Jun 23 11:40:04.753192 np0000003461 nova-scheduler[96363]: DEBUG cotyledon.oslo_config_glue [-] oslo_messaging_rabbit.direct_mandatory_flag = True {{(pid=96363) log_opt_values /opt/stack/data/venv/lib/python3.12/site-packages/oslo_config/cfg.py:3253}}
Jun 23 11:40:04.753192 np0000003461 nova-scheduler[96363]: DEBUG cotyledon.oslo_config_glue [-] oslo_messaging_rabbit.enable_cancel_on_failover = False {{(pid=96363) log_opt_values /opt/stack/data/venv/lib/python3.12/site-packages/oslo_config/cfg.py:3253}}
Jun 23 11:40:04.753192 np0000003461 nova-scheduler[96363]: DEBUG cotyledon.oslo_config_glue [-] oslo_messaging_rabbit.heartbeat_rate = 3 {{(pid=96363) log_opt_values /opt/stack/data/venv/lib/python3.12/site-packages/oslo_config/cfg.py:3253}}
Jun 23 11:40:04.753192 np0000003461 nova-scheduler[96363]: DEBUG cotyledon.oslo_config_glue [-] oslo_messaging_rabbit.heartbeat_timeout_threshold = 60 {{(pid=96363) log_opt_values /opt/stack/data/venv/lib/python3.12/site-packages/oslo_config/cfg.py:3253}}
Jun 23 11:40:04.753192 np0000003461 nova-scheduler[96363]: DEBUG cotyledon.oslo_config_glue [-] oslo_messaging_rabbit.hostname = np0000003461 {{(pid=96363) log_opt_values /opt/stack/data/venv/lib/python3.12/site-packages/oslo_config/cfg.py:3253}}
Jun 23 11:40:04.753192 np0000003461 nova-scheduler[96363]: DEBUG cotyledon.oslo_config_glue [-] oslo_messaging_rabbit.kombu_compression = None {{(pid=96363) log_opt_values /opt/stack/data/venv/lib/python3.12/site-packages/oslo_config/cfg.py:3253}}
Jun 23 11:40:04.753192 np0000003461 nova-scheduler[96363]: DEBUG cotyledon.oslo_config_glue [-] oslo_messaging_rabbit.kombu_failover_strategy = round-robin {{(pid=96363) log_opt_values /opt/stack/data/venv/lib/python3.12/site-packages/oslo_config/cfg.py:3253}}
Jun 23 11:40:04.753192 np0000003461 nova-scheduler[96363]: DEBUG cotyledon.oslo_config_glue [-] oslo_messaging_rabbit.kombu_missing_consumer_retry_timeout = 60 {{(pid=96363) log_opt_values /opt/stack/data/venv/lib/python3.12/site-packages/oslo_config/cfg.py:3253}}
Jun 23 11:40:04.753503 np0000003461 nova-scheduler[96363]: DEBUG cotyledon.oslo_config_glue [-] oslo_messaging_rabbit.kombu_reconnect_delay = 1.0 {{(pid=96363) log_opt_values /opt/stack/data/venv/lib/python3.12/site-packages/oslo_config/cfg.py:3253}}
Jun 23 11:40:04.753503 np0000003461 nova-scheduler[96363]: DEBUG cotyledon.oslo_config_glue [-] oslo_messaging_rabbit.kombu_reconnect_splay = 0.0 {{(pid=96363) log_opt_values /opt/stack/data/venv/lib/python3.12/site-packages/oslo_config/cfg.py:3253}}
Jun 23 11:40:04.753503 np0000003461 nova-scheduler[96363]: DEBUG cotyledon.oslo_config_glue [-] oslo_messaging_rabbit.processname = nova-scheduler {{(pid=96363) log_opt_values /opt/stack/data/venv/lib/python3.12/site-packages/oslo_config/cfg.py:3253}}
Jun 23 11:40:04.753503 np0000003461 nova-scheduler[96363]: DEBUG cotyledon.oslo_config_glue [-] oslo_messaging_rabbit.rabbit_ha_queues = False {{(pid=96363) log_opt_values /opt/stack/data/venv/lib/python3.12/site-packages/oslo_config/cfg.py:3253}}
Jun 23 11:40:04.753503 np0000003461 nova-scheduler[96363]: DEBUG cotyledon.oslo_config_glue [-] oslo_messaging_rabbit.rabbit_interval_max = 30 {{(pid=96363) log_opt_values /opt/stack/data/venv/lib/python3.12/site-packages/oslo_config/cfg.py:3253}}
Jun 23 11:40:04.753503 np0000003461 nova-scheduler[96363]: DEBUG cotyledon.oslo_config_glue [-] oslo_messaging_rabbit.rabbit_login_method = AMQPLAIN {{(pid=96363) log_opt_values /opt/stack/data/venv/lib/python3.12/site-packages/oslo_config/cfg.py:3253}}
Jun 23 11:40:04.753503 np0000003461 nova-scheduler[96363]: DEBUG cotyledon.oslo_config_glue [-] oslo_messaging_rabbit.rabbit_qos_prefetch_count = 0 {{(pid=96363) log_opt_values /opt/stack/data/venv/lib/python3.12/site-packages/oslo_config/cfg.py:3253}}
Jun 23 11:40:04.753503 np0000003461 nova-scheduler[96363]: DEBUG cotyledon.oslo_config_glue [-] oslo_messaging_rabbit.rabbit_quorum_delivery_limit = 0 {{(pid=96363) log_opt_values /opt/stack/data/venv/lib/python3.12/site-packages/oslo_config/cfg.py:3253}}
Jun 23 11:40:04.753778 np0000003461 nova-scheduler[96361]: INFO nova.service [-] Starting scheduler node (version 33.1.0)
Jun 23 11:40:04.753821 np0000003461 nova-scheduler[96363]: DEBUG cotyledon.oslo_config_glue [-] oslo_messaging_rabbit.rabbit_quorum_max_memory_bytes = 0 {{(pid=96363) log_opt_values /opt/stack/data/venv/lib/python3.12/site-packages/oslo_config/cfg.py:3253}}
Jun 23 11:40:04.753821 np0000003461 nova-scheduler[96363]: DEBUG cotyledon.oslo_config_glue [-] oslo_messaging_rabbit.rabbit_quorum_max_memory_length = 0 {{(pid=96363) log_opt_values /opt/stack/data/venv/lib/python3.12/site-packages/oslo_config/cfg.py:3253}}
Jun 23 11:40:04.753821 np0000003461 nova-scheduler[96363]: DEBUG cotyledon.oslo_config_glue [-] oslo_messaging_rabbit.rabbit_quorum_queue = False {{(pid=96363) log_opt_values /opt/stack/data/venv/lib/python3.12/site-packages/oslo_config/cfg.py:3253}}
Jun 23 11:40:04.753821 np0000003461 nova-scheduler[96363]: DEBUG cotyledon.oslo_config_glue [-] oslo_messaging_rabbit.rabbit_retry_backoff = 2 {{(pid=96363) log_opt_values /opt/stack/data/venv/lib/python3.12/site-packages/oslo_config/cfg.py:3253}}
Jun 23 11:40:04.753821 np0000003461 nova-scheduler[96363]: DEBUG cotyledon.oslo_config_glue [-] oslo_messaging_rabbit.rabbit_retry_interval = 1 {{(pid=96363) log_opt_values /opt/stack/data/venv/lib/python3.12/site-packages/oslo_config/cfg.py:3253}}
Jun 23 11:40:04.753821 np0000003461 nova-scheduler[96363]: DEBUG cotyledon.oslo_config_glue [-] oslo_messaging_rabbit.rabbit_stream_fanout = False {{(pid=96363) log_opt_values /opt/stack/data/venv/lib/python3.12/site-packages/oslo_config/cfg.py:3253}}
Jun 23 11:40:04.753821 np0000003461 nova-scheduler[96363]: DEBUG cotyledon.oslo_config_glue [-] oslo_messaging_rabbit.rabbit_transient_queues_ttl = 1800 {{(pid=96363) log_opt_values /opt/stack/data/venv/lib/python3.12/site-packages/oslo_config/cfg.py:3253}}
Jun 23 11:40:04.753821 np0000003461 nova-scheduler[96363]: DEBUG cotyledon.oslo_config_glue [-] oslo_messaging_rabbit.rabbit_transient_quorum_queue = False {{(pid=96363) log_opt_values /opt/stack/data/venv/lib/python3.12/site-packages/oslo_config/cfg.py:3253}}
Jun 23 11:40:04.754098 np0000003461 nova-scheduler[96363]: DEBUG cotyledon.oslo_config_glue [-] oslo_messaging_rabbit.rpc_conn_pool_size = 30 {{(pid=96363) log_opt_values /opt/stack/data/venv/lib/python3.12/site-packages/oslo_config/cfg.py:3253}}
Jun 23 11:40:04.754098 np0000003461 nova-scheduler[96363]: DEBUG cotyledon.oslo_config_glue [-] oslo_messaging_rabbit.ssl = False {{(pid=96363) log_opt_values /opt/stack/data/venv/lib/python3.12/site-packages/oslo_config/cfg.py:3253}}
Jun 23 11:40:04.754098 np0000003461 nova-scheduler[96363]: DEBUG cotyledon.oslo_config_glue [-] oslo_messaging_rabbit.ssl_ca_file = {{(pid=96363) log_opt_values /opt/stack/data/venv/lib/python3.12/site-packages/oslo_config/cfg.py:3253}}
Jun 23 11:40:04.754098 np0000003461 nova-scheduler[96363]: DEBUG cotyledon.oslo_config_glue [-] oslo_messaging_rabbit.ssl_cert_file = {{(pid=96363) log_opt_values /opt/stack/data/venv/lib/python3.12/site-packages/oslo_config/cfg.py:3253}}
Jun 23 11:40:04.754098 np0000003461 nova-scheduler[96363]: DEBUG cotyledon.oslo_config_glue [-] oslo_messaging_rabbit.ssl_enforce_fips_mode = False {{(pid=96363) log_opt_values /opt/stack/data/venv/lib/python3.12/site-packages/oslo_config/cfg.py:3253}}
Jun 23 11:40:04.754098 np0000003461 nova-scheduler[96363]: DEBUG cotyledon.oslo_config_glue [-] oslo_messaging_rabbit.ssl_enforce_hostname_verification = True {{(pid=96363) log_opt_values /opt/stack/data/venv/lib/python3.12/site-packages/oslo_config/cfg.py:3253}}
Jun 23 11:40:04.754098 np0000003461 nova-scheduler[96363]: DEBUG cotyledon.oslo_config_glue [-] oslo_messaging_rabbit.ssl_key_file = {{(pid=96363) log_opt_values /opt/stack/data/venv/lib/python3.12/site-packages/oslo_config/cfg.py:3253}}
Jun 23 11:40:04.754098 np0000003461 nova-scheduler[96363]: DEBUG cotyledon.oslo_config_glue [-] oslo_messaging_rabbit.ssl_version = {{(pid=96363) log_opt_values /opt/stack/data/venv/lib/python3.12/site-packages/oslo_config/cfg.py:3253}}
Jun 23 11:40:04.754098 np0000003461 nova-scheduler[96363]: DEBUG cotyledon.oslo_config_glue [-] oslo_messaging_rabbit.use_queue_manager = False {{(pid=96363) log_opt_values /opt/stack/data/venv/lib/python3.12/site-packages/oslo_config/cfg.py:3253}}
Jun 23 11:40:04.754408 np0000003461 nova-scheduler[96363]: DEBUG cotyledon.oslo_config_glue [-] oslo_messaging_notifications.driver = ['messagingv2'] {{(pid=96363) log_opt_values /opt/stack/data/venv/lib/python3.12/site-packages/oslo_config/cfg.py:3253}}
Jun 23 11:40:04.754408 np0000003461 nova-scheduler[96363]: DEBUG cotyledon.oslo_config_glue [-] oslo_messaging_notifications.retry = -1 {{(pid=96363) log_opt_values /opt/stack/data/venv/lib/python3.12/site-packages/oslo_config/cfg.py:3253}}
Jun 23 11:40:04.754408 np0000003461 nova-scheduler[96363]: DEBUG cotyledon.oslo_config_glue [-] oslo_messaging_notifications.topics = ['notifications'] {{(pid=96363) log_opt_values /opt/stack/data/venv/lib/python3.12/site-packages/oslo_config/cfg.py:3253}}
Jun 23 11:40:04.754408 np0000003461 nova-scheduler[96363]: DEBUG cotyledon.oslo_config_glue [-] oslo_messaging_notifications.transport_url = **** {{(pid=96363) log_opt_values /opt/stack/data/venv/lib/python3.12/site-packages/oslo_config/cfg.py:3253}}
Jun 23 11:40:04.754408 np0000003461 nova-scheduler[96363]: DEBUG cotyledon.oslo_config_glue [-] oslo_limit.auth_section = None {{(pid=96363) log_opt_values /opt/stack/data/venv/lib/python3.12/site-packages/oslo_config/cfg.py:3253}}
Jun 23 11:40:04.754408 np0000003461 nova-scheduler[96363]: DEBUG cotyledon.oslo_config_glue [-] oslo_limit.auth_type = None {{(pid=96363) log_opt_values /opt/stack/data/venv/lib/python3.12/site-packages/oslo_config/cfg.py:3253}}
Jun 23 11:40:04.754408 np0000003461 nova-scheduler[96363]: DEBUG cotyledon.oslo_config_glue [-] oslo_limit.cafile = None {{(pid=96363) log_opt_values /opt/stack/data/venv/lib/python3.12/site-packages/oslo_config/cfg.py:3253}}
Jun 23 11:40:04.754408 np0000003461 nova-scheduler[96363]: DEBUG cotyledon.oslo_config_glue [-] oslo_limit.certfile = None {{(pid=96363) log_opt_values /opt/stack/data/venv/lib/python3.12/site-packages/oslo_config/cfg.py:3253}}
Jun 23 11:40:04.754408 np0000003461 nova-scheduler[96363]: DEBUG cotyledon.oslo_config_glue [-] oslo_limit.collect_timing = False {{(pid=96363) log_opt_values /opt/stack/data/venv/lib/python3.12/site-packages/oslo_config/cfg.py:3253}}
Jun 23 11:40:04.754717 np0000003461 nova-scheduler[96363]: DEBUG cotyledon.oslo_config_glue [-] oslo_limit.connect_retries = None {{(pid=96363) log_opt_values /opt/stack/data/venv/lib/python3.12/site-packages/oslo_config/cfg.py:3253}}
Jun 23 11:40:04.754717 np0000003461 nova-scheduler[96363]: DEBUG cotyledon.oslo_config_glue [-] oslo_limit.connect_retry_delay = None {{(pid=96363) log_opt_values /opt/stack/data/venv/lib/python3.12/site-packages/oslo_config/cfg.py:3253}}
Jun 23 11:40:04.754717 np0000003461 nova-scheduler[96363]: DEBUG cotyledon.oslo_config_glue [-] oslo_limit.endpoint_id = None {{(pid=96363) log_opt_values /opt/stack/data/venv/lib/python3.12/site-packages/oslo_config/cfg.py:3253}}
Jun 23 11:40:04.754717 np0000003461 nova-scheduler[96363]: DEBUG cotyledon.oslo_config_glue [-] oslo_limit.endpoint_interface = public {{(pid=96363) log_opt_values /opt/stack/data/venv/lib/python3.12/site-packages/oslo_config/cfg.py:3253}}
Jun 23 11:40:04.754717 np0000003461 nova-scheduler[96363]: DEBUG cotyledon.oslo_config_glue [-] oslo_limit.endpoint_override = None {{(pid=96363) log_opt_values /opt/stack/data/venv/lib/python3.12/site-packages/oslo_config/cfg.py:3253}}
Jun 23 11:40:04.754717 np0000003461 nova-scheduler[96363]: DEBUG cotyledon.oslo_config_glue [-] oslo_limit.endpoint_region_name = None {{(pid=96363) log_opt_values /opt/stack/data/venv/lib/python3.12/site-packages/oslo_config/cfg.py:3253}}
Jun 23 11:40:04.754717 np0000003461 nova-scheduler[96363]: DEBUG cotyledon.oslo_config_glue [-] oslo_limit.endpoint_service_name = None {{(pid=96363) log_opt_values /opt/stack/data/venv/lib/python3.12/site-packages/oslo_config/cfg.py:3253}}
Jun 23 11:40:04.754717 np0000003461 nova-scheduler[96363]: DEBUG cotyledon.oslo_config_glue [-] oslo_limit.endpoint_service_type = None {{(pid=96363) log_opt_values /opt/stack/data/venv/lib/python3.12/site-packages/oslo_config/cfg.py:3253}}
Jun 23 11:40:04.754717 np0000003461 nova-scheduler[96363]: DEBUG cotyledon.oslo_config_glue [-] oslo_limit.insecure = False {{(pid=96363) log_opt_values /opt/stack/data/venv/lib/python3.12/site-packages/oslo_config/cfg.py:3253}}
Jun 23 11:40:04.755033 np0000003461 nova-scheduler[96363]: DEBUG cotyledon.oslo_config_glue [-] oslo_limit.keyfile = None {{(pid=96363) log_opt_values /opt/stack/data/venv/lib/python3.12/site-packages/oslo_config/cfg.py:3253}}
Jun 23 11:40:04.755033 np0000003461 nova-scheduler[96363]: DEBUG cotyledon.oslo_config_glue [-] oslo_limit.max_version = None {{(pid=96363) log_opt_values /opt/stack/data/venv/lib/python3.12/site-packages/oslo_config/cfg.py:3253}}
Jun 23 11:40:04.755033 np0000003461 nova-scheduler[96363]: DEBUG cotyledon.oslo_config_glue [-] oslo_limit.min_version = None {{(pid=96363) log_opt_values /opt/stack/data/venv/lib/python3.12/site-packages/oslo_config/cfg.py:3253}}
Jun 23 11:40:04.755033 np0000003461 nova-scheduler[96363]: DEBUG cotyledon.oslo_config_glue [-] oslo_limit.region_name = None {{(pid=96363) log_opt_values /opt/stack/data/venv/lib/python3.12/site-packages/oslo_config/cfg.py:3253}}
Jun 23 11:40:04.755033 np0000003461 nova-scheduler[96363]: DEBUG cotyledon.oslo_config_glue [-] oslo_limit.retriable_status_codes = None {{(pid=96363) log_opt_values /opt/stack/data/venv/lib/python3.12/site-packages/oslo_config/cfg.py:3253}}
Jun 23 11:40:04.755033 np0000003461 nova-scheduler[96363]: DEBUG cotyledon.oslo_config_glue [-] oslo_limit.service_name = None {{(pid=96363) log_opt_values /opt/stack/data/venv/lib/python3.12/site-packages/oslo_config/cfg.py:3253}}
Jun 23 11:40:04.755033 np0000003461 nova-scheduler[96363]: DEBUG cotyledon.oslo_config_glue [-] oslo_limit.service_type = None {{(pid=96363) log_opt_values /opt/stack/data/venv/lib/python3.12/site-packages/oslo_config/cfg.py:3253}}
Jun 23 11:40:04.755033 np0000003461 nova-scheduler[96363]: DEBUG cotyledon.oslo_config_glue [-] oslo_limit.split_loggers = False {{(pid=96363) log_opt_values /opt/stack/data/venv/lib/python3.12/site-packages/oslo_config/cfg.py:3253}}
Jun 23 11:40:04.755033 np0000003461 nova-scheduler[96363]: DEBUG cotyledon.oslo_config_glue [-] oslo_limit.status_code_retries = None {{(pid=96363) log_opt_values /opt/stack/data/venv/lib/python3.12/site-packages/oslo_config/cfg.py:3253}}
Jun 23 11:40:04.755318 np0000003461 nova-scheduler[96363]: DEBUG cotyledon.oslo_config_glue [-] oslo_limit.status_code_retry_delay = None {{(pid=96363) log_opt_values /opt/stack/data/venv/lib/python3.12/site-packages/oslo_config/cfg.py:3253}}
Jun 23 11:40:04.755318 np0000003461 nova-scheduler[96363]: DEBUG cotyledon.oslo_config_glue [-] oslo_limit.timeout = None {{(pid=96363) log_opt_values /opt/stack/data/venv/lib/python3.12/site-packages/oslo_config/cfg.py:3253}}
Jun 23 11:40:04.755318 np0000003461 nova-scheduler[96363]: DEBUG cotyledon.oslo_config_glue [-] oslo_limit.valid_interfaces = None {{(pid=96363) log_opt_values /opt/stack/data/venv/lib/python3.12/site-packages/oslo_config/cfg.py:3253}}
Jun 23 11:40:04.755318 np0000003461 nova-scheduler[96363]: DEBUG cotyledon.oslo_config_glue [-] oslo_limit.version = None {{(pid=96363) log_opt_values /opt/stack/data/venv/lib/python3.12/site-packages/oslo_config/cfg.py:3253}}
Jun 23 11:40:04.755318 np0000003461 nova-scheduler[96363]: DEBUG cotyledon.oslo_config_glue [-] oslo_reports.file_event_handler = None {{(pid=96363) log_opt_values /opt/stack/data/venv/lib/python3.12/site-packages/oslo_config/cfg.py:3253}}
Jun 23 11:40:04.755318 np0000003461 nova-scheduler[96363]: DEBUG cotyledon.oslo_config_glue [-] oslo_reports.file_event_handler_interval = 1 {{(pid=96363) log_opt_values /opt/stack/data/venv/lib/python3.12/site-packages/oslo_config/cfg.py:3253}}
Jun 23 11:40:04.755318 np0000003461 nova-scheduler[96363]: DEBUG cotyledon.oslo_config_glue [-] oslo_reports.log_dir = None {{(pid=96363) log_opt_values /opt/stack/data/venv/lib/python3.12/site-packages/oslo_config/cfg.py:3253}}
Jun 23 11:40:04.755318 np0000003461 nova-scheduler[96363]: DEBUG cotyledon.oslo_config_glue [-] ******************************************************************************** {{(pid=96363) log_opt_values /opt/stack/data/venv/lib/python3.12/site-packages/oslo_config/cfg.py:3260}}
Jun 23 11:40:04.755318 np0000003461 nova-scheduler[96363]: DEBUG cotyledon._service_worker [-] Run service ServiceWrapper(3) [96363] {{(pid=96363) wait_forever /opt/stack/data/venv/lib/python3.12/site-packages/cotyledon/_service_worker.py:218}}
Jun 23 11:40:04.755616 np0000003461 nova-scheduler[96363]: INFO nova.service [-] Starting scheduler node (version 33.1.0)
Jun 23 11:40:04.755653 np0000003461 nova-scheduler[96361]: INFO dbcounter [None req-c9268ac2-e393-413e-a428-7072846143d5 None None] Registered counter for database nova_cell0
Jun 23 11:40:04.755691 np0000003461 nova-scheduler[96363]: INFO dbcounter [None req-abff0216-2801-4d34-8975-62d22891fc92 None None] Registered counter for database nova_cell0
Jun 23 11:40:04.755728 np0000003461 nova-scheduler[96357]: DEBUG oslo_db.sqlalchemy.engines [None req-243675a9-1aa4-4f33-b2bb-53d43e8e4bc7 None None] MySQL server mode set to STRICT_TRANS_TABLES,STRICT_ALL_TABLES,NO_ZERO_IN_DATE,NO_ZERO_DATE,ERROR_FOR_DIVISION_BY_ZERO,TRADITIONAL,NO_ENGINE_SUBSTITUTION {{(pid=96357) _check_effective_sql_mode /opt/stack/data/venv/lib/python3.12/site-packages/oslo_db/sqlalchemy/engines.py:325}}
Jun 23 11:40:04.755728 np0000003461 nova-scheduler[96357]: DEBUG dbcounter [-] [96357] Writer thread running {{(pid=96357) stat_writer /opt/stack/data/venv/lib/python3.12/site-packages/dbcounter.py:102}}
Jun 23 11:40:04.771760 np0000003461 nova-scheduler[96357]: DEBUG nova.service [None req-243675a9-1aa4-4f33-b2bb-53d43e8e4bc7 None None] Creating RPC server for service: nova-scheduler on topic: scheduler {{(pid=96357) start /opt/stack/nova/nova/service.py:196}}
Jun 23 11:40:04.777571 np0000003461 nova-scheduler[96363]: DEBUG oslo_db.sqlalchemy.engines [None req-abff0216-2801-4d34-8975-62d22891fc92 None None] MySQL server mode set to STRICT_TRANS_TABLES,STRICT_ALL_TABLES,NO_ZERO_IN_DATE,NO_ZERO_DATE,ERROR_FOR_DIVISION_BY_ZERO,TRADITIONAL,NO_ENGINE_SUBSTITUTION {{(pid=96363) _check_effective_sql_mode /opt/stack/data/venv/lib/python3.12/site-packages/oslo_db/sqlalchemy/engines.py:325}}
Jun 23 11:40:04.781278 np0000003461 nova-scheduler[96361]: DEBUG oslo_db.sqlalchemy.engines [None req-c9268ac2-e393-413e-a428-7072846143d5 None None] MySQL server mode set to STRICT_TRANS_TABLES,STRICT_ALL_TABLES,NO_ZERO_IN_DATE,NO_ZERO_DATE,ERROR_FOR_DIVISION_BY_ZERO,TRADITIONAL,NO_ENGINE_SUBSTITUTION {{(pid=96361) _check_effective_sql_mode /opt/stack/data/venv/lib/python3.12/site-packages/oslo_db/sqlalchemy/engines.py:325}}
Jun 23 11:40:04.785916 np0000003461 nova-scheduler[96363]: DEBUG dbcounter [-] [96363] Writer thread running {{(pid=96363) stat_writer /opt/stack/data/venv/lib/python3.12/site-packages/dbcounter.py:102}}
Jun 23 11:40:04.788492 np0000003461 nova-scheduler[96363]: DEBUG nova.service [None req-abff0216-2801-4d34-8975-62d22891fc92 None None] Creating RPC server for service: nova-scheduler on topic: scheduler {{(pid=96363) start /opt/stack/nova/nova/service.py:196}}
Jun 23 11:40:04.791672 np0000003461 nova-scheduler[96361]: DEBUG dbcounter [-] [96361] Writer thread running {{(pid=96361) stat_writer /opt/stack/data/venv/lib/python3.12/site-packages/dbcounter.py:102}}
Jun 23 11:40:04.793382 np0000003461 nova-scheduler[96359]: DEBUG oslo_db.sqlalchemy.engines [None req-56c87245-c9dc-49aa-8ec9-bddec65089cb None None] MySQL server mode set to STRICT_TRANS_TABLES,STRICT_ALL_TABLES,NO_ZERO_IN_DATE,NO_ZERO_DATE,ERROR_FOR_DIVISION_BY_ZERO,TRADITIONAL,NO_ENGINE_SUBSTITUTION {{(pid=96359) _check_effective_sql_mode /opt/stack/data/venv/lib/python3.12/site-packages/oslo_db/sqlalchemy/engines.py:325}}
Jun 23 11:40:04.794978 np0000003461 nova-scheduler[96361]: DEBUG nova.service [None req-c9268ac2-e393-413e-a428-7072846143d5 None None] Creating RPC server for service: nova-scheduler on topic: scheduler {{(pid=96361) start /opt/stack/nova/nova/service.py:196}}
Jun 23 11:40:04.809183 np0000003461 nova-scheduler[96359]: DEBUG dbcounter [-] [96359] Writer thread running {{(pid=96359) stat_writer /opt/stack/data/venv/lib/python3.12/site-packages/dbcounter.py:102}}
Jun 23 11:40:04.812461 np0000003461 nova-scheduler[96359]: DEBUG nova.service [None req-56c87245-c9dc-49aa-8ec9-bddec65089cb None None] Creating RPC server for service: nova-scheduler on topic: scheduler {{(pid=96359) start /opt/stack/nova/nova/service.py:196}}
Jun 23 11:40:04.814785 np0000003461 nova-scheduler[96361]: DEBUG nova.service [None req-c9268ac2-e393-413e-a428-7072846143d5 None None] Join ServiceGroup membership for this service scheduler {{(pid=96361) start /opt/stack/nova/nova/service.py:222}}
Jun 23 11:40:04.815118 np0000003461 nova-scheduler[96361]: DEBUG nova.servicegroup.drivers.db [None req-c9268ac2-e393-413e-a428-7072846143d5 None None] DB_Driver: join new ServiceGroup member np0000003461 to the scheduler group, service = {{(pid=96361) join /opt/stack/nova/nova/servicegroup/drivers/db.py:44}}
Jun 23 11:40:04.818858 np0000003461 nova-scheduler[96363]: DEBUG nova.service [None req-abff0216-2801-4d34-8975-62d22891fc92 None None] Join ServiceGroup membership for this service scheduler {{(pid=96363) start /opt/stack/nova/nova/service.py:222}}
Jun 23 11:40:04.818954 np0000003461 nova-scheduler[96357]: DEBUG nova.service [None req-243675a9-1aa4-4f33-b2bb-53d43e8e4bc7 None None] Join ServiceGroup membership for this service scheduler {{(pid=96357) start /opt/stack/nova/nova/service.py:222}}
Jun 23 11:40:04.819013 np0000003461 nova-scheduler[96363]: DEBUG nova.servicegroup.drivers.db [None req-abff0216-2801-4d34-8975-62d22891fc92 None None] DB_Driver: join new ServiceGroup member np0000003461 to the scheduler group, service = {{(pid=96363) join /opt/stack/nova/nova/servicegroup/drivers/db.py:44}}
Jun 23 11:40:04.819182 np0000003461 nova-scheduler[96357]: DEBUG nova.servicegroup.drivers.db [None req-243675a9-1aa4-4f33-b2bb-53d43e8e4bc7 None None] DB_Driver: join new ServiceGroup member np0000003461 to the scheduler group, service = {{(pid=96357) join /opt/stack/nova/nova/servicegroup/drivers/db.py:44}}
Jun 23 11:40:04.830851 np0000003461 nova-scheduler[96359]: DEBUG nova.service [None req-56c87245-c9dc-49aa-8ec9-bddec65089cb None None] Join ServiceGroup membership for this service scheduler {{(pid=96359) start /opt/stack/nova/nova/service.py:222}}
Jun 23 11:40:04.831130 np0000003461 nova-scheduler[96359]: DEBUG nova.servicegroup.drivers.db [None req-56c87245-c9dc-49aa-8ec9-bddec65089cb None None] DB_Driver: join new ServiceGroup member np0000003461 to the scheduler group, service = {{(pid=96359) join /opt/stack/nova/nova/servicegroup/drivers/db.py:44}}
Jun 23 11:40:09.836803 np0000003461 nova-scheduler[96361]: DEBUG oslo.service.backend._threading.loopingcall [-] Fixed interval looping call 'nova.servicegroup.drivers.db.DbDriver._report_state' sleeping for 119.98 seconds {{(pid=96361) _run_loop /opt/stack/data/venv/lib/python3.12/site-packages/oslo_service/backend/_threading/loopingcall.py:125}}
Jun 23 11:40:09.837677 np0000003461 nova-scheduler[96363]: DEBUG oslo.service.backend._threading.loopingcall [-] Fixed interval looping call 'nova.servicegroup.drivers.db.DbDriver._report_state' sleeping for 119.98 seconds {{(pid=96363) _run_loop /opt/stack/data/venv/lib/python3.12/site-packages/oslo_service/backend/_threading/loopingcall.py:125}}
Jun 23 11:40:09.838433 np0000003461 nova-scheduler[96357]: DEBUG oslo.service.backend._threading.loopingcall [-] Fixed interval looping call 'nova.servicegroup.drivers.db.DbDriver._report_state' sleeping for 119.98 seconds {{(pid=96357) _run_loop /opt/stack/data/venv/lib/python3.12/site-packages/oslo_service/backend/_threading/loopingcall.py:125}}
Jun 23 11:40:09.843149 np0000003461 nova-scheduler[96359]: DEBUG oslo.service.backend._threading.loopingcall [-] Fixed interval looping call 'nova.servicegroup.drivers.db.DbDriver._report_state' sleeping for 119.99 seconds {{(pid=96359) _run_loop /opt/stack/data/venv/lib/python3.12/site-packages/oslo_service/backend/_threading/loopingcall.py:125}}
Jun 23 11:40:12.820979 np0000003461 nova-scheduler[96357]: DEBUG oslo.service.backend._threading.loopingcall [None req-3f820815-031d-4cdc-abc4-7a80b09ccc47 None None] Dynamic interval looping call 'nova.service.Service.periodic_tasks' sleeping for 60.00 seconds {{(pid=96357) _run_loop /opt/stack/data/venv/lib/python3.12/site-packages/oslo_service/backend/_threading/loopingcall.py:125}}
Jun 23 11:40:13.357525 np0000003461 nova-scheduler[95087]: DEBUG dbcounter [-] [95087] Writing DB stats nova_api:SELECT=3 {{(pid=95087) stat_writer /opt/stack/data/venv/lib/python3.12/site-packages/dbcounter.py:115}}
Jun 23 11:40:13.498656 np0000003461 nova-scheduler[95087]: DEBUG dbcounter [-] [95087] Writing DB stats nova_cell0:SELECT=1 {{(pid=95087) stat_writer /opt/stack/data/venv/lib/python3.12/site-packages/dbcounter.py:115}}
Jun 23 11:40:13.502344 np0000003461 nova-scheduler[95087]: DEBUG dbcounter [-] [95087] Writing DB stats nova_cell1:SELECT=1 {{(pid=95087) stat_writer /opt/stack/data/venv/lib/python3.12/site-packages/dbcounter.py:115}}
Jun 23 11:40:19.829843 np0000003461 nova-scheduler[96361]: DEBUG dbcounter [-] [96361] Writing DB stats nova_cell0:SELECT=3,nova_cell0:UPDATE=1 {{(pid=96361) stat_writer /opt/stack/data/venv/lib/python3.12/site-packages/dbcounter.py:115}}
Jun 23 11:40:19.836764 np0000003461 nova-scheduler[96363]: DEBUG dbcounter [-] [96363] Writing DB stats nova_cell0:SELECT=3,nova_cell0:UPDATE=1 {{(pid=96363) stat_writer /opt/stack/data/venv/lib/python3.12/site-packages/dbcounter.py:115}}
Jun 23 11:40:19.837112 np0000003461 nova-scheduler[96357]: DEBUG dbcounter [-] [96357] Writing DB stats nova_cell0:SELECT=4,nova_cell0:INSERT=1,nova_cell0:UPDATE=1 {{(pid=96357) stat_writer /opt/stack/data/venv/lib/python3.12/site-packages/dbcounter.py:115}}
Jun 23 11:40:19.842924 np0000003461 nova-scheduler[96359]: DEBUG dbcounter [-] [96359] Writing DB stats nova_cell0:SELECT=3 {{(pid=96359) stat_writer /opt/stack/data/venv/lib/python3.12/site-packages/dbcounter.py:115}}
Jun 23 11:40:21.833516 np0000003461 nova-scheduler[96359]: DEBUG oslo.service.backend._threading.loopingcall [None req-68365894-f793-4a2f-b11d-892081b21543 None None] Dynamic interval looping call 'nova.service.Service.periodic_tasks' sleeping for 60.00 seconds {{(pid=96359) _run_loop /opt/stack/data/venv/lib/python3.12/site-packages/oslo_service/backend/_threading/loopingcall.py:125}}
Jun 23 11:40:32.821919 np0000003461 nova-scheduler[96363]: DEBUG oslo.service.backend._threading.loopingcall [None req-84550fc1-6a29-45e1-9cf2-079de009d976 None None] Dynamic interval looping call 'nova.service.Service.periodic_tasks' sleeping for 60.00 seconds {{(pid=96363) _run_loop /opt/stack/data/venv/lib/python3.12/site-packages/oslo_service/backend/_threading/loopingcall.py:125}}
Jun 23 11:40:35.817577 np0000003461 nova-scheduler[96361]: DEBUG oslo.service.backend._threading.loopingcall [None req-af962689-d5d6-4a6d-9e5b-b4384a32711d None None] Dynamic interval looping call 'nova.service.Service.periodic_tasks' sleeping for 60.00 seconds {{(pid=96361) _run_loop /opt/stack/data/venv/lib/python3.12/site-packages/oslo_service/backend/_threading/loopingcall.py:125}}
Jun 23 11:41:12.821451 np0000003461 nova-scheduler[96357]: DEBUG oslo.service.backend._threading.loopingcall [None req-3f820815-031d-4cdc-abc4-7a80b09ccc47 None None] Dynamic interval looping call 'nova.service.Service.periodic_tasks' sleeping for 60.00 seconds {{(pid=96357) _run_loop /opt/stack/data/venv/lib/python3.12/site-packages/oslo_service/backend/_threading/loopingcall.py:125}}
Jun 23 11:41:21.834030 np0000003461 nova-scheduler[96359]: DEBUG oslo.service.backend._threading.loopingcall [None req-68365894-f793-4a2f-b11d-892081b21543 None None] Dynamic interval looping call 'nova.service.Service.periodic_tasks' sleeping for 60.00 seconds {{(pid=96359) _run_loop /opt/stack/data/venv/lib/python3.12/site-packages/oslo_service/backend/_threading/loopingcall.py:125}}
Jun 23 11:41:32.822498 np0000003461 nova-scheduler[96363]: DEBUG oslo.service.backend._threading.loopingcall [None req-84550fc1-6a29-45e1-9cf2-079de009d976 None None] Dynamic interval looping call 'nova.service.Service.periodic_tasks' sleeping for 60.00 seconds {{(pid=96363) _run_loop /opt/stack/data/venv/lib/python3.12/site-packages/oslo_service/backend/_threading/loopingcall.py:125}}
Jun 23 11:41:35.818336 np0000003461 nova-scheduler[96361]: DEBUG oslo.service.backend._threading.loopingcall [None req-af962689-d5d6-4a6d-9e5b-b4384a32711d None None] Dynamic interval looping call 'nova.service.Service.periodic_tasks' sleeping for 60.00 seconds {{(pid=96361) _run_loop /opt/stack/data/venv/lib/python3.12/site-packages/oslo_service/backend/_threading/loopingcall.py:125}}
Jun 23 11:42:09.826286 np0000003461 nova-scheduler[96361]: DEBUG oslo.service.backend._threading.loopingcall [-] Fixed interval looping call 'nova.servicegroup.drivers.db.DbDriver._report_state' sleeping for 119.99 seconds {{(pid=96361) _run_loop /opt/stack/data/venv/lib/python3.12/site-packages/oslo_service/backend/_threading/loopingcall.py:125}}
Jun 23 11:42:09.827109 np0000003461 nova-scheduler[96363]: DEBUG oslo.service.backend._threading.loopingcall [-] Fixed interval looping call 'nova.servicegroup.drivers.db.DbDriver._report_state' sleeping for 119.99 seconds {{(pid=96363) _run_loop /opt/stack/data/venv/lib/python3.12/site-packages/oslo_service/backend/_threading/loopingcall.py:125}}
Jun 23 11:42:09.828252 np0000003461 nova-scheduler[96357]: DEBUG oslo.service.backend._threading.loopingcall [-] Fixed interval looping call 'nova.servicegroup.drivers.db.DbDriver._report_state' sleeping for 119.99 seconds {{(pid=96357) _run_loop /opt/stack/data/venv/lib/python3.12/site-packages/oslo_service/backend/_threading/loopingcall.py:125}}
Jun 23 11:42:09.836321 np0000003461 nova-scheduler[96359]: DEBUG oslo.service.backend._threading.loopingcall [-] Fixed interval looping call 'nova.servicegroup.drivers.db.DbDriver._report_state' sleeping for 120.00 seconds {{(pid=96359) _run_loop /opt/stack/data/venv/lib/python3.12/site-packages/oslo_service/backend/_threading/loopingcall.py:125}}
Jun 23 11:42:12.821919 np0000003461 nova-scheduler[96357]: DEBUG oslo.service.backend._threading.loopingcall [None req-3f820815-031d-4cdc-abc4-7a80b09ccc47 None None] Dynamic interval looping call 'nova.service.Service.periodic_tasks' sleeping for 60.00 seconds {{(pid=96357) _run_loop /opt/stack/data/venv/lib/python3.12/site-packages/oslo_service/backend/_threading/loopingcall.py:125}}
Jun 23 11:42:19.820179 np0000003461 nova-scheduler[96361]: DEBUG dbcounter [-] [96361] Writing DB stats nova_cell0:SELECT=1,nova_cell0:UPDATE=1 {{(pid=96361) stat_writer /opt/stack/data/venv/lib/python3.12/site-packages/dbcounter.py:115}}
Jun 23 11:42:19.821362 np0000003461 nova-scheduler[96363]: DEBUG dbcounter [-] [96363] Writing DB stats nova_cell0:SELECT=1,nova_cell0:UPDATE=1 {{(pid=96363) stat_writer /opt/stack/data/venv/lib/python3.12/site-packages/dbcounter.py:115}}
Jun 23 11:42:19.821685 np0000003461 nova-scheduler[96357]: DEBUG dbcounter [-] [96357] Writing DB stats nova_cell0:SELECT=1,nova_cell0:UPDATE=1 {{(pid=96357) stat_writer /opt/stack/data/venv/lib/python3.12/site-packages/dbcounter.py:115}}
Jun 23 11:42:19.836362 np0000003461 nova-scheduler[96359]: DEBUG dbcounter [-] [96359] Writing DB stats nova_cell0:SELECT=1 {{(pid=96359) stat_writer /opt/stack/data/venv/lib/python3.12/site-packages/dbcounter.py:115}}
Jun 23 11:42:21.834792 np0000003461 nova-scheduler[96359]: DEBUG oslo.service.backend._threading.loopingcall [None req-68365894-f793-4a2f-b11d-892081b21543 None None] Dynamic interval looping call 'nova.service.Service.periodic_tasks' sleeping for 60.00 seconds {{(pid=96359) _run_loop /opt/stack/data/venv/lib/python3.12/site-packages/oslo_service/backend/_threading/loopingcall.py:125}}
Jun 23 11:42:32.823020 np0000003461 nova-scheduler[96363]: DEBUG oslo.service.backend._threading.loopingcall [None req-84550fc1-6a29-45e1-9cf2-079de009d976 None None] Dynamic interval looping call 'nova.service.Service.periodic_tasks' sleeping for 60.00 seconds {{(pid=96363) _run_loop /opt/stack/data/venv/lib/python3.12/site-packages/oslo_service/backend/_threading/loopingcall.py:125}}
Jun 23 11:42:35.818946 np0000003461 nova-scheduler[96361]: DEBUG oslo.service.backend._threading.loopingcall [None req-af962689-d5d6-4a6d-9e5b-b4384a32711d None None] Dynamic interval looping call 'nova.service.Service.periodic_tasks' sleeping for 60.00 seconds {{(pid=96361) _run_loop /opt/stack/data/venv/lib/python3.12/site-packages/oslo_service/backend/_threading/loopingcall.py:125}}
Jun 23 11:42:37.039461 np0000003461 nova-scheduler[96361]: DEBUG nova.scheduler.manager [None req-a35cdee1-6d47-4441-9f9a-330a330785c7 tempest-DeleteServersTestJSON-80361614 tempest-DeleteServersTestJSON-80361614-project-member] Starting to schedule for instances: ['7f226157-f15a-4efd-868a-746268ca16b7'] {{(pid=96361) select_destinations /opt/stack/nova/nova/scheduler/manager.py:210}}
Jun 23 11:42:37.041640 np0000003461 nova-scheduler[96361]: DEBUG nova.scheduler.request_filter [None req-a35cdee1-6d47-4441-9f9a-330a330785c7 tempest-DeleteServersTestJSON-80361614 tempest-DeleteServersTestJSON-80361614-project-member] compute_status_filter request filter added forbidden trait COMPUTE_STATUS_DISABLED {{(pid=96361) compute_status_filter /opt/stack/nova/nova/scheduler/request_filter.py:253}}
Jun 23 11:42:37.041640 np0000003461 nova-scheduler[96361]: DEBUG nova.scheduler.request_filter [None req-a35cdee1-6d47-4441-9f9a-330a330785c7 tempest-DeleteServersTestJSON-80361614 tempest-DeleteServersTestJSON-80361614-project-member] Request filter 'compute_status_filter' took 0.0 seconds {{(pid=96361) wrapper /opt/stack/nova/nova/scheduler/request_filter.py:46}}
Jun 23 11:42:37.041640 np0000003461 nova-scheduler[96361]: DEBUG nova.scheduler.request_filter [None req-a35cdee1-6d47-4441-9f9a-330a330785c7 tempest-DeleteServersTestJSON-80361614 tempest-DeleteServersTestJSON-80361614-project-member] Request filter 'accelerators_filter' took 0.0 seconds {{(pid=96361) wrapper /opt/stack/nova/nova/scheduler/request_filter.py:46}}
Jun 23 11:42:37.041640 np0000003461 nova-scheduler[96361]: DEBUG nova.scheduler.request_filter [None req-a35cdee1-6d47-4441-9f9a-330a330785c7 tempest-DeleteServersTestJSON-80361614 tempest-DeleteServersTestJSON-80361614-project-member] Request filter 'packed_virtqueue_filter' took 0.0 seconds {{(pid=96361) wrapper /opt/stack/nova/nova/scheduler/request_filter.py:46}}
Jun 23 11:42:37.041640 np0000003461 nova-scheduler[96361]: DEBUG nova.scheduler.request_filter [None req-a35cdee1-6d47-4441-9f9a-330a330785c7 tempest-DeleteServersTestJSON-80361614 tempest-DeleteServersTestJSON-80361614-project-member] Request filter 'remote_managed_ports_filter' took 0.0 seconds {{(pid=96361) wrapper /opt/stack/nova/nova/scheduler/request_filter.py:46}}
Jun 23 11:42:37.041943 np0000003461 nova-scheduler[96361]: DEBUG nova.scheduler.request_filter [None req-a35cdee1-6d47-4441-9f9a-330a330785c7 tempest-DeleteServersTestJSON-80361614 tempest-DeleteServersTestJSON-80361614-project-member] ephemeral_encryption_filter skipped {{(pid=96361) ephemeral_encryption_filter /opt/stack/nova/nova/scheduler/request_filter.py:426}}
Jun 23 11:42:37.041943 np0000003461 nova-scheduler[96361]: DEBUG nova.scheduler.request_filter [None req-a35cdee1-6d47-4441-9f9a-330a330785c7 tempest-DeleteServersTestJSON-80361614 tempest-DeleteServersTestJSON-80361614-project-member] virtio_sound_filter skipped {{(pid=96361) virtio_sound_filter /opt/stack/nova/nova/scheduler/request_filter.py:460}}
Jun 23 11:42:37.042076 np0000003461 nova-scheduler[96361]: DEBUG nova.scheduler.request_filter [None req-a35cdee1-6d47-4441-9f9a-330a330785c7 tempest-DeleteServersTestJSON-80361614 tempest-DeleteServersTestJSON-80361614-project-member] tpm_secret_security_filter skipped {{(pid=96361) tpm_secret_security_filter /opt/stack/nova/nova/scheduler/request_filter.py:477}}
Jun 23 11:42:37.629567 np0000003461 nova-scheduler[96363]: DEBUG nova.scheduler.manager [None req-0e55299e-36bc-46fa-852e-b0d10ea367ce tempest-AttachVolumeTestJSON-411285015 tempest-AttachVolumeTestJSON-411285015-project-member] Starting to schedule for instances: ['4db5429b-71f7-4033-b0bb-784f47d83819'] {{(pid=96363) select_destinations /opt/stack/nova/nova/scheduler/manager.py:210}}
Jun 23 11:42:37.630504 np0000003461 nova-scheduler[96363]: DEBUG nova.scheduler.request_filter [None req-0e55299e-36bc-46fa-852e-b0d10ea367ce tempest-AttachVolumeTestJSON-411285015 tempest-AttachVolumeTestJSON-411285015-project-member] compute_status_filter request filter added forbidden trait COMPUTE_STATUS_DISABLED {{(pid=96363) compute_status_filter /opt/stack/nova/nova/scheduler/request_filter.py:253}}
Jun 23 11:42:37.630591 np0000003461 nova-scheduler[96363]: DEBUG nova.scheduler.request_filter [None req-0e55299e-36bc-46fa-852e-b0d10ea367ce tempest-AttachVolumeTestJSON-411285015 tempest-AttachVolumeTestJSON-411285015-project-member] Request filter 'compute_status_filter' took 0.0 seconds {{(pid=96363) wrapper /opt/stack/nova/nova/scheduler/request_filter.py:46}}
Jun 23 11:42:37.631923 np0000003461 nova-scheduler[96363]: DEBUG nova.scheduler.request_filter [None req-0e55299e-36bc-46fa-852e-b0d10ea367ce tempest-AttachVolumeTestJSON-411285015 tempest-AttachVolumeTestJSON-411285015-project-member] Request filter 'accelerators_filter' took 0.0 seconds {{(pid=96363) wrapper /opt/stack/nova/nova/scheduler/request_filter.py:46}}
Jun 23 11:42:37.631923 np0000003461 nova-scheduler[96363]: DEBUG nova.scheduler.request_filter [None req-0e55299e-36bc-46fa-852e-b0d10ea367ce tempest-AttachVolumeTestJSON-411285015 tempest-AttachVolumeTestJSON-411285015-project-member] Request filter 'packed_virtqueue_filter' took 0.0 seconds {{(pid=96363) wrapper /opt/stack/nova/nova/scheduler/request_filter.py:46}}
Jun 23 11:42:37.631923 np0000003461 nova-scheduler[96363]: DEBUG nova.scheduler.request_filter [None req-0e55299e-36bc-46fa-852e-b0d10ea367ce tempest-AttachVolumeTestJSON-411285015 tempest-AttachVolumeTestJSON-411285015-project-member] Request filter 'remote_managed_ports_filter' took 0.0 seconds {{(pid=96363) wrapper /opt/stack/nova/nova/scheduler/request_filter.py:46}}
Jun 23 11:42:37.631923 np0000003461 nova-scheduler[96363]: DEBUG nova.scheduler.request_filter [None req-0e55299e-36bc-46fa-852e-b0d10ea367ce tempest-AttachVolumeTestJSON-411285015 tempest-AttachVolumeTestJSON-411285015-project-member] ephemeral_encryption_filter skipped {{(pid=96363) ephemeral_encryption_filter /opt/stack/nova/nova/scheduler/request_filter.py:426}}
Jun 23 11:42:37.631923 np0000003461 nova-scheduler[96363]: DEBUG nova.scheduler.request_filter [None req-0e55299e-36bc-46fa-852e-b0d10ea367ce tempest-AttachVolumeTestJSON-411285015 tempest-AttachVolumeTestJSON-411285015-project-member] virtio_sound_filter skipped {{(pid=96363) virtio_sound_filter /opt/stack/nova/nova/scheduler/request_filter.py:460}}
Jun 23 11:42:37.632246 np0000003461 nova-scheduler[96363]: DEBUG nova.scheduler.request_filter [None req-0e55299e-36bc-46fa-852e-b0d10ea367ce tempest-AttachVolumeTestJSON-411285015 tempest-AttachVolumeTestJSON-411285015-project-member] tpm_secret_security_filter skipped {{(pid=96363) tpm_secret_security_filter /opt/stack/nova/nova/scheduler/request_filter.py:477}}
Jun 23 11:42:37.655332 np0000003461 nova-scheduler[96361]: INFO nova.utils [None req-a35cdee1-6d47-4441-9f9a-330a330785c7 tempest-DeleteServersTestJSON-80361614 tempest-DeleteServersTestJSON-80361614-project-member] The cell worker thread pool ForkProcess-3.cell_worker is initialized
Jun 23 11:42:37.655808 np0000003461 nova-scheduler[96361]: DEBUG oslo_concurrency.lockutils [None req-a35cdee1-6d47-4441-9f9a-330a330785c7 tempest-DeleteServersTestJSON-80361614 tempest-DeleteServersTestJSON-80361614-project-member] Acquiring lock "72af5a52-d4a7-4634-9686-35537224cb98" by "nova.context.set_target_cell..get_or_set_cached_cell_and_set_connections" {{(pid=96361) inner /opt/stack/data/venv/lib/python3.12/site-packages/oslo_concurrency/lockutils.py:511}}
Jun 23 11:42:37.656078 np0000003461 nova-scheduler[96361]: DEBUG oslo_concurrency.lockutils [None req-a35cdee1-6d47-4441-9f9a-330a330785c7 tempest-DeleteServersTestJSON-80361614 tempest-DeleteServersTestJSON-80361614-project-member] Lock "72af5a52-d4a7-4634-9686-35537224cb98" acquired by "nova.context.set_target_cell..get_or_set_cached_cell_and_set_connections" :: waited 0.000s {{(pid=96361) inner /opt/stack/data/venv/lib/python3.12/site-packages/oslo_concurrency/lockutils.py:524}}
Jun 23 11:42:37.657912 np0000003461 nova-scheduler[96361]: DEBUG oslo_concurrency.lockutils [None req-a35cdee1-6d47-4441-9f9a-330a330785c7 tempest-DeleteServersTestJSON-80361614 tempest-DeleteServersTestJSON-80361614-project-member] Lock "72af5a52-d4a7-4634-9686-35537224cb98" "released" by "nova.context.set_target_cell..get_or_set_cached_cell_and_set_connections" :: held 0.002s {{(pid=96361) inner /opt/stack/data/venv/lib/python3.12/site-packages/oslo_concurrency/lockutils.py:543}}
Jun 23 11:42:37.660061 np0000003461 nova-scheduler[96361]: INFO dbcounter [None req-a35cdee1-6d47-4441-9f9a-330a330785c7 tempest-DeleteServersTestJSON-80361614 tempest-DeleteServersTestJSON-80361614-project-member] Registered counter for database nova_cell1
Jun 23 11:42:37.705610 np0000003461 nova-scheduler[96361]: DEBUG oslo_db.sqlalchemy.engines [None req-a35cdee1-6d47-4441-9f9a-330a330785c7 tempest-DeleteServersTestJSON-80361614 tempest-DeleteServersTestJSON-80361614-project-member] MySQL server mode set to STRICT_TRANS_TABLES,STRICT_ALL_TABLES,NO_ZERO_IN_DATE,NO_ZERO_DATE,ERROR_FOR_DIVISION_BY_ZERO,TRADITIONAL,NO_ENGINE_SUBSTITUTION {{(pid=96361) _check_effective_sql_mode /opt/stack/data/venv/lib/python3.12/site-packages/oslo_db/sqlalchemy/engines.py:325}}
Jun 23 11:42:37.714223 np0000003461 nova-scheduler[96361]: DEBUG dbcounter [-] [96361] Writer thread running {{(pid=96361) stat_writer /opt/stack/data/venv/lib/python3.12/site-packages/dbcounter.py:102}}
Jun 23 11:42:37.736518 np0000003461 nova-scheduler[96361]: DEBUG oslo_db.sqlalchemy.engines [None req-a35cdee1-6d47-4441-9f9a-330a330785c7 tempest-DeleteServersTestJSON-80361614 tempest-DeleteServersTestJSON-80361614-project-member] Parent process 95087 forked (96361) with an open database connection, which is being discarded and recreated. {{(pid=96361) checkout /opt/stack/data/venv/lib/python3.12/site-packages/oslo_db/sqlalchemy/engines.py:402}}
Jun 23 11:42:37.763776 np0000003461 nova-scheduler[96363]: INFO nova.utils [None req-0e55299e-36bc-46fa-852e-b0d10ea367ce tempest-AttachVolumeTestJSON-411285015 tempest-AttachVolumeTestJSON-411285015-project-member] The cell worker thread pool ForkProcess-4.cell_worker is initialized
Jun 23 11:42:37.763776 np0000003461 nova-scheduler[96363]: DEBUG oslo_concurrency.lockutils [None req-0e55299e-36bc-46fa-852e-b0d10ea367ce tempest-AttachVolumeTestJSON-411285015 tempest-AttachVolumeTestJSON-411285015-project-member] Acquiring lock "72af5a52-d4a7-4634-9686-35537224cb98" by "nova.context.set_target_cell..get_or_set_cached_cell_and_set_connections" {{(pid=96363) inner /opt/stack/data/venv/lib/python3.12/site-packages/oslo_concurrency/lockutils.py:511}}
Jun 23 11:42:37.763776 np0000003461 nova-scheduler[96363]: DEBUG oslo_concurrency.lockutils [None req-0e55299e-36bc-46fa-852e-b0d10ea367ce tempest-AttachVolumeTestJSON-411285015 tempest-AttachVolumeTestJSON-411285015-project-member] Lock "72af5a52-d4a7-4634-9686-35537224cb98" acquired by "nova.context.set_target_cell..get_or_set_cached_cell_and_set_connections" :: waited 0.000s {{(pid=96363) inner /opt/stack/data/venv/lib/python3.12/site-packages/oslo_concurrency/lockutils.py:524}}
Jun 23 11:42:37.765540 np0000003461 nova-scheduler[96363]: DEBUG oslo_concurrency.lockutils [None req-0e55299e-36bc-46fa-852e-b0d10ea367ce tempest-AttachVolumeTestJSON-411285015 tempest-AttachVolumeTestJSON-411285015-project-member] Lock "72af5a52-d4a7-4634-9686-35537224cb98" "released" by "nova.context.set_target_cell..get_or_set_cached_cell_and_set_connections" :: held 0.002s {{(pid=96363) inner /opt/stack/data/venv/lib/python3.12/site-packages/oslo_concurrency/lockutils.py:543}}
Jun 23 11:42:37.767247 np0000003461 nova-scheduler[96363]: INFO dbcounter [None req-0e55299e-36bc-46fa-852e-b0d10ea367ce tempest-AttachVolumeTestJSON-411285015 tempest-AttachVolumeTestJSON-411285015-project-member] Registered counter for database nova_cell1
Jun 23 11:42:37.793936 np0000003461 nova-scheduler[96361]: DEBUG dbcounter [-] [96361] Writer thread running {{(pid=96361) stat_writer /opt/stack/data/venv/lib/python3.12/site-packages/dbcounter.py:102}}
Jun 23 11:42:37.796864 np0000003461 nova-scheduler[96361]: DEBUG oslo_concurrency.lockutils [None req-a35cdee1-6d47-4441-9f9a-330a330785c7 tempest-DeleteServersTestJSON-80361614 tempest-DeleteServersTestJSON-80361614-project-member] Acquiring lock "72af5a52-d4a7-4634-9686-35537224cb98" by "nova.context.set_target_cell..get_or_set_cached_cell_and_set_connections" {{(pid=96361) inner /opt/stack/data/venv/lib/python3.12/site-packages/oslo_concurrency/lockutils.py:511}}
Jun 23 11:42:37.797094 np0000003461 nova-scheduler[96361]: DEBUG oslo_concurrency.lockutils [None req-a35cdee1-6d47-4441-9f9a-330a330785c7 tempest-DeleteServersTestJSON-80361614 tempest-DeleteServersTestJSON-80361614-project-member] Lock "72af5a52-d4a7-4634-9686-35537224cb98" acquired by "nova.context.set_target_cell..get_or_set_cached_cell_and_set_connections" :: waited 0.000s {{(pid=96361) inner /opt/stack/data/venv/lib/python3.12/site-packages/oslo_concurrency/lockutils.py:524}}
Jun 23 11:42:37.797299 np0000003461 nova-scheduler[96361]: DEBUG oslo_concurrency.lockutils [None req-a35cdee1-6d47-4441-9f9a-330a330785c7 tempest-DeleteServersTestJSON-80361614 tempest-DeleteServersTestJSON-80361614-project-member] Lock "72af5a52-d4a7-4634-9686-35537224cb98" "released" by "nova.context.set_target_cell..get_or_set_cached_cell_and_set_connections" :: held 0.000s {{(pid=96361) inner /opt/stack/data/venv/lib/python3.12/site-packages/oslo_concurrency/lockutils.py:543}}
