Aug 06 15:32:03.178884 np0000006668 nova-conductor[96747]: DEBUG cotyledon.oslo_config_glue [-] oslo_messaging_rabbit.rabbit_quorum_delivery_limit = 0 {{(pid=96747) log_opt_values /opt/stack/data/venv/lib/python3.12/site-packages/oslo_config/cfg.py:3545}}
Aug 06 15:32:03.178884 np0000006668 nova-conductor[96747]: DEBUG cotyledon.oslo_config_glue [-] oslo_messaging_rabbit.rabbit_quorum_max_memory_bytes = 0 {{(pid=96747) log_opt_values /opt/stack/data/venv/lib/python3.12/site-packages/oslo_config/cfg.py:3545}}
Aug 06 15:32:03.178884 np0000006668 nova-conductor[96747]: DEBUG cotyledon.oslo_config_glue [-] oslo_messaging_rabbit.rabbit_quorum_max_memory_length = 0 {{(pid=96747) log_opt_values /opt/stack/data/venv/lib/python3.12/site-packages/oslo_config/cfg.py:3545}}
Aug 06 15:32:03.178884 np0000006668 nova-conductor[96747]: DEBUG cotyledon.oslo_config_glue [-] oslo_messaging_rabbit.rabbit_quorum_queue = False {{(pid=96747) log_opt_values /opt/stack/data/venv/lib/python3.12/site-packages/oslo_config/cfg.py:3545}}
Aug 06 15:32:03.178884 np0000006668 nova-conductor[96747]: DEBUG cotyledon.oslo_config_glue [-] oslo_messaging_rabbit.rabbit_retry_backoff = 2 {{(pid=96747) log_opt_values /opt/stack/data/venv/lib/python3.12/site-packages/oslo_config/cfg.py:3545}}
Aug 06 15:32:03.178884 np0000006668 nova-conductor[96747]: DEBUG cotyledon.oslo_config_glue [-] oslo_messaging_rabbit.rabbit_retry_interval = 1 {{(pid=96747) log_opt_values /opt/stack/data/venv/lib/python3.12/site-packages/oslo_config/cfg.py:3545}}
Aug 06 15:32:03.178884 np0000006668 nova-conductor[96747]: DEBUG cotyledon.oslo_config_glue [-] oslo_messaging_rabbit.rabbit_stream_fanout = False {{(pid=96747) log_opt_values /opt/stack/data/venv/lib/python3.12/site-packages/oslo_config/cfg.py:3545}}
Aug 06 15:32:03.179047 np0000006668 nova-conductor[96747]: DEBUG cotyledon.oslo_config_glue [-] oslo_messaging_rabbit.rabbit_transient_queues_ttl = 1800 {{(pid=96747) log_opt_values /opt/stack/data/venv/lib/python3.12/site-packages/oslo_config/cfg.py:3545}}
Aug 06 15:32:03.179047 np0000006668 nova-conductor[96747]: DEBUG cotyledon.oslo_config_glue [-] oslo_messaging_rabbit.rabbit_transient_quorum_queue = False {{(pid=96747) log_opt_values /opt/stack/data/venv/lib/python3.12/site-packages/oslo_config/cfg.py:3545}}
Aug 06 15:32:03.179047 np0000006668 nova-conductor[96747]: DEBUG cotyledon.oslo_config_glue [-] oslo_messaging_rabbit.rpc_conn_pool_size = 30 {{(pid=96747) log_opt_values /opt/stack/data/venv/lib/python3.12/site-packages/oslo_config/cfg.py:3545}}
Aug 06 15:32:03.179047 np0000006668 nova-conductor[96747]: DEBUG cotyledon.oslo_config_glue [-] oslo_messaging_rabbit.ssl = False {{(pid=96747) log_opt_values /opt/stack/data/venv/lib/python3.12/site-packages/oslo_config/cfg.py:3545}}
Aug 06 15:32:03.179047 np0000006668 nova-conductor[96747]: DEBUG cotyledon.oslo_config_glue [-] oslo_messaging_rabbit.ssl_ca_file = {{(pid=96747) log_opt_values /opt/stack/data/venv/lib/python3.12/site-packages/oslo_config/cfg.py:3545}}
Aug 06 15:32:03.179047 np0000006668 nova-conductor[96747]: DEBUG cotyledon.oslo_config_glue [-] oslo_messaging_rabbit.ssl_cert_file = {{(pid=96747) log_opt_values /opt/stack/data/venv/lib/python3.12/site-packages/oslo_config/cfg.py:3545}}
Aug 06 15:32:03.179047 np0000006668 nova-conductor[96747]: DEBUG cotyledon.oslo_config_glue [-] oslo_messaging_rabbit.ssl_enforce_fips_mode = False {{(pid=96747) log_opt_values /opt/stack/data/venv/lib/python3.12/site-packages/oslo_config/cfg.py:3545}}
Aug 06 15:32:03.179047 np0000006668 nova-conductor[96747]: DEBUG cotyledon.oslo_config_glue [-] oslo_messaging_rabbit.ssl_enforce_hostname_verification = True {{(pid=96747) log_opt_values /opt/stack/data/venv/lib/python3.12/site-packages/oslo_config/cfg.py:3545}}
Aug 06 15:32:03.179047 np0000006668 nova-conductor[96747]: DEBUG cotyledon.oslo_config_glue [-] oslo_messaging_rabbit.ssl_key_file = {{(pid=96747) log_opt_values /opt/stack/data/venv/lib/python3.12/site-packages/oslo_config/cfg.py:3545}}
Aug 06 15:32:03.179218 np0000006668 nova-conductor[96747]: DEBUG cotyledon.oslo_config_glue [-] oslo_messaging_rabbit.ssl_version = {{(pid=96747) log_opt_values /opt/stack/data/venv/lib/python3.12/site-packages/oslo_config/cfg.py:3545}}
Aug 06 15:32:03.179218 np0000006668 nova-conductor[96747]: DEBUG cotyledon.oslo_config_glue [-] oslo_messaging_rabbit.use_queue_manager = False {{(pid=96747) log_opt_values /opt/stack/data/venv/lib/python3.12/site-packages/oslo_config/cfg.py:3545}}
Aug 06 15:32:03.179218 np0000006668 nova-conductor[96747]: DEBUG cotyledon.oslo_config_glue [-] oslo_messaging_notifications.driver = ['messagingv2'] {{(pid=96747) log_opt_values /opt/stack/data/venv/lib/python3.12/site-packages/oslo_config/cfg.py:3545}}
Aug 06 15:32:03.179218 np0000006668 nova-conductor[96747]: DEBUG cotyledon.oslo_config_glue [-] oslo_messaging_notifications.retry = -1 {{(pid=96747) log_opt_values /opt/stack/data/venv/lib/python3.12/site-packages/oslo_config/cfg.py:3545}}
Aug 06 15:32:03.179218 np0000006668 nova-conductor[96747]: DEBUG cotyledon.oslo_config_glue [-] oslo_messaging_notifications.topics = ['notifications'] {{(pid=96747) log_opt_values /opt/stack/data/venv/lib/python3.12/site-packages/oslo_config/cfg.py:3545}}
Aug 06 15:32:03.179218 np0000006668 nova-conductor[96747]: DEBUG cotyledon.oslo_config_glue [-] oslo_messaging_notifications.transport_url = **** {{(pid=96747) log_opt_values /opt/stack/data/venv/lib/python3.12/site-packages/oslo_config/cfg.py:3545}}
Aug 06 15:32:03.179218 np0000006668 nova-conductor[96747]: DEBUG cotyledon.oslo_config_glue [-] oslo_limit.auth_section = None {{(pid=96747) log_opt_values /opt/stack/data/venv/lib/python3.12/site-packages/oslo_config/cfg.py:3545}}
Aug 06 15:32:03.179218 np0000006668 nova-conductor[96747]: DEBUG cotyledon.oslo_config_glue [-] oslo_limit.auth_type = None {{(pid=96747) log_opt_values /opt/stack/data/venv/lib/python3.12/site-packages/oslo_config/cfg.py:3545}}
Aug 06 15:32:03.179218 np0000006668 nova-conductor[96747]: DEBUG cotyledon.oslo_config_glue [-] oslo_limit.cafile = None {{(pid=96747) log_opt_values /opt/stack/data/venv/lib/python3.12/site-packages/oslo_config/cfg.py:3545}}
Aug 06 15:32:03.179402 np0000006668 nova-conductor[96747]: DEBUG cotyledon.oslo_config_glue [-] oslo_limit.certfile = None {{(pid=96747) log_opt_values /opt/stack/data/venv/lib/python3.12/site-packages/oslo_config/cfg.py:3545}}
Aug 06 15:32:03.179402 np0000006668 nova-conductor[96747]: DEBUG cotyledon.oslo_config_glue [-] oslo_limit.collect_timing = False {{(pid=96747) log_opt_values /opt/stack/data/venv/lib/python3.12/site-packages/oslo_config/cfg.py:3545}}
Aug 06 15:32:03.179402 np0000006668 nova-conductor[96747]: DEBUG cotyledon.oslo_config_glue [-] oslo_limit.connect_retries = None {{(pid=96747) log_opt_values /opt/stack/data/venv/lib/python3.12/site-packages/oslo_config/cfg.py:3545}}
Aug 06 15:32:03.179402 np0000006668 nova-conductor[96747]: DEBUG cotyledon.oslo_config_glue [-] oslo_limit.connect_retry_delay = None {{(pid=96747) log_opt_values /opt/stack/data/venv/lib/python3.12/site-packages/oslo_config/cfg.py:3545}}
Aug 06 15:32:03.179402 np0000006668 nova-conductor[96747]: DEBUG cotyledon.oslo_config_glue [-] oslo_limit.endpoint_id = None {{(pid=96747) log_opt_values /opt/stack/data/venv/lib/python3.12/site-packages/oslo_config/cfg.py:3545}}
Aug 06 15:32:03.179402 np0000006668 nova-conductor[96747]: DEBUG cotyledon.oslo_config_glue [-] oslo_limit.endpoint_interface = public {{(pid=96747) log_opt_values /opt/stack/data/venv/lib/python3.12/site-packages/oslo_config/cfg.py:3545}}
Aug 06 15:32:03.179402 np0000006668 nova-conductor[96747]: DEBUG cotyledon.oslo_config_glue [-] oslo_limit.endpoint_override = None {{(pid=96747) log_opt_values /opt/stack/data/venv/lib/python3.12/site-packages/oslo_config/cfg.py:3545}}
Aug 06 15:32:03.179402 np0000006668 nova-conductor[96747]: DEBUG cotyledon.oslo_config_glue [-] oslo_limit.endpoint_region_name = None {{(pid=96747) log_opt_values /opt/stack/data/venv/lib/python3.12/site-packages/oslo_config/cfg.py:3545}}
Aug 06 15:32:03.179402 np0000006668 nova-conductor[96747]: DEBUG cotyledon.oslo_config_glue [-] oslo_limit.endpoint_service_name = None {{(pid=96747) log_opt_values /opt/stack/data/venv/lib/python3.12/site-packages/oslo_config/cfg.py:3545}}
Aug 06 15:32:03.179577 np0000006668 nova-conductor[96747]: DEBUG cotyledon.oslo_config_glue [-] oslo_limit.endpoint_service_type = None {{(pid=96747) log_opt_values /opt/stack/data/venv/lib/python3.12/site-packages/oslo_config/cfg.py:3545}}
Aug 06 15:32:03.179577 np0000006668 nova-conductor[96747]: DEBUG cotyledon.oslo_config_glue [-] oslo_limit.insecure = False {{(pid=96747) log_opt_values /opt/stack/data/venv/lib/python3.12/site-packages/oslo_config/cfg.py:3545}}
Aug 06 15:32:03.179577 np0000006668 nova-conductor[96747]: DEBUG cotyledon.oslo_config_glue [-] oslo_limit.keyfile = None {{(pid=96747) log_opt_values /opt/stack/data/venv/lib/python3.12/site-packages/oslo_config/cfg.py:3545}}
Aug 06 15:32:03.179577 np0000006668 nova-conductor[96747]: DEBUG cotyledon.oslo_config_glue [-] oslo_limit.max_version = None {{(pid=96747) log_opt_values /opt/stack/data/venv/lib/python3.12/site-packages/oslo_config/cfg.py:3545}}
Aug 06 15:32:03.179577 np0000006668 nova-conductor[96747]: DEBUG cotyledon.oslo_config_glue [-] oslo_limit.min_version = None {{(pid=96747) log_opt_values /opt/stack/data/venv/lib/python3.12/site-packages/oslo_config/cfg.py:3545}}
Aug 06 15:32:03.179577 np0000006668 nova-conductor[96747]: DEBUG cotyledon.oslo_config_glue [-] oslo_limit.region_name = None {{(pid=96747) log_opt_values /opt/stack/data/venv/lib/python3.12/site-packages/oslo_config/cfg.py:3545}}
Aug 06 15:32:03.179577 np0000006668 nova-conductor[96747]: DEBUG cotyledon.oslo_config_glue [-] oslo_limit.retriable_status_codes = None {{(pid=96747) log_opt_values /opt/stack/data/venv/lib/python3.12/site-packages/oslo_config/cfg.py:3545}}
Aug 06 15:32:03.179577 np0000006668 nova-conductor[96747]: DEBUG cotyledon.oslo_config_glue [-] oslo_limit.service_name = None {{(pid=96747) log_opt_values /opt/stack/data/venv/lib/python3.12/site-packages/oslo_config/cfg.py:3545}}
Aug 06 15:32:03.179577 np0000006668 nova-conductor[96747]: DEBUG cotyledon.oslo_config_glue [-] oslo_limit.service_type = None {{(pid=96747) log_opt_values /opt/stack/data/venv/lib/python3.12/site-packages/oslo_config/cfg.py:3545}}
Aug 06 15:32:03.179750 np0000006668 nova-conductor[96747]: DEBUG cotyledon.oslo_config_glue [-] oslo_limit.split_loggers = False {{(pid=96747) log_opt_values /opt/stack/data/venv/lib/python3.12/site-packages/oslo_config/cfg.py:3545}}
Aug 06 15:32:03.179750 np0000006668 nova-conductor[96747]: DEBUG cotyledon.oslo_config_glue [-] oslo_limit.status_code_retries = None {{(pid=96747) log_opt_values /opt/stack/data/venv/lib/python3.12/site-packages/oslo_config/cfg.py:3545}}
Aug 06 15:32:03.179750 np0000006668 nova-conductor[96747]: DEBUG cotyledon.oslo_config_glue [-] oslo_limit.status_code_retry_delay = None {{(pid=96747) log_opt_values /opt/stack/data/venv/lib/python3.12/site-packages/oslo_config/cfg.py:3545}}
Aug 06 15:32:03.179750 np0000006668 nova-conductor[96747]: DEBUG cotyledon.oslo_config_glue [-] oslo_limit.timeout = None {{(pid=96747) log_opt_values /opt/stack/data/venv/lib/python3.12/site-packages/oslo_config/cfg.py:3545}}
Aug 06 15:32:03.179750 np0000006668 nova-conductor[96747]: DEBUG cotyledon.oslo_config_glue [-] oslo_limit.valid_interfaces = None {{(pid=96747) log_opt_values /opt/stack/data/venv/lib/python3.12/site-packages/oslo_config/cfg.py:3545}}
Aug 06 15:32:03.179750 np0000006668 nova-conductor[96747]: DEBUG cotyledon.oslo_config_glue [-] oslo_limit.version = None {{(pid=96747) log_opt_values /opt/stack/data/venv/lib/python3.12/site-packages/oslo_config/cfg.py:3545}}
Aug 06 15:32:03.179750 np0000006668 nova-conductor[96747]: DEBUG cotyledon.oslo_config_glue [-] oslo_reports.file_event_handler = None {{(pid=96747) log_opt_values /opt/stack/data/venv/lib/python3.12/site-packages/oslo_config/cfg.py:3545}}
Aug 06 15:32:03.179750 np0000006668 nova-conductor[96747]: DEBUG cotyledon.oslo_config_glue [-] oslo_reports.file_event_handler_interval = 1 {{(pid=96747) log_opt_values /opt/stack/data/venv/lib/python3.12/site-packages/oslo_config/cfg.py:3545}}
Aug 06 15:32:03.179750 np0000006668 nova-conductor[96747]: DEBUG cotyledon.oslo_config_glue [-] oslo_reports.log_dir = None {{(pid=96747) log_opt_values /opt/stack/data/venv/lib/python3.12/site-packages/oslo_config/cfg.py:3545}}
Aug 06 15:32:03.179915 np0000006668 nova-conductor[96747]: DEBUG cotyledon.oslo_config_glue [-] ******************************************************************************** {{(pid=96747) log_opt_values /opt/stack/data/venv/lib/python3.12/site-packages/oslo_config/cfg.py:3552}}
Aug 06 15:32:03.179915 np0000006668 nova-conductor[96747]: DEBUG cotyledon._service_worker [-] Run service ServiceWrapper(2) [96747] {{(pid=96747) wait_forever /opt/stack/data/venv/lib/python3.12/site-packages/cotyledon/_service_worker.py:218}}
Aug 06 15:32:03.179915 np0000006668 nova-conductor[96747]: INFO nova.service [-] Starting conductor node (version 33.1.0)
Aug 06 15:32:03.179915 np0000006668 nova-conductor[96747]: INFO dbcounter [None req-8ee234cd-f3aa-4574-9101-0c23ccb1df91 None None] Registered counter for database nova_cell0
Aug 06 15:32:03.184924 np0000006668 nova-conductor[96741]: DEBUG oslo_db.sqlalchemy.engines [None req-48c99890-96b7-4678-a35b-0e79919c5afd None None] MySQL server mode set to STRICT_TRANS_TABLES,STRICT_ALL_TABLES,NO_ZERO_IN_DATE,NO_ZERO_DATE,ERROR_FOR_DIVISION_BY_ZERO,TRADITIONAL,NO_ENGINE_SUBSTITUTION {{(pid=96741) _check_effective_sql_mode /opt/stack/data/venv/lib/python3.12/site-packages/oslo_db/sqlalchemy/engines.py:325}}
Aug 06 15:32:03.192952 np0000006668 nova-conductor[96741]: DEBUG dbcounter [-] [96741] Writer thread running {{(pid=96741) stat_writer /opt/stack/data/venv/lib/python3.12/site-packages/dbcounter.py:102}}
Aug 06 15:32:03.201627 np0000006668 nova-conductor[96735]: DEBUG oslo_db.sqlalchemy.engines [None req-8f28b409-072c-4085-8951-1cbb78e59814 None None] MySQL server mode set to STRICT_TRANS_TABLES,STRICT_ALL_TABLES,NO_ZERO_IN_DATE,NO_ZERO_DATE,ERROR_FOR_DIVISION_BY_ZERO,TRADITIONAL,NO_ENGINE_SUBSTITUTION {{(pid=96735) _check_effective_sql_mode /opt/stack/data/venv/lib/python3.12/site-packages/oslo_db/sqlalchemy/engines.py:325}}
Aug 06 15:32:03.205158 np0000006668 nova-conductor[96741]: DEBUG nova.service [None req-48c99890-96b7-4678-a35b-0e79919c5afd None None] Creating RPC server for service: nova-conductor on topic: conductor {{(pid=96741) start /opt/stack/nova/nova/service.py:196}}
Aug 06 15:32:03.206846 np0000006668 nova-conductor[96747]: DEBUG oslo_db.sqlalchemy.engines [None req-8ee234cd-f3aa-4574-9101-0c23ccb1df91 None None] MySQL server mode set to STRICT_TRANS_TABLES,STRICT_ALL_TABLES,NO_ZERO_IN_DATE,NO_ZERO_DATE,ERROR_FOR_DIVISION_BY_ZERO,TRADITIONAL,NO_ENGINE_SUBSTITUTION {{(pid=96747) _check_effective_sql_mode /opt/stack/data/venv/lib/python3.12/site-packages/oslo_db/sqlalchemy/engines.py:325}}
Aug 06 15:32:03.212505 np0000006668 nova-conductor[96735]: DEBUG dbcounter [-] [96735] Writer thread running {{(pid=96735) stat_writer /opt/stack/data/venv/lib/python3.12/site-packages/dbcounter.py:102}}
Aug 06 15:32:03.219650 np0000006668 nova-conductor[96747]: DEBUG dbcounter [-] [96747] Writer thread running {{(pid=96747) stat_writer /opt/stack/data/venv/lib/python3.12/site-packages/dbcounter.py:102}}
Aug 06 15:32:03.219769 np0000006668 nova-conductor[96735]: DEBUG nova.service [None req-8f28b409-072c-4085-8951-1cbb78e59814 None None] Creating RPC server for service: nova-conductor on topic: conductor {{(pid=96735) start /opt/stack/nova/nova/service.py:196}}
Aug 06 15:32:03.224776 np0000006668 nova-conductor[96747]: DEBUG nova.service [None req-8ee234cd-f3aa-4574-9101-0c23ccb1df91 None None] Creating RPC server for service: nova-conductor on topic: conductor {{(pid=96747) start /opt/stack/nova/nova/service.py:196}}
Aug 06 15:32:03.233567 np0000006668 nova-conductor[96741]: DEBUG nova.service [None req-48c99890-96b7-4678-a35b-0e79919c5afd None None] Join ServiceGroup membership for this service conductor {{(pid=96741) start /opt/stack/nova/nova/service.py:222}}
Aug 06 15:32:03.233739 np0000006668 nova-conductor[96741]: DEBUG nova.servicegroup.drivers.db [None req-48c99890-96b7-4678-a35b-0e79919c5afd None None] DB_Driver: join new ServiceGroup member np0000006668 to the conductor group, service = {{(pid=96741) join /opt/stack/nova/nova/servicegroup/drivers/db.py:44}}
Aug 06 15:32:03.237274 np0000006668 nova-conductor[96735]: DEBUG nova.service [None req-8f28b409-072c-4085-8951-1cbb78e59814 None None] Join ServiceGroup membership for this service conductor {{(pid=96735) start /opt/stack/nova/nova/service.py:222}}
Aug 06 15:32:03.237535 np0000006668 nova-conductor[96735]: DEBUG nova.servicegroup.drivers.db [None req-8f28b409-072c-4085-8951-1cbb78e59814 None None] DB_Driver: join new ServiceGroup member np0000006668 to the conductor group, service = {{(pid=96735) join /opt/stack/nova/nova/servicegroup/drivers/db.py:44}}
Aug 06 15:32:03.250945 np0000006668 nova-conductor[96747]: DEBUG nova.service [None req-8ee234cd-f3aa-4574-9101-0c23ccb1df91 None None] Join ServiceGroup membership for this service conductor {{(pid=96747) start /opt/stack/nova/nova/service.py:222}}
Aug 06 15:32:03.251502 np0000006668 nova-conductor[96747]: DEBUG nova.servicegroup.drivers.db [None req-8ee234cd-f3aa-4574-9101-0c23ccb1df91 None None] DB_Driver: join new ServiceGroup member np0000006668 to the conductor group, service = {{(pid=96747) join /opt/stack/nova/nova/servicegroup/drivers/db.py:44}}
Aug 06 15:32:08.248292 np0000006668 nova-conductor[96741]: DEBUG oslo.service.backend._threading.loopingcall [-] Fixed interval looping call 'nova.servicegroup.drivers.db.DbDriver._report_state' sleeping for 119.99 seconds {{(pid=96741) _run_loop /opt/stack/data/venv/lib/python3.12/site-packages/oslo_service/backend/_threading/loopingcall.py:125}}
Aug 06 15:32:08.255463 np0000006668 nova-conductor[96735]: DEBUG oslo.service.backend._threading.loopingcall [-] Fixed interval looping call 'nova.servicegroup.drivers.db.DbDriver._report_state' sleeping for 119.98 seconds {{(pid=96735) _run_loop /opt/stack/data/venv/lib/python3.12/site-packages/oslo_service/backend/_threading/loopingcall.py:125}}
Aug 06 15:32:08.266853 np0000006668 nova-conductor[96747]: DEBUG oslo.service.backend._threading.loopingcall [-] Fixed interval looping call 'nova.servicegroup.drivers.db.DbDriver._report_state' sleeping for 119.99 seconds {{(pid=96747) _run_loop /opt/stack/data/venv/lib/python3.12/site-packages/oslo_service/backend/_threading/loopingcall.py:125}}
Aug 06 15:32:11.812766 np0000006668 nova-conductor[95240]: DEBUG dbcounter [-] [95240] Writing DB stats nova_api:SELECT=1 {{(pid=95240) stat_writer /opt/stack/data/venv/lib/python3.12/site-packages/dbcounter.py:115}}
Aug 06 15:32:11.946300 np0000006668 nova-conductor[95240]: DEBUG dbcounter [-] [95240] Writing DB stats nova_cell1:SELECT=1 {{(pid=95240) stat_writer /opt/stack/data/venv/lib/python3.12/site-packages/dbcounter.py:115}}
Aug 06 15:32:11.951466 np0000006668 nova-conductor[95240]: DEBUG dbcounter [-] [95240] Writing DB stats nova_cell0:SELECT=1 {{(pid=95240) stat_writer /opt/stack/data/venv/lib/python3.12/site-packages/dbcounter.py:115}}
Aug 06 15:32:18.242309 np0000006668 nova-conductor[96741]: DEBUG dbcounter [-] [96741] Writing DB stats nova_cell0:SELECT=4,nova_cell0:INSERT=1,nova_cell0:UPDATE=1 {{(pid=96741) stat_writer /opt/stack/data/venv/lib/python3.12/site-packages/dbcounter.py:115}}
Aug 06 15:32:18.253815 np0000006668 nova-conductor[96735]: DEBUG dbcounter [-] [96735] Writing DB stats nova_cell0:SELECT=3,nova_cell0:UPDATE=1 {{(pid=96735) stat_writer /opt/stack/data/venv/lib/python3.12/site-packages/dbcounter.py:115}}
Aug 06 15:32:18.264137 np0000006668 nova-conductor[96747]: DEBUG dbcounter [-] [96747] Writing DB stats nova_cell0:SELECT=3 {{(pid=96747) stat_writer /opt/stack/data/venv/lib/python3.12/site-packages/dbcounter.py:115}}
Aug 06 15:32:27.239528 np0000006668 nova-conductor[96735]: DEBUG oslo.service.backend._threading.loopingcall [None req-5943b4e9-6435-4ed6-9695-17f7543f47c1 None None] Dynamic interval looping call 'nova.service.Service.periodic_tasks' sleeping for 60.00 seconds {{(pid=96735) _run_loop /opt/stack/data/venv/lib/python3.12/site-packages/oslo_service/backend/_threading/loopingcall.py:125}}
Aug 06 15:32:45.235640 np0000006668 nova-conductor[96741]: DEBUG oslo.service.backend._threading.loopingcall [None req-38cbc2ce-84eb-4e5d-afd4-4049c62f74af None None] Dynamic interval looping call 'nova.service.Service.periodic_tasks' sleeping for 60.00 seconds {{(pid=96741) _run_loop /opt/stack/data/venv/lib/python3.12/site-packages/oslo_service/backend/_threading/loopingcall.py:125}}
Aug 06 15:32:55.253919 np0000006668 nova-conductor[96747]: DEBUG oslo.service.backend._threading.loopingcall [None req-140a6494-600c-4b6d-ad09-a4c6fb41a012 None None] Dynamic interval looping call 'nova.service.Service.periodic_tasks' sleeping for 60.00 seconds {{(pid=96747) _run_loop /opt/stack/data/venv/lib/python3.12/site-packages/oslo_service/backend/_threading/loopingcall.py:125}}
Aug 06 15:33:27.240009 np0000006668 nova-conductor[96735]: DEBUG oslo.service.backend._threading.loopingcall [None req-5943b4e9-6435-4ed6-9695-17f7543f47c1 None None] Dynamic interval looping call 'nova.service.Service.periodic_tasks' sleeping for 60.00 seconds {{(pid=96735) _run_loop /opt/stack/data/venv/lib/python3.12/site-packages/oslo_service/backend/_threading/loopingcall.py:125}}
Aug 06 15:33:45.236142 np0000006668 nova-conductor[96741]: DEBUG oslo.service.backend._threading.loopingcall [None req-38cbc2ce-84eb-4e5d-afd4-4049c62f74af None None] Dynamic interval looping call 'nova.service.Service.periodic_tasks' sleeping for 60.00 seconds {{(pid=96741) _run_loop /opt/stack/data/venv/lib/python3.12/site-packages/oslo_service/backend/_threading/loopingcall.py:125}}
Aug 06 15:33:55.254745 np0000006668 nova-conductor[96747]: DEBUG oslo.service.backend._threading.loopingcall [None req-140a6494-600c-4b6d-ad09-a4c6fb41a012 None None] Dynamic interval looping call 'nova.service.Service.periodic_tasks' sleeping for 60.00 seconds {{(pid=96747) _run_loop /opt/stack/data/venv/lib/python3.12/site-packages/oslo_service/backend/_threading/loopingcall.py:125}}
Aug 06 15:34:08.243785 np0000006668 nova-conductor[96735]: DEBUG oslo.service.backend._threading.loopingcall [-] Fixed interval looping call 'nova.servicegroup.drivers.db.DbDriver._report_state' sleeping for 119.99 seconds {{(pid=96735) _run_loop /opt/stack/data/venv/lib/python3.12/site-packages/oslo_service/backend/_threading/loopingcall.py:125}}
Aug 06 15:34:08.245276 np0000006668 nova-conductor[96741]: DEBUG oslo.service.backend._threading.loopingcall [-] Fixed interval looping call 'nova.servicegroup.drivers.db.DbDriver._report_state' sleeping for 119.99 seconds {{(pid=96741) _run_loop /opt/stack/data/venv/lib/python3.12/site-packages/oslo_service/backend/_threading/loopingcall.py:125}}
Aug 06 15:34:08.260276 np0000006668 nova-conductor[96747]: DEBUG oslo.service.backend._threading.loopingcall [-] Fixed interval looping call 'nova.servicegroup.drivers.db.DbDriver._report_state' sleeping for 120.00 seconds {{(pid=96747) _run_loop /opt/stack/data/venv/lib/python3.12/site-packages/oslo_service/backend/_threading/loopingcall.py:125}}
Aug 06 15:34:18.240106 np0000006668 nova-conductor[96735]: DEBUG dbcounter [-] [96735] Writing DB stats nova_cell0:SELECT=1,nova_cell0:UPDATE=1 {{(pid=96735) stat_writer /opt/stack/data/venv/lib/python3.12/site-packages/dbcounter.py:115}}
Aug 06 15:34:18.242168 np0000006668 nova-conductor[96741]: DEBUG dbcounter [-] [96741] Writing DB stats nova_cell0:SELECT=1,nova_cell0:UPDATE=1 {{(pid=96741) stat_writer /opt/stack/data/venv/lib/python3.12/site-packages/dbcounter.py:115}}
Aug 06 15:34:18.258609 np0000006668 nova-conductor[96747]: DEBUG dbcounter [-] [96747] Writing DB stats nova_cell0:SELECT=1 {{(pid=96747) stat_writer /opt/stack/data/venv/lib/python3.12/site-packages/dbcounter.py:115}}
Aug 06 15:34:27.240466 np0000006668 nova-conductor[96735]: DEBUG oslo.service.backend._threading.loopingcall [None req-5943b4e9-6435-4ed6-9695-17f7543f47c1 None None] Dynamic interval looping call 'nova.service.Service.periodic_tasks' sleeping for 60.00 seconds {{(pid=96735) _run_loop /opt/stack/data/venv/lib/python3.12/site-packages/oslo_service/backend/_threading/loopingcall.py:125}}
Aug 06 15:34:29.492773 np0000006668 nova-conductor[96741]: DEBUG oslo_db.sqlalchemy.engines [None req-27188b9a-b528-42b1-8224-5dc7d69afe61 tempest-ServerBootFromVolumeStableRescueTest-2027258023 tempest-ServerBootFromVolumeStableRescueTest-2027258023-project-member] Parent process 95240 forked (96741) with an open database connection, which is being discarded and recreated. {{(pid=96741) checkout /opt/stack/data/venv/lib/python3.12/site-packages/oslo_db/sqlalchemy/engines.py:402}}
Aug 06 15:34:29.528707 np0000006668 nova-conductor[96741]: DEBUG dbcounter [-] [96741] Writer thread running {{(pid=96741) stat_writer /opt/stack/data/venv/lib/python3.12/site-packages/dbcounter.py:102}}
Aug 06 15:34:30.043358 np0000006668 nova-conductor[96735]: DEBUG dbcounter [-] [96735] Writer thread running {{(pid=96735) stat_writer /opt/stack/data/venv/lib/python3.12/site-packages/dbcounter.py:102}}
Aug 06 15:34:30.387198 np0000006668 nova-conductor[96741]: DEBUG nova.conductor.manager [None req-27188b9a-b528-42b1-8224-5dc7d69afe61 tempest-ServerBootFromVolumeStableRescueTest-2027258023 tempest-ServerBootFromVolumeStableRescueTest-2027258023-project-member] Took 0.86 seconds to select destinations for 1 instance(s). {{(pid=96741) _schedule_instances /opt/stack/nova/nova/conductor/manager.py:968}}
Aug 06 15:34:30.416076 np0000006668 nova-conductor[96741]: DEBUG oslo_concurrency.lockutils [None req-27188b9a-b528-42b1-8224-5dc7d69afe61 tempest-ServerBootFromVolumeStableRescueTest-2027258023 tempest-ServerBootFromVolumeStableRescueTest-2027258023-project-member] Acquiring lock "6f47c231-d46a-42b0-9b70-e18d565ce7b7" by "nova.context.set_target_cell..get_or_set_cached_cell_and_set_connections" {{(pid=96741) inner /opt/stack/data/venv/lib/python3.12/site-packages/oslo_concurrency/lockutils.py:512}}
Aug 06 15:34:30.416454 np0000006668 nova-conductor[96741]: DEBUG oslo_concurrency.lockutils [None req-27188b9a-b528-42b1-8224-5dc7d69afe61 tempest-ServerBootFromVolumeStableRescueTest-2027258023 tempest-ServerBootFromVolumeStableRescueTest-2027258023-project-member] Lock "6f47c231-d46a-42b0-9b70-e18d565ce7b7" acquired by "nova.context.set_target_cell..get_or_set_cached_cell_and_set_connections" :: waited 0.000s {{(pid=96741) inner /opt/stack/data/venv/lib/python3.12/site-packages/oslo_concurrency/lockutils.py:525}}
Aug 06 15:34:30.417727 np0000006668 nova-conductor[96741]: DEBUG oslo_concurrency.lockutils [None req-27188b9a-b528-42b1-8224-5dc7d69afe61 tempest-ServerBootFromVolumeStableRescueTest-2027258023 tempest-ServerBootFromVolumeStableRescueTest-2027258023-project-member] Lock "6f47c231-d46a-42b0-9b70-e18d565ce7b7" "released" by "nova.context.set_target_cell..get_or_set_cached_cell_and_set_connections" :: held 0.001s {{(pid=96741) inner /opt/stack/data/venv/lib/python3.12/site-packages/oslo_concurrency/lockutils.py:544}}
Aug 06 15:34:30.419284 np0000006668 nova-conductor[96741]: INFO dbcounter [None req-27188b9a-b528-42b1-8224-5dc7d69afe61 tempest-ServerBootFromVolumeStableRescueTest-2027258023 tempest-ServerBootFromVolumeStableRescueTest-2027258023-project-member] Registered counter for database nova_cell1
Aug 06 15:34:30.456266 np0000006668 nova-conductor[96741]: DEBUG oslo_db.sqlalchemy.engines [None req-27188b9a-b528-42b1-8224-5dc7d69afe61 tempest-ServerBootFromVolumeStableRescueTest-2027258023 tempest-ServerBootFromVolumeStableRescueTest-2027258023-project-member] MySQL server mode set to STRICT_TRANS_TABLES,STRICT_ALL_TABLES,NO_ZERO_IN_DATE,NO_ZERO_DATE,ERROR_FOR_DIVISION_BY_ZERO,TRADITIONAL,NO_ENGINE_SUBSTITUTION {{(pid=96741) _check_effective_sql_mode /opt/stack/data/venv/lib/python3.12/site-packages/oslo_db/sqlalchemy/engines.py:325}}
Aug 06 15:34:30.465061 np0000006668 nova-conductor[96741]: DEBUG dbcounter [-] [96741] Writer thread running {{(pid=96741) stat_writer /opt/stack/data/venv/lib/python3.12/site-packages/dbcounter.py:102}}
Aug 06 15:34:30.525094 np0000006668 nova-conductor[96735]: DEBUG nova.conductor.manager [None req-1eda93d9-23b7-4b67-94ed-04d0591b34d2 tempest-ServerRescueNegativeTestJSON-1632626305 tempest-ServerRescueNegativeTestJSON-1632626305-project-member] Took 0.48 seconds to select destinations for 1 instance(s). {{(pid=96735) _schedule_instances /opt/stack/nova/nova/conductor/manager.py:968}}
Aug 06 15:34:30.545011 np0000006668 nova-conductor[96741]: INFO nova.utils [None req-27188b9a-b528-42b1-8224-5dc7d69afe61 tempest-ServerBootFromVolumeStableRescueTest-2027258023 tempest-ServerBootFromVolumeStableRescueTest-2027258023-project-member] The cell worker thread pool ForkProcess-2.cell_worker is initialized
Aug 06 15:34:30.545562 np0000006668 nova-conductor[96741]: DEBUG oslo_concurrency.lockutils [None req-27188b9a-b528-42b1-8224-5dc7d69afe61 tempest-ServerBootFromVolumeStableRescueTest-2027258023 tempest-ServerBootFromVolumeStableRescueTest-2027258023-project-member] Acquiring lock "00000000-0000-0000-0000-000000000000" by "nova.context.set_target_cell..get_or_set_cached_cell_and_set_connections" {{(pid=96741) inner /opt/stack/data/venv/lib/python3.12/site-packages/oslo_concurrency/lockutils.py:512}}
Aug 06 15:34:30.545838 np0000006668 nova-conductor[96741]: DEBUG oslo_concurrency.lockutils [None req-27188b9a-b528-42b1-8224-5dc7d69afe61 tempest-ServerBootFromVolumeStableRescueTest-2027258023 tempest-ServerBootFromVolumeStableRescueTest-2027258023-project-member] Lock "00000000-0000-0000-0000-000000000000" acquired by "nova.context.set_target_cell..get_or_set_cached_cell_and_set_connections" :: waited 0.000s {{(pid=96741) inner /opt/stack/data/venv/lib/python3.12/site-packages/oslo_concurrency/lockutils.py:525}}
Aug 06 15:34:30.546829 np0000006668 nova-conductor[96741]: DEBUG oslo_concurrency.lockutils [None req-27188b9a-b528-42b1-8224-5dc7d69afe61 tempest-ServerBootFromVolumeStableRescueTest-2027258023 tempest-ServerBootFromVolumeStableRescueTest-2027258023-project-member] Lock "00000000-0000-0000-0000-000000000000" "released" by "nova.context.set_target_cell..get_or_set_cached_cell_and_set_connections" :: held 0.001s {{(pid=96741) inner /opt/stack/data/venv/lib/python3.12/site-packages/oslo_concurrency/lockutils.py:544}}
Aug 06 15:34:30.547696 np0000006668 nova-conductor[96741]: DEBUG oslo_concurrency.lockutils [None req-27188b9a-b528-42b1-8224-5dc7d69afe61 tempest-ServerBootFromVolumeStableRescueTest-2027258023 tempest-ServerBootFromVolumeStableRescueTest-2027258023-project-member] Acquiring lock "6f47c231-d46a-42b0-9b70-e18d565ce7b7" by "nova.context.set_target_cell..get_or_set_cached_cell_and_set_connections" {{(pid=96741) inner /opt/stack/data/venv/lib/python3.12/site-packages/oslo_concurrency/lockutils.py:512}}
Aug 06 15:34:30.547955 np0000006668 nova-conductor[96741]: DEBUG oslo_concurrency.lockutils [None req-27188b9a-b528-42b1-8224-5dc7d69afe61 tempest-ServerBootFromVolumeStableRescueTest-2027258023 tempest-ServerBootFromVolumeStableRescueTest-2027258023-project-member] Lock "6f47c231-d46a-42b0-9b70-e18d565ce7b7" acquired by "nova.context.set_target_cell..get_or_set_cached_cell_and_set_connections" :: waited 0.000s {{(pid=96741) inner /opt/stack/data/venv/lib/python3.12/site-packages/oslo_concurrency/lockutils.py:525}}
Aug 06 15:34:30.548073 np0000006668 nova-conductor[96741]: DEBUG oslo_concurrency.lockutils [None req-27188b9a-b528-42b1-8224-5dc7d69afe61 tempest-ServerBootFromVolumeStableRescueTest-2027258023 tempest-ServerBootFromVolumeStableRescueTest-2027258023-project-member] Lock "6f47c231-d46a-42b0-9b70-e18d565ce7b7" "released" by "nova.context.set_target_cell..get_or_set_cached_cell_and_set_connections" :: held 0.000s {{(pid=96741) inner /opt/stack/data/venv/lib/python3.12/site-packages/oslo_concurrency/lockutils.py:544}}
Aug 06 15:34:30.549503 np0000006668 nova-conductor[96741]: INFO dbcounter [None req-27188b9a-b528-42b1-8224-5dc7d69afe61 tempest-ServerBootFromVolumeStableRescueTest-2027258023 tempest-ServerBootFromVolumeStableRescueTest-2027258023-project-member] Registered counter for database nova_cell0
Aug 06 15:34:30.555879 np0000006668 nova-conductor[96735]: DEBUG oslo_concurrency.lockutils [None req-1eda93d9-23b7-4b67-94ed-04d0591b34d2 tempest-ServerRescueNegativeTestJSON-1632626305 tempest-ServerRescueNegativeTestJSON-1632626305-project-member] Acquiring lock "6f47c231-d46a-42b0-9b70-e18d565ce7b7" by "nova.context.set_target_cell..get_or_set_cached_cell_and_set_connections" {{(pid=96735) inner /opt/stack/data/venv/lib/python3.12/site-packages/oslo_concurrency/lockutils.py:512}}
Aug 06 15:34:30.556208 np0000006668 nova-conductor[96735]: DEBUG oslo_concurrency.lockutils [None req-1eda93d9-23b7-4b67-94ed-04d0591b34d2 tempest-ServerRescueNegativeTestJSON-1632626305 tempest-ServerRescueNegativeTestJSON-1632626305-project-member] Lock "6f47c231-d46a-42b0-9b70-e18d565ce7b7" acquired by "nova.context.set_target_cell..get_or_set_cached_cell_and_set_connections" :: waited 0.000s {{(pid=96735) inner /opt/stack/data/venv/lib/python3.12/site-packages/oslo_concurrency/lockutils.py:525}}
Aug 06 15:34:30.557938 np0000006668 nova-conductor[96735]: DEBUG oslo_concurrency.lockutils [None req-1eda93d9-23b7-4b67-94ed-04d0591b34d2 tempest-ServerRescueNegativeTestJSON-1632626305 tempest-ServerRescueNegativeTestJSON-1632626305-project-member] Lock "6f47c231-d46a-42b0-9b70-e18d565ce7b7" "released" by "nova.context.set_target_cell..get_or_set_cached_cell_and_set_connections" :: held 0.002s {{(pid=96735) inner /opt/stack/data/venv/lib/python3.12/site-packages/oslo_concurrency/lockutils.py:544}}
Aug 06 15:34:30.563078 np0000006668 nova-conductor[96735]: INFO dbcounter [None req-1eda93d9-23b7-4b67-94ed-04d0591b34d2 tempest-ServerRescueNegativeTestJSON-1632626305 tempest-ServerRescueNegativeTestJSON-1632626305-project-member] Registered counter for database nova_cell1
Aug 06 15:34:30.602405 np0000006668 nova-conductor[96735]: DEBUG oslo_db.sqlalchemy.engines [None req-1eda93d9-23b7-4b67-94ed-04d0591b34d2 tempest-ServerRescueNegativeTestJSON-1632626305 tempest-ServerRescueNegativeTestJSON-1632626305-project-member] MySQL server mode set to STRICT_TRANS_TABLES,STRICT_ALL_TABLES,NO_ZERO_IN_DATE,NO_ZERO_DATE,ERROR_FOR_DIVISION_BY_ZERO,TRADITIONAL,NO_ENGINE_SUBSTITUTION {{(pid=96735) _check_effective_sql_mode /opt/stack/data/venv/lib/python3.12/site-packages/oslo_db/sqlalchemy/engines.py:325}}
Aug 06 15:34:30.609495 np0000006668 nova-conductor[96735]: DEBUG dbcounter [-] [96735] Writer thread running {{(pid=96735) stat_writer /opt/stack/data/venv/lib/python3.12/site-packages/dbcounter.py:102}}
Aug 06 15:34:30.612664 np0000006668 nova-conductor[96741]: DEBUG oslo_db.sqlalchemy.engines [None req-27188b9a-b528-42b1-8224-5dc7d69afe61 tempest-ServerBootFromVolumeStableRescueTest-2027258023 tempest-ServerBootFromVolumeStableRescueTest-2027258023-project-member] MySQL server mode set to STRICT_TRANS_TABLES,STRICT_ALL_TABLES,NO_ZERO_IN_DATE,NO_ZERO_DATE,ERROR_FOR_DIVISION_BY_ZERO,TRADITIONAL,NO_ENGINE_SUBSTITUTION {{(pid=96741) _check_effective_sql_mode /opt/stack/data/venv/lib/python3.12/site-packages/oslo_db/sqlalchemy/engines.py:325}}
Aug 06 15:34:30.618591 np0000006668 nova-conductor[96741]: DEBUG dbcounter [-] [96741] Writer thread running {{(pid=96741) stat_writer /opt/stack/data/venv/lib/python3.12/site-packages/dbcounter.py:102}}
Aug 06 15:34:30.628387 np0000006668 nova-conductor[96741]: DEBUG nova.quota [None req-27188b9a-b528-42b1-8224-5dc7d69afe61 tempest-ServerBootFromVolumeStableRescueTest-2027258023 tempest-ServerBootFromVolumeStableRescueTest-2027258023-project-member] Getting quotas for project cc6bdba9e9eb494aa20fc17373e17767. Resources: {'cores', 'instances', 'ram'} {{(pid=96741) _get_quotas /opt/stack/nova/nova/quota.py:389}}
Aug 06 15:34:30.632527 np0000006668 nova-conductor[96741]: DEBUG nova.quota [None req-27188b9a-b528-42b1-8224-5dc7d69afe61 tempest-ServerBootFromVolumeStableRescueTest-2027258023 tempest-ServerBootFromVolumeStableRescueTest-2027258023-project-member] Getting quotas for user 729b4c874d9e4fbda3ba538c7b9a7661 and project cc6bdba9e9eb494aa20fc17373e17767. Resources: {'cores', 'instances', 'ram'} {{(pid=96741) _get_quotas /opt/stack/nova/nova/quota.py:379}}
Aug 06 15:34:30.640011 np0000006668 nova-conductor[96741]: DEBUG nova.conductor.manager [None req-27188b9a-b528-42b1-8224-5dc7d69afe61 tempest-ServerBootFromVolumeStableRescueTest-2027258023 tempest-ServerBootFromVolumeStableRescueTest-2027258023-project-member] [instance: 71a496d2-93c7-49e6-9502-54aa7d9edff9] Selected host: np0000006668; Selected node: np0000006668; Alternates: [] {{(pid=96741) schedule_and_build_instances /opt/stack/nova/nova/conductor/manager.py:1784}}
Aug 06 15:34:30.640748 np0000006668 nova-conductor[96741]: DEBUG oslo_concurrency.lockutils [None req-27188b9a-b528-42b1-8224-5dc7d69afe61 tempest-ServerBootFromVolumeStableRescueTest-2027258023 tempest-ServerBootFromVolumeStableRescueTest-2027258023-project-member] Acquiring lock "6f47c231-d46a-42b0-9b70-e18d565ce7b7" by "nova.context.set_target_cell..get_or_set_cached_cell_and_set_connections" {{(pid=96741) inner /opt/stack/data/venv/lib/python3.12/site-packages/oslo_concurrency/lockutils.py:512}}
Aug 06 15:34:30.640934 np0000006668 nova-conductor[96741]: DEBUG oslo_concurrency.lockutils [None req-27188b9a-b528-42b1-8224-5dc7d69afe61 tempest-ServerBootFromVolumeStableRescueTest-2027258023 tempest-ServerBootFromVolumeStableRescueTest-2027258023-project-member] Lock "6f47c231-d46a-42b0-9b70-e18d565ce7b7" acquired by "nova.context.set_target_cell..get_or_set_cached_cell_and_set_connections" :: waited 0.000s {{(pid=96741) inner /opt/stack/data/venv/lib/python3.12/site-packages/oslo_concurrency/lockutils.py:525}}
Aug 06 15:34:30.641071 np0000006668 nova-conductor[96741]: DEBUG oslo_concurrency.lockutils [None req-27188b9a-b528-42b1-8224-5dc7d69afe61 tempest-ServerBootFromVolumeStableRescueTest-2027258023 tempest-ServerBootFromVolumeStableRescueTest-2027258023-project-member] Lock "6f47c231-d46a-42b0-9b70-e18d565ce7b7" "released" by "nova.context.set_target_cell..get_or_set_cached_cell_and_set_connections" :: held 0.000s {{(pid=96741) inner /opt/stack/data/venv/lib/python3.12/site-packages/oslo_concurrency/lockutils.py:544}}
Aug 06 15:34:30.655556 np0000006668 nova-conductor[96741]: DEBUG nova.conductor.manager [None req-27188b9a-b528-42b1-8224-5dc7d69afe61 tempest-ServerBootFromVolumeStableRescueTest-2027258023 tempest-ServerBootFromVolumeStableRescueTest-2027258023-project-member] [instance: 71a496d2-93c7-49e6-9502-54aa7d9edff9] block_device_mapping [BlockDeviceMapping(attachment_id=,boot_index=0,connection_info=None,created_at=,delete_on_termination=True,deleted=,deleted_at=,destination_type='local',device_name=None,device_type='disk',disk_bus=None,encrypted=False,encryption_format=None,encryption_options=None,encryption_secret_uuid=None,guest_format=None,id=,image_id='b1170a57-357d-4649-8075-6823fa7257fc',instance=,instance_uuid=,no_device=False,snapshot_id=None,source_type='image',tag=None,updated_at=,uuid=,volume_id=None,volume_size=None,volume_type=None)] {{(pid=96741) _create_block_device_mapping /opt/stack/nova/nova/conductor/manager.py:1529}}
Aug 06 15:34:30.656224 np0000006668 nova-conductor[96735]: INFO nova.utils [None req-1eda93d9-23b7-4b67-94ed-04d0591b34d2 tempest-ServerRescueNegativeTestJSON-1632626305 tempest-ServerRescueNegativeTestJSON-1632626305-project-member] The cell worker thread pool ForkProcess-1.cell_worker is initialized
Aug 06 15:34:30.656224 np0000006668 nova-conductor[96735]: DEBUG oslo_concurrency.lockutils [None req-1eda93d9-23b7-4b67-94ed-04d0591b34d2 tempest-ServerRescueNegativeTestJSON-1632626305 tempest-ServerRescueNegativeTestJSON-1632626305-project-member] Acquiring lock "00000000-0000-0000-0000-000000000000" by "nova.context.set_target_cell..get_or_set_cached_cell_and_set_connections" {{(pid=96735) inner /opt/stack/data/venv/lib/python3.12/site-packages/oslo_concurrency/lockutils.py:512}}
Aug 06 15:34:30.656434 np0000006668 nova-conductor[96735]: DEBUG oslo_concurrency.lockutils [None req-1eda93d9-23b7-4b67-94ed-04d0591b34d2 tempest-ServerRescueNegativeTestJSON-1632626305 tempest-ServerRescueNegativeTestJSON-1632626305-project-member] Lock "00000000-0000-0000-0000-000000000000" acquired by "nova.context.set_target_cell..get_or_set_cached_cell_and_set_connections" :: waited 0.000s {{(pid=96735) inner /opt/stack/data/venv/lib/python3.12/site-packages/oslo_concurrency/lockutils.py:525}}
Aug 06 15:34:30.656581 np0000006668 nova-conductor[96735]: DEBUG oslo_concurrency.lockutils [None req-1eda93d9-23b7-4b67-94ed-04d0591b34d2 tempest-ServerRescueNegativeTestJSON-1632626305 tempest-ServerRescueNegativeTestJSON-1632626305-project-member] Lock "00000000-0000-0000-0000-000000000000" "released" by "nova.context.set_target_cell..get_or_set_cached_cell_and_set_connections" :: held 0.000s {{(pid=96735) inner /opt/stack/data/venv/lib/python3.12/site-packages/oslo_concurrency/lockutils.py:544}}
Aug 06 15:34:30.657788 np0000006668 nova-conductor[96741]: DEBUG oslo_concurrency.lockutils [None req-27188b9a-b528-42b1-8224-5dc7d69afe61 tempest-ServerBootFromVolumeStableRescueTest-2027258023 tempest-ServerBootFromVolumeStableRescueTest-2027258023-project-member] Acquiring lock "6f47c231-d46a-42b0-9b70-e18d565ce7b7" by "nova.context.set_target_cell..get_or_set_cached_cell_and_set_connections" {{(pid=96741) inner /opt/stack/data/venv/lib/python3.12/site-packages/oslo_concurrency/lockutils.py:512}}
Aug 06 15:34:30.657899 np0000006668 nova-conductor[96735]: DEBUG oslo_concurrency.lockutils [None req-1eda93d9-23b7-4b67-94ed-04d0591b34d2 tempest-ServerRescueNegativeTestJSON-1632626305 tempest-ServerRescueNegativeTestJSON-1632626305-project-member] Acquiring lock "6f47c231-d46a-42b0-9b70-e18d565ce7b7" by "nova.context.set_target_cell..get_or_set_cached_cell_and_set_connections" {{(pid=96735) inner /opt/stack/data/venv/lib/python3.12/site-packages/oslo_concurrency/lockutils.py:512}}
Aug 06 15:34:30.657933 np0000006668 nova-conductor[96741]: DEBUG oslo_concurrency.lockutils [None req-27188b9a-b528-42b1-8224-5dc7d69afe61 tempest-ServerBootFromVolumeStableRescueTest-2027258023 tempest-ServerBootFromVolumeStableRescueTest-2027258023-project-member] Lock "6f47c231-d46a-42b0-9b70-e18d565ce7b7" acquired by "nova.context.set_target_cell..get_or_set_cached_cell_and_set_connections" :: waited 0.000s {{(pid=96741) inner /opt/stack/data/venv/lib/python3.12/site-packages/oslo_concurrency/lockutils.py:525}}
Aug 06 15:34:30.657980 np0000006668 nova-conductor[96735]: DEBUG oslo_concurrency.lockutils [None req-1eda93d9-23b7-4b67-94ed-04d0591b34d2 tempest-ServerRescueNegativeTestJSON-1632626305 tempest-ServerRescueNegativeTestJSON-1632626305-project-member] Lock "6f47c231-d46a-42b0-9b70-e18d565ce7b7" acquired by "nova.context.set_target_cell..get_or_set_cached_cell_and_set_connections" :: waited 0.000s {{(pid=96735) inner /opt/stack/data/venv/lib/python3.12/site-packages/oslo_concurrency/lockutils.py:525}}
Aug 06 15:34:30.657980 np0000006668 nova-conductor[96735]: DEBUG oslo_concurrency.lockutils [None req-1eda93d9-23b7-4b67-94ed-04d0591b34d2 tempest-ServerRescueNegativeTestJSON-1632626305 tempest-ServerRescueNegativeTestJSON-1632626305-project-member] Lock "6f47c231-d46a-42b0-9b70-e18d565ce7b7" "released" by "nova.context.set_target_cell..get_or_set_cached_cell_and_set_connections" :: held 0.000s {{(pid=96735) inner /opt/stack/data/venv/lib/python3.12/site-packages/oslo_concurrency/lockutils.py:544}}
Aug 06 15:34:30.658051 np0000006668 nova-conductor[96741]: DEBUG oslo_concurrency.lockutils [None req-27188b9a-b528-42b1-8224-5dc7d69afe61 tempest-ServerBootFromVolumeStableRescueTest-2027258023 tempest-ServerBootFromVolumeStableRescueTest-2027258023-project-member] Lock "6f47c231-d46a-42b0-9b70-e18d565ce7b7" "released" by "nova.context.set_target_cell..get_or_set_cached_cell_and_set_connections" :: held 0.000s {{(pid=96741) inner /opt/stack/data/venv/lib/python3.12/site-packages/oslo_concurrency/lockutils.py:544}}
Aug 06 15:34:30.658912 np0000006668 nova-conductor[96735]: INFO dbcounter [None req-1eda93d9-23b7-4b67-94ed-04d0591b34d2 tempest-ServerRescueNegativeTestJSON-1632626305 tempest-ServerRescueNegativeTestJSON-1632626305-project-member] Registered counter for database nova_cell0
Aug 06 15:34:30.693270 np0000006668 nova-conductor[96735]: DEBUG oslo_db.sqlalchemy.engines [None req-1eda93d9-23b7-4b67-94ed-04d0591b34d2 tempest-ServerRescueNegativeTestJSON-1632626305 tempest-ServerRescueNegativeTestJSON-1632626305-project-member] MySQL server mode set to STRICT_TRANS_TABLES,STRICT_ALL_TABLES,NO_ZERO_IN_DATE,NO_ZERO_DATE,ERROR_FOR_DIVISION_BY_ZERO,TRADITIONAL,NO_ENGINE_SUBSTITUTION {{(pid=96735) _check_effective_sql_mode /opt/stack/data/venv/lib/python3.12/site-packages/oslo_db/sqlalchemy/engines.py:325}}
Aug 06 15:34:30.699569 np0000006668 nova-conductor[96735]: DEBUG dbcounter [-] [96735] Writer thread running {{(pid=96735) stat_writer /opt/stack/data/venv/lib/python3.12/site-packages/dbcounter.py:102}}
Aug 06 15:34:30.700616 np0000006668 nova-conductor[96741]: DEBUG oslo_concurrency.lockutils [None req-27188b9a-b528-42b1-8224-5dc7d69afe61 tempest-ServerBootFromVolumeStableRescueTest-2027258023 tempest-ServerBootFromVolumeStableRescueTest-2027258023-project-member] Acquiring lock "6f47c231-d46a-42b0-9b70-e18d565ce7b7" by "nova.context.set_target_cell..get_or_set_cached_cell_and_set_connections" {{(pid=96741) inner /opt/stack/data/venv/lib/python3.12/site-packages/oslo_concurrency/lockutils.py:512}}
Aug 06 15:34:30.700718 np0000006668 nova-conductor[96741]: DEBUG oslo_concurrency.lockutils [None req-27188b9a-b528-42b1-8224-5dc7d69afe61 tempest-ServerBootFromVolumeStableRescueTest-2027258023 tempest-ServerBootFromVolumeStableRescueTest-2027258023-project-member] Lock "6f47c231-d46a-42b0-9b70-e18d565ce7b7" acquired by "nova.context.set_target_cell..get_or_set_cached_cell_and_set_connections" :: waited 0.000s {{(pid=96741) inner /opt/stack/data/venv/lib/python3.12/site-packages/oslo_concurrency/lockutils.py:525}}
Aug 06 15:34:30.700828 np0000006668 nova-conductor[96741]: DEBUG oslo_concurrency.lockutils [None req-27188b9a-b528-42b1-8224-5dc7d69afe61 tempest-ServerBootFromVolumeStableRescueTest-2027258023 tempest-ServerBootFromVolumeStableRescueTest-2027258023-project-member] Lock "6f47c231-d46a-42b0-9b70-e18d565ce7b7" "released" by "nova.context.set_target_cell..get_or_set_cached_cell_and_set_connections" :: held 0.000s {{(pid=96741) inner /opt/stack/data/venv/lib/python3.12/site-packages/oslo_concurrency/lockutils.py:544}}
Aug 06 15:34:30.701029 np0000006668 nova-conductor[96741]: DEBUG oslo_concurrency.lockutils [None req-27188b9a-b528-42b1-8224-5dc7d69afe61 tempest-ServerBootFromVolumeStableRescueTest-2027258023 tempest-ServerBootFromVolumeStableRescueTest-2027258023-project-member] Acquiring lock "compute-rpcapi-router" {{(pid=96741) lock /opt/stack/data/venv/lib/python3.12/site-packages/oslo_concurrency/lockutils.py:396}}
Aug 06 15:34:30.701124 np0000006668 nova-conductor[96741]: DEBUG oslo_concurrency.lockutils [None req-27188b9a-b528-42b1-8224-5dc7d69afe61 tempest-ServerBootFromVolumeStableRescueTest-2027258023 tempest-ServerBootFromVolumeStableRescueTest-2027258023-project-member] Acquired lock "compute-rpcapi-router" {{(pid=96741) lock /opt/stack/data/venv/lib/python3.12/site-packages/oslo_concurrency/lockutils.py:399}}
Aug 06 15:34:30.701808 np0000006668 nova-conductor[96741]: DEBUG oslo_concurrency.lockutils [None req-724c0b06-a2d7-4353-96a7-cb7cae93e547 None None] Acquiring lock "00000000-0000-0000-0000-000000000000" by "nova.context.set_target_cell..get_or_set_cached_cell_and_set_connections" {{(pid=96741) inner /opt/stack/data/venv/lib/python3.12/site-packages/oslo_concurrency/lockutils.py:512}}
Aug 06 15:34:30.701914 np0000006668 nova-conductor[96741]: DEBUG oslo_concurrency.lockutils [None req-724c0b06-a2d7-4353-96a7-cb7cae93e547 None None] Lock "00000000-0000-0000-0000-000000000000" acquired by "nova.context.set_target_cell..get_or_set_cached_cell_and_set_connections" :: waited 0.000s {{(pid=96741) inner /opt/stack/data/venv/lib/python3.12/site-packages/oslo_concurrency/lockutils.py:525}}
Aug 06 15:34:30.702015 np0000006668 nova-conductor[96741]: DEBUG oslo_concurrency.lockutils [None req-724c0b06-a2d7-4353-96a7-cb7cae93e547 None None] Lock "00000000-0000-0000-0000-000000000000" "released" by "nova.context.set_target_cell..get_or_set_cached_cell_and_set_connections" :: held 0.000s {{(pid=96741) inner /opt/stack/data/venv/lib/python3.12/site-packages/oslo_concurrency/lockutils.py:544}}
Aug 06 15:34:30.702661 np0000006668 nova-conductor[96741]: DEBUG oslo_concurrency.lockutils [None req-724c0b06-a2d7-4353-96a7-cb7cae93e547 None None] Acquiring lock "6f47c231-d46a-42b0-9b70-e18d565ce7b7" by "nova.context.set_target_cell..get_or_set_cached_cell_and_set_connections" {{(pid=96741) inner /opt/stack/data/venv/lib/python3.12/site-packages/oslo_concurrency/lockutils.py:512}}
Aug 06 15:34:30.703862 np0000006668 nova-conductor[96741]: DEBUG oslo_concurrency.lockutils [None req-724c0b06-a2d7-4353-96a7-cb7cae93e547 None None] Lock "6f47c231-d46a-42b0-9b70-e18d565ce7b7" acquired by "nova.context.set_target_cell..get_or_set_cached_cell_and_set_connections" :: waited 0.001s {{(pid=96741) inner /opt/stack/data/venv/lib/python3.12/site-packages/oslo_concurrency/lockutils.py:525}}
