Jun 30 18:10:13.069602 np0000004016 nova-conductor[98933]: DEBUG cotyledon.oslo_config_glue [-] profiler.es_scroll_time = 2m {{(pid=98933) log_opt_values /opt/stack/data/venv/lib/python3.12/site-packages/oslo_config/cfg.py:3253}}
Jun 30 18:10:13.069602 np0000004016 nova-conductor[98933]: DEBUG cotyledon.oslo_config_glue [-] profiler.filter_error_trace = False {{(pid=98933) log_opt_values /opt/stack/data/venv/lib/python3.12/site-packages/oslo_config/cfg.py:3253}}
Jun 30 18:10:13.069602 np0000004016 nova-conductor[98933]: DEBUG cotyledon.oslo_config_glue [-] profiler.hmac_keys = **** {{(pid=98933) log_opt_values /opt/stack/data/venv/lib/python3.12/site-packages/oslo_config/cfg.py:3253}}
Jun 30 18:10:13.070340 np0000004016 nova-conductor[98933]: DEBUG cotyledon.oslo_config_glue [-] profiler.sentinel_service_name = mymaster {{(pid=98933) log_opt_values /opt/stack/data/venv/lib/python3.12/site-packages/oslo_config/cfg.py:3253}}
Jun 30 18:10:13.070340 np0000004016 nova-conductor[98933]: DEBUG cotyledon.oslo_config_glue [-] profiler.socket_timeout = 0.1 {{(pid=98933) log_opt_values /opt/stack/data/venv/lib/python3.12/site-packages/oslo_config/cfg.py:3253}}
Jun 30 18:10:13.070340 np0000004016 nova-conductor[98933]: DEBUG cotyledon.oslo_config_glue [-] profiler.trace_requests = False {{(pid=98933) log_opt_values /opt/stack/data/venv/lib/python3.12/site-packages/oslo_config/cfg.py:3253}}
Jun 30 18:10:13.070340 np0000004016 nova-conductor[98933]: DEBUG cotyledon.oslo_config_glue [-] profiler.trace_sqlalchemy = False {{(pid=98933) log_opt_values /opt/stack/data/venv/lib/python3.12/site-packages/oslo_config/cfg.py:3253}}
Jun 30 18:10:13.070340 np0000004016 nova-conductor[98933]: DEBUG cotyledon.oslo_config_glue [-] profiler_jaeger.process_tags = {} {{(pid=98933) log_opt_values /opt/stack/data/venv/lib/python3.12/site-packages/oslo_config/cfg.py:3253}}
Jun 30 18:10:13.070340 np0000004016 nova-conductor[98933]: DEBUG cotyledon.oslo_config_glue [-] profiler_jaeger.service_name_prefix = None {{(pid=98933) log_opt_values /opt/stack/data/venv/lib/python3.12/site-packages/oslo_config/cfg.py:3253}}
Jun 30 18:10:13.070340 np0000004016 nova-conductor[98933]: DEBUG cotyledon.oslo_config_glue [-] profiler_otlp.service_name_prefix = None {{(pid=98933) log_opt_values /opt/stack/data/venv/lib/python3.12/site-packages/oslo_config/cfg.py:3253}}
Jun 30 18:10:13.070340 np0000004016 nova-conductor[98933]: DEBUG cotyledon.oslo_config_glue [-] oslo_messaging_rabbit.amqp_auto_delete = False {{(pid=98933) log_opt_values /opt/stack/data/venv/lib/python3.12/site-packages/oslo_config/cfg.py:3253}}
Jun 30 18:10:13.070340 np0000004016 nova-conductor[98933]: DEBUG cotyledon.oslo_config_glue [-] oslo_messaging_rabbit.amqp_durable_queues = False {{(pid=98933) log_opt_values /opt/stack/data/venv/lib/python3.12/site-packages/oslo_config/cfg.py:3253}}
Jun 30 18:10:13.070511 np0000004016 nova-conductor[98933]: DEBUG cotyledon.oslo_config_glue [-] oslo_messaging_rabbit.conn_pool_min_size = 2 {{(pid=98933) log_opt_values /opt/stack/data/venv/lib/python3.12/site-packages/oslo_config/cfg.py:3253}}
Jun 30 18:10:13.070533 np0000004016 nova-conductor[98928]: INFO dbcounter [None req-22d505fd-c036-4ce1-bba5-055f80ac52d0 None None] Registered counter for database nova_cell0
Jun 30 18:10:13.070560 np0000004016 nova-conductor[98933]: DEBUG cotyledon.oslo_config_glue [-] oslo_messaging_rabbit.conn_pool_ttl = 1200 {{(pid=98933) log_opt_values /opt/stack/data/venv/lib/python3.12/site-packages/oslo_config/cfg.py:3253}}
Jun 30 18:10:13.070560 np0000004016 nova-conductor[98933]: DEBUG cotyledon.oslo_config_glue [-] oslo_messaging_rabbit.direct_mandatory_flag = True {{(pid=98933) log_opt_values /opt/stack/data/venv/lib/python3.12/site-packages/oslo_config/cfg.py:3253}}
Jun 30 18:10:13.070560 np0000004016 nova-conductor[98933]: DEBUG cotyledon.oslo_config_glue [-] oslo_messaging_rabbit.enable_cancel_on_failover = False {{(pid=98933) log_opt_values /opt/stack/data/venv/lib/python3.12/site-packages/oslo_config/cfg.py:3253}}
Jun 30 18:10:13.070560 np0000004016 nova-conductor[98933]: DEBUG cotyledon.oslo_config_glue [-] oslo_messaging_rabbit.heartbeat_rate = 3 {{(pid=98933) log_opt_values /opt/stack/data/venv/lib/python3.12/site-packages/oslo_config/cfg.py:3253}}
Jun 30 18:10:13.070560 np0000004016 nova-conductor[98933]: DEBUG cotyledon.oslo_config_glue [-] oslo_messaging_rabbit.heartbeat_timeout_threshold = 60 {{(pid=98933) log_opt_values /opt/stack/data/venv/lib/python3.12/site-packages/oslo_config/cfg.py:3253}}
Jun 30 18:10:13.070560 np0000004016 nova-conductor[98933]: DEBUG cotyledon.oslo_config_glue [-] oslo_messaging_rabbit.hostname = np0000004016 {{(pid=98933) log_opt_values /opt/stack/data/venv/lib/python3.12/site-packages/oslo_config/cfg.py:3253}}
Jun 30 18:10:13.070560 np0000004016 nova-conductor[98933]: DEBUG cotyledon.oslo_config_glue [-] oslo_messaging_rabbit.kombu_compression = None {{(pid=98933) log_opt_values /opt/stack/data/venv/lib/python3.12/site-packages/oslo_config/cfg.py:3253}}
Jun 30 18:10:13.070560 np0000004016 nova-conductor[98933]: DEBUG cotyledon.oslo_config_glue [-] oslo_messaging_rabbit.kombu_failover_strategy = round-robin {{(pid=98933) log_opt_values /opt/stack/data/venv/lib/python3.12/site-packages/oslo_config/cfg.py:3253}}
Jun 30 18:10:13.070560 np0000004016 nova-conductor[98933]: DEBUG cotyledon.oslo_config_glue [-] oslo_messaging_rabbit.kombu_missing_consumer_retry_timeout = 60 {{(pid=98933) log_opt_values /opt/stack/data/venv/lib/python3.12/site-packages/oslo_config/cfg.py:3253}}
Jun 30 18:10:13.070755 np0000004016 nova-conductor[98933]: DEBUG cotyledon.oslo_config_glue [-] oslo_messaging_rabbit.kombu_reconnect_delay = 1.0 {{(pid=98933) log_opt_values /opt/stack/data/venv/lib/python3.12/site-packages/oslo_config/cfg.py:3253}}
Jun 30 18:10:13.070755 np0000004016 nova-conductor[98933]: DEBUG cotyledon.oslo_config_glue [-] oslo_messaging_rabbit.kombu_reconnect_splay = 0.0 {{(pid=98933) log_opt_values /opt/stack/data/venv/lib/python3.12/site-packages/oslo_config/cfg.py:3253}}
Jun 30 18:10:13.070755 np0000004016 nova-conductor[98933]: DEBUG cotyledon.oslo_config_glue [-] oslo_messaging_rabbit.processname = nova-conductor {{(pid=98933) log_opt_values /opt/stack/data/venv/lib/python3.12/site-packages/oslo_config/cfg.py:3253}}
Jun 30 18:10:13.070755 np0000004016 nova-conductor[98933]: DEBUG cotyledon.oslo_config_glue [-] oslo_messaging_rabbit.rabbit_ha_queues = False {{(pid=98933) log_opt_values /opt/stack/data/venv/lib/python3.12/site-packages/oslo_config/cfg.py:3253}}
Jun 30 18:10:13.070755 np0000004016 nova-conductor[98933]: DEBUG cotyledon.oslo_config_glue [-] oslo_messaging_rabbit.rabbit_interval_max = 30 {{(pid=98933) log_opt_values /opt/stack/data/venv/lib/python3.12/site-packages/oslo_config/cfg.py:3253}}
Jun 30 18:10:13.070755 np0000004016 nova-conductor[98933]: DEBUG cotyledon.oslo_config_glue [-] oslo_messaging_rabbit.rabbit_login_method = AMQPLAIN {{(pid=98933) log_opt_values /opt/stack/data/venv/lib/python3.12/site-packages/oslo_config/cfg.py:3253}}
Jun 30 18:10:13.070755 np0000004016 nova-conductor[98933]: DEBUG cotyledon.oslo_config_glue [-] oslo_messaging_rabbit.rabbit_qos_prefetch_count = 0 {{(pid=98933) log_opt_values /opt/stack/data/venv/lib/python3.12/site-packages/oslo_config/cfg.py:3253}}
Jun 30 18:10:13.070755 np0000004016 nova-conductor[98933]: DEBUG cotyledon.oslo_config_glue [-] oslo_messaging_rabbit.rabbit_quorum_delivery_limit = 0 {{(pid=98933) log_opt_values /opt/stack/data/venv/lib/python3.12/site-packages/oslo_config/cfg.py:3253}}
Jun 30 18:10:13.070755 np0000004016 nova-conductor[98933]: DEBUG cotyledon.oslo_config_glue [-] oslo_messaging_rabbit.rabbit_quorum_max_memory_bytes = 0 {{(pid=98933) log_opt_values /opt/stack/data/venv/lib/python3.12/site-packages/oslo_config/cfg.py:3253}}
Jun 30 18:10:13.070986 np0000004016 nova-conductor[98933]: DEBUG cotyledon.oslo_config_glue [-] oslo_messaging_rabbit.rabbit_quorum_max_memory_length = 0 {{(pid=98933) log_opt_values /opt/stack/data/venv/lib/python3.12/site-packages/oslo_config/cfg.py:3253}}
Jun 30 18:10:13.070986 np0000004016 nova-conductor[98933]: DEBUG cotyledon.oslo_config_glue [-] oslo_messaging_rabbit.rabbit_quorum_queue = False {{(pid=98933) log_opt_values /opt/stack/data/venv/lib/python3.12/site-packages/oslo_config/cfg.py:3253}}
Jun 30 18:10:13.070986 np0000004016 nova-conductor[98933]: DEBUG cotyledon.oslo_config_glue [-] oslo_messaging_rabbit.rabbit_retry_backoff = 2 {{(pid=98933) log_opt_values /opt/stack/data/venv/lib/python3.12/site-packages/oslo_config/cfg.py:3253}}
Jun 30 18:10:13.070986 np0000004016 nova-conductor[98933]: DEBUG cotyledon.oslo_config_glue [-] oslo_messaging_rabbit.rabbit_retry_interval = 1 {{(pid=98933) log_opt_values /opt/stack/data/venv/lib/python3.12/site-packages/oslo_config/cfg.py:3253}}
Jun 30 18:10:13.070986 np0000004016 nova-conductor[98933]: DEBUG cotyledon.oslo_config_glue [-] oslo_messaging_rabbit.rabbit_stream_fanout = False {{(pid=98933) log_opt_values /opt/stack/data/venv/lib/python3.12/site-packages/oslo_config/cfg.py:3253}}
Jun 30 18:10:13.070986 np0000004016 nova-conductor[98933]: DEBUG cotyledon.oslo_config_glue [-] oslo_messaging_rabbit.rabbit_transient_queues_ttl = 1800 {{(pid=98933) log_opt_values /opt/stack/data/venv/lib/python3.12/site-packages/oslo_config/cfg.py:3253}}
Jun 30 18:10:13.070986 np0000004016 nova-conductor[98933]: DEBUG cotyledon.oslo_config_glue [-] oslo_messaging_rabbit.rabbit_transient_quorum_queue = False {{(pid=98933) log_opt_values /opt/stack/data/venv/lib/python3.12/site-packages/oslo_config/cfg.py:3253}}
Jun 30 18:10:13.070986 np0000004016 nova-conductor[98933]: DEBUG cotyledon.oslo_config_glue [-] oslo_messaging_rabbit.rpc_conn_pool_size = 30 {{(pid=98933) log_opt_values /opt/stack/data/venv/lib/python3.12/site-packages/oslo_config/cfg.py:3253}}
Jun 30 18:10:13.070986 np0000004016 nova-conductor[98933]: DEBUG cotyledon.oslo_config_glue [-] oslo_messaging_rabbit.ssl = False {{(pid=98933) log_opt_values /opt/stack/data/venv/lib/python3.12/site-packages/oslo_config/cfg.py:3253}}
Jun 30 18:10:13.071166 np0000004016 nova-conductor[98933]: DEBUG cotyledon.oslo_config_glue [-] oslo_messaging_rabbit.ssl_ca_file = {{(pid=98933) log_opt_values /opt/stack/data/venv/lib/python3.12/site-packages/oslo_config/cfg.py:3253}}
Jun 30 18:10:13.071166 np0000004016 nova-conductor[98933]: DEBUG cotyledon.oslo_config_glue [-] oslo_messaging_rabbit.ssl_cert_file = {{(pid=98933) log_opt_values /opt/stack/data/venv/lib/python3.12/site-packages/oslo_config/cfg.py:3253}}
Jun 30 18:10:13.071166 np0000004016 nova-conductor[98933]: DEBUG cotyledon.oslo_config_glue [-] oslo_messaging_rabbit.ssl_enforce_fips_mode = False {{(pid=98933) log_opt_values /opt/stack/data/venv/lib/python3.12/site-packages/oslo_config/cfg.py:3253}}
Jun 30 18:10:13.071166 np0000004016 nova-conductor[98933]: DEBUG cotyledon.oslo_config_glue [-] oslo_messaging_rabbit.ssl_enforce_hostname_verification = True {{(pid=98933) log_opt_values /opt/stack/data/venv/lib/python3.12/site-packages/oslo_config/cfg.py:3253}}
Jun 30 18:10:13.071166 np0000004016 nova-conductor[98933]: DEBUG cotyledon.oslo_config_glue [-] oslo_messaging_rabbit.ssl_key_file = {{(pid=98933) log_opt_values /opt/stack/data/venv/lib/python3.12/site-packages/oslo_config/cfg.py:3253}}
Jun 30 18:10:13.071166 np0000004016 nova-conductor[98933]: DEBUG cotyledon.oslo_config_glue [-] oslo_messaging_rabbit.ssl_version = {{(pid=98933) log_opt_values /opt/stack/data/venv/lib/python3.12/site-packages/oslo_config/cfg.py:3253}}
Jun 30 18:10:13.071166 np0000004016 nova-conductor[98933]: DEBUG cotyledon.oslo_config_glue [-] oslo_messaging_rabbit.use_queue_manager = False {{(pid=98933) log_opt_values /opt/stack/data/venv/lib/python3.12/site-packages/oslo_config/cfg.py:3253}}
Jun 30 18:10:13.071166 np0000004016 nova-conductor[98933]: DEBUG cotyledon.oslo_config_glue [-] oslo_messaging_notifications.driver = ['messagingv2'] {{(pid=98933) log_opt_values /opt/stack/data/venv/lib/python3.12/site-packages/oslo_config/cfg.py:3253}}
Jun 30 18:10:13.071166 np0000004016 nova-conductor[98933]: DEBUG cotyledon.oslo_config_glue [-] oslo_messaging_notifications.retry = -1 {{(pid=98933) log_opt_values /opt/stack/data/venv/lib/python3.12/site-packages/oslo_config/cfg.py:3253}}
Jun 30 18:10:13.071327 np0000004016 nova-conductor[98933]: DEBUG cotyledon.oslo_config_glue [-] oslo_messaging_notifications.topics = ['notifications'] {{(pid=98933) log_opt_values /opt/stack/data/venv/lib/python3.12/site-packages/oslo_config/cfg.py:3253}}
Jun 30 18:10:13.071327 np0000004016 nova-conductor[98933]: DEBUG cotyledon.oslo_config_glue [-] oslo_messaging_notifications.transport_url = **** {{(pid=98933) log_opt_values /opt/stack/data/venv/lib/python3.12/site-packages/oslo_config/cfg.py:3253}}
Jun 30 18:10:13.071327 np0000004016 nova-conductor[98933]: DEBUG cotyledon.oslo_config_glue [-] oslo_limit.auth_section = None {{(pid=98933) log_opt_values /opt/stack/data/venv/lib/python3.12/site-packages/oslo_config/cfg.py:3253}}
Jun 30 18:10:13.071327 np0000004016 nova-conductor[98933]: DEBUG cotyledon.oslo_config_glue [-] oslo_limit.auth_type = None {{(pid=98933) log_opt_values /opt/stack/data/venv/lib/python3.12/site-packages/oslo_config/cfg.py:3253}}
Jun 30 18:10:13.071327 np0000004016 nova-conductor[98933]: DEBUG cotyledon.oslo_config_glue [-] oslo_limit.cafile = None {{(pid=98933) log_opt_values /opt/stack/data/venv/lib/python3.12/site-packages/oslo_config/cfg.py:3253}}
Jun 30 18:10:13.071327 np0000004016 nova-conductor[98933]: DEBUG cotyledon.oslo_config_glue [-] oslo_limit.certfile = None {{(pid=98933) log_opt_values /opt/stack/data/venv/lib/python3.12/site-packages/oslo_config/cfg.py:3253}}
Jun 30 18:10:13.071327 np0000004016 nova-conductor[98933]: DEBUG cotyledon.oslo_config_glue [-] oslo_limit.collect_timing = False {{(pid=98933) log_opt_values /opt/stack/data/venv/lib/python3.12/site-packages/oslo_config/cfg.py:3253}}
Jun 30 18:10:13.071327 np0000004016 nova-conductor[98933]: DEBUG cotyledon.oslo_config_glue [-] oslo_limit.connect_retries = None {{(pid=98933) log_opt_values /opt/stack/data/venv/lib/python3.12/site-packages/oslo_config/cfg.py:3253}}
Jun 30 18:10:13.071327 np0000004016 nova-conductor[98933]: DEBUG cotyledon.oslo_config_glue [-] oslo_limit.connect_retry_delay = None {{(pid=98933) log_opt_values /opt/stack/data/venv/lib/python3.12/site-packages/oslo_config/cfg.py:3253}}
Jun 30 18:10:13.071488 np0000004016 nova-conductor[98933]: DEBUG cotyledon.oslo_config_glue [-] oslo_limit.endpoint_id = None {{(pid=98933) log_opt_values /opt/stack/data/venv/lib/python3.12/site-packages/oslo_config/cfg.py:3253}}
Jun 30 18:10:13.071488 np0000004016 nova-conductor[98933]: DEBUG cotyledon.oslo_config_glue [-] oslo_limit.endpoint_interface = public {{(pid=98933) log_opt_values /opt/stack/data/venv/lib/python3.12/site-packages/oslo_config/cfg.py:3253}}
Jun 30 18:10:13.071488 np0000004016 nova-conductor[98933]: DEBUG cotyledon.oslo_config_glue [-] oslo_limit.endpoint_override = None {{(pid=98933) log_opt_values /opt/stack/data/venv/lib/python3.12/site-packages/oslo_config/cfg.py:3253}}
Jun 30 18:10:13.071488 np0000004016 nova-conductor[98933]: DEBUG cotyledon.oslo_config_glue [-] oslo_limit.endpoint_region_name = None {{(pid=98933) log_opt_values /opt/stack/data/venv/lib/python3.12/site-packages/oslo_config/cfg.py:3253}}
Jun 30 18:10:13.071488 np0000004016 nova-conductor[98933]: DEBUG cotyledon.oslo_config_glue [-] oslo_limit.endpoint_service_name = None {{(pid=98933) log_opt_values /opt/stack/data/venv/lib/python3.12/site-packages/oslo_config/cfg.py:3253}}
Jun 30 18:10:13.071488 np0000004016 nova-conductor[98933]: DEBUG cotyledon.oslo_config_glue [-] oslo_limit.endpoint_service_type = None {{(pid=98933) log_opt_values /opt/stack/data/venv/lib/python3.12/site-packages/oslo_config/cfg.py:3253}}
Jun 30 18:10:13.071488 np0000004016 nova-conductor[98933]: DEBUG cotyledon.oslo_config_glue [-] oslo_limit.insecure = False {{(pid=98933) log_opt_values /opt/stack/data/venv/lib/python3.12/site-packages/oslo_config/cfg.py:3253}}
Jun 30 18:10:13.071488 np0000004016 nova-conductor[98933]: DEBUG cotyledon.oslo_config_glue [-] oslo_limit.keyfile = None {{(pid=98933) log_opt_values /opt/stack/data/venv/lib/python3.12/site-packages/oslo_config/cfg.py:3253}}
Jun 30 18:10:13.071488 np0000004016 nova-conductor[98933]: DEBUG cotyledon.oslo_config_glue [-] oslo_limit.max_version = None {{(pid=98933) log_opt_values /opt/stack/data/venv/lib/python3.12/site-packages/oslo_config/cfg.py:3253}}
Jun 30 18:10:13.071661 np0000004016 nova-conductor[98933]: DEBUG cotyledon.oslo_config_glue [-] oslo_limit.min_version = None {{(pid=98933) log_opt_values /opt/stack/data/venv/lib/python3.12/site-packages/oslo_config/cfg.py:3253}}
Jun 30 18:10:13.071661 np0000004016 nova-conductor[98933]: DEBUG cotyledon.oslo_config_glue [-] oslo_limit.region_name = None {{(pid=98933) log_opt_values /opt/stack/data/venv/lib/python3.12/site-packages/oslo_config/cfg.py:3253}}
Jun 30 18:10:13.071661 np0000004016 nova-conductor[98933]: DEBUG cotyledon.oslo_config_glue [-] oslo_limit.retriable_status_codes = None {{(pid=98933) log_opt_values /opt/stack/data/venv/lib/python3.12/site-packages/oslo_config/cfg.py:3253}}
Jun 30 18:10:13.071661 np0000004016 nova-conductor[98933]: DEBUG cotyledon.oslo_config_glue [-] oslo_limit.service_name = None {{(pid=98933) log_opt_values /opt/stack/data/venv/lib/python3.12/site-packages/oslo_config/cfg.py:3253}}
Jun 30 18:10:13.071661 np0000004016 nova-conductor[98933]: DEBUG cotyledon.oslo_config_glue [-] oslo_limit.service_type = None {{(pid=98933) log_opt_values /opt/stack/data/venv/lib/python3.12/site-packages/oslo_config/cfg.py:3253}}
Jun 30 18:10:13.071661 np0000004016 nova-conductor[98933]: DEBUG cotyledon.oslo_config_glue [-] oslo_limit.split_loggers = False {{(pid=98933) log_opt_values /opt/stack/data/venv/lib/python3.12/site-packages/oslo_config/cfg.py:3253}}
Jun 30 18:10:13.071661 np0000004016 nova-conductor[98933]: DEBUG cotyledon.oslo_config_glue [-] oslo_limit.status_code_retries = None {{(pid=98933) log_opt_values /opt/stack/data/venv/lib/python3.12/site-packages/oslo_config/cfg.py:3253}}
Jun 30 18:10:13.071661 np0000004016 nova-conductor[98933]: DEBUG cotyledon.oslo_config_glue [-] oslo_limit.status_code_retry_delay = None {{(pid=98933) log_opt_values /opt/stack/data/venv/lib/python3.12/site-packages/oslo_config/cfg.py:3253}}
Jun 30 18:10:13.071661 np0000004016 nova-conductor[98933]: DEBUG cotyledon.oslo_config_glue [-] oslo_limit.timeout = None {{(pid=98933) log_opt_values /opt/stack/data/venv/lib/python3.12/site-packages/oslo_config/cfg.py:3253}}
Jun 30 18:10:13.071845 np0000004016 nova-conductor[98933]: DEBUG cotyledon.oslo_config_glue [-] oslo_limit.valid_interfaces = None {{(pid=98933) log_opt_values /opt/stack/data/venv/lib/python3.12/site-packages/oslo_config/cfg.py:3253}}
Jun 30 18:10:13.071845 np0000004016 nova-conductor[98933]: DEBUG cotyledon.oslo_config_glue [-] oslo_limit.version = None {{(pid=98933) log_opt_values /opt/stack/data/venv/lib/python3.12/site-packages/oslo_config/cfg.py:3253}}
Jun 30 18:10:13.071845 np0000004016 nova-conductor[98933]: DEBUG cotyledon.oslo_config_glue [-] oslo_reports.file_event_handler = None {{(pid=98933) log_opt_values /opt/stack/data/venv/lib/python3.12/site-packages/oslo_config/cfg.py:3253}}
Jun 30 18:10:13.071845 np0000004016 nova-conductor[98933]: DEBUG cotyledon.oslo_config_glue [-] oslo_reports.file_event_handler_interval = 1 {{(pid=98933) log_opt_values /opt/stack/data/venv/lib/python3.12/site-packages/oslo_config/cfg.py:3253}}
Jun 30 18:10:13.071845 np0000004016 nova-conductor[98933]: DEBUG cotyledon.oslo_config_glue [-] oslo_reports.log_dir = None {{(pid=98933) log_opt_values /opt/stack/data/venv/lib/python3.12/site-packages/oslo_config/cfg.py:3253}}
Jun 30 18:10:13.071845 np0000004016 nova-conductor[98933]: DEBUG cotyledon.oslo_config_glue [-] ******************************************************************************** {{(pid=98933) log_opt_values /opt/stack/data/venv/lib/python3.12/site-packages/oslo_config/cfg.py:3260}}
Jun 30 18:10:13.071845 np0000004016 nova-conductor[98933]: DEBUG cotyledon._service_worker [-] Run service ServiceWrapper(3) [98933] {{(pid=98933) wait_forever /opt/stack/data/venv/lib/python3.12/site-packages/cotyledon/_service_worker.py:218}}
Jun 30 18:10:13.071845 np0000004016 nova-conductor[98933]: INFO nova.service [-] Starting conductor node (version 33.1.0)
Jun 30 18:10:13.071845 np0000004016 nova-conductor[98933]: INFO dbcounter [None req-e10bf8d8-a30d-424c-a461-784ec5014433 None None] Registered counter for database nova_cell0
Jun 30 18:10:13.072042 np0000004016 nova-conductor[98916]: DEBUG oslo_db.sqlalchemy.engines [None req-6e5bd238-abcc-4649-b3fc-dbcfa6e48fb1 None None] MySQL server mode set to STRICT_TRANS_TABLES,STRICT_ALL_TABLES,NO_ZERO_IN_DATE,NO_ZERO_DATE,ERROR_FOR_DIVISION_BY_ZERO,TRADITIONAL,NO_ENGINE_SUBSTITUTION {{(pid=98916) _check_effective_sql_mode /opt/stack/data/venv/lib/python3.12/site-packages/oslo_db/sqlalchemy/engines.py:325}}
Jun 30 18:10:13.072089 np0000004016 nova-conductor[98924]: DEBUG oslo_db.sqlalchemy.engines [None req-9340bc67-1077-409a-94c7-9552483f2751 None None] MySQL server mode set to STRICT_TRANS_TABLES,STRICT_ALL_TABLES,NO_ZERO_IN_DATE,NO_ZERO_DATE,ERROR_FOR_DIVISION_BY_ZERO,TRADITIONAL,NO_ENGINE_SUBSTITUTION {{(pid=98924) _check_effective_sql_mode /opt/stack/data/venv/lib/python3.12/site-packages/oslo_db/sqlalchemy/engines.py:325}}
Jun 30 18:10:13.072124 np0000004016 nova-conductor[98916]: DEBUG dbcounter [-] [98916] Writer thread running {{(pid=98916) stat_writer /opt/stack/data/venv/lib/python3.12/site-packages/dbcounter.py:102}}
Jun 30 18:10:13.072156 np0000004016 nova-conductor[98924]: DEBUG dbcounter [-] [98924] Writer thread running {{(pid=98924) stat_writer /opt/stack/data/venv/lib/python3.12/site-packages/dbcounter.py:102}}
Jun 30 18:10:13.076465 np0000004016 nova-conductor[98924]: DEBUG nova.service [None req-9340bc67-1077-409a-94c7-9552483f2751 None None] Creating RPC server for service: nova-conductor on topic: conductor {{(pid=98924) start /opt/stack/nova/nova/service.py:196}}
Jun 30 18:10:13.081553 np0000004016 nova-conductor[98928]: DEBUG oslo_db.sqlalchemy.engines [None req-22d505fd-c036-4ce1-bba5-055f80ac52d0 None None] MySQL server mode set to STRICT_TRANS_TABLES,STRICT_ALL_TABLES,NO_ZERO_IN_DATE,NO_ZERO_DATE,ERROR_FOR_DIVISION_BY_ZERO,TRADITIONAL,NO_ENGINE_SUBSTITUTION {{(pid=98928) _check_effective_sql_mode /opt/stack/data/venv/lib/python3.12/site-packages/oslo_db/sqlalchemy/engines.py:325}}
Jun 30 18:10:13.082556 np0000004016 nova-conductor[98916]: DEBUG nova.service [None req-6e5bd238-abcc-4649-b3fc-dbcfa6e48fb1 None None] Creating RPC server for service: nova-conductor on topic: conductor {{(pid=98916) start /opt/stack/nova/nova/service.py:196}}
Jun 30 18:10:13.092063 np0000004016 nova-conductor[98928]: DEBUG dbcounter [-] [98928] Writer thread running {{(pid=98928) stat_writer /opt/stack/data/venv/lib/python3.12/site-packages/dbcounter.py:102}}
Jun 30 18:10:13.092641 np0000004016 nova-conductor[98933]: DEBUG oslo_db.sqlalchemy.engines [None req-e10bf8d8-a30d-424c-a461-784ec5014433 None None] MySQL server mode set to STRICT_TRANS_TABLES,STRICT_ALL_TABLES,NO_ZERO_IN_DATE,NO_ZERO_DATE,ERROR_FOR_DIVISION_BY_ZERO,TRADITIONAL,NO_ENGINE_SUBSTITUTION {{(pid=98933) _check_effective_sql_mode /opt/stack/data/venv/lib/python3.12/site-packages/oslo_db/sqlalchemy/engines.py:325}}
Jun 30 18:10:13.094610 np0000004016 nova-conductor[98928]: DEBUG nova.service [None req-22d505fd-c036-4ce1-bba5-055f80ac52d0 None None] Creating RPC server for service: nova-conductor on topic: conductor {{(pid=98928) start /opt/stack/nova/nova/service.py:196}}
Jun 30 18:10:13.101219 np0000004016 nova-conductor[98916]: DEBUG nova.service [None req-6e5bd238-abcc-4649-b3fc-dbcfa6e48fb1 None None] Join ServiceGroup membership for this service conductor {{(pid=98916) start /opt/stack/nova/nova/service.py:222}}
Jun 30 18:10:13.101380 np0000004016 nova-conductor[98924]: DEBUG nova.service [None req-9340bc67-1077-409a-94c7-9552483f2751 None None] Join ServiceGroup membership for this service conductor {{(pid=98924) start /opt/stack/nova/nova/service.py:222}}
Jun 30 18:10:13.101430 np0000004016 nova-conductor[98916]: DEBUG nova.servicegroup.drivers.db [None req-6e5bd238-abcc-4649-b3fc-dbcfa6e48fb1 None None] DB_Driver: join new ServiceGroup member np0000004016 to the conductor group, service = {{(pid=98916) join /opt/stack/nova/nova/servicegroup/drivers/db.py:44}}
Jun 30 18:10:13.101623 np0000004016 nova-conductor[98924]: DEBUG nova.servicegroup.drivers.db [None req-9340bc67-1077-409a-94c7-9552483f2751 None None] DB_Driver: join new ServiceGroup member np0000004016 to the conductor group, service = {{(pid=98924) join /opt/stack/nova/nova/servicegroup/drivers/db.py:44}}
Jun 30 18:10:13.105002 np0000004016 nova-conductor[98933]: DEBUG dbcounter [-] [98933] Writer thread running {{(pid=98933) stat_writer /opt/stack/data/venv/lib/python3.12/site-packages/dbcounter.py:102}}
Jun 30 18:10:13.108456 np0000004016 nova-conductor[98933]: DEBUG nova.service [None req-e10bf8d8-a30d-424c-a461-784ec5014433 None None] Creating RPC server for service: nova-conductor on topic: conductor {{(pid=98933) start /opt/stack/nova/nova/service.py:196}}
Jun 30 18:10:13.113185 np0000004016 nova-conductor[98928]: DEBUG nova.service [None req-22d505fd-c036-4ce1-bba5-055f80ac52d0 None None] Join ServiceGroup membership for this service conductor {{(pid=98928) start /opt/stack/nova/nova/service.py:222}}
Jun 30 18:10:13.113380 np0000004016 nova-conductor[98928]: DEBUG nova.servicegroup.drivers.db [None req-22d505fd-c036-4ce1-bba5-055f80ac52d0 None None] DB_Driver: join new ServiceGroup member np0000004016 to the conductor group, service = {{(pid=98928) join /opt/stack/nova/nova/servicegroup/drivers/db.py:44}}
Jun 30 18:10:13.128922 np0000004016 nova-conductor[98933]: DEBUG nova.service [None req-e10bf8d8-a30d-424c-a461-784ec5014433 None None] Join ServiceGroup membership for this service conductor {{(pid=98933) start /opt/stack/nova/nova/service.py:222}}
Jun 30 18:10:13.129194 np0000004016 nova-conductor[98933]: DEBUG nova.servicegroup.drivers.db [None req-e10bf8d8-a30d-424c-a461-784ec5014433 None None] DB_Driver: join new ServiceGroup member np0000004016 to the conductor group, service = {{(pid=98933) join /opt/stack/nova/nova/servicegroup/drivers/db.py:44}}
Jun 30 18:10:18.115429 np0000004016 nova-conductor[98928]: DEBUG oslo.service.backend._threading.loopingcall [None req-48bd0abc-d1ea-455c-83b3-d3b1d32a8ce6 None None] Dynamic interval looping call 'nova.service.Service.periodic_tasks' sleeping for 60.00 seconds {{(pid=98928) _run_loop /opt/stack/data/venv/lib/python3.12/site-packages/oslo_service/backend/_threading/loopingcall.py:125}}
Jun 30 18:10:18.116157 np0000004016 nova-conductor[98916]: DEBUG oslo.service.backend._threading.loopingcall [-] Fixed interval looping call 'nova.servicegroup.drivers.db.DbDriver._report_state' sleeping for 119.99 seconds {{(pid=98916) _run_loop /opt/stack/data/venv/lib/python3.12/site-packages/oslo_service/backend/_threading/loopingcall.py:125}}
Jun 30 18:10:18.116838 np0000004016 nova-conductor[98924]: DEBUG oslo.service.backend._threading.loopingcall [-] Fixed interval looping call 'nova.servicegroup.drivers.db.DbDriver._report_state' sleeping for 119.99 seconds {{(pid=98924) _run_loop /opt/stack/data/venv/lib/python3.12/site-packages/oslo_service/backend/_threading/loopingcall.py:125}}
Jun 30 18:10:18.124670 np0000004016 nova-conductor[98928]: DEBUG oslo.service.backend._threading.loopingcall [-] Fixed interval looping call 'nova.servicegroup.drivers.db.DbDriver._report_state' sleeping for 119.99 seconds {{(pid=98928) _run_loop /opt/stack/data/venv/lib/python3.12/site-packages/oslo_service/backend/_threading/loopingcall.py:125}}
Jun 30 18:10:18.142597 np0000004016 nova-conductor[98933]: DEBUG oslo.service.backend._threading.loopingcall [-] Fixed interval looping call 'nova.servicegroup.drivers.db.DbDriver._report_state' sleeping for 119.99 seconds {{(pid=98933) _run_loop /opt/stack/data/venv/lib/python3.12/site-packages/oslo_service/backend/_threading/loopingcall.py:125}}
Jun 30 18:10:21.653681 np0000004016 nova-conductor[97421]: DEBUG dbcounter [-] [97421] Writing DB stats nova_api:SELECT=1 {{(pid=97421) stat_writer /opt/stack/data/venv/lib/python3.12/site-packages/dbcounter.py:115}}
Jun 30 18:10:21.782321 np0000004016 nova-conductor[97421]: DEBUG dbcounter [-] [97421] Writing DB stats nova_cell1:SELECT=1 {{(pid=97421) stat_writer /opt/stack/data/venv/lib/python3.12/site-packages/dbcounter.py:115}}
Jun 30 18:10:21.787165 np0000004016 nova-conductor[97421]: DEBUG dbcounter [-] [97421] Writing DB stats nova_cell0:SELECT=1 {{(pid=97421) stat_writer /opt/stack/data/venv/lib/python3.12/site-packages/dbcounter.py:115}}
Jun 30 18:10:28.110323 np0000004016 nova-conductor[98916]: DEBUG dbcounter [-] [98916] Writing DB stats nova_cell0:SELECT=5,nova_cell0:INSERT=1,nova_cell0:UPDATE=1 {{(pid=98916) stat_writer /opt/stack/data/venv/lib/python3.12/site-packages/dbcounter.py:115}}
Jun 30 18:10:28.110887 np0000004016 nova-conductor[98924]: DEBUG dbcounter [-] [98924] Writing DB stats nova_cell0:SELECT=4,nova_cell0:INSERT=1,nova_cell0:UPDATE=1 {{(pid=98924) stat_writer /opt/stack/data/venv/lib/python3.12/site-packages/dbcounter.py:115}}
Jun 30 18:10:28.122134 np0000004016 nova-conductor[98928]: DEBUG dbcounter [-] [98928] Writing DB stats nova_cell0:SELECT=3 {{(pid=98928) stat_writer /opt/stack/data/venv/lib/python3.12/site-packages/dbcounter.py:115}}
Jun 30 18:10:28.138953 np0000004016 nova-conductor[98933]: DEBUG dbcounter [-] [98933] Writing DB stats nova_cell0:SELECT=3 {{(pid=98933) stat_writer /opt/stack/data/venv/lib/python3.12/site-packages/dbcounter.py:115}}
Jun 30 18:10:32.103516 np0000004016 nova-conductor[98924]: DEBUG oslo.service.backend._threading.loopingcall [None req-8567f613-3ffe-4bee-a566-c1c8989572c8 None None] Dynamic interval looping call 'nova.service.Service.periodic_tasks' sleeping for 60.00 seconds {{(pid=98924) _run_loop /opt/stack/data/venv/lib/python3.12/site-packages/oslo_service/backend/_threading/loopingcall.py:125}}
Jun 30 18:10:38.103726 np0000004016 nova-conductor[98916]: DEBUG oslo.service.backend._threading.loopingcall [None req-00a095b5-7f61-4deb-b23c-8ccd1e832650 None None] Dynamic interval looping call 'nova.service.Service.periodic_tasks' sleeping for 60.00 seconds {{(pid=98916) _run_loop /opt/stack/data/venv/lib/python3.12/site-packages/oslo_service/backend/_threading/loopingcall.py:125}}
Jun 30 18:11:06.131328 np0000004016 nova-conductor[98933]: DEBUG oslo.service.backend._threading.loopingcall [None req-a3f732ad-37ba-4b66-9100-ebab993bafc9 None None] Dynamic interval looping call 'nova.service.Service.periodic_tasks' sleeping for 60.00 seconds {{(pid=98933) _run_loop /opt/stack/data/venv/lib/python3.12/site-packages/oslo_service/backend/_threading/loopingcall.py:125}}
Jun 30 18:11:18.116045 np0000004016 nova-conductor[98928]: DEBUG oslo.service.backend._threading.loopingcall [None req-48bd0abc-d1ea-455c-83b3-d3b1d32a8ce6 None None] Dynamic interval looping call 'nova.service.Service.periodic_tasks' sleeping for 60.00 seconds {{(pid=98928) _run_loop /opt/stack/data/venv/lib/python3.12/site-packages/oslo_service/backend/_threading/loopingcall.py:125}}
Jun 30 18:11:32.104053 np0000004016 nova-conductor[98924]: DEBUG oslo.service.backend._threading.loopingcall [None req-8567f613-3ffe-4bee-a566-c1c8989572c8 None None] Dynamic interval looping call 'nova.service.Service.periodic_tasks' sleeping for 60.00 seconds {{(pid=98924) _run_loop /opt/stack/data/venv/lib/python3.12/site-packages/oslo_service/backend/_threading/loopingcall.py:125}}
Jun 30 18:11:38.104321 np0000004016 nova-conductor[98916]: DEBUG oslo.service.backend._threading.loopingcall [None req-00a095b5-7f61-4deb-b23c-8ccd1e832650 None None] Dynamic interval looping call 'nova.service.Service.periodic_tasks' sleeping for 60.00 seconds {{(pid=98916) _run_loop /opt/stack/data/venv/lib/python3.12/site-packages/oslo_service/backend/_threading/loopingcall.py:125}}
Jun 30 18:12:06.131867 np0000004016 nova-conductor[98933]: DEBUG oslo.service.backend._threading.loopingcall [None req-a3f732ad-37ba-4b66-9100-ebab993bafc9 None None] Dynamic interval looping call 'nova.service.Service.periodic_tasks' sleeping for 60.00 seconds {{(pid=98933) _run_loop /opt/stack/data/venv/lib/python3.12/site-packages/oslo_service/backend/_threading/loopingcall.py:125}}
Jun 30 18:12:18.115923 np0000004016 nova-conductor[98924]: DEBUG oslo.service.backend._threading.loopingcall [-] Fixed interval looping call 'nova.servicegroup.drivers.db.DbDriver._report_state' sleeping for 119.99 seconds {{(pid=98924) _run_loop /opt/stack/data/venv/lib/python3.12/site-packages/oslo_service/backend/_threading/loopingcall.py:125}}
Jun 30 18:12:18.116801 np0000004016 nova-conductor[98916]: DEBUG oslo.service.backend._threading.loopingcall [-] Fixed interval looping call 'nova.servicegroup.drivers.db.DbDriver._report_state' sleeping for 119.99 seconds {{(pid=98916) _run_loop /opt/stack/data/venv/lib/python3.12/site-packages/oslo_service/backend/_threading/loopingcall.py:125}}
Jun 30 18:12:18.117546 np0000004016 nova-conductor[98928]: DEBUG oslo.service.backend._threading.loopingcall [None req-48bd0abc-d1ea-455c-83b3-d3b1d32a8ce6 None None] Dynamic interval looping call 'nova.service.Service.periodic_tasks' sleeping for 60.00 seconds {{(pid=98928) _run_loop /opt/stack/data/venv/lib/python3.12/site-packages/oslo_service/backend/_threading/loopingcall.py:125}}
Jun 30 18:12:18.119491 np0000004016 nova-conductor[98928]: DEBUG oslo.service.backend._threading.loopingcall [-] Fixed interval looping call 'nova.servicegroup.drivers.db.DbDriver._report_state' sleeping for 120.00 seconds {{(pid=98928) _run_loop /opt/stack/data/venv/lib/python3.12/site-packages/oslo_service/backend/_threading/loopingcall.py:125}}
Jun 30 18:12:18.136029 np0000004016 nova-conductor[98933]: DEBUG oslo.service.backend._threading.loopingcall [-] Fixed interval looping call 'nova.servicegroup.drivers.db.DbDriver._report_state' sleeping for 120.00 seconds {{(pid=98933) _run_loop /opt/stack/data/venv/lib/python3.12/site-packages/oslo_service/backend/_threading/loopingcall.py:125}}
Jun 30 18:12:27.107862 np0000004016 nova-conductor[98916]: DEBUG oslo_db.sqlalchemy.engines [None req-094923b4-ada5-4182-ad3b-36fa33ba68fb tempest-ServersNegativeTestJSON-22542471 tempest-ServersNegativeTestJSON-22542471-project-member] Parent process 97421 forked (98916) with an open database connection, which is being discarded and recreated. {{(pid=98916) checkout /opt/stack/data/venv/lib/python3.12/site-packages/oslo_db/sqlalchemy/engines.py:402}}
Jun 30 18:12:27.157575 np0000004016 nova-conductor[98916]: DEBUG dbcounter [-] [98916] Writer thread running {{(pid=98916) stat_writer /opt/stack/data/venv/lib/python3.12/site-packages/dbcounter.py:102}}
Jun 30 18:12:28.110271 np0000004016 nova-conductor[98924]: DEBUG dbcounter [-] [98924] Writing DB stats nova_cell0:SELECT=1,nova_cell0:UPDATE=1 {{(pid=98924) stat_writer /opt/stack/data/venv/lib/python3.12/site-packages/dbcounter.py:115}}
Jun 30 18:12:28.113368 np0000004016 nova-conductor[98916]: DEBUG dbcounter [-] [98916] Writing DB stats nova_cell0:SELECT=1,nova_cell0:UPDATE=1 {{(pid=98916) stat_writer /opt/stack/data/venv/lib/python3.12/site-packages/dbcounter.py:115}}
Jun 30 18:12:28.116777 np0000004016 nova-conductor[98928]: DEBUG dbcounter [-] [98928] Writing DB stats nova_cell0:SELECT=1 {{(pid=98928) stat_writer /opt/stack/data/venv/lib/python3.12/site-packages/dbcounter.py:115}}
Jun 30 18:12:28.134845 np0000004016 nova-conductor[98933]: DEBUG dbcounter [-] [98933] Writing DB stats nova_cell0:SELECT=1 {{(pid=98933) stat_writer /opt/stack/data/venv/lib/python3.12/site-packages/dbcounter.py:115}}
Jun 30 18:12:28.180468 np0000004016 nova-conductor[98916]: DEBUG nova.conductor.manager [None req-094923b4-ada5-4182-ad3b-36fa33ba68fb tempest-ServersNegativeTestJSON-22542471 tempest-ServersNegativeTestJSON-22542471-project-member] Took 1.02 seconds to select destinations for 1 instance(s). {{(pid=98916) _schedule_instances /opt/stack/nova/nova/conductor/manager.py:968}}
Jun 30 18:12:28.223904 np0000004016 nova-conductor[98916]: DEBUG oslo_concurrency.lockutils [None req-094923b4-ada5-4182-ad3b-36fa33ba68fb tempest-ServersNegativeTestJSON-22542471 tempest-ServersNegativeTestJSON-22542471-project-member] Acquiring lock "71629a89-e1f3-4973-9ee5-3ff992f10138" by "nova.context.set_target_cell..get_or_set_cached_cell_and_set_connections" {{(pid=98916) inner /opt/stack/data/venv/lib/python3.12/site-packages/oslo_concurrency/lockutils.py:511}}
Jun 30 18:12:28.223904 np0000004016 nova-conductor[98916]: DEBUG oslo_concurrency.lockutils [None req-094923b4-ada5-4182-ad3b-36fa33ba68fb tempest-ServersNegativeTestJSON-22542471 tempest-ServersNegativeTestJSON-22542471-project-member] Lock "71629a89-e1f3-4973-9ee5-3ff992f10138" acquired by "nova.context.set_target_cell..get_or_set_cached_cell_and_set_connections" :: waited 0.000s {{(pid=98916) inner /opt/stack/data/venv/lib/python3.12/site-packages/oslo_concurrency/lockutils.py:524}}
Jun 30 18:12:28.225447 np0000004016 nova-conductor[98916]: DEBUG oslo_concurrency.lockutils [None req-094923b4-ada5-4182-ad3b-36fa33ba68fb tempest-ServersNegativeTestJSON-22542471 tempest-ServersNegativeTestJSON-22542471-project-member] Lock "71629a89-e1f3-4973-9ee5-3ff992f10138" "released" by "nova.context.set_target_cell..get_or_set_cached_cell_and_set_connections" :: held 0.002s {{(pid=98916) inner /opt/stack/data/venv/lib/python3.12/site-packages/oslo_concurrency/lockutils.py:543}}
Jun 30 18:12:28.227581 np0000004016 nova-conductor[98916]: INFO dbcounter [None req-094923b4-ada5-4182-ad3b-36fa33ba68fb tempest-ServersNegativeTestJSON-22542471 tempest-ServersNegativeTestJSON-22542471-project-member] Registered counter for database nova_cell1
Jun 30 18:12:28.270109 np0000004016 nova-conductor[98916]: DEBUG oslo_db.sqlalchemy.engines [None req-094923b4-ada5-4182-ad3b-36fa33ba68fb tempest-ServersNegativeTestJSON-22542471 tempest-ServersNegativeTestJSON-22542471-project-member] MySQL server mode set to STRICT_TRANS_TABLES,STRICT_ALL_TABLES,NO_ZERO_IN_DATE,NO_ZERO_DATE,ERROR_FOR_DIVISION_BY_ZERO,TRADITIONAL,NO_ENGINE_SUBSTITUTION {{(pid=98916) _check_effective_sql_mode /opt/stack/data/venv/lib/python3.12/site-packages/oslo_db/sqlalchemy/engines.py:325}}
Jun 30 18:12:28.276180 np0000004016 nova-conductor[98916]: DEBUG dbcounter [-] [98916] Writer thread running {{(pid=98916) stat_writer /opt/stack/data/venv/lib/python3.12/site-packages/dbcounter.py:102}}
Jun 30 18:12:28.366017 np0000004016 nova-conductor[98916]: INFO nova.utils [None req-094923b4-ada5-4182-ad3b-36fa33ba68fb tempest-ServersNegativeTestJSON-22542471 tempest-ServersNegativeTestJSON-22542471-project-member] The cell worker thread pool ForkProcess-1.cell_worker is initialized
Jun 30 18:12:28.366406 np0000004016 nova-conductor[98916]: DEBUG oslo_concurrency.lockutils [None req-094923b4-ada5-4182-ad3b-36fa33ba68fb tempest-ServersNegativeTestJSON-22542471 tempest-ServersNegativeTestJSON-22542471-project-member] Acquiring lock "00000000-0000-0000-0000-000000000000" by "nova.context.set_target_cell..get_or_set_cached_cell_and_set_connections" {{(pid=98916) inner /opt/stack/data/venv/lib/python3.12/site-packages/oslo_concurrency/lockutils.py:511}}
Jun 30 18:12:28.366615 np0000004016 nova-conductor[98916]: DEBUG oslo_concurrency.lockutils [None req-094923b4-ada5-4182-ad3b-36fa33ba68fb tempest-ServersNegativeTestJSON-22542471 tempest-ServersNegativeTestJSON-22542471-project-member] Lock "00000000-0000-0000-0000-000000000000" acquired by "nova.context.set_target_cell..get_or_set_cached_cell_and_set_connections" :: waited 0.000s {{(pid=98916) inner /opt/stack/data/venv/lib/python3.12/site-packages/oslo_concurrency/lockutils.py:524}}
Jun 30 18:12:28.367124 np0000004016 nova-conductor[98916]: DEBUG oslo_concurrency.lockutils [None req-094923b4-ada5-4182-ad3b-36fa33ba68fb tempest-ServersNegativeTestJSON-22542471 tempest-ServersNegativeTestJSON-22542471-project-member] Lock "00000000-0000-0000-0000-000000000000" "released" by "nova.context.set_target_cell..get_or_set_cached_cell_and_set_connections" :: held 0.000s {{(pid=98916) inner /opt/stack/data/venv/lib/python3.12/site-packages/oslo_concurrency/lockutils.py:543}}
Jun 30 18:12:28.367931 np0000004016 nova-conductor[98916]: DEBUG oslo_concurrency.lockutils [None req-094923b4-ada5-4182-ad3b-36fa33ba68fb tempest-ServersNegativeTestJSON-22542471 tempest-ServersNegativeTestJSON-22542471-project-member] Acquiring lock "71629a89-e1f3-4973-9ee5-3ff992f10138" by "nova.context.set_target_cell..get_or_set_cached_cell_and_set_connections" {{(pid=98916) inner /opt/stack/data/venv/lib/python3.12/site-packages/oslo_concurrency/lockutils.py:511}}
Jun 30 18:12:28.368098 np0000004016 nova-conductor[98916]: DEBUG oslo_concurrency.lockutils [None req-094923b4-ada5-4182-ad3b-36fa33ba68fb tempest-ServersNegativeTestJSON-22542471 tempest-ServersNegativeTestJSON-22542471-project-member] Lock "71629a89-e1f3-4973-9ee5-3ff992f10138" acquired by "nova.context.set_target_cell..get_or_set_cached_cell_and_set_connections" :: waited 0.000s {{(pid=98916) inner /opt/stack/data/venv/lib/python3.12/site-packages/oslo_concurrency/lockutils.py:524}}
Jun 30 18:12:28.368250 np0000004016 nova-conductor[98916]: DEBUG oslo_concurrency.lockutils [None req-094923b4-ada5-4182-ad3b-36fa33ba68fb tempest-ServersNegativeTestJSON-22542471 tempest-ServersNegativeTestJSON-22542471-project-member] Lock "71629a89-e1f3-4973-9ee5-3ff992f10138" "released" by "nova.context.set_target_cell..get_or_set_cached_cell_and_set_connections" :: held 0.000s {{(pid=98916) inner /opt/stack/data/venv/lib/python3.12/site-packages/oslo_concurrency/lockutils.py:543}}
Jun 30 18:12:28.369538 np0000004016 nova-conductor[98916]: INFO dbcounter [None req-094923b4-ada5-4182-ad3b-36fa33ba68fb tempest-ServersNegativeTestJSON-22542471 tempest-ServersNegativeTestJSON-22542471-project-member] Registered counter for database nova_cell0
Jun 30 18:12:28.415844 np0000004016 nova-conductor[98916]: DEBUG oslo_db.sqlalchemy.engines [None req-094923b4-ada5-4182-ad3b-36fa33ba68fb tempest-ServersNegativeTestJSON-22542471 tempest-ServersNegativeTestJSON-22542471-project-member] MySQL server mode set to STRICT_TRANS_TABLES,STRICT_ALL_TABLES,NO_ZERO_IN_DATE,NO_ZERO_DATE,ERROR_FOR_DIVISION_BY_ZERO,TRADITIONAL,NO_ENGINE_SUBSTITUTION {{(pid=98916) _check_effective_sql_mode /opt/stack/data/venv/lib/python3.12/site-packages/oslo_db/sqlalchemy/engines.py:325}}
Jun 30 18:12:28.423462 np0000004016 nova-conductor[98916]: DEBUG dbcounter [-] [98916] Writer thread running {{(pid=98916) stat_writer /opt/stack/data/venv/lib/python3.12/site-packages/dbcounter.py:102}}
Jun 30 18:12:28.436663 np0000004016 nova-conductor[98916]: DEBUG nova.quota [None req-094923b4-ada5-4182-ad3b-36fa33ba68fb tempest-ServersNegativeTestJSON-22542471 tempest-ServersNegativeTestJSON-22542471-project-member] Getting quotas for project 27a42cf7ec0c4e30a2bd0ddcde6edbe7. Resources: {'ram', 'instances', 'cores'} {{(pid=98916) _get_quotas /opt/stack/nova/nova/quota.py:389}}
Jun 30 18:12:28.443422 np0000004016 nova-conductor[98916]: DEBUG nova.quota [None req-094923b4-ada5-4182-ad3b-36fa33ba68fb tempest-ServersNegativeTestJSON-22542471 tempest-ServersNegativeTestJSON-22542471-project-member] Getting quotas for user 8f5bd919d6a34251967d761fdb129503 and project 27a42cf7ec0c4e30a2bd0ddcde6edbe7. Resources: {'ram', 'instances', 'cores'} {{(pid=98916) _get_quotas /opt/stack/nova/nova/quota.py:379}}
Jun 30 18:12:28.459631 np0000004016 nova-conductor[98916]: DEBUG nova.conductor.manager [None req-094923b4-ada5-4182-ad3b-36fa33ba68fb tempest-ServersNegativeTestJSON-22542471 tempest-ServersNegativeTestJSON-22542471-project-member] [instance: 5b6dbb8f-7baa-4c5a-bbc4-fdfc55907364] Selected host: np0000004016; Selected node: np0000004016; Alternates: [] {{(pid=98916) schedule_and_build_instances /opt/stack/nova/nova/conductor/manager.py:1784}}
Jun 30 18:12:28.459631 np0000004016 nova-conductor[98916]: DEBUG oslo_concurrency.lockutils [None req-094923b4-ada5-4182-ad3b-36fa33ba68fb tempest-ServersNegativeTestJSON-22542471 tempest-ServersNegativeTestJSON-22542471-project-member] Acquiring lock "71629a89-e1f3-4973-9ee5-3ff992f10138" by "nova.context.set_target_cell..get_or_set_cached_cell_and_set_connections" {{(pid=98916) inner /opt/stack/data/venv/lib/python3.12/site-packages/oslo_concurrency/lockutils.py:511}}
Jun 30 18:12:28.459631 np0000004016 nova-conductor[98916]: DEBUG oslo_concurrency.lockutils [None req-094923b4-ada5-4182-ad3b-36fa33ba68fb tempest-ServersNegativeTestJSON-22542471 tempest-ServersNegativeTestJSON-22542471-project-member] Lock "71629a89-e1f3-4973-9ee5-3ff992f10138" acquired by "nova.context.set_target_cell..get_or_set_cached_cell_and_set_connections" :: waited 0.000s {{(pid=98916) inner /opt/stack/data/venv/lib/python3.12/site-packages/oslo_concurrency/lockutils.py:524}}
Jun 30 18:12:28.459631 np0000004016 nova-conductor[98916]: DEBUG oslo_concurrency.lockutils [None req-094923b4-ada5-4182-ad3b-36fa33ba68fb tempest-ServersNegativeTestJSON-22542471 tempest-ServersNegativeTestJSON-22542471-project-member] Lock "71629a89-e1f3-4973-9ee5-3ff992f10138" "released" by "nova.context.set_target_cell..get_or_set_cached_cell_and_set_connections" :: held 0.000s {{(pid=98916) inner /opt/stack/data/venv/lib/python3.12/site-packages/oslo_concurrency/lockutils.py:543}}
Jun 30 18:12:28.480428 np0000004016 nova-conductor[98916]: DEBUG nova.conductor.manager [None req-094923b4-ada5-4182-ad3b-36fa33ba68fb tempest-ServersNegativeTestJSON-22542471 tempest-ServersNegativeTestJSON-22542471-project-member] [instance: 5b6dbb8f-7baa-4c5a-bbc4-fdfc55907364] block_device_mapping [BlockDeviceMapping(attachment_id=,boot_index=0,connection_info=None,created_at=,delete_on_termination=True,deleted=,deleted_at=,destination_type='local',device_name=None,device_type='disk',disk_bus=None,encrypted=False,encryption_format=None,encryption_options=None,encryption_secret_uuid=None,guest_format=None,id=,image_id='10e5d988-e2a5-4b93-a01c-04ac3e8a3112',instance=,instance_uuid=,no_device=False,snapshot_id=None,source_type='image',tag=None,updated_at=,uuid=,volume_id=None,volume_size=None,volume_type=None)] {{(pid=98916) _create_block_device_mapping /opt/stack/nova/nova/conductor/manager.py:1529}}
Jun 30 18:12:28.481813 np0000004016 nova-conductor[98916]: DEBUG oslo_concurrency.lockutils [None req-094923b4-ada5-4182-ad3b-36fa33ba68fb tempest-ServersNegativeTestJSON-22542471 tempest-ServersNegativeTestJSON-22542471-project-member] Acquiring lock "71629a89-e1f3-4973-9ee5-3ff992f10138" by "nova.context.set_target_cell..get_or_set_cached_cell_and_set_connections" {{(pid=98916) inner /opt/stack/data/venv/lib/python3.12/site-packages/oslo_concurrency/lockutils.py:511}}
Jun 30 18:12:28.482019 np0000004016 nova-conductor[98916]: DEBUG oslo_concurrency.lockutils [None req-094923b4-ada5-4182-ad3b-36fa33ba68fb tempest-ServersNegativeTestJSON-22542471 tempest-ServersNegativeTestJSON-22542471-project-member] Lock "71629a89-e1f3-4973-9ee5-3ff992f10138" acquired by "nova.context.set_target_cell..get_or_set_cached_cell_and_set_connections" :: waited 0.000s {{(pid=98916) inner /opt/stack/data/venv/lib/python3.12/site-packages/oslo_concurrency/lockutils.py:524}}
Jun 30 18:12:28.482158 np0000004016 nova-conductor[98916]: DEBUG oslo_concurrency.lockutils [None req-094923b4-ada5-4182-ad3b-36fa33ba68fb tempest-ServersNegativeTestJSON-22542471 tempest-ServersNegativeTestJSON-22542471-project-member] Lock "71629a89-e1f3-4973-9ee5-3ff992f10138" "released" by "nova.context.set_target_cell..get_or_set_cached_cell_and_set_connections" :: held 0.000s {{(pid=98916) inner /opt/stack/data/venv/lib/python3.12/site-packages/oslo_concurrency/lockutils.py:543}}
Jun 30 18:12:28.522006 np0000004016 nova-conductor[98916]: DEBUG oslo_concurrency.lockutils [None req-094923b4-ada5-4182-ad3b-36fa33ba68fb tempest-ServersNegativeTestJSON-22542471 tempest-ServersNegativeTestJSON-22542471-project-member] Acquiring lock "71629a89-e1f3-4973-9ee5-3ff992f10138" by "nova.context.set_target_cell..get_or_set_cached_cell_and_set_connections" {{(pid=98916) inner /opt/stack/data/venv/lib/python3.12/site-packages/oslo_concurrency/lockutils.py:511}}
Jun 30 18:12:28.522229 np0000004016 nova-conductor[98916]: DEBUG oslo_concurrency.lockutils [None req-094923b4-ada5-4182-ad3b-36fa33ba68fb tempest-ServersNegativeTestJSON-22542471 tempest-ServersNegativeTestJSON-22542471-project-member] Lock "71629a89-e1f3-4973-9ee5-3ff992f10138" acquired by "nova.context.set_target_cell..get_or_set_cached_cell_and_set_connections" :: waited 0.000s {{(pid=98916) inner /opt/stack/data/venv/lib/python3.12/site-packages/oslo_concurrency/lockutils.py:524}}
Jun 30 18:12:28.522370 np0000004016 nova-conductor[98916]: DEBUG oslo_concurrency.lockutils [None req-094923b4-ada5-4182-ad3b-36fa33ba68fb tempest-ServersNegativeTestJSON-22542471 tempest-ServersNegativeTestJSON-22542471-project-member] Lock "71629a89-e1f3-4973-9ee5-3ff992f10138" "released" by "nova.context.set_target_cell..get_or_set_cached_cell_and_set_connections" :: held 0.000s {{(pid=98916) inner /opt/stack/data/venv/lib/python3.12/site-packages/oslo_concurrency/lockutils.py:543}}
Jun 30 18:12:28.522605 np0000004016 nova-conductor[98916]: DEBUG oslo_concurrency.lockutils [None req-094923b4-ada5-4182-ad3b-36fa33ba68fb tempest-ServersNegativeTestJSON-22542471 tempest-ServersNegativeTestJSON-22542471-project-member] Acquiring lock "compute-rpcapi-router" {{(pid=98916) lock /opt/stack/data/venv/lib/python3.12/site-packages/oslo_concurrency/lockutils.py:395}}
