Aug 19 14:54:45.303696 np0000007778 devstack@g-api.service[99705]: DEBUG glance.api.middleware.version_negotiation [None req-c2f700fa-c2a8-404a-ac9f-e83de97bdd0c tempest-VolumesActionsTest-511834104 tempest-VolumesActionsTest-511834104-project-member] Using url versioning {{(pid=99705) process_request /opt/stack/glance/glance/api/middleware/version_negotiation.py:57}}
Aug 19 14:54:45.303885 np0000007778 devstack@g-api.service[99705]: DEBUG glance.api.middleware.version_negotiation [None req-c2f700fa-c2a8-404a-ac9f-e83de97bdd0c tempest-VolumesActionsTest-511834104 tempest-VolumesActionsTest-511834104-project-member] Matched version: v2 {{(pid=99705) process_request /opt/stack/glance/glance/api/middleware/version_negotiation.py:69}}
Aug 19 14:54:45.304073 np0000007778 devstack@g-api.service[99705]: DEBUG glance.api.middleware.version_negotiation [None req-c2f700fa-c2a8-404a-ac9f-e83de97bdd0c tempest-VolumesActionsTest-511834104 tempest-VolumesActionsTest-511834104-project-member] new path /v2/images/9e298f83-af2d-4447-b6b1-d90d113e60d5/file {{(pid=99705) process_request /opt/stack/glance/glance/api/middleware/version_negotiation.py:70}}
Aug 19 14:54:45.812109 np0000007778 devstack@g-api.service[99705]: INFO glance.api.v2.image_data [None req-c2f700fa-c2a8-404a-ac9f-e83de97bdd0c tempest-VolumesActionsTest-511834104 tempest-VolumesActionsTest-511834104-project-member] Unable to create trust: no such option collect_timing in group [keystone_authtoken] Use the existing user token.
Aug 19 14:54:46.041947 np0000007778 devstack@g-api.service[99704]: DEBUG glance.api.middleware.version_negotiation [None req-c2f700fa-c2a8-404a-ac9f-e83de97bdd0c tempest-VolumesActionsTest-511834104 tempest-VolumesActionsTest-511834104-project-member] Determining version of request: GET /v2/images/9e298f83-af2d-4447-b6b1-d90d113e60d5 Accept: application/json {{(pid=99704) process_request /opt/stack/glance/glance/api/middleware/version_negotiation.py:44}}
Aug 19 14:54:46.042335 np0000007778 devstack@g-api.service[99704]: DEBUG glance.api.middleware.version_negotiation [None req-c2f700fa-c2a8-404a-ac9f-e83de97bdd0c tempest-VolumesActionsTest-511834104 tempest-VolumesActionsTest-511834104-project-member] Using url versioning {{(pid=99704) process_request /opt/stack/glance/glance/api/middleware/version_negotiation.py:57}}
Aug 19 14:54:46.042335 np0000007778 devstack@g-api.service[99704]: DEBUG glance.api.middleware.version_negotiation [None req-c2f700fa-c2a8-404a-ac9f-e83de97bdd0c tempest-VolumesActionsTest-511834104 tempest-VolumesActionsTest-511834104-project-member] Matched version: v2 {{(pid=99704) process_request /opt/stack/glance/glance/api/middleware/version_negotiation.py:69}}
Aug 19 14:54:46.043779 np0000007778 devstack@g-api.service[99704]: DEBUG glance.api.middleware.version_negotiation [None req-c2f700fa-c2a8-404a-ac9f-e83de97bdd0c tempest-VolumesActionsTest-511834104 tempest-VolumesActionsTest-511834104-project-member] new path /v2/images/9e298f83-af2d-4447-b6b1-d90d113e60d5 {{(pid=99704) process_request /opt/stack/glance/glance/api/middleware/version_negotiation.py:70}}
Aug 19 14:54:46.052348 np0000007778 devstack@g-api.service[99704]: [pid: 99704|app: 0|req: 136/422] 127.0.0.1 () {40 vars in 834 bytes} [Wed Aug 19 14:54:46 2026] GET /v2/images/9e298f83-af2d-4447-b6b1-d90d113e60d5 => generated 649 bytes in 11 msecs (HTTP/1.1 200) 4 headers in 157 bytes (1 switches on core 0)
Aug 19 14:54:46.310659 np0000007778 devstack@g-api.service[99705]: DEBUG glance.location [None req-c2f700fa-c2a8-404a-ac9f-e83de97bdd0c tempest-VolumesActionsTest-511834104 tempest-VolumesActionsTest-511834104-project-member] Enabling in-flight format inspection for raw {{(pid=99705) set_data /opt/stack/glance/glance/location.py:596}}
Aug 19 14:54:46.311222 np0000007778 devstack@g-api.service[99705]: DEBUG glance_store.backend [None req-c2f700fa-c2a8-404a-ac9f-e83de97bdd0c tempest-VolumesActionsTest-511834104 tempest-VolumesActionsTest-511834104-project-member] Attempting to import store swift {{(pid=99705) _load_store /opt/stack/data/venv/lib/python3.12/site-packages/glance_store/backend.py:215}}
Aug 19 14:54:46.313628 np0000007778 devstack@g-api.service[99705]: DEBUG glance_store.capabilities [None req-c2f700fa-c2a8-404a-ac9f-e83de97bdd0c tempest-VolumesActionsTest-511834104 tempest-VolumesActionsTest-511834104-project-member] Store glance_store._drivers.swift.store.SingleTenantStore doesn't support updating dynamic storage capabilities. Please overwrite 'update_capabilities' method of the store to implement updating logics if needed. {{(pid=99705) update_capabilities /opt/stack/data/venv/lib/python3.12/site-packages/glance_store/capabilities.py:91}}
Aug 19 14:54:46.313818 np0000007778 devstack@g-api.service[99705]: DEBUG glance_store.driver [None req-c2f700fa-c2a8-404a-ac9f-e83de97bdd0c tempest-VolumesActionsTest-511834104 tempest-VolumesActionsTest-511834104-project-member] Late loading location class glance_store._drivers.swift.store.StoreLocation {{(pid=99705) get_store_location_class /opt/stack/data/venv/lib/python3.12/site-packages/glance_store/driver.py:134}}
Aug 19 14:54:46.314005 np0000007778 devstack@g-api.service[99705]: DEBUG glance_store.location [None req-c2f700fa-c2a8-404a-ac9f-e83de97bdd0c tempest-VolumesActionsTest-511834104 tempest-VolumesActionsTest-511834104-project-member] Registering scheme swift+https with {'store': , 'location_class': , 'store_entry': 'swift'} {{(pid=99705) register_scheme_map /opt/stack/data/venv/lib/python3.12/site-packages/glance_store/location.py:146}}
Aug 19 14:54:46.314086 np0000007778 devstack@g-api.service[99705]: DEBUG glance_store.location [None req-c2f700fa-c2a8-404a-ac9f-e83de97bdd0c tempest-VolumesActionsTest-511834104 tempest-VolumesActionsTest-511834104-project-member] Registering scheme swift+https with {'store': , 'location_class': , 'store_entry': 'swift'} {{(pid=99705) register_scheme_map /opt/stack/data/venv/lib/python3.12/site-packages/glance_store/location.py:146}}
Aug 19 14:54:46.314247 np0000007778 devstack@g-api.service[99705]: DEBUG glance_store.location [None req-c2f700fa-c2a8-404a-ac9f-e83de97bdd0c tempest-VolumesActionsTest-511834104 tempest-VolumesActionsTest-511834104-project-member] Registering scheme swift with {'store': , 'location_class': , 'store_entry': 'swift'} {{(pid=99705) register_scheme_map /opt/stack/data/venv/lib/python3.12/site-packages/glance_store/location.py:146}}
Aug 19 14:54:46.314382 np0000007778 devstack@g-api.service[99705]: DEBUG glance_store.location [None req-c2f700fa-c2a8-404a-ac9f-e83de97bdd0c tempest-VolumesActionsTest-511834104 tempest-VolumesActionsTest-511834104-project-member] Registering scheme swift+https with {'store': , 'location_class': , 'store_entry': 'swift'} {{(pid=99705) register_scheme_map /opt/stack/data/venv/lib/python3.12/site-packages/glance_store/location.py:146}}
Aug 19 14:54:46.314504 np0000007778 devstack@g-api.service[99705]: DEBUG glance_store.location [None req-c2f700fa-c2a8-404a-ac9f-e83de97bdd0c tempest-VolumesActionsTest-511834104 tempest-VolumesActionsTest-511834104-project-member] Registering scheme swift with {'store': , 'location_class': , 'store_entry': 'swift'} {{(pid=99705) register_scheme_map /opt/stack/data/venv/lib/python3.12/site-packages/glance_store/location.py:146}}
Aug 19 14:54:46.314661 np0000007778 devstack@g-api.service[99705]: DEBUG glance_store.location [None req-c2f700fa-c2a8-404a-ac9f-e83de97bdd0c tempest-VolumesActionsTest-511834104 tempest-VolumesActionsTest-511834104-project-member] Registering scheme swift+http with {'store': , 'location_class': , 'store_entry': 'swift'} {{(pid=99705) register_scheme_map /opt/stack/data/venv/lib/python3.12/site-packages/glance_store/location.py:146}}
Aug 19 14:54:46.314813 np0000007778 devstack@g-api.service[99705]: DEBUG glance_store.location [None req-c2f700fa-c2a8-404a-ac9f-e83de97bdd0c tempest-VolumesActionsTest-511834104 tempest-VolumesActionsTest-511834104-project-member] Registering scheme swift+https with {'store': , 'location_class': , 'store_entry': 'swift'} {{(pid=99705) register_scheme_map /opt/stack/data/venv/lib/python3.12/site-packages/glance_store/location.py:146}}
Aug 19 14:54:46.314869 np0000007778 devstack@g-api.service[99705]: DEBUG glance_store.location [None req-c2f700fa-c2a8-404a-ac9f-e83de97bdd0c tempest-VolumesActionsTest-511834104 tempest-VolumesActionsTest-511834104-project-member] Registering scheme swift with {'store': , 'location_class': , 'store_entry': 'swift'} {{(pid=99705) register_scheme_map /opt/stack/data/venv/lib/python3.12/site-packages/glance_store/location.py:146}}
Aug 19 14:54:46.314924 np0000007778 devstack@g-api.service[99705]: DEBUG glance_store.location [None req-c2f700fa-c2a8-404a-ac9f-e83de97bdd0c tempest-VolumesActionsTest-511834104 tempest-VolumesActionsTest-511834104-project-member] Registering scheme swift+http with {'store': , 'location_class': , 'store_entry': 'swift'} {{(pid=99705) register_scheme_map /opt/stack/data/venv/lib/python3.12/site-packages/glance_store/location.py:146}}
Aug 19 14:54:46.315019 np0000007778 devstack@g-api.service[99705]: DEBUG glance_store.location [None req-c2f700fa-c2a8-404a-ac9f-e83de97bdd0c tempest-VolumesActionsTest-511834104 tempest-VolumesActionsTest-511834104-project-member] Registering scheme swift+config with {'store': , 'location_class': , 'store_entry': 'swift'} {{(pid=99705) register_scheme_map /opt/stack/data/venv/lib/python3.12/site-packages/glance_store/location.py:146}}
Aug 19 14:54:46.500967 np0000007778 devstack@g-api.service[99705]: DEBUG swiftclient [None req-c2f700fa-c2a8-404a-ac9f-e83de97bdd0c tempest-VolumesActionsTest-511834104 tempest-VolumesActionsTest-511834104-project-member] REQ: curl -i https://10.4.3.88:8080/v1/AUTH_aa3d6e6e73e84b5eaafdb4adfddaa43f/glance -I -H "X-Auth-Token: gAAAAABqhcO2FScU..." {{(pid=99705) http_log /opt/stack/data/venv/lib/python3.12/site-packages/swiftclient/client.py:160}}
Aug 19 14:54:46.501062 np0000007778 devstack@g-api.service[99705]: DEBUG swiftclient [None req-c2f700fa-c2a8-404a-ac9f-e83de97bdd0c tempest-VolumesActionsTest-511834104 tempest-VolumesActionsTest-511834104-project-member] RESP STATUS: 204 No Content {{(pid=99705) http_log /opt/stack/data/venv/lib/python3.12/site-packages/swiftclient/client.py:161}}
Aug 19 14:54:46.501267 np0000007778 devstack@g-api.service[99705]: DEBUG swiftclient [None req-c2f700fa-c2a8-404a-ac9f-e83de97bdd0c tempest-VolumesActionsTest-511834104 tempest-VolumesActionsTest-511834104-project-member] RESP HEADERS: {'Date': 'Wed, 19 Aug 2026 14:54:46 GMT', 'Server': 'Apache/2.4.58 (Ubuntu)', 'Content-Type': 'text/plain; charset=utf-8', 'X-Container-Object-Count': '5', 'X-Container-Bytes-Used': '86048768', 'X-Timestamp': '1787150765.04492', 'Last-Modified': 'Wed, 19 Aug 2026 14:46:06 GMT', 'Accept-Ranges': 'bytes', 'X-Storage-Policy': 'Policy-0', 'X-Container-Sharding': 'False', 'Vary': 'Accept', 'X-Trans-Id': 'tx7ad660548445443ba2ed4-006a85c3b6', 'X-Openstack-Request-Id': 'tx7ad660548445443ba2ed4-006a85c3b6', 'Connection': 'close'} {{(pid=99705) http_log /opt/stack/data/venv/lib/python3.12/site-packages/swiftclient/client.py:162}}
Aug 19 14:54:46.501481 np0000007778 devstack@g-api.service[99705]: DEBUG glance_store._drivers.swift.store [None req-c2f700fa-c2a8-404a-ac9f-e83de97bdd0c tempest-VolumesActionsTest-511834104 tempest-VolumesActionsTest-511834104-project-member] Adding image object '9e298f83-af2d-4447-b6b1-d90d113e60d5' to Swift {{(pid=99705) add /opt/stack/data/venv/lib/python3.12/site-packages/glance_store/_drivers/swift/store.py:970}}
Aug 19 14:54:46.501597 np0000007778 devstack@g-api.service[99705]: DEBUG glance_store._drivers.swift.store [None req-c2f700fa-c2a8-404a-ac9f-e83de97bdd0c tempest-VolumesActionsTest-511834104 tempest-VolumesActionsTest-511834104-project-member] Cannot determine image size because it is either not provided in the request or chunked-transfer encoding is used. Adding image as a segmented object to Swift. {{(pid=99705) add /opt/stack/data/venv/lib/python3.12/site-packages/glance_store/_drivers/swift/store.py:994}}
Aug 19 14:54:46.506164 np0000007778 devstack@g-api.service[99705]: DEBUG oslo_utils.imageutils.format_inspector [None req-c2f700fa-c2a8-404a-ac9f-e83de97bdd0c tempest-VolumesActionsTest-511834104 tempest-VolumesActionsTest-511834104-project-member] Format inspector for vmdk does not match, excluding from consideration (Signature KDMV not found: b'\x00\x00\x00\x00') {{(pid=99705) _process_chunk /opt/stack/data/venv/lib/python3.12/site-packages/oslo_utils/imageutils/format_inspector.py:1758}}
Aug 19 14:54:46.509078 np0000007778 devstack@g-api.service[99705]: DEBUG oslo_utils.imageutils.format_inspector [None req-c2f700fa-c2a8-404a-ac9f-e83de97bdd0c tempest-VolumesActionsTest-511834104 tempest-VolumesActionsTest-511834104-project-member] Format inspector for vhdx does not match, excluding from consideration (Region signature not found at 30000) {{(pid=99705) _process_chunk /opt/stack/data/venv/lib/python3.12/site-packages/oslo_utils/imageutils/format_inspector.py:1758}}
Aug 19 14:54:47.062271 np0000007778 devstack@g-api.service[99703]: DEBUG glance.api.middleware.version_negotiation [None req-ffa4361b-2d32-4e73-a8bc-1d8247801623 tempest-VolumesActionsTest-511834104 tempest-VolumesActionsTest-511834104-project-member] Determining version of request: GET /v2/images/9e298f83-af2d-4447-b6b1-d90d113e60d5 Accept: application/json {{(pid=99703) process_request /opt/stack/glance/glance/api/middleware/version_negotiation.py:44}}
Aug 19 14:54:47.062804 np0000007778 devstack@g-api.service[99703]: DEBUG glance.api.middleware.version_negotiation [None req-ffa4361b-2d32-4e73-a8bc-1d8247801623 tempest-VolumesActionsTest-511834104 tempest-VolumesActionsTest-511834104-project-member] Using url versioning {{(pid=99703) process_request /opt/stack/glance/glance/api/middleware/version_negotiation.py:57}}
Aug 19 14:54:47.062804 np0000007778 devstack@g-api.service[99703]: DEBUG glance.api.middleware.version_negotiation [None req-ffa4361b-2d32-4e73-a8bc-1d8247801623 tempest-VolumesActionsTest-511834104 tempest-VolumesActionsTest-511834104-project-member] Matched version: v2 {{(pid=99703) process_request /opt/stack/glance/glance/api/middleware/version_negotiation.py:69}}
Aug 19 14:54:47.062918 np0000007778 devstack@g-api.service[99703]: DEBUG glance.api.middleware.version_negotiation [None req-ffa4361b-2d32-4e73-a8bc-1d8247801623 tempest-VolumesActionsTest-511834104 tempest-VolumesActionsTest-511834104-project-member] new path /v2/images/9e298f83-af2d-4447-b6b1-d90d113e60d5 {{(pid=99703) process_request /opt/stack/glance/glance/api/middleware/version_negotiation.py:70}}
Aug 19 14:54:47.076852 np0000007778 devstack@g-api.service[99703]: [pid: 99703|app: 0|req: 148/423] 127.0.0.1 () {40 vars in 834 bytes} [Wed Aug 19 14:54:47 2026] GET /v2/images/9e298f83-af2d-4447-b6b1-d90d113e60d5 => generated 649 bytes in 15 msecs (HTTP/1.1 200) 4 headers in 157 bytes (1 switches on core 0)
Aug 19 14:54:48.089272 np0000007778 devstack@g-api.service[99704]: DEBUG glance.api.middleware.version_negotiation [None req-e3d74ad5-eef9-42f3-a3b6-ebdf89d701c9 tempest-VolumesActionsTest-511834104 tempest-VolumesActionsTest-511834104-project-member] Determining version of request: GET /v2/images/9e298f83-af2d-4447-b6b1-d90d113e60d5 Accept: application/json {{(pid=99704) process_request /opt/stack/glance/glance/api/middleware/version_negotiation.py:44}}
Aug 19 14:54:48.089272 np0000007778 devstack@g-api.service[99704]: DEBUG glance.api.middleware.version_negotiation [None req-e3d74ad5-eef9-42f3-a3b6-ebdf89d701c9 tempest-VolumesActionsTest-511834104 tempest-VolumesActionsTest-511834104-project-member] Using url versioning {{(pid=99704) process_request /opt/stack/glance/glance/api/middleware/version_negotiation.py:57}}
Aug 19 14:54:48.089797 np0000007778 devstack@g-api.service[99704]: DEBUG glance.api.middleware.version_negotiation [None req-e3d74ad5-eef9-42f3-a3b6-ebdf89d701c9 tempest-VolumesActionsTest-511834104 tempest-VolumesActionsTest-511834104-project-member] Matched version: v2 {{(pid=99704) process_request /opt/stack/glance/glance/api/middleware/version_negotiation.py:69}}
Aug 19 14:54:48.089797 np0000007778 devstack@g-api.service[99704]: DEBUG glance.api.middleware.version_negotiation [None req-e3d74ad5-eef9-42f3-a3b6-ebdf89d701c9 tempest-VolumesActionsTest-511834104 tempest-VolumesActionsTest-511834104-project-member] new path /v2/images/9e298f83-af2d-4447-b6b1-d90d113e60d5 {{(pid=99704) process_request /opt/stack/glance/glance/api/middleware/version_negotiation.py:70}}
Aug 19 14:54:48.110241 np0000007778 devstack@g-api.service[99704]: [pid: 99704|app: 0|req: 137/424] 127.0.0.1 () {40 vars in 834 bytes} [Wed Aug 19 14:54:48 2026] GET /v2/images/9e298f83-af2d-4447-b6b1-d90d113e60d5 => generated 649 bytes in 18 msecs (HTTP/1.1 200) 4 headers in 157 bytes (1 switches on core 0)
Aug 19 14:54:48.578023 np0000007778 devstack@g-api.service[99705]: DEBUG swiftclient [None req-c2f700fa-c2a8-404a-ac9f-e83de97bdd0c tempest-VolumesActionsTest-511834104 tempest-VolumesActionsTest-511834104-project-member] REQ: curl -i https://10.4.3.88:8080/v1/AUTH_aa3d6e6e73e84b5eaafdb4adfddaa43f/glance/9e298f83-af2d-4447-b6b1-d90d113e60d5-00001 -X PUT -H "X-Auth-Token: gAAAAABqhcO2FScU..." {{(pid=99705) http_log /opt/stack/data/venv/lib/python3.12/site-packages/swiftclient/client.py:160}}
Aug 19 14:54:48.578718 np0000007778 devstack@g-api.service[99705]: DEBUG swiftclient [None req-c2f700fa-c2a8-404a-ac9f-e83de97bdd0c tempest-VolumesActionsTest-511834104 tempest-VolumesActionsTest-511834104-project-member] RESP STATUS: 201 Created {{(pid=99705) http_log /opt/stack/data/venv/lib/python3.12/site-packages/swiftclient/client.py:161}}
Aug 19 14:54:48.578718 np0000007778 devstack@g-api.service[99705]: DEBUG swiftclient [None req-c2f700fa-c2a8-404a-ac9f-e83de97bdd0c tempest-VolumesActionsTest-511834104 tempest-VolumesActionsTest-511834104-project-member] RESP HEADERS: {'Date': 'Wed, 19 Aug 2026 14:54:48 GMT', 'Server': 'Apache/2.4.58 (Ubuntu)', 'Content-Type': 'text/html; charset=UTF-8', 'Content-Length': '0', 'Etag': 'eda9a9889837ac4bc81d6387d92c1bec', 'Last-Modified': 'Wed, 19 Aug 2026 14:54:47 GMT', 'X-Trans-Id': 'tx9b81159cbc274f82bdb3f-006a85c3b6', 'X-Openstack-Request-Id': 'tx9b81159cbc274f82bdb3f-006a85c3b6', 'Connection': 'close'} {{(pid=99705) http_log /opt/stack/data/venv/lib/python3.12/site-packages/swiftclient/client.py:162}}
Aug 19 14:54:48.578718 np0000007778 devstack@g-api.service[99705]: DEBUG glance_store._drivers.swift.store [None req-c2f700fa-c2a8-404a-ac9f-e83de97bdd0c tempest-VolumesActionsTest-511834104 tempest-VolumesActionsTest-511834104-project-member] Wrote chunk 9e298f83-af2d-4447-b6b1-d90d113e60d5-00001 (1/?) of length 204800000 to Swift returning MD5 of content: eda9a9889837ac4bc81d6387d92c1bec {{(pid=99705) add /opt/stack/data/venv/lib/python3.12/site-packages/glance_store/_drivers/swift/store.py:1059}}
Aug 19 14:54:49.117765 np0000007778 devstack@g-api.service[99703]: DEBUG glance.api.middleware.version_negotiation [None req-de3df63c-d219-48e2-9c03-41c313acd0cc tempest-VolumesActionsTest-511834104 tempest-VolumesActionsTest-511834104-project-member] Determining version of request: GET /v2/images/9e298f83-af2d-4447-b6b1-d90d113e60d5 Accept: application/json {{(pid=99703) process_request /opt/stack/glance/glance/api/middleware/version_negotiation.py:44}}
Aug 19 14:54:49.118963 np0000007778 devstack@g-api.service[99703]: DEBUG glance.api.middleware.version_negotiation [None req-de3df63c-d219-48e2-9c03-41c313acd0cc tempest-VolumesActionsTest-511834104 tempest-VolumesActionsTest-511834104-project-member] Using url versioning {{(pid=99703) process_request /opt/stack/glance/glance/api/middleware/version_negotiation.py:57}}
Aug 19 14:54:49.118963 np0000007778 devstack@g-api.service[99703]: DEBUG glance.api.middleware.version_negotiation [None req-de3df63c-d219-48e2-9c03-41c313acd0cc tempest-VolumesActionsTest-511834104 tempest-VolumesActionsTest-511834104-project-member] Matched version: v2 {{(pid=99703) process_request /opt/stack/glance/glance/api/middleware/version_negotiation.py:69}}
Aug 19 14:54:49.118963 np0000007778 devstack@g-api.service[99703]: DEBUG glance.api.middleware.version_negotiation [None req-de3df63c-d219-48e2-9c03-41c313acd0cc tempest-VolumesActionsTest-511834104 tempest-VolumesActionsTest-511834104-project-member] new path /v2/images/9e298f83-af2d-4447-b6b1-d90d113e60d5 {{(pid=99703) process_request /opt/stack/glance/glance/api/middleware/version_negotiation.py:70}}
Aug 19 14:54:49.142452 np0000007778 devstack@g-api.service[99703]: [pid: 99703|app: 0|req: 149/425] 127.0.0.1 () {40 vars in 834 bytes} [Wed Aug 19 14:54:49 2026] GET /v2/images/9e298f83-af2d-4447-b6b1-d90d113e60d5 => generated 649 bytes in 24 msecs (HTTP/1.1 200) 4 headers in 157 bytes (1 switches on core 0)
Aug 19 14:54:50.157253 np0000007778 devstack@g-api.service[99704]: DEBUG glance.api.middleware.version_negotiation [None req-31cbe811-091b-4dfe-9cda-7f8e2cd23d39 tempest-VolumesActionsTest-511834104 tempest-VolumesActionsTest-511834104-project-member] Determining version of request: GET /v2/images/9e298f83-af2d-4447-b6b1-d90d113e60d5 Accept: application/json {{(pid=99704) process_request /opt/stack/glance/glance/api/middleware/version_negotiation.py:44}}
Aug 19 14:54:50.157253 np0000007778 devstack@g-api.service[99704]: DEBUG glance.api.middleware.version_negotiation [None req-31cbe811-091b-4dfe-9cda-7f8e2cd23d39 tempest-VolumesActionsTest-511834104 tempest-VolumesActionsTest-511834104-project-member] Using url versioning {{(pid=99704) process_request /opt/stack/glance/glance/api/middleware/version_negotiation.py:57}}
Aug 19 14:54:50.157878 np0000007778 devstack@g-api.service[99704]: DEBUG glance.api.middleware.version_negotiation [None req-31cbe811-091b-4dfe-9cda-7f8e2cd23d39 tempest-VolumesActionsTest-511834104 tempest-VolumesActionsTest-511834104-project-member] Matched version: v2 {{(pid=99704) process_request /opt/stack/glance/glance/api/middleware/version_negotiation.py:69}}
Aug 19 14:54:50.157878 np0000007778 devstack@g-api.service[99704]: DEBUG glance.api.middleware.version_negotiation [None req-31cbe811-091b-4dfe-9cda-7f8e2cd23d39 tempest-VolumesActionsTest-511834104 tempest-VolumesActionsTest-511834104-project-member] new path /v2/images/9e298f83-af2d-4447-b6b1-d90d113e60d5 {{(pid=99704) process_request /opt/stack/glance/glance/api/middleware/version_negotiation.py:70}}
Aug 19 14:54:50.178272 np0000007778 devstack@g-api.service[99704]: [pid: 99704|app: 0|req: 138/426] 127.0.0.1 () {40 vars in 834 bytes} [Wed Aug 19 14:54:50 2026] GET /v2/images/9e298f83-af2d-4447-b6b1-d90d113e60d5 => generated 649 bytes in 22 msecs (HTTP/1.1 200) 4 headers in 157 bytes (1 switches on core 0)
Aug 19 14:54:50.833280 np0000007778 devstack@g-api.service[99705]: DEBUG swiftclient [None req-c2f700fa-c2a8-404a-ac9f-e83de97bdd0c tempest-VolumesActionsTest-511834104 tempest-VolumesActionsTest-511834104-project-member] REQ: curl -i https://10.4.3.88:8080/v1/AUTH_aa3d6e6e73e84b5eaafdb4adfddaa43f/glance/9e298f83-af2d-4447-b6b1-d90d113e60d5-00002 -X PUT -H "X-Auth-Token: gAAAAABqhcO2FScU..." {{(pid=99705) http_log /opt/stack/data/venv/lib/python3.12/site-packages/swiftclient/client.py:160}}
Aug 19 14:54:50.833610 np0000007778 devstack@g-api.service[99705]: DEBUG swiftclient [None req-c2f700fa-c2a8-404a-ac9f-e83de97bdd0c tempest-VolumesActionsTest-511834104 tempest-VolumesActionsTest-511834104-project-member] RESP STATUS: 201 Created {{(pid=99705) http_log /opt/stack/data/venv/lib/python3.12/site-packages/swiftclient/client.py:161}}
Aug 19 14:54:50.833610 np0000007778 devstack@g-api.service[99705]: DEBUG swiftclient [None req-c2f700fa-c2a8-404a-ac9f-e83de97bdd0c tempest-VolumesActionsTest-511834104 tempest-VolumesActionsTest-511834104-project-member] RESP HEADERS: {'Date': 'Wed, 19 Aug 2026 14:54:50 GMT', 'Server': 'Apache/2.4.58 (Ubuntu)', 'Content-Type': 'text/html; charset=UTF-8', 'Content-Length': '0', 'Etag': 'eda9a9889837ac4bc81d6387d92c1bec', 'Last-Modified': 'Wed, 19 Aug 2026 14:54:49 GMT', 'X-Trans-Id': 'tx8c025af0adf0461e8bcd0-006a85c3b8', 'X-Openstack-Request-Id': 'tx8c025af0adf0461e8bcd0-006a85c3b8', 'Connection': 'close'} {{(pid=99705) http_log /opt/stack/data/venv/lib/python3.12/site-packages/swiftclient/client.py:162}}
Aug 19 14:54:50.833759 np0000007778 devstack@g-api.service[99705]: DEBUG glance_store._drivers.swift.store [None req-c2f700fa-c2a8-404a-ac9f-e83de97bdd0c tempest-VolumesActionsTest-511834104 tempest-VolumesActionsTest-511834104-project-member] Wrote chunk 9e298f83-af2d-4447-b6b1-d90d113e60d5-00002 (2/?) of length 204800000 to Swift returning MD5 of content: eda9a9889837ac4bc81d6387d92c1bec {{(pid=99705) add /opt/stack/data/venv/lib/python3.12/site-packages/glance_store/_drivers/swift/store.py:1059}}
Aug 19 14:54:51.189022 np0000007778 devstack@g-api.service[99703]: DEBUG glance.api.middleware.version_negotiation [None req-94787b5d-cca0-4198-9edc-7e30caa68b34 tempest-VolumesActionsTest-511834104 tempest-VolumesActionsTest-511834104-project-member] Determining version of request: GET /v2/images/9e298f83-af2d-4447-b6b1-d90d113e60d5 Accept: application/json {{(pid=99703) process_request /opt/stack/glance/glance/api/middleware/version_negotiation.py:44}}
Aug 19 14:54:51.189022 np0000007778 devstack@g-api.service[99703]: DEBUG glance.api.middleware.version_negotiation [None req-94787b5d-cca0-4198-9edc-7e30caa68b34 tempest-VolumesActionsTest-511834104 tempest-VolumesActionsTest-511834104-project-member] Using url versioning {{(pid=99703) process_request /opt/stack/glance/glance/api/middleware/version_negotiation.py:57}}
Aug 19 14:54:51.189022 np0000007778 devstack@g-api.service[99703]: DEBUG glance.api.middleware.version_negotiation [None req-94787b5d-cca0-4198-9edc-7e30caa68b34 tempest-VolumesActionsTest-511834104 tempest-VolumesActionsTest-511834104-project-member] Matched version: v2 {{(pid=99703) process_request /opt/stack/glance/glance/api/middleware/version_negotiation.py:69}}
Aug 19 14:54:51.189022 np0000007778 devstack@g-api.service[99703]: DEBUG glance.api.middleware.version_negotiation [None req-94787b5d-cca0-4198-9edc-7e30caa68b34 tempest-VolumesActionsTest-511834104 tempest-VolumesActionsTest-511834104-project-member] new path /v2/images/9e298f83-af2d-4447-b6b1-d90d113e60d5 {{(pid=99703) process_request /opt/stack/glance/glance/api/middleware/version_negotiation.py:70}}
Aug 19 14:54:51.206718 np0000007778 devstack@g-api.service[99703]: [pid: 99703|app: 0|req: 150/427] 127.0.0.1 () {40 vars in 834 bytes} [Wed Aug 19 14:54:51 2026] GET /v2/images/9e298f83-af2d-4447-b6b1-d90d113e60d5 => generated 649 bytes in 19 msecs (HTTP/1.1 200) 4 headers in 157 bytes (1 switches on core 0)
Aug 19 14:54:52.217806 np0000007778 devstack@g-api.service[99704]: DEBUG glance.api.middleware.version_negotiation [None req-336aed09-c837-4e86-90b7-03bfaa5f3a5d tempest-VolumesActionsTest-511834104 tempest-VolumesActionsTest-511834104-project-member] Determining version of request: GET /v2/images/9e298f83-af2d-4447-b6b1-d90d113e60d5 Accept: application/json {{(pid=99704) process_request /opt/stack/glance/glance/api/middleware/version_negotiation.py:44}}
Aug 19 14:54:52.217806 np0000007778 devstack@g-api.service[99704]: DEBUG glance.api.middleware.version_negotiation [None req-336aed09-c837-4e86-90b7-03bfaa5f3a5d tempest-VolumesActionsTest-511834104 tempest-VolumesActionsTest-511834104-project-member] Using url versioning {{(pid=99704) process_request /opt/stack/glance/glance/api/middleware/version_negotiation.py:57}}
Aug 19 14:54:52.217806 np0000007778 devstack@g-api.service[99704]: DEBUG glance.api.middleware.version_negotiation [None req-336aed09-c837-4e86-90b7-03bfaa5f3a5d tempest-VolumesActionsTest-511834104 tempest-VolumesActionsTest-511834104-project-member] Matched version: v2 {{(pid=99704) process_request /opt/stack/glance/glance/api/middleware/version_negotiation.py:69}}
Aug 19 14:54:52.217806 np0000007778 devstack@g-api.service[99704]: DEBUG glance.api.middleware.version_negotiation [None req-336aed09-c837-4e86-90b7-03bfaa5f3a5d tempest-VolumesActionsTest-511834104 tempest-VolumesActionsTest-511834104-project-member] new path /v2/images/9e298f83-af2d-4447-b6b1-d90d113e60d5 {{(pid=99704) process_request /opt/stack/glance/glance/api/middleware/version_negotiation.py:70}}
Aug 19 14:54:52.229633 np0000007778 devstack@g-api.service[99704]: [pid: 99704|app: 0|req: 139/428] 127.0.0.1 () {40 vars in 834 bytes} [Wed Aug 19 14:54:52 2026] GET /v2/images/9e298f83-af2d-4447-b6b1-d90d113e60d5 => generated 649 bytes in 12 msecs (HTTP/1.1 200) 4 headers in 157 bytes (1 switches on core 0)
Aug 19 14:54:52.865212 np0000007778 devstack@g-api.service[99705]: DEBUG swiftclient [None req-c2f700fa-c2a8-404a-ac9f-e83de97bdd0c tempest-VolumesActionsTest-511834104 tempest-VolumesActionsTest-511834104-project-member] REQ: curl -i https://10.4.3.88:8080/v1/AUTH_aa3d6e6e73e84b5eaafdb4adfddaa43f/glance/9e298f83-af2d-4447-b6b1-d90d113e60d5-00003 -X PUT -H "X-Auth-Token: gAAAAABqhcO2FScU..." {{(pid=99705) http_log /opt/stack/data/venv/lib/python3.12/site-packages/swiftclient/client.py:160}}
Aug 19 14:54:52.865591 np0000007778 devstack@g-api.service[99705]: DEBUG swiftclient [None req-c2f700fa-c2a8-404a-ac9f-e83de97bdd0c tempest-VolumesActionsTest-511834104 tempest-VolumesActionsTest-511834104-project-member] RESP STATUS: 201 Created {{(pid=99705) http_log /opt/stack/data/venv/lib/python3.12/site-packages/swiftclient/client.py:161}}
Aug 19 14:54:52.865591 np0000007778 devstack@g-api.service[99705]: DEBUG swiftclient [None req-c2f700fa-c2a8-404a-ac9f-e83de97bdd0c tempest-VolumesActionsTest-511834104 tempest-VolumesActionsTest-511834104-project-member] RESP HEADERS: {'Date': 'Wed, 19 Aug 2026 14:54:52 GMT', 'Server': 'Apache/2.4.58 (Ubuntu)', 'Content-Type': 'text/html; charset=UTF-8', 'Content-Length': '0', 'Etag': 'eda9a9889837ac4bc81d6387d92c1bec', 'Last-Modified': 'Wed, 19 Aug 2026 14:54:51 GMT', 'X-Trans-Id': 'tx226c2992dfb14fcfb93ae-006a85c3ba', 'X-Openstack-Request-Id': 'tx226c2992dfb14fcfb93ae-006a85c3ba', 'Connection': 'close'} {{(pid=99705) http_log /opt/stack/data/venv/lib/python3.12/site-packages/swiftclient/client.py:162}}
Aug 19 14:54:52.865591 np0000007778 devstack@g-api.service[99705]: DEBUG glance_store._drivers.swift.store [None req-c2f700fa-c2a8-404a-ac9f-e83de97bdd0c tempest-VolumesActionsTest-511834104 tempest-VolumesActionsTest-511834104-project-member] Wrote chunk 9e298f83-af2d-4447-b6b1-d90d113e60d5-00003 (3/?) of length 204800000 to Swift returning MD5 of content: eda9a9889837ac4bc81d6387d92c1bec {{(pid=99705) add /opt/stack/data/venv/lib/python3.12/site-packages/glance_store/_drivers/swift/store.py:1059}}
Aug 19 14:54:53.242049 np0000007778 devstack@g-api.service[99703]: DEBUG glance.api.middleware.version_negotiation [None req-8c9af0f2-a2a9-454e-bc81-1ca0e4200ba0 tempest-VolumesActionsTest-511834104 tempest-VolumesActionsTest-511834104-project-member] Determining version of request: GET /v2/images/9e298f83-af2d-4447-b6b1-d90d113e60d5 Accept: application/json {{(pid=99703) process_request /opt/stack/glance/glance/api/middleware/version_negotiation.py:44}}
Aug 19 14:54:53.242940 np0000007778 devstack@g-api.service[99703]: DEBUG glance.api.middleware.version_negotiation [None req-8c9af0f2-a2a9-454e-bc81-1ca0e4200ba0 tempest-VolumesActionsTest-511834104 tempest-VolumesActionsTest-511834104-project-member] Using url versioning {{(pid=99703) process_request /opt/stack/glance/glance/api/middleware/version_negotiation.py:57}}
Aug 19 14:54:53.245451 np0000007778 devstack@g-api.service[99703]: DEBUG glance.api.middleware.version_negotiation [None req-8c9af0f2-a2a9-454e-bc81-1ca0e4200ba0 tempest-VolumesActionsTest-511834104 tempest-VolumesActionsTest-511834104-project-member] Matched version: v2 {{(pid=99703) process_request /opt/stack/glance/glance/api/middleware/version_negotiation.py:69}}
Aug 19 14:54:53.246287 np0000007778 devstack@g-api.service[99703]: DEBUG glance.api.middleware.version_negotiation [None req-8c9af0f2-a2a9-454e-bc81-1ca0e4200ba0 tempest-VolumesActionsTest-511834104 tempest-VolumesActionsTest-511834104-project-member] new path /v2/images/9e298f83-af2d-4447-b6b1-d90d113e60d5 {{(pid=99703) process_request /opt/stack/glance/glance/api/middleware/version_negotiation.py:70}}
Aug 19 14:54:53.262626 np0000007778 devstack@g-api.service[99703]: [pid: 99703|app: 0|req: 151/429] 127.0.0.1 () {40 vars in 834 bytes} [Wed Aug 19 14:54:53 2026] GET /v2/images/9e298f83-af2d-4447-b6b1-d90d113e60d5 => generated 649 bytes in 21 msecs (HTTP/1.1 200) 4 headers in 157 bytes (1 switches on core 0)
Aug 19 14:54:54.275917 np0000007778 devstack@g-api.service[99704]: DEBUG glance.api.middleware.version_negotiation [None req-7b438449-98e7-45ac-801b-bfb661cb2880 tempest-VolumesActionsTest-511834104 tempest-VolumesActionsTest-511834104-project-member] Determining version of request: GET /v2/images/9e298f83-af2d-4447-b6b1-d90d113e60d5 Accept: application/json {{(pid=99704) process_request /opt/stack/glance/glance/api/middleware/version_negotiation.py:44}}
Aug 19 14:54:54.277031 np0000007778 devstack@g-api.service[99704]: DEBUG glance.api.middleware.version_negotiation [None req-7b438449-98e7-45ac-801b-bfb661cb2880 tempest-VolumesActionsTest-511834104 tempest-VolumesActionsTest-511834104-project-member] Using url versioning {{(pid=99704) process_request /opt/stack/glance/glance/api/middleware/version_negotiation.py:57}}
Aug 19 14:54:54.277031 np0000007778 devstack@g-api.service[99704]: DEBUG glance.api.middleware.version_negotiation [None req-7b438449-98e7-45ac-801b-bfb661cb2880 tempest-VolumesActionsTest-511834104 tempest-VolumesActionsTest-511834104-project-member] Matched version: v2 {{(pid=99704) process_request /opt/stack/glance/glance/api/middleware/version_negotiation.py:69}}
Aug 19 14:54:54.277031 np0000007778 devstack@g-api.service[99704]: DEBUG glance.api.middleware.version_negotiation [None req-7b438449-98e7-45ac-801b-bfb661cb2880 tempest-VolumesActionsTest-511834104 tempest-VolumesActionsTest-511834104-project-member] new path /v2/images/9e298f83-af2d-4447-b6b1-d90d113e60d5 {{(pid=99704) process_request /opt/stack/glance/glance/api/middleware/version_negotiation.py:70}}
Aug 19 14:54:54.290555 np0000007778 devstack@g-api.service[99704]: [pid: 99704|app: 0|req: 140/430] 127.0.0.1 () {40 vars in 834 bytes} [Wed Aug 19 14:54:54 2026] GET /v2/images/9e298f83-af2d-4447-b6b1-d90d113e60d5 => generated 649 bytes in 15 msecs (HTTP/1.1 200) 4 headers in 157 bytes (1 switches on core 0)
Aug 19 14:54:55.302318 np0000007778 devstack@g-api.service[99703]: DEBUG glance.api.middleware.version_negotiation [None req-d8e9e1e4-2f66-4a29-9f6f-49bcfdf426be tempest-VolumesActionsTest-511834104 tempest-VolumesActionsTest-511834104-project-member] Determining version of request: GET /v2/images/9e298f83-af2d-4447-b6b1-d90d113e60d5 Accept: application/json {{(pid=99703) process_request /opt/stack/glance/glance/api/middleware/version_negotiation.py:44}}
Aug 19 14:54:55.302691 np0000007778 devstack@g-api.service[99703]: DEBUG glance.api.middleware.version_negotiation [None req-d8e9e1e4-2f66-4a29-9f6f-49bcfdf426be tempest-VolumesActionsTest-511834104 tempest-VolumesActionsTest-511834104-project-member] Using url versioning {{(pid=99703) process_request /opt/stack/glance/glance/api/middleware/version_negotiation.py:57}}
Aug 19 14:54:55.302691 np0000007778 devstack@g-api.service[99703]: DEBUG glance.api.middleware.version_negotiation [None req-d8e9e1e4-2f66-4a29-9f6f-49bcfdf426be tempest-VolumesActionsTest-511834104 tempest-VolumesActionsTest-511834104-project-member] Matched version: v2 {{(pid=99703) process_request /opt/stack/glance/glance/api/middleware/version_negotiation.py:69}}
Aug 19 14:54:55.302856 np0000007778 devstack@g-api.service[99703]: DEBUG glance.api.middleware.version_negotiation [None req-d8e9e1e4-2f66-4a29-9f6f-49bcfdf426be tempest-VolumesActionsTest-511834104 tempest-VolumesActionsTest-511834104-project-member] new path /v2/images/9e298f83-af2d-4447-b6b1-d90d113e60d5 {{(pid=99703) process_request /opt/stack/glance/glance/api/middleware/version_negotiation.py:70}}
Aug 19 14:54:55.313617 np0000007778 devstack@g-api.service[99703]: [pid: 99703|app: 0|req: 152/431] 127.0.0.1 () {40 vars in 834 bytes} [Wed Aug 19 14:54:55 2026] GET /v2/images/9e298f83-af2d-4447-b6b1-d90d113e60d5 => generated 649 bytes in 11 msecs (HTTP/1.1 200) 4 headers in 157 bytes (1 switches on core 0)
Aug 19 14:54:55.386430 np0000007778 devstack@g-api.service[99705]: DEBUG swiftclient [None req-c2f700fa-c2a8-404a-ac9f-e83de97bdd0c tempest-VolumesActionsTest-511834104 tempest-VolumesActionsTest-511834104-project-member] REQ: curl -i https://10.4.3.88:8080/v1/AUTH_aa3d6e6e73e84b5eaafdb4adfddaa43f/glance/9e298f83-af2d-4447-b6b1-d90d113e60d5-00004 -X PUT -H "X-Auth-Token: gAAAAABqhcO2FScU..." {{(pid=99705) http_log /opt/stack/data/venv/lib/python3.12/site-packages/swiftclient/client.py:160}}
Aug 19 14:54:55.386922 np0000007778 devstack@g-api.service[99705]: DEBUG swiftclient [None req-c2f700fa-c2a8-404a-ac9f-e83de97bdd0c tempest-VolumesActionsTest-511834104 tempest-VolumesActionsTest-511834104-project-member] RESP STATUS: 201 Created {{(pid=99705) http_log /opt/stack/data/venv/lib/python3.12/site-packages/swiftclient/client.py:161}}
Aug 19 14:54:55.386922 np0000007778 devstack@g-api.service[99705]: DEBUG swiftclient [None req-c2f700fa-c2a8-404a-ac9f-e83de97bdd0c tempest-VolumesActionsTest-511834104 tempest-VolumesActionsTest-511834104-project-member] RESP HEADERS: {'Date': 'Wed, 19 Aug 2026 14:54:55 GMT', 'Server': 'Apache/2.4.58 (Ubuntu)', 'Content-Type': 'text/html; charset=UTF-8', 'Content-Length': '0', 'Etag': 'eda9a9889837ac4bc81d6387d92c1bec', 'Last-Modified': 'Wed, 19 Aug 2026 14:54:53 GMT', 'X-Trans-Id': 'tx5c0ee5b735a74a688861a-006a85c3bc', 'X-Openstack-Request-Id': 'tx5c0ee5b735a74a688861a-006a85c3bc', 'Connection': 'close'} {{(pid=99705) http_log /opt/stack/data/venv/lib/python3.12/site-packages/swiftclient/client.py:162}}
Aug 19 14:54:55.387071 np0000007778 devstack@g-api.service[99705]: DEBUG glance_store._drivers.swift.store [None req-c2f700fa-c2a8-404a-ac9f-e83de97bdd0c tempest-VolumesActionsTest-511834104 tempest-VolumesActionsTest-511834104-project-member] Wrote chunk 9e298f83-af2d-4447-b6b1-d90d113e60d5-00004 (4/?) of length 204800000 to Swift returning MD5 of content: eda9a9889837ac4bc81d6387d92c1bec {{(pid=99705) add /opt/stack/data/venv/lib/python3.12/site-packages/glance_store/_drivers/swift/store.py:1059}}
Aug 19 14:54:56.307609 np0000007778 devstack@g-api.service[99705]: DEBUG dbcounter [-] [99705] Writing DB stats glance:SELECT=10,glance:UPDATE=1 {{(pid=99705) stat_writer /opt/stack/data/venv/lib/python3.12/site-packages/dbcounter.py:115}}
Aug 19 14:54:56.324735 np0000007778 devstack@g-api.service[99704]: DEBUG glance.api.middleware.version_negotiation [None req-48964284-5328-477c-97d5-d5d3d408d179 tempest-VolumesActionsTest-511834104 tempest-VolumesActionsTest-511834104-project-member] Determining version of request: GET /v2/images/9e298f83-af2d-4447-b6b1-d90d113e60d5 Accept: application/json {{(pid=99704) process_request /opt/stack/glance/glance/api/middleware/version_negotiation.py:44}}
Aug 19 14:54:56.325392 np0000007778 devstack@g-api.service[99704]: DEBUG glance.api.middleware.version_negotiation [None req-48964284-5328-477c-97d5-d5d3d408d179 tempest-VolumesActionsTest-511834104 tempest-VolumesActionsTest-511834104-project-member] Using url versioning {{(pid=99704) process_request /opt/stack/glance/glance/api/middleware/version_negotiation.py:57}}
Aug 19 14:54:56.325392 np0000007778 devstack@g-api.service[99704]: DEBUG glance.api.middleware.version_negotiation [None req-48964284-5328-477c-97d5-d5d3d408d179 tempest-VolumesActionsTest-511834104 tempest-VolumesActionsTest-511834104-project-member] Matched version: v2 {{(pid=99704) process_request /opt/stack/glance/glance/api/middleware/version_negotiation.py:69}}
Aug 19 14:54:56.325392 np0000007778 devstack@g-api.service[99704]: DEBUG glance.api.middleware.version_negotiation [None req-48964284-5328-477c-97d5-d5d3d408d179 tempest-VolumesActionsTest-511834104 tempest-VolumesActionsTest-511834104-project-member] new path /v2/images/9e298f83-af2d-4447-b6b1-d90d113e60d5 {{(pid=99704) process_request /opt/stack/glance/glance/api/middleware/version_negotiation.py:70}}
Aug 19 14:54:56.347036 np0000007778 devstack@g-api.service[99704]: [pid: 99704|app: 0|req: 141/432] 127.0.0.1 () {40 vars in 834 bytes} [Wed Aug 19 14:54:56 2026] GET /v2/images/9e298f83-af2d-4447-b6b1-d90d113e60d5 => generated 649 bytes in 21 msecs (HTTP/1.1 200) 4 headers in 157 bytes (1 switches on core 0)
Aug 19 14:54:57.283609 np0000007778 devstack@g-api.service[99703]: DEBUG glance.api.middleware.version_negotiation [None req-acbbf006-3cea-4bdc-b43e-7adab87cbb69 tempest-VolumesActionsTest-511834104 tempest-VolumesActionsTest-511834104-project-member] Determining version of request: GET /v2/schemas/image Accept: */* {{(pid=99703) process_request /opt/stack/glance/glance/api/middleware/version_negotiation.py:44}}
Aug 19 14:54:57.284077 np0000007778 devstack@g-api.service[99703]: DEBUG glance.api.middleware.version_negotiation [None req-acbbf006-3cea-4bdc-b43e-7adab87cbb69 tempest-VolumesActionsTest-511834104 tempest-VolumesActionsTest-511834104-project-member] Using url versioning {{(pid=99703) process_request /opt/stack/glance/glance/api/middleware/version_negotiation.py:57}}
Aug 19 14:54:57.284427 np0000007778 devstack@g-api.service[99703]: DEBUG glance.api.middleware.version_negotiation [None req-acbbf006-3cea-4bdc-b43e-7adab87cbb69 tempest-VolumesActionsTest-511834104 tempest-VolumesActionsTest-511834104-project-member] Matched version: v2 {{(pid=99703) process_request /opt/stack/glance/glance/api/middleware/version_negotiation.py:69}}
Aug 19 14:54:57.284602 np0000007778 devstack@g-api.service[99703]: DEBUG glance.api.middleware.version_negotiation [None req-acbbf006-3cea-4bdc-b43e-7adab87cbb69 tempest-VolumesActionsTest-511834104 tempest-VolumesActionsTest-511834104-project-member] new path /v2/schemas/image {{(pid=99703) process_request /opt/stack/glance/glance/api/middleware/version_negotiation.py:70}}
Aug 19 14:54:57.288392 np0000007778 devstack@g-api.service[99703]: [pid: 99703|app: 0|req: 153/433] 127.0.0.1 () {44 vars in 1051 bytes} [Wed Aug 19 14:54:57 2026] GET /v2/schemas/image => generated 6083 bytes in 5 msecs (HTTP/1.1 200) 4 headers in 158 bytes (1 switches on core 0)
Aug 19 14:54:57.331905 np0000007778 devstack@g-api.service[99704]: DEBUG glance.api.middleware.version_negotiation [None req-a1914db3-a12e-4e36-95ab-aad9d0cb7766 tempest-VolumesActionsTest-511834104 tempest-VolumesActionsTest-511834104-project-member] Determining version of request: POST /v2/images Accept: */* {{(pid=99704) process_request /opt/stack/glance/glance/api/middleware/version_negotiation.py:44}}
Aug 19 14:54:57.332463 np0000007778 devstack@g-api.service[99704]: DEBUG glance.api.middleware.version_negotiation [None req-a1914db3-a12e-4e36-95ab-aad9d0cb7766 tempest-VolumesActionsTest-511834104 tempest-VolumesActionsTest-511834104-project-member] Using url versioning {{(pid=99704) process_request /opt/stack/glance/glance/api/middleware/version_negotiation.py:57}}
Aug 19 14:54:57.332463 np0000007778 devstack@g-api.service[99704]: DEBUG glance.api.middleware.version_negotiation [None req-a1914db3-a12e-4e36-95ab-aad9d0cb7766 tempest-VolumesActionsTest-511834104 tempest-VolumesActionsTest-511834104-project-member] Matched version: v2 {{(pid=99704) process_request /opt/stack/glance/glance/api/middleware/version_negotiation.py:69}}
Aug 19 14:54:57.332463 np0000007778 devstack@g-api.service[99704]: DEBUG glance.api.middleware.version_negotiation [None req-a1914db3-a12e-4e36-95ab-aad9d0cb7766 tempest-VolumesActionsTest-511834104 tempest-VolumesActionsTest-511834104-project-member] new path /v2/images {{(pid=99704) process_request /opt/stack/glance/glance/api/middleware/version_negotiation.py:70}}
Aug 19 14:54:57.357418 np0000007778 devstack@g-api.service[99703]: DEBUG glance.api.middleware.version_negotiation [None req-cddff6ad-e542-4faf-b6e8-a3de36e4bfcc tempest-ServerStableDeviceRescueTest-672804824 tempest-ServerStableDeviceRescueTest-672804824-project-member] Determining version of request: GET /v2/images/9e298f83-af2d-4447-b6b1-d90d113e60d5 Accept: application/json {{(pid=99703) process_request /opt/stack/glance/glance/api/middleware/version_negotiation.py:44}}
Aug 19 14:54:57.357646 np0000007778 devstack@g-api.service[99703]: DEBUG glance.api.middleware.version_negotiation [None req-cddff6ad-e542-4faf-b6e8-a3de36e4bfcc tempest-ServerStableDeviceRescueTest-672804824 tempest-ServerStableDeviceRescueTest-672804824-project-member] Using url versioning {{(pid=99703) process_request /opt/stack/glance/glance/api/middleware/version_negotiation.py:57}}
Aug 19 14:54:57.357851 np0000007778 devstack@g-api.service[99703]: DEBUG glance.api.middleware.version_negotiation [None req-cddff6ad-e542-4faf-b6e8-a3de36e4bfcc tempest-ServerStableDeviceRescueTest-672804824 tempest-ServerStableDeviceRescueTest-672804824-project-member] Matched version: v2 {{(pid=99703) process_request /opt/stack/glance/glance/api/middleware/version_negotiation.py:69}}
Aug 19 14:54:57.357986 np0000007778 devstack@g-api.service[99703]: DEBUG glance.api.middleware.version_negotiation [None req-cddff6ad-e542-4faf-b6e8-a3de36e4bfcc tempest-ServerStableDeviceRescueTest-672804824 tempest-ServerStableDeviceRescueTest-672804824-project-member] new path /v2/images/9e298f83-af2d-4447-b6b1-d90d113e60d5 {{(pid=99703) process_request /opt/stack/glance/glance/api/middleware/version_negotiation.py:70}}
Aug 19 14:54:57.375454 np0000007778 devstack@g-api.service[99703]: [pid: 99703|app: 0|req: 154/434] 127.0.0.1 () {40 vars in 834 bytes} [Wed Aug 19 14:54:57 2026] GET /v2/images/9e298f83-af2d-4447-b6b1-d90d113e60d5 => generated 649 bytes in 18 msecs (HTTP/1.1 200) 4 headers in 157 bytes (1 switches on core 0)
Aug 19 14:54:57.918931 np0000007778 devstack@g-api.service[99705]: DEBUG swiftclient [None req-c2f700fa-c2a8-404a-ac9f-e83de97bdd0c tempest-VolumesActionsTest-511834104 tempest-VolumesActionsTest-511834104-project-member] REQ: curl -i https://10.4.3.88:8080/v1/AUTH_aa3d6e6e73e84b5eaafdb4adfddaa43f/glance/9e298f83-af2d-4447-b6b1-d90d113e60d5-00005 -X PUT -H "X-Auth-Token: gAAAAABqhcO2FScU..." {{(pid=99705) http_log /opt/stack/data/venv/lib/python3.12/site-packages/swiftclient/client.py:160}}
Aug 19 14:54:57.919376 np0000007778 devstack@g-api.service[99705]: DEBUG swiftclient [None req-c2f700fa-c2a8-404a-ac9f-e83de97bdd0c tempest-VolumesActionsTest-511834104 tempest-VolumesActionsTest-511834104-project-member] RESP STATUS: 201 Created {{(pid=99705) http_log /opt/stack/data/venv/lib/python3.12/site-packages/swiftclient/client.py:161}}
Aug 19 14:54:57.919376 np0000007778 devstack@g-api.service[99705]: DEBUG swiftclient [None req-c2f700fa-c2a8-404a-ac9f-e83de97bdd0c tempest-VolumesActionsTest-511834104 tempest-VolumesActionsTest-511834104-project-member] RESP HEADERS: {'Date': 'Wed, 19 Aug 2026 14:54:57 GMT', 'Server': 'Apache/2.4.58 (Ubuntu)', 'Content-Type': 'text/html; charset=UTF-8', 'Content-Length': '0', 'Etag': 'eda9a9889837ac4bc81d6387d92c1bec', 'Last-Modified': 'Wed, 19 Aug 2026 14:54:56 GMT', 'X-Trans-Id': 'tx5c6816bfd2014d43931a1-006a85c3bf', 'X-Openstack-Request-Id': 'tx5c6816bfd2014d43931a1-006a85c3bf', 'Connection': 'close'} {{(pid=99705) http_log /opt/stack/data/venv/lib/python3.12/site-packages/swiftclient/client.py:162}}
Aug 19 14:54:57.919516 np0000007778 devstack@g-api.service[99705]: DEBUG glance_store._drivers.swift.store [None req-c2f700fa-c2a8-404a-ac9f-e83de97bdd0c tempest-VolumesActionsTest-511834104 tempest-VolumesActionsTest-511834104-project-member] Wrote chunk 9e298f83-af2d-4447-b6b1-d90d113e60d5-00005 (5/?) of length 204800000 to Swift returning MD5 of content: eda9a9889837ac4bc81d6387d92c1bec {{(pid=99705) add /opt/stack/data/venv/lib/python3.12/site-packages/glance_store/_drivers/swift/store.py:1059}}
Aug 19 14:54:58.105188 np0000007778 devstack@g-api.service[99704]: [pid: 99704|app: 0|req: 142/435] 127.0.0.1 () {46 vars in 1051 bytes} [Wed Aug 19 14:54:57 2026] POST /v2/images => generated 1334 bytes in 773 msecs (HTTP/1.1 201) 6 headers in 316 bytes (1 switches on core 0)
Aug 19 14:54:58.287699 np0000007778 devstack@g-api.service[99703]: DEBUG glance.api.middleware.version_negotiation [None req-098b4ad7-e9c0-4231-b622-c67a51ae0daf tempest-VolumesActionsTest-511834104 tempest-VolumesActionsTest-511834104-project-member] Determining version of request: GET /v2/images/d484213c-a085-4c58-885f-01be04682c7e Accept: */* {{(pid=99703) process_request /opt/stack/glance/glance/api/middleware/version_negotiation.py:44}}
Aug 19 14:54:58.289040 np0000007778 devstack@g-api.service[99703]: DEBUG glance.api.middleware.version_negotiation [None req-098b4ad7-e9c0-4231-b622-c67a51ae0daf tempest-VolumesActionsTest-511834104 tempest-VolumesActionsTest-511834104-project-member] Using url versioning {{(pid=99703) process_request /opt/stack/glance/glance/api/middleware/version_negotiation.py:57}}
Aug 19 14:54:58.289040 np0000007778 devstack@g-api.service[99703]: DEBUG glance.api.middleware.version_negotiation [None req-098b4ad7-e9c0-4231-b622-c67a51ae0daf tempest-VolumesActionsTest-511834104 tempest-VolumesActionsTest-511834104-project-member] Matched version: v2 {{(pid=99703) process_request /opt/stack/glance/glance/api/middleware/version_negotiation.py:69}}
