Aug 19 14:52:58.942891 np0000007778 devstack@g-api.service[99705]: [pid: 99705|app: 0|req: 86/258] 127.0.0.1 () {40 vars in 834 bytes} [Wed Aug 19 14:52:58 2026] GET /v2/images/1c2ddce0-fcbc-426f-b136-8f926600ac22 => generated 1358 bytes in 18 msecs (HTTP/1.1 200) 4 headers in 158 bytes (1 switches on core 0)
Aug 19 14:52:59.400686 np0000007778 devstack@g-api.service[99704]: DEBUG glance.api.middleware.version_negotiation [None req-b246dfb9-aec8-46d8-811d-cf38e21bcf52 tempest-ServerBootFromVolumeStableRescueTest-753361723 tempest-ServerBootFromVolumeStableRescueTest-753361723-project-member] Determining version of request: GET /v2/images/515c31c6-6f04-4659-bc0a-1fcf56936ea7 Accept: */* {{(pid=99704) process_request /opt/stack/glance/glance/api/middleware/version_negotiation.py:44}}
Aug 19 14:52:59.401617 np0000007778 devstack@g-api.service[99704]: DEBUG glance.api.middleware.version_negotiation [None req-b246dfb9-aec8-46d8-811d-cf38e21bcf52 tempest-ServerBootFromVolumeStableRescueTest-753361723 tempest-ServerBootFromVolumeStableRescueTest-753361723-project-member] Using url versioning {{(pid=99704) process_request /opt/stack/glance/glance/api/middleware/version_negotiation.py:57}}
Aug 19 14:52:59.401617 np0000007778 devstack@g-api.service[99704]: DEBUG glance.api.middleware.version_negotiation [None req-b246dfb9-aec8-46d8-811d-cf38e21bcf52 tempest-ServerBootFromVolumeStableRescueTest-753361723 tempest-ServerBootFromVolumeStableRescueTest-753361723-project-member] Matched version: v2 {{(pid=99704) process_request /opt/stack/glance/glance/api/middleware/version_negotiation.py:69}}
Aug 19 14:52:59.401617 np0000007778 devstack@g-api.service[99704]: DEBUG glance.api.middleware.version_negotiation [None req-b246dfb9-aec8-46d8-811d-cf38e21bcf52 tempest-ServerBootFromVolumeStableRescueTest-753361723 tempest-ServerBootFromVolumeStableRescueTest-753361723-project-member] new path /v2/images/515c31c6-6f04-4659-bc0a-1fcf56936ea7 {{(pid=99704) process_request /opt/stack/glance/glance/api/middleware/version_negotiation.py:70}}
Aug 19 14:52:59.414661 np0000007778 devstack@g-api.service[99704]: [pid: 99704|app: 0|req: 86/259] 127.0.0.1 () {44 vars in 1111 bytes} [Wed Aug 19 14:52:59 2026] GET /v2/images/515c31c6-6f04-4659-bc0a-1fcf56936ea7 => generated 1338 bytes in 14 msecs (HTTP/1.1 200) 4 headers in 158 bytes (1 switches on core 0)
Aug 19 14:52:59.489865 np0000007778 devstack@g-api.service[99703]: DEBUG glance.api.middleware.version_negotiation [None req-8bef3896-3a0d-44fd-98ce-d6edac74ef73 tempest-AttachVolumeShelveTestJSON-2130079956 tempest-AttachVolumeShelveTestJSON-2130079956-project-member] Determining version of request: GET /v2/schemas/image Accept: */* {{(pid=99703) process_request /opt/stack/glance/glance/api/middleware/version_negotiation.py:44}}
Aug 19 14:52:59.490190 np0000007778 devstack@g-api.service[99703]: DEBUG glance.api.middleware.version_negotiation [None req-8bef3896-3a0d-44fd-98ce-d6edac74ef73 tempest-AttachVolumeShelveTestJSON-2130079956 tempest-AttachVolumeShelveTestJSON-2130079956-project-member] Using url versioning {{(pid=99703) process_request /opt/stack/glance/glance/api/middleware/version_negotiation.py:57}}
Aug 19 14:52:59.490288 np0000007778 devstack@g-api.service[99703]: DEBUG glance.api.middleware.version_negotiation [None req-8bef3896-3a0d-44fd-98ce-d6edac74ef73 tempest-AttachVolumeShelveTestJSON-2130079956 tempest-AttachVolumeShelveTestJSON-2130079956-project-member] Matched version: v2 {{(pid=99703) process_request /opt/stack/glance/glance/api/middleware/version_negotiation.py:69}}
Aug 19 14:52:59.491012 np0000007778 devstack@g-api.service[99703]: DEBUG glance.api.middleware.version_negotiation [None req-8bef3896-3a0d-44fd-98ce-d6edac74ef73 tempest-AttachVolumeShelveTestJSON-2130079956 tempest-AttachVolumeShelveTestJSON-2130079956-project-member] new path /v2/schemas/image {{(pid=99703) process_request /opt/stack/glance/glance/api/middleware/version_negotiation.py:70}}
Aug 19 14:52:59.495735 np0000007778 devstack@g-api.service[99703]: [pid: 99703|app: 0|req: 88/260] 127.0.0.1 () {44 vars in 1051 bytes} [Wed Aug 19 14:52:59 2026] GET /v2/schemas/image => generated 6083 bytes in 6 msecs (HTTP/1.1 200) 4 headers in 158 bytes (1 switches on core 0)
Aug 19 14:52:59.727660 np0000007778 devstack@g-api.service[99705]: DEBUG glance.api.middleware.version_negotiation [None req-5554e4f7-9f20-490a-aa93-aed5e1cc1820 tempest-ServerBootFromVolumeStableRescueTest-753361723 tempest-ServerBootFromVolumeStableRescueTest-753361723-project-member] Determining version of request: GET /v2/images/1c2ddce0-fcbc-426f-b136-8f926600ac22 Accept: */* {{(pid=99705) process_request /opt/stack/glance/glance/api/middleware/version_negotiation.py:44}}
Aug 19 14:52:59.727819 np0000007778 devstack@g-api.service[99705]: DEBUG glance.api.middleware.version_negotiation [None req-5554e4f7-9f20-490a-aa93-aed5e1cc1820 tempest-ServerBootFromVolumeStableRescueTest-753361723 tempest-ServerBootFromVolumeStableRescueTest-753361723-project-member] Using url versioning {{(pid=99705) process_request /opt/stack/glance/glance/api/middleware/version_negotiation.py:57}}
Aug 19 14:52:59.727913 np0000007778 devstack@g-api.service[99705]: DEBUG glance.api.middleware.version_negotiation [None req-5554e4f7-9f20-490a-aa93-aed5e1cc1820 tempest-ServerBootFromVolumeStableRescueTest-753361723 tempest-ServerBootFromVolumeStableRescueTest-753361723-project-member] Matched version: v2 {{(pid=99705) process_request /opt/stack/glance/glance/api/middleware/version_negotiation.py:69}}
Aug 19 14:52:59.728083 np0000007778 devstack@g-api.service[99705]: DEBUG glance.api.middleware.version_negotiation [None req-5554e4f7-9f20-490a-aa93-aed5e1cc1820 tempest-ServerBootFromVolumeStableRescueTest-753361723 tempest-ServerBootFromVolumeStableRescueTest-753361723-project-member] new path /v2/images/1c2ddce0-fcbc-426f-b136-8f926600ac22 {{(pid=99705) process_request /opt/stack/glance/glance/api/middleware/version_negotiation.py:70}}
Aug 19 14:52:59.741414 np0000007778 devstack@g-api.service[99705]: [pid: 99705|app: 0|req: 87/261] 127.0.0.1 () {44 vars in 1111 bytes} [Wed Aug 19 14:52:59 2026] GET /v2/images/1c2ddce0-fcbc-426f-b136-8f926600ac22 => generated 1358 bytes in 14 msecs (HTTP/1.1 200) 4 headers in 158 bytes (1 switches on core 0)
Aug 19 14:52:59.800981 np0000007778 devstack@g-api.service[99704]: DEBUG glance.api.middleware.version_negotiation [None req-8bef3896-3a0d-44fd-98ce-d6edac74ef73 tempest-AttachVolumeShelveTestJSON-2130079956 tempest-AttachVolumeShelveTestJSON-2130079956-project-member] Determining version of request: GET /v2/schemas/image Accept: */* {{(pid=99704) process_request /opt/stack/glance/glance/api/middleware/version_negotiation.py:44}}
Aug 19 14:52:59.801124 np0000007778 devstack@g-api.service[99704]: DEBUG glance.api.middleware.version_negotiation [None req-8bef3896-3a0d-44fd-98ce-d6edac74ef73 tempest-AttachVolumeShelveTestJSON-2130079956 tempest-AttachVolumeShelveTestJSON-2130079956-project-member] Using url versioning {{(pid=99704) process_request /opt/stack/glance/glance/api/middleware/version_negotiation.py:57}}
Aug 19 14:52:59.801356 np0000007778 devstack@g-api.service[99704]: DEBUG glance.api.middleware.version_negotiation [None req-8bef3896-3a0d-44fd-98ce-d6edac74ef73 tempest-AttachVolumeShelveTestJSON-2130079956 tempest-AttachVolumeShelveTestJSON-2130079956-project-member] Matched version: v2 {{(pid=99704) process_request /opt/stack/glance/glance/api/middleware/version_negotiation.py:69}}
Aug 19 14:52:59.801431 np0000007778 devstack@g-api.service[99704]: DEBUG glance.api.middleware.version_negotiation [None req-8bef3896-3a0d-44fd-98ce-d6edac74ef73 tempest-AttachVolumeShelveTestJSON-2130079956 tempest-AttachVolumeShelveTestJSON-2130079956-project-member] new path /v2/schemas/image {{(pid=99704) process_request /opt/stack/glance/glance/api/middleware/version_negotiation.py:70}}
Aug 19 14:52:59.805301 np0000007778 devstack@g-api.service[99704]: [pid: 99704|app: 0|req: 87/262] 127.0.0.1 () {44 vars in 1051 bytes} [Wed Aug 19 14:52:59 2026] GET /v2/schemas/image => generated 6083 bytes in 4 msecs (HTTP/1.1 200) 4 headers in 158 bytes (1 switches on core 0)
Aug 19 14:52:59.850594 np0000007778 devstack@g-api.service[99703]: DEBUG glance.api.middleware.version_negotiation [None req-8bef3896-3a0d-44fd-98ce-d6edac74ef73 tempest-AttachVolumeShelveTestJSON-2130079956 tempest-AttachVolumeShelveTestJSON-2130079956-project-member] Determining version of request: GET /v2/schemas/image Accept: */* {{(pid=99703) process_request /opt/stack/glance/glance/api/middleware/version_negotiation.py:44}}
Aug 19 14:52:59.850848 np0000007778 devstack@g-api.service[99703]: DEBUG glance.api.middleware.version_negotiation [None req-8bef3896-3a0d-44fd-98ce-d6edac74ef73 tempest-AttachVolumeShelveTestJSON-2130079956 tempest-AttachVolumeShelveTestJSON-2130079956-project-member] Using url versioning {{(pid=99703) process_request /opt/stack/glance/glance/api/middleware/version_negotiation.py:57}}
Aug 19 14:52:59.851050 np0000007778 devstack@g-api.service[99703]: DEBUG glance.api.middleware.version_negotiation [None req-8bef3896-3a0d-44fd-98ce-d6edac74ef73 tempest-AttachVolumeShelveTestJSON-2130079956 tempest-AttachVolumeShelveTestJSON-2130079956-project-member] Matched version: v2 {{(pid=99703) process_request /opt/stack/glance/glance/api/middleware/version_negotiation.py:69}}
Aug 19 14:52:59.851277 np0000007778 devstack@g-api.service[99703]: DEBUG glance.api.middleware.version_negotiation [None req-8bef3896-3a0d-44fd-98ce-d6edac74ef73 tempest-AttachVolumeShelveTestJSON-2130079956 tempest-AttachVolumeShelveTestJSON-2130079956-project-member] new path /v2/schemas/image {{(pid=99703) process_request /opt/stack/glance/glance/api/middleware/version_negotiation.py:70}}
Aug 19 14:52:59.855931 np0000007778 devstack@g-api.service[99703]: [pid: 99703|app: 0|req: 89/263] 127.0.0.1 () {44 vars in 1051 bytes} [Wed Aug 19 14:52:59 2026] GET /v2/schemas/image => generated 6083 bytes in 6 msecs (HTTP/1.1 200) 4 headers in 158 bytes (1 switches on core 0)
Aug 19 14:52:59.912015 np0000007778 devstack@g-api.service[99705]: DEBUG glance.api.middleware.version_negotiation [None req-b246dfb9-aec8-46d8-811d-cf38e21bcf52 tempest-ServerBootFromVolumeStableRescueTest-753361723 tempest-ServerBootFromVolumeStableRescueTest-753361723-project-member] Determining version of request: PATCH /v2/images/1c2ddce0-fcbc-426f-b136-8f926600ac22 Accept: */* {{(pid=99705) process_request /opt/stack/glance/glance/api/middleware/version_negotiation.py:44}}
Aug 19 14:52:59.912243 np0000007778 devstack@g-api.service[99705]: DEBUG glance.api.middleware.version_negotiation [None req-b246dfb9-aec8-46d8-811d-cf38e21bcf52 tempest-ServerBootFromVolumeStableRescueTest-753361723 tempest-ServerBootFromVolumeStableRescueTest-753361723-project-member] Using url versioning {{(pid=99705) process_request /opt/stack/glance/glance/api/middleware/version_negotiation.py:57}}
Aug 19 14:52:59.912392 np0000007778 devstack@g-api.service[99705]: DEBUG glance.api.middleware.version_negotiation [None req-b246dfb9-aec8-46d8-811d-cf38e21bcf52 tempest-ServerBootFromVolumeStableRescueTest-753361723 tempest-ServerBootFromVolumeStableRescueTest-753361723-project-member] Matched version: v2 {{(pid=99705) process_request /opt/stack/glance/glance/api/middleware/version_negotiation.py:69}}
Aug 19 14:52:59.912532 np0000007778 devstack@g-api.service[99705]: DEBUG glance.api.middleware.version_negotiation [None req-b246dfb9-aec8-46d8-811d-cf38e21bcf52 tempest-ServerBootFromVolumeStableRescueTest-753361723 tempest-ServerBootFromVolumeStableRescueTest-753361723-project-member] new path /v2/images/1c2ddce0-fcbc-426f-b136-8f926600ac22 {{(pid=99705) process_request /opt/stack/glance/glance/api/middleware/version_negotiation.py:70}}
Aug 19 14:52:59.957056 np0000007778 devstack@g-api.service[99704]: DEBUG glance.api.middleware.version_negotiation [None req-b246dfb9-aec8-46d8-811d-cf38e21bcf52 tempest-ServerBootFromVolumeStableRescueTest-753361723 tempest-ServerBootFromVolumeStableRescueTest-753361723-project-member] Determining version of request: GET /v2/images/1c2ddce0-fcbc-426f-b136-8f926600ac22 Accept: application/json {{(pid=99704) process_request /opt/stack/glance/glance/api/middleware/version_negotiation.py:44}}
Aug 19 14:52:59.957617 np0000007778 devstack@g-api.service[99704]: DEBUG glance.api.middleware.version_negotiation [None req-b246dfb9-aec8-46d8-811d-cf38e21bcf52 tempest-ServerBootFromVolumeStableRescueTest-753361723 tempest-ServerBootFromVolumeStableRescueTest-753361723-project-member] Using url versioning {{(pid=99704) process_request /opt/stack/glance/glance/api/middleware/version_negotiation.py:57}}
Aug 19 14:52:59.957859 np0000007778 devstack@g-api.service[99704]: DEBUG glance.api.middleware.version_negotiation [None req-b246dfb9-aec8-46d8-811d-cf38e21bcf52 tempest-ServerBootFromVolumeStableRescueTest-753361723 tempest-ServerBootFromVolumeStableRescueTest-753361723-project-member] Matched version: v2 {{(pid=99704) process_request /opt/stack/glance/glance/api/middleware/version_negotiation.py:69}}
Aug 19 14:52:59.958123 np0000007778 devstack@g-api.service[99704]: DEBUG glance.api.middleware.version_negotiation [None req-b246dfb9-aec8-46d8-811d-cf38e21bcf52 tempest-ServerBootFromVolumeStableRescueTest-753361723 tempest-ServerBootFromVolumeStableRescueTest-753361723-project-member] new path /v2/images/1c2ddce0-fcbc-426f-b136-8f926600ac22 {{(pid=99704) process_request /opt/stack/glance/glance/api/middleware/version_negotiation.py:70}}
Aug 19 14:52:59.975926 np0000007778 devstack@g-api.service[99704]: [pid: 99704|app: 0|req: 88/264] 127.0.0.1 () {40 vars in 834 bytes} [Wed Aug 19 14:52:59 2026] GET /v2/images/1c2ddce0-fcbc-426f-b136-8f926600ac22 => generated 1358 bytes in 19 msecs (HTTP/1.1 200) 4 headers in 158 bytes (1 switches on core 0)
Aug 19 14:53:00.125651 np0000007778 devstack@g-api.service[99705]: [pid: 99705|app: 0|req: 88/265] 127.0.0.1 () {46 vars in 1154 bytes} [Wed Aug 19 14:52:59 2026] PATCH /v2/images/1c2ddce0-fcbc-426f-b136-8f926600ac22 => generated 1469 bytes in 214 msecs (HTTP/1.1 200) 4 headers in 158 bytes (1 switches on core 0)
Aug 19 14:53:00.170546 np0000007778 devstack@g-api.service[99703]: DEBUG glance.api.middleware.version_negotiation [None req-b246dfb9-aec8-46d8-811d-cf38e21bcf52 tempest-ServerBootFromVolumeStableRescueTest-753361723 tempest-ServerBootFromVolumeStableRescueTest-753361723-project-member] Determining version of request: GET /v2/images/1c2ddce0-fcbc-426f-b136-8f926600ac22 Accept: */* {{(pid=99703) process_request /opt/stack/glance/glance/api/middleware/version_negotiation.py:44}}
Aug 19 14:53:00.170725 np0000007778 devstack@g-api.service[99703]: DEBUG glance.api.middleware.version_negotiation [None req-b246dfb9-aec8-46d8-811d-cf38e21bcf52 tempest-ServerBootFromVolumeStableRescueTest-753361723 tempest-ServerBootFromVolumeStableRescueTest-753361723-project-member] Using url versioning {{(pid=99703) process_request /opt/stack/glance/glance/api/middleware/version_negotiation.py:57}}
Aug 19 14:53:00.170895 np0000007778 devstack@g-api.service[99703]: DEBUG glance.api.middleware.version_negotiation [None req-b246dfb9-aec8-46d8-811d-cf38e21bcf52 tempest-ServerBootFromVolumeStableRescueTest-753361723 tempest-ServerBootFromVolumeStableRescueTest-753361723-project-member] Matched version: v2 {{(pid=99703) process_request /opt/stack/glance/glance/api/middleware/version_negotiation.py:69}}
Aug 19 14:53:00.171052 np0000007778 devstack@g-api.service[99703]: DEBUG glance.api.middleware.version_negotiation [None req-b246dfb9-aec8-46d8-811d-cf38e21bcf52 tempest-ServerBootFromVolumeStableRescueTest-753361723 tempest-ServerBootFromVolumeStableRescueTest-753361723-project-member] new path /v2/images/1c2ddce0-fcbc-426f-b136-8f926600ac22 {{(pid=99703) process_request /opt/stack/glance/glance/api/middleware/version_negotiation.py:70}}
Aug 19 14:53:00.186611 np0000007778 devstack@g-api.service[99703]: [pid: 99703|app: 0|req: 90/266] 127.0.0.1 () {44 vars in 1111 bytes} [Wed Aug 19 14:53:00 2026] GET /v2/images/1c2ddce0-fcbc-426f-b136-8f926600ac22 => generated 1469 bytes in 16 msecs (HTTP/1.1 200) 4 headers in 158 bytes (1 switches on core 0)
Aug 19 14:53:00.251167 np0000007778 devstack@g-api.service[99704]: DEBUG glance.api.middleware.version_negotiation [None req-fa876a50-9e73-411d-8ee5-a0ff05b40163 tempest-ServerBootFromVolumeStableRescueTest-753361723 tempest-ServerBootFromVolumeStableRescueTest-753361723-project-member] Determining version of request: PUT /v2/images/1c2ddce0-fcbc-426f-b136-8f926600ac22/file Accept: */* {{(pid=99704) process_request /opt/stack/glance/glance/api/middleware/version_negotiation.py:44}}
Aug 19 14:53:00.251167 np0000007778 devstack@g-api.service[99704]: DEBUG glance.api.middleware.version_negotiation [None req-fa876a50-9e73-411d-8ee5-a0ff05b40163 tempest-ServerBootFromVolumeStableRescueTest-753361723 tempest-ServerBootFromVolumeStableRescueTest-753361723-project-member] Using url versioning {{(pid=99704) process_request /opt/stack/glance/glance/api/middleware/version_negotiation.py:57}}
Aug 19 14:53:00.251167 np0000007778 devstack@g-api.service[99704]: DEBUG glance.api.middleware.version_negotiation [None req-fa876a50-9e73-411d-8ee5-a0ff05b40163 tempest-ServerBootFromVolumeStableRescueTest-753361723 tempest-ServerBootFromVolumeStableRescueTest-753361723-project-member] Matched version: v2 {{(pid=99704) process_request /opt/stack/glance/glance/api/middleware/version_negotiation.py:69}}
Aug 19 14:53:00.251167 np0000007778 devstack@g-api.service[99704]: DEBUG glance.api.middleware.version_negotiation [None req-fa876a50-9e73-411d-8ee5-a0ff05b40163 tempest-ServerBootFromVolumeStableRescueTest-753361723 tempest-ServerBootFromVolumeStableRescueTest-753361723-project-member] new path /v2/images/1c2ddce0-fcbc-426f-b136-8f926600ac22/file {{(pid=99704) process_request /opt/stack/glance/glance/api/middleware/version_negotiation.py:70}}
Aug 19 14:53:00.432480 np0000007778 devstack@g-api.service[99705]: DEBUG glance.api.middleware.version_negotiation [None req-b246dfb9-aec8-46d8-811d-cf38e21bcf52 tempest-ServerBootFromVolumeStableRescueTest-753361723 tempest-ServerBootFromVolumeStableRescueTest-753361723-project-member] Determining version of request: GET /v2/images/515c31c6-6f04-4659-bc0a-1fcf56936ea7 Accept: */* {{(pid=99705) process_request /opt/stack/glance/glance/api/middleware/version_negotiation.py:44}}
Aug 19 14:53:00.432480 np0000007778 devstack@g-api.service[99705]: DEBUG glance.api.middleware.version_negotiation [None req-b246dfb9-aec8-46d8-811d-cf38e21bcf52 tempest-ServerBootFromVolumeStableRescueTest-753361723 tempest-ServerBootFromVolumeStableRescueTest-753361723-project-member] Using url versioning {{(pid=99705) process_request /opt/stack/glance/glance/api/middleware/version_negotiation.py:57}}
Aug 19 14:53:00.432480 np0000007778 devstack@g-api.service[99705]: DEBUG glance.api.middleware.version_negotiation [None req-b246dfb9-aec8-46d8-811d-cf38e21bcf52 tempest-ServerBootFromVolumeStableRescueTest-753361723 tempest-ServerBootFromVolumeStableRescueTest-753361723-project-member] Matched version: v2 {{(pid=99705) process_request /opt/stack/glance/glance/api/middleware/version_negotiation.py:69}}
Aug 19 14:53:00.432480 np0000007778 devstack@g-api.service[99705]: DEBUG glance.api.middleware.version_negotiation [None req-b246dfb9-aec8-46d8-811d-cf38e21bcf52 tempest-ServerBootFromVolumeStableRescueTest-753361723 tempest-ServerBootFromVolumeStableRescueTest-753361723-project-member] new path /v2/images/515c31c6-6f04-4659-bc0a-1fcf56936ea7 {{(pid=99705) process_request /opt/stack/glance/glance/api/middleware/version_negotiation.py:70}}
Aug 19 14:53:00.447745 np0000007778 devstack@g-api.service[99705]: [pid: 99705|app: 0|req: 89/267] 127.0.0.1 () {44 vars in 1111 bytes} [Wed Aug 19 14:53:00 2026] GET /v2/images/515c31c6-6f04-4659-bc0a-1fcf56936ea7 => generated 1338 bytes in 17 msecs (HTTP/1.1 200) 4 headers in 158 bytes (1 switches on core 0)
Aug 19 14:53:00.492589 np0000007778 devstack@g-api.service[99703]: DEBUG glance.api.middleware.version_negotiation [None req-b246dfb9-aec8-46d8-811d-cf38e21bcf52 tempest-ServerBootFromVolumeStableRescueTest-753361723 tempest-ServerBootFromVolumeStableRescueTest-753361723-project-member] Determining version of request: GET /v2/schemas/image Accept: */* {{(pid=99703) process_request /opt/stack/glance/glance/api/middleware/version_negotiation.py:44}}
Aug 19 14:53:00.492589 np0000007778 devstack@g-api.service[99703]: DEBUG glance.api.middleware.version_negotiation [None req-b246dfb9-aec8-46d8-811d-cf38e21bcf52 tempest-ServerBootFromVolumeStableRescueTest-753361723 tempest-ServerBootFromVolumeStableRescueTest-753361723-project-member] Using url versioning {{(pid=99703) process_request /opt/stack/glance/glance/api/middleware/version_negotiation.py:57}}
Aug 19 14:53:00.492589 np0000007778 devstack@g-api.service[99703]: DEBUG glance.api.middleware.version_negotiation [None req-b246dfb9-aec8-46d8-811d-cf38e21bcf52 tempest-ServerBootFromVolumeStableRescueTest-753361723 tempest-ServerBootFromVolumeStableRescueTest-753361723-project-member] Matched version: v2 {{(pid=99703) process_request /opt/stack/glance/glance/api/middleware/version_negotiation.py:69}}
Aug 19 14:53:00.492589 np0000007778 devstack@g-api.service[99703]: DEBUG glance.api.middleware.version_negotiation [None req-b246dfb9-aec8-46d8-811d-cf38e21bcf52 tempest-ServerBootFromVolumeStableRescueTest-753361723 tempest-ServerBootFromVolumeStableRescueTest-753361723-project-member] new path /v2/schemas/image {{(pid=99703) process_request /opt/stack/glance/glance/api/middleware/version_negotiation.py:70}}
Aug 19 14:53:00.494599 np0000007778 devstack@g-api.service[99703]: [pid: 99703|app: 0|req: 91/268] 127.0.0.1 () {44 vars in 1051 bytes} [Wed Aug 19 14:53:00 2026] GET /v2/schemas/image => generated 6083 bytes in 4 msecs (HTTP/1.1 200) 4 headers in 158 bytes (1 switches on core 0)
Aug 19 14:53:00.558852 np0000007778 devstack@g-api.service[99705]: DEBUG glance.api.middleware.version_negotiation [None req-8bef3896-3a0d-44fd-98ce-d6edac74ef73 tempest-AttachVolumeShelveTestJSON-2130079956 tempest-AttachVolumeShelveTestJSON-2130079956-project-member] Determining version of request: GET /v2/schemas/image Accept: */* {{(pid=99705) process_request /opt/stack/glance/glance/api/middleware/version_negotiation.py:44}}
Aug 19 14:53:00.559086 np0000007778 devstack@g-api.service[99705]: DEBUG glance.api.middleware.version_negotiation [None req-8bef3896-3a0d-44fd-98ce-d6edac74ef73 tempest-AttachVolumeShelveTestJSON-2130079956 tempest-AttachVolumeShelveTestJSON-2130079956-project-member] Using url versioning {{(pid=99705) process_request /opt/stack/glance/glance/api/middleware/version_negotiation.py:57}}
Aug 19 14:53:00.559722 np0000007778 devstack@g-api.service[99705]: DEBUG glance.api.middleware.version_negotiation [None req-8bef3896-3a0d-44fd-98ce-d6edac74ef73 tempest-AttachVolumeShelveTestJSON-2130079956 tempest-AttachVolumeShelveTestJSON-2130079956-project-member] Matched version: v2 {{(pid=99705) process_request /opt/stack/glance/glance/api/middleware/version_negotiation.py:69}}
Aug 19 14:53:00.559722 np0000007778 devstack@g-api.service[99705]: DEBUG glance.api.middleware.version_negotiation [None req-8bef3896-3a0d-44fd-98ce-d6edac74ef73 tempest-AttachVolumeShelveTestJSON-2130079956 tempest-AttachVolumeShelveTestJSON-2130079956-project-member] new path /v2/schemas/image {{(pid=99705) process_request /opt/stack/glance/glance/api/middleware/version_negotiation.py:70}}
Aug 19 14:53:00.566616 np0000007778 devstack@g-api.service[99705]: [pid: 99705|app: 0|req: 90/269] 127.0.0.1 () {44 vars in 1051 bytes} [Wed Aug 19 14:53:00 2026] GET /v2/schemas/image => generated 6083 bytes in 7 msecs (HTTP/1.1 200) 4 headers in 158 bytes (1 switches on core 0)
Aug 19 14:53:00.629351 np0000007778 devstack@g-api.service[99703]: DEBUG glance.api.middleware.version_negotiation [None req-8bef3896-3a0d-44fd-98ce-d6edac74ef73 tempest-AttachVolumeShelveTestJSON-2130079956 tempest-AttachVolumeShelveTestJSON-2130079956-project-member] Determining version of request: PATCH /v2/images/515c31c6-6f04-4659-bc0a-1fcf56936ea7 Accept: */* {{(pid=99703) process_request /opt/stack/glance/glance/api/middleware/version_negotiation.py:44}}
Aug 19 14:53:00.629351 np0000007778 devstack@g-api.service[99703]: DEBUG glance.api.middleware.version_negotiation [None req-8bef3896-3a0d-44fd-98ce-d6edac74ef73 tempest-AttachVolumeShelveTestJSON-2130079956 tempest-AttachVolumeShelveTestJSON-2130079956-project-member] Using url versioning {{(pid=99703) process_request /opt/stack/glance/glance/api/middleware/version_negotiation.py:57}}
Aug 19 14:53:00.629351 np0000007778 devstack@g-api.service[99703]: DEBUG glance.api.middleware.version_negotiation [None req-8bef3896-3a0d-44fd-98ce-d6edac74ef73 tempest-AttachVolumeShelveTestJSON-2130079956 tempest-AttachVolumeShelveTestJSON-2130079956-project-member] Matched version: v2 {{(pid=99703) process_request /opt/stack/glance/glance/api/middleware/version_negotiation.py:69}}
Aug 19 14:53:00.629351 np0000007778 devstack@g-api.service[99703]: DEBUG glance.api.middleware.version_negotiation [None req-8bef3896-3a0d-44fd-98ce-d6edac74ef73 tempest-AttachVolumeShelveTestJSON-2130079956 tempest-AttachVolumeShelveTestJSON-2130079956-project-member] new path /v2/images/515c31c6-6f04-4659-bc0a-1fcf56936ea7 {{(pid=99703) process_request /opt/stack/glance/glance/api/middleware/version_negotiation.py:70}}
Aug 19 14:53:00.955486 np0000007778 devstack@g-api.service[99704]: INFO glance.api.v2.image_data [None req-b246dfb9-aec8-46d8-811d-cf38e21bcf52 tempest-ServerBootFromVolumeStableRescueTest-753361723 tempest-ServerBootFromVolumeStableRescueTest-753361723-project-member] Unable to create trust: no such option collect_timing in group [keystone_authtoken] Use the existing user token.
Aug 19 14:53:00.967601 np0000007778 devstack@g-api.service[99703]: [pid: 99703|app: 0|req: 92/270] 127.0.0.1 () {46 vars in 1154 bytes} [Wed Aug 19 14:53:00 2026] PATCH /v2/images/515c31c6-6f04-4659-bc0a-1fcf56936ea7 => generated 1449 bytes in 340 msecs (HTTP/1.1 200) 4 headers in 158 bytes (1 switches on core 0)
Aug 19 14:53:00.987531 np0000007778 devstack@g-api.service[99705]: DEBUG glance.api.middleware.version_negotiation [None req-8bef3896-3a0d-44fd-98ce-d6edac74ef73 tempest-AttachVolumeShelveTestJSON-2130079956 tempest-AttachVolumeShelveTestJSON-2130079956-project-member] Determining version of request: GET /v2/images/1c2ddce0-fcbc-426f-b136-8f926600ac22 Accept: application/json {{(pid=99705) process_request /opt/stack/glance/glance/api/middleware/version_negotiation.py:44}}
Aug 19 14:53:00.987768 np0000007778 devstack@g-api.service[99705]: DEBUG glance.api.middleware.version_negotiation [None req-8bef3896-3a0d-44fd-98ce-d6edac74ef73 tempest-AttachVolumeShelveTestJSON-2130079956 tempest-AttachVolumeShelveTestJSON-2130079956-project-member] Using url versioning {{(pid=99705) process_request /opt/stack/glance/glance/api/middleware/version_negotiation.py:57}}
Aug 19 14:53:00.988625 np0000007778 devstack@g-api.service[99705]: DEBUG glance.api.middleware.version_negotiation [None req-8bef3896-3a0d-44fd-98ce-d6edac74ef73 tempest-AttachVolumeShelveTestJSON-2130079956 tempest-AttachVolumeShelveTestJSON-2130079956-project-member] Matched version: v2 {{(pid=99705) process_request /opt/stack/glance/glance/api/middleware/version_negotiation.py:69}}
Aug 19 14:53:00.988625 np0000007778 devstack@g-api.service[99705]: DEBUG glance.api.middleware.version_negotiation [None req-8bef3896-3a0d-44fd-98ce-d6edac74ef73 tempest-AttachVolumeShelveTestJSON-2130079956 tempest-AttachVolumeShelveTestJSON-2130079956-project-member] new path /v2/images/1c2ddce0-fcbc-426f-b136-8f926600ac22 {{(pid=99705) process_request /opt/stack/glance/glance/api/middleware/version_negotiation.py:70}}
Aug 19 14:53:01.017066 np0000007778 devstack@g-api.service[99705]: [pid: 99705|app: 0|req: 91/271] 127.0.0.1 () {40 vars in 834 bytes} [Wed Aug 19 14:53:00 2026] GET /v2/images/1c2ddce0-fcbc-426f-b136-8f926600ac22 => generated 1469 bytes in 30 msecs (HTTP/1.1 200) 4 headers in 158 bytes (1 switches on core 0)
Aug 19 14:53:01.019478 np0000007778 devstack@g-api.service[99703]: DEBUG glance.api.middleware.version_negotiation [None req-8bef3896-3a0d-44fd-98ce-d6edac74ef73 tempest-AttachVolumeShelveTestJSON-2130079956 tempest-AttachVolumeShelveTestJSON-2130079956-project-member] Determining version of request: GET /v2/images/515c31c6-6f04-4659-bc0a-1fcf56936ea7 Accept: */* {{(pid=99703) process_request /opt/stack/glance/glance/api/middleware/version_negotiation.py:44}}
Aug 19 14:53:01.019717 np0000007778 devstack@g-api.service[99703]: DEBUG glance.api.middleware.version_negotiation [None req-8bef3896-3a0d-44fd-98ce-d6edac74ef73 tempest-AttachVolumeShelveTestJSON-2130079956 tempest-AttachVolumeShelveTestJSON-2130079956-project-member] Using url versioning {{(pid=99703) process_request /opt/stack/glance/glance/api/middleware/version_negotiation.py:57}}
Aug 19 14:53:01.019788 np0000007778 devstack@g-api.service[99703]: DEBUG glance.api.middleware.version_negotiation [None req-8bef3896-3a0d-44fd-98ce-d6edac74ef73 tempest-AttachVolumeShelveTestJSON-2130079956 tempest-AttachVolumeShelveTestJSON-2130079956-project-member] Matched version: v2 {{(pid=99703) process_request /opt/stack/glance/glance/api/middleware/version_negotiation.py:69}}
Aug 19 14:53:01.019894 np0000007778 devstack@g-api.service[99703]: DEBUG glance.api.middleware.version_negotiation [None req-8bef3896-3a0d-44fd-98ce-d6edac74ef73 tempest-AttachVolumeShelveTestJSON-2130079956 tempest-AttachVolumeShelveTestJSON-2130079956-project-member] new path /v2/images/515c31c6-6f04-4659-bc0a-1fcf56936ea7 {{(pid=99703) process_request /opt/stack/glance/glance/api/middleware/version_negotiation.py:70}}
Aug 19 14:53:01.043115 np0000007778 devstack@g-api.service[99703]: [pid: 99703|app: 0|req: 93/272] 127.0.0.1 () {44 vars in 1111 bytes} [Wed Aug 19 14:53:01 2026] GET /v2/images/515c31c6-6f04-4659-bc0a-1fcf56936ea7 => generated 1449 bytes in 24 msecs (HTTP/1.1 200) 4 headers in 158 bytes (1 switches on core 0)
Aug 19 14:53:01.106719 np0000007778 devstack@g-api.service[99705]: DEBUG glance.api.middleware.version_negotiation [None req-04c97325-88ff-4cda-8529-5af9213813dc tempest-ServerBootFromVolumeStableRescueTest-753361723 tempest-ServerBootFromVolumeStableRescueTest-753361723-project-member] Determining version of request: PUT /v2/images/515c31c6-6f04-4659-bc0a-1fcf56936ea7/file Accept: */* {{(pid=99705) process_request /opt/stack/glance/glance/api/middleware/version_negotiation.py:44}}
Aug 19 14:53:01.106719 np0000007778 devstack@g-api.service[99705]: DEBUG glance.api.middleware.version_negotiation [None req-04c97325-88ff-4cda-8529-5af9213813dc tempest-ServerBootFromVolumeStableRescueTest-753361723 tempest-ServerBootFromVolumeStableRescueTest-753361723-project-member] Using url versioning {{(pid=99705) process_request /opt/stack/glance/glance/api/middleware/version_negotiation.py:57}}
Aug 19 14:53:01.106719 np0000007778 devstack@g-api.service[99705]: DEBUG glance.api.middleware.version_negotiation [None req-04c97325-88ff-4cda-8529-5af9213813dc tempest-ServerBootFromVolumeStableRescueTest-753361723 tempest-ServerBootFromVolumeStableRescueTest-753361723-project-member] Matched version: v2 {{(pid=99705) process_request /opt/stack/glance/glance/api/middleware/version_negotiation.py:69}}
Aug 19 14:53:01.106719 np0000007778 devstack@g-api.service[99705]: DEBUG glance.api.middleware.version_negotiation [None req-04c97325-88ff-4cda-8529-5af9213813dc tempest-ServerBootFromVolumeStableRescueTest-753361723 tempest-ServerBootFromVolumeStableRescueTest-753361723-project-member] new path /v2/images/515c31c6-6f04-4659-bc0a-1fcf56936ea7/file {{(pid=99705) process_request /opt/stack/glance/glance/api/middleware/version_negotiation.py:70}}
Aug 19 14:53:01.575257 np0000007778 devstack@g-api.service[99704]: DEBUG glance.location [None req-b246dfb9-aec8-46d8-811d-cf38e21bcf52 tempest-ServerBootFromVolumeStableRescueTest-753361723 tempest-ServerBootFromVolumeStableRescueTest-753361723-project-member] Enabling in-flight format inspection for qcow2 {{(pid=99704) set_data /opt/stack/glance/glance/location.py:596}}
Aug 19 14:53:01.575257 np0000007778 devstack@g-api.service[99704]: DEBUG glance_store.backend [None req-b246dfb9-aec8-46d8-811d-cf38e21bcf52 tempest-ServerBootFromVolumeStableRescueTest-753361723 tempest-ServerBootFromVolumeStableRescueTest-753361723-project-member] Attempting to import store swift {{(pid=99704) _load_store /opt/stack/data/venv/lib/python3.12/site-packages/glance_store/backend.py:215}}
Aug 19 14:53:01.576891 np0000007778 devstack@g-api.service[99704]: DEBUG glance_store.capabilities [None req-b246dfb9-aec8-46d8-811d-cf38e21bcf52 tempest-ServerBootFromVolumeStableRescueTest-753361723 tempest-ServerBootFromVolumeStableRescueTest-753361723-project-member] Store glance_store._drivers.swift.store.SingleTenantStore doesn't support updating dynamic storage capabilities. Please overwrite 'update_capabilities' method of the store to implement updating logics if needed. {{(pid=99704) update_capabilities /opt/stack/data/venv/lib/python3.12/site-packages/glance_store/capabilities.py:91}}
Aug 19 14:53:01.577032 np0000007778 devstack@g-api.service[99704]: DEBUG glance_store.driver [None req-b246dfb9-aec8-46d8-811d-cf38e21bcf52 tempest-ServerBootFromVolumeStableRescueTest-753361723 tempest-ServerBootFromVolumeStableRescueTest-753361723-project-member] Late loading location class glance_store._drivers.swift.store.StoreLocation {{(pid=99704) get_store_location_class /opt/stack/data/venv/lib/python3.12/site-packages/glance_store/driver.py:134}}
Aug 19 14:53:01.577083 np0000007778 devstack@g-api.service[99704]: DEBUG glance_store.location [None req-b246dfb9-aec8-46d8-811d-cf38e21bcf52 tempest-ServerBootFromVolumeStableRescueTest-753361723 tempest-ServerBootFromVolumeStableRescueTest-753361723-project-member] Registering scheme swift+https with {'store': , 'location_class': , 'store_entry': 'swift'} {{(pid=99704) register_scheme_map /opt/stack/data/venv/lib/python3.12/site-packages/glance_store/location.py:146}}
Aug 19 14:53:01.577183 np0000007778 devstack@g-api.service[99704]: DEBUG glance_store.location [None req-b246dfb9-aec8-46d8-811d-cf38e21bcf52 tempest-ServerBootFromVolumeStableRescueTest-753361723 tempest-ServerBootFromVolumeStableRescueTest-753361723-project-member] Registering scheme swift+https with {'store': , 'location_class': , 'store_entry': 'swift'} {{(pid=99704) register_scheme_map /opt/stack/data/venv/lib/python3.12/site-packages/glance_store/location.py:146}}
Aug 19 14:53:01.577275 np0000007778 devstack@g-api.service[99704]: DEBUG glance_store.location [None req-b246dfb9-aec8-46d8-811d-cf38e21bcf52 tempest-ServerBootFromVolumeStableRescueTest-753361723 tempest-ServerBootFromVolumeStableRescueTest-753361723-project-member] Registering scheme swift with {'store': , 'location_class': , 'store_entry': 'swift'} {{(pid=99704) register_scheme_map /opt/stack/data/venv/lib/python3.12/site-packages/glance_store/location.py:146}}
Aug 19 14:53:01.577365 np0000007778 devstack@g-api.service[99704]: DEBUG glance_store.location [None req-b246dfb9-aec8-46d8-811d-cf38e21bcf52 tempest-ServerBootFromVolumeStableRescueTest-753361723 tempest-ServerBootFromVolumeStableRescueTest-753361723-project-member] Registering scheme swift+https with {'store': , 'location_class': , 'store_entry': 'swift'} {{(pid=99704) register_scheme_map /opt/stack/data/venv/lib/python3.12/site-packages/glance_store/location.py:146}}
Aug 19 14:53:01.577448 np0000007778 devstack@g-api.service[99704]: DEBUG glance_store.location [None req-b246dfb9-aec8-46d8-811d-cf38e21bcf52 tempest-ServerBootFromVolumeStableRescueTest-753361723 tempest-ServerBootFromVolumeStableRescueTest-753361723-project-member] Registering scheme swift with {'store': , 'location_class': , 'store_entry': 'swift'} {{(pid=99704) register_scheme_map /opt/stack/data/venv/lib/python3.12/site-packages/glance_store/location.py:146}}
Aug 19 14:53:01.577537 np0000007778 devstack@g-api.service[99704]: DEBUG glance_store.location [None req-b246dfb9-aec8-46d8-811d-cf38e21bcf52 tempest-ServerBootFromVolumeStableRescueTest-753361723 tempest-ServerBootFromVolumeStableRescueTest-753361723-project-member] Registering scheme swift+http with {'store': , 'location_class': , 'store_entry': 'swift'} {{(pid=99704) register_scheme_map /opt/stack/data/venv/lib/python3.12/site-packages/glance_store/location.py:146}}
Aug 19 14:53:01.577621 np0000007778 devstack@g-api.service[99704]: DEBUG glance_store.location [None req-b246dfb9-aec8-46d8-811d-cf38e21bcf52 tempest-ServerBootFromVolumeStableRescueTest-753361723 tempest-ServerBootFromVolumeStableRescueTest-753361723-project-member] Registering scheme swift+https with {'store': , 'location_class': , 'store_entry': 'swift'} {{(pid=99704) register_scheme_map /opt/stack/data/venv/lib/python3.12/site-packages/glance_store/location.py:146}}
Aug 19 14:53:01.577688 np0000007778 devstack@g-api.service[99704]: DEBUG glance_store.location [None req-b246dfb9-aec8-46d8-811d-cf38e21bcf52 tempest-ServerBootFromVolumeStableRescueTest-753361723 tempest-ServerBootFromVolumeStableRescueTest-753361723-project-member] Registering scheme swift with {'store': , 'location_class': , 'store_entry': 'swift'} {{(pid=99704) register_scheme_map /opt/stack/data/venv/lib/python3.12/site-packages/glance_store/location.py:146}}
Aug 19 14:53:01.579088 np0000007778 devstack@g-api.service[99704]: DEBUG glance_store.location [None req-b246dfb9-aec8-46d8-811d-cf38e21bcf52 tempest-ServerBootFromVolumeStableRescueTest-753361723 tempest-ServerBootFromVolumeStableRescueTest-753361723-project-member] Registering scheme swift+http with {'store': , 'location_class': , 'store_entry': 'swift'} {{(pid=99704) register_scheme_map /opt/stack/data/venv/lib/python3.12/site-packages/glance_store/location.py:146}}
Aug 19 14:53:01.579088 np0000007778 devstack@g-api.service[99704]: DEBUG glance_store.location [None req-b246dfb9-aec8-46d8-811d-cf38e21bcf52 tempest-ServerBootFromVolumeStableRescueTest-753361723 tempest-ServerBootFromVolumeStableRescueTest-753361723-project-member] Registering scheme swift+config with {'store': , 'location_class': , 'store_entry': 'swift'} {{(pid=99704) register_scheme_map /opt/stack/data/venv/lib/python3.12/site-packages/glance_store/location.py:146}}
Aug 19 14:53:01.699376 np0000007778 devstack@g-api.service[99705]: INFO glance.api.v2.image_data [None req-8bef3896-3a0d-44fd-98ce-d6edac74ef73 tempest-AttachVolumeShelveTestJSON-2130079956 tempest-AttachVolumeShelveTestJSON-2130079956-project-member] Unable to create trust: no such option collect_timing in group [keystone_authtoken] Use the existing user token.
Aug 19 14:53:01.820618 np0000007778 devstack@g-api.service[99704]: DEBUG swiftclient [None req-b246dfb9-aec8-46d8-811d-cf38e21bcf52 tempest-ServerBootFromVolumeStableRescueTest-753361723 tempest-ServerBootFromVolumeStableRescueTest-753361723-project-member] REQ: curl -i https://10.4.3.88:8080/v1/AUTH_aa3d6e6e73e84b5eaafdb4adfddaa43f/glance -I -H "X-Auth-Token: gAAAAABqhcNNN-vW..." {{(pid=99704) http_log /opt/stack/data/venv/lib/python3.12/site-packages/swiftclient/client.py:160}}
Aug 19 14:53:01.820836 np0000007778 devstack@g-api.service[99704]: DEBUG swiftclient [None req-b246dfb9-aec8-46d8-811d-cf38e21bcf52 tempest-ServerBootFromVolumeStableRescueTest-753361723 tempest-ServerBootFromVolumeStableRescueTest-753361723-project-member] RESP STATUS: 204 No Content {{(pid=99704) http_log /opt/stack/data/venv/lib/python3.12/site-packages/swiftclient/client.py:161}}
Aug 19 14:53:01.821032 np0000007778 devstack@g-api.service[99704]: DEBUG swiftclient [None req-b246dfb9-aec8-46d8-811d-cf38e21bcf52 tempest-ServerBootFromVolumeStableRescueTest-753361723 tempest-ServerBootFromVolumeStableRescueTest-753361723-project-member] RESP HEADERS: {'Date': 'Wed, 19 Aug 2026 14:53:01 GMT', 'Server': 'Apache/2.4.58 (Ubuntu)', 'Content-Type': 'text/plain; charset=utf-8', 'X-Container-Object-Count': '5', 'X-Container-Bytes-Used': '87883776', 'X-Timestamp': '1787150765.04492', 'Last-Modified': 'Wed, 19 Aug 2026 14:46:06 GMT', 'Accept-Ranges': 'bytes', 'X-Storage-Policy': 'Policy-0', 'X-Container-Sharding': 'False', 'Vary': 'Accept', 'X-Trans-Id': 'tx481aeda701fb43b485235-006a85c34d', 'X-Openstack-Request-Id': 'tx481aeda701fb43b485235-006a85c34d', 'Connection': 'close'} {{(pid=99704) http_log /opt/stack/data/venv/lib/python3.12/site-packages/swiftclient/client.py:162}}
Aug 19 14:53:01.821281 np0000007778 devstack@g-api.service[99704]: DEBUG glance_store._drivers.swift.store [None req-b246dfb9-aec8-46d8-811d-cf38e21bcf52 tempest-ServerBootFromVolumeStableRescueTest-753361723 tempest-ServerBootFromVolumeStableRescueTest-753361723-project-member] Adding image object '1c2ddce0-fcbc-426f-b136-8f926600ac22' to Swift {{(pid=99704) add /opt/stack/data/venv/lib/python3.12/site-packages/glance_store/_drivers/swift/store.py:970}}
Aug 19 14:53:01.821369 np0000007778 devstack@g-api.service[99704]: DEBUG glance_store._drivers.swift.store [None req-b246dfb9-aec8-46d8-811d-cf38e21bcf52 tempest-ServerBootFromVolumeStableRescueTest-753361723 tempest-ServerBootFromVolumeStableRescueTest-753361723-project-member] Cannot determine image size because it is either not provided in the request or chunked-transfer encoding is used. Adding image as a segmented object to Swift. {{(pid=99704) add /opt/stack/data/venv/lib/python3.12/site-packages/glance_store/_drivers/swift/store.py:994}}
Aug 19 14:53:01.829599 np0000007778 devstack@g-api.service[99704]: DEBUG oslo_utils.imageutils.format_inspector [None req-b246dfb9-aec8-46d8-811d-cf38e21bcf52 tempest-ServerBootFromVolumeStableRescueTest-753361723 tempest-ServerBootFromVolumeStableRescueTest-753361723-project-member] Format inspector for vmdk does not match, excluding from consideration (Signature KDMV not found: b'QFI\xfb') {{(pid=99704) _process_chunk /opt/stack/data/venv/lib/python3.12/site-packages/oslo_utils/imageutils/format_inspector.py:1758}}
Aug 19 14:53:01.834273 np0000007778 devstack@g-api.service[99704]: DEBUG oslo_utils.imageutils.format_inspector [None req-b246dfb9-aec8-46d8-811d-cf38e21bcf52 tempest-ServerBootFromVolumeStableRescueTest-753361723 tempest-ServerBootFromVolumeStableRescueTest-753361723-project-member] Format inspector for vhdx does not match, excluding from consideration (Region signature not found at 30000) {{(pid=99704) _process_chunk /opt/stack/data/venv/lib/python3.12/site-packages/oslo_utils/imageutils/format_inspector.py:1758}}
Aug 19 14:53:02.028389 np0000007778 devstack@g-api.service[99703]: DEBUG glance.api.middleware.version_negotiation [None req-8bef3896-3a0d-44fd-98ce-d6edac74ef73 tempest-AttachVolumeShelveTestJSON-2130079956 tempest-AttachVolumeShelveTestJSON-2130079956-project-member] Determining version of request: GET /v2/images/1c2ddce0-fcbc-426f-b136-8f926600ac22 Accept: application/json {{(pid=99703) process_request /opt/stack/glance/glance/api/middleware/version_negotiation.py:44}}
Aug 19 14:53:02.028835 np0000007778 devstack@g-api.service[99703]: DEBUG glance.api.middleware.version_negotiation [None req-8bef3896-3a0d-44fd-98ce-d6edac74ef73 tempest-AttachVolumeShelveTestJSON-2130079956 tempest-AttachVolumeShelveTestJSON-2130079956-project-member] Using url versioning {{(pid=99703) process_request /opt/stack/glance/glance/api/middleware/version_negotiation.py:57}}
Aug 19 14:53:02.028835 np0000007778 devstack@g-api.service[99703]: DEBUG glance.api.middleware.version_negotiation [None req-8bef3896-3a0d-44fd-98ce-d6edac74ef73 tempest-AttachVolumeShelveTestJSON-2130079956 tempest-AttachVolumeShelveTestJSON-2130079956-project-member] Matched version: v2 {{(pid=99703) process_request /opt/stack/glance/glance/api/middleware/version_negotiation.py:69}}
Aug 19 14:53:02.028954 np0000007778 devstack@g-api.service[99703]: DEBUG glance.api.middleware.version_negotiation [None req-8bef3896-3a0d-44fd-98ce-d6edac74ef73 tempest-AttachVolumeShelveTestJSON-2130079956 tempest-AttachVolumeShelveTestJSON-2130079956-project-member] new path /v2/images/1c2ddce0-fcbc-426f-b136-8f926600ac22 {{(pid=99703) process_request /opt/stack/glance/glance/api/middleware/version_negotiation.py:70}}
Aug 19 14:53:02.053171 np0000007778 devstack@g-api.service[99703]: [pid: 99703|app: 0|req: 94/273] 127.0.0.1 () {40 vars in 834 bytes} [Wed Aug 19 14:53:02 2026] GET /v2/images/1c2ddce0-fcbc-426f-b136-8f926600ac22 => generated 1469 bytes in 25 msecs (HTTP/1.1 200) 4 headers in 158 bytes (1 switches on core 0)
Aug 19 14:53:02.170610 np0000007778 devstack@g-api.service[99704]: DEBUG swiftclient [None req-b246dfb9-aec8-46d8-811d-cf38e21bcf52 tempest-ServerBootFromVolumeStableRescueTest-753361723 tempest-ServerBootFromVolumeStableRescueTest-753361723-project-member] REQ: curl -i https://10.4.3.88:8080/v1/AUTH_aa3d6e6e73e84b5eaafdb4adfddaa43f/glance/1c2ddce0-fcbc-426f-b136-8f926600ac22-00001 -X PUT -H "X-Auth-Token: gAAAAABqhcNNN-vW..." {{(pid=99704) http_log /opt/stack/data/venv/lib/python3.12/site-packages/swiftclient/client.py:160}}
Aug 19 14:53:02.171346 np0000007778 devstack@g-api.service[99704]: DEBUG swiftclient [None req-b246dfb9-aec8-46d8-811d-cf38e21bcf52 tempest-ServerBootFromVolumeStableRescueTest-753361723 tempest-ServerBootFromVolumeStableRescueTest-753361723-project-member] RESP STATUS: 201 Created {{(pid=99704) http_log /opt/stack/data/venv/lib/python3.12/site-packages/swiftclient/client.py:161}}
Aug 19 14:53:02.171346 np0000007778 devstack@g-api.service[99704]: DEBUG swiftclient [None req-b246dfb9-aec8-46d8-811d-cf38e21bcf52 tempest-ServerBootFromVolumeStableRescueTest-753361723 tempest-ServerBootFromVolumeStableRescueTest-753361723-project-member] RESP HEADERS: {'Date': 'Wed, 19 Aug 2026 14:53:02 GMT', 'Server': 'Apache/2.4.58 (Ubuntu)', 'Content-Type': 'text/html; charset=UTF-8', 'Content-Length': '0', 'Etag': '4fa343ee581d8d2e78533191fd1ac3e1', 'Last-Modified': 'Wed, 19 Aug 2026 14:53:02 GMT', 'X-Trans-Id': 'tx0baa46244865443bb5297-006a85c34d', 'X-Openstack-Request-Id': 'tx0baa46244865443bb5297-006a85c34d', 'Connection': 'close'} {{(pid=99704) http_log /opt/stack/data/venv/lib/python3.12/site-packages/swiftclient/client.py:162}}
Aug 19 14:53:02.171346 np0000007778 devstack@g-api.service[99704]: DEBUG glance_store._drivers.swift.store [None req-b246dfb9-aec8-46d8-811d-cf38e21bcf52 tempest-ServerBootFromVolumeStableRescueTest-753361723 tempest-ServerBootFromVolumeStableRescueTest-753361723-project-member] Wrote chunk 1c2ddce0-fcbc-426f-b136-8f926600ac22-00001 (1/?) of length 23527424 to Swift returning MD5 of content: 4fa343ee581d8d2e78533191fd1ac3e1 {{(pid=99704) add /opt/stack/data/venv/lib/python3.12/site-packages/glance_store/_drivers/swift/store.py:1059}}
Aug 19 14:53:02.171617 np0000007778 devstack@g-api.service[99704]: DEBUG glance_store._drivers.swift.store [None req-b246dfb9-aec8-46d8-811d-cf38e21bcf52 tempest-ServerBootFromVolumeStableRescueTest-753361723 tempest-ServerBootFromVolumeStableRescueTest-753361723-project-member] Not writing zero-length chunk. {{(pid=99704) add /opt/stack/data/venv/lib/python3.12/site-packages/glance_store/_drivers/swift/store.py:1028}}
Aug 19 14:53:02.211898 np0000007778 devstack@g-api.service[99704]: DEBUG swiftclient [None req-b246dfb9-aec8-46d8-811d-cf38e21bcf52 tempest-ServerBootFromVolumeStableRescueTest-753361723 tempest-ServerBootFromVolumeStableRescueTest-753361723-project-member] REQ: curl -i https://10.4.3.88:8080/v1/AUTH_aa3d6e6e73e84b5eaafdb4adfddaa43f/glance/1c2ddce0-fcbc-426f-b136-8f926600ac22 -X PUT -H "X-Object-Manifest: glance/1c2ddce0-fcbc-426f-b136-8f926600ac22-" -H "X-Auth-Token: gAAAAABqhcNNN-vW..." -H "Content-Length: 0" {{(pid=99704) http_log /opt/stack/data/venv/lib/python3.12/site-packages/swiftclient/client.py:160}}
Aug 19 14:53:02.211981 np0000007778 devstack@g-api.service[99704]: DEBUG swiftclient [None req-b246dfb9-aec8-46d8-811d-cf38e21bcf52 tempest-ServerBootFromVolumeStableRescueTest-753361723 tempest-ServerBootFromVolumeStableRescueTest-753361723-project-member] RESP STATUS: 201 Created {{(pid=99704) http_log /opt/stack/data/venv/lib/python3.12/site-packages/swiftclient/client.py:161}}
Aug 19 14:53:02.212274 np0000007778 devstack@g-api.service[99704]: DEBUG swiftclient [None req-b246dfb9-aec8-46d8-811d-cf38e21bcf52 tempest-ServerBootFromVolumeStableRescueTest-753361723 tempest-ServerBootFromVolumeStableRescueTest-753361723-project-member] RESP HEADERS: {'Date': 'Wed, 19 Aug 2026 14:53:02 GMT', 'Server': 'Apache/2.4.58 (Ubuntu)', 'Content-Type': 'text/html; charset=UTF-8', 'Content-Length': '0', 'Etag': 'd41d8cd98f00b204e9800998ecf8427e', 'Last-Modified': 'Wed, 19 Aug 2026 14:53:03 GMT', 'X-Trans-Id': 'tx35577677260f4a87b6743-006a85c34e', 'X-Openstack-Request-Id': 'tx35577677260f4a87b6743-006a85c34e', 'Connection': 'close'} {{(pid=99704) http_log /opt/stack/data/venv/lib/python3.12/site-packages/swiftclient/client.py:162}}
Aug 19 14:53:02.213096 np0000007778 devstack@g-api.service[99704]: INFO glance.location [None req-b246dfb9-aec8-46d8-811d-cf38e21bcf52 tempest-ServerBootFromVolumeStableRescueTest-753361723 tempest-ServerBootFromVolumeStableRescueTest-753361723-project-member] Image format matched and virtual size computed: 1073741824
Aug 19 14:53:02.275955 np0000007778 devstack@g-api.service[99704]: DEBUG glance_store.backend [None req-b246dfb9-aec8-46d8-811d-cf38e21bcf52 tempest-ServerBootFromVolumeStableRescueTest-753361723 tempest-ServerBootFromVolumeStableRescueTest-753361723-project-member] Attempting to import store swift {{(pid=99704) _load_store /opt/stack/data/venv/lib/python3.12/site-packages/glance_store/backend.py:215}}
