Aug 19 14:45:57.826221 np0000007778 devstack@g-api.service[99705]: DEBUG glance_store.backend [-] Registering store swift with schemes ('swift+https', 'swift', 'swift+http', 'swift+config') {{(pid=99705) create_stores /opt/stack/data/venv/lib/python3.12/site-packages/glance_store/backend.py:261}}
Aug 19 14:45:57.826303 np0000007778 devstack@g-api.service[99705]: DEBUG glance_store.driver [-] Late loading location class glance_store._drivers.swift.store.StoreLocation {{(pid=99705) get_store_location_class /opt/stack/data/venv/lib/python3.12/site-packages/glance_store/driver.py:134}}
Aug 19 14:45:57.826383 np0000007778 devstack@g-api.service[99705]: DEBUG glance_store.location [-] Registering scheme swift+https with {'store': , 'location_class': , 'store_entry': 'swift'} {{(pid=99705) register_scheme_map /opt/stack/data/venv/lib/python3.12/site-packages/glance_store/location.py:146}}
Aug 19 14:45:57.826470 np0000007778 devstack@g-api.service[99705]: DEBUG glance_store.location [-] Registering scheme swift with {'store': , 'location_class': , 'store_entry': 'swift'} {{(pid=99705) register_scheme_map /opt/stack/data/venv/lib/python3.12/site-packages/glance_store/location.py:146}}
Aug 19 14:45:57.826543 np0000007778 devstack@g-api.service[99705]: DEBUG glance_store.location [-] Registering scheme swift+http with {'store': , 'location_class': , 'store_entry': 'swift'} {{(pid=99705) register_scheme_map /opt/stack/data/venv/lib/python3.12/site-packages/glance_store/location.py:146}}
Aug 19 14:45:57.826590 np0000007778 devstack@g-api.service[99705]: DEBUG glance_store.location [-] Registering scheme swift+config with {'store': , 'location_class': , 'store_entry': 'swift'} {{(pid=99705) register_scheme_map /opt/stack/data/venv/lib/python3.12/site-packages/glance_store/location.py:146}}
Aug 19 14:45:57.826628 np0000007778 devstack@g-api.service[99705]: DEBUG glance_store.backend [-] Attempting to import store http {{(pid=99705) _load_store /opt/stack/data/venv/lib/python3.12/site-packages/glance_store/backend.py:215}}
Aug 19 14:45:57.826797 np0000007778 devstack@g-api.service[99705]: DEBUG glance_store.capabilities [-] Store glance_store._drivers.http.Store doesn't support updating dynamic storage capabilities. Please overwrite 'update_capabilities' method of the store to implement updating logics if needed. {{(pid=99705) update_capabilities /opt/stack/data/venv/lib/python3.12/site-packages/glance_store/capabilities.py:91}}
Aug 19 14:45:57.826844 np0000007778 devstack@g-api.service[99705]: DEBUG glance_store.backend [-] Registering store http with schemes ('http', 'https') {{(pid=99705) create_stores /opt/stack/data/venv/lib/python3.12/site-packages/glance_store/backend.py:261}}
Aug 19 14:45:57.826929 np0000007778 devstack@g-api.service[99705]: DEBUG glance_store.driver [-] Late loading location class glance_store._drivers.http.StoreLocation {{(pid=99705) get_store_location_class /opt/stack/data/venv/lib/python3.12/site-packages/glance_store/driver.py:134}}
Aug 19 14:45:57.827002 np0000007778 devstack@g-api.service[99705]: DEBUG glance_store.location [-] Registering scheme http with {'store': , 'location_class': , 'store_entry': 'http'} {{(pid=99705) register_scheme_map /opt/stack/data/venv/lib/python3.12/site-packages/glance_store/location.py:146}}
Aug 19 14:45:57.827077 np0000007778 devstack@g-api.service[99705]: DEBUG glance_store.location [-] Registering scheme https with {'store': , 'location_class': , 'store_entry': 'http'} {{(pid=99705) register_scheme_map /opt/stack/data/venv/lib/python3.12/site-packages/glance_store/location.py:146}}
Aug 19 14:45:57.827206 np0000007778 devstack@g-api.service[99705]: DEBUG glance_store.backend [-] Attempting to import store swift {{(pid=99705) _load_store /opt/stack/data/venv/lib/python3.12/site-packages/glance_store/backend.py:215}}
Aug 19 14:45:57.828512 np0000007778 devstack@g-api.service[99705]: DEBUG glance_store.capabilities [-] Store glance_store._drivers.swift.store.SingleTenantStore doesn't support updating dynamic storage capabilities. Please overwrite 'update_capabilities' method of the store to implement updating logics if needed. {{(pid=99705) update_capabilities /opt/stack/data/venv/lib/python3.12/site-packages/glance_store/capabilities.py:91}}
Aug 19 14:45:57.828574 np0000007778 devstack@g-api.service[99705]: DEBUG glance_store.driver [-] Late loading location class glance_store._drivers.swift.store.StoreLocation {{(pid=99705) get_store_location_class /opt/stack/data/venv/lib/python3.12/site-packages/glance_store/driver.py:134}}
Aug 19 14:45:57.828657 np0000007778 devstack@g-api.service[99705]: DEBUG glance_store.location [-] Registering scheme swift+https with {'store': , 'location_class': , 'store_entry': 'swift'} {{(pid=99705) register_scheme_map /opt/stack/data/venv/lib/python3.12/site-packages/glance_store/location.py:146}}
Aug 19 14:45:57.828748 np0000007778 devstack@g-api.service[99705]: DEBUG glance_store.location [-] Registering scheme swift+https with {'store': , 'location_class': , 'store_entry': 'swift'} {{(pid=99705) register_scheme_map /opt/stack/data/venv/lib/python3.12/site-packages/glance_store/location.py:146}}
Aug 19 14:45:57.828818 np0000007778 devstack@g-api.service[99705]: DEBUG glance_store.location [-] Registering scheme swift with {'store': , 'location_class': , 'store_entry': 'swift'} {{(pid=99705) register_scheme_map /opt/stack/data/venv/lib/python3.12/site-packages/glance_store/location.py:146}}
Aug 19 14:45:57.828818 np0000007778 devstack@g-api.service[99705]: DEBUG glance_store.location [-] Registering scheme swift+https with {'store': , 'location_class': , 'store_entry': 'swift'} {{(pid=99705) register_scheme_map /opt/stack/data/venv/lib/python3.12/site-packages/glance_store/location.py:146}}
Aug 19 14:45:57.828971 np0000007778 devstack@g-api.service[99705]: DEBUG glance_store.location [-] Registering scheme swift with {'store': , 'location_class': , 'store_entry': 'swift'} {{(pid=99705) register_scheme_map /opt/stack/data/venv/lib/python3.12/site-packages/glance_store/location.py:146}}
Aug 19 14:45:57.828971 np0000007778 devstack@g-api.service[99705]: DEBUG glance_store.location [-] Registering scheme swift+http with {'store': , 'location_class': , 'store_entry': 'swift'} {{(pid=99705) register_scheme_map /opt/stack/data/venv/lib/python3.12/site-packages/glance_store/location.py:146}}
Aug 19 14:45:57.829057 np0000007778 devstack@g-api.service[99705]: DEBUG glance_store.location [-] Registering scheme swift+https with {'store': , 'location_class': , 'store_entry': 'swift'} {{(pid=99705) register_scheme_map /opt/stack/data/venv/lib/python3.12/site-packages/glance_store/location.py:146}}
Aug 19 14:45:57.829098 np0000007778 devstack@g-api.service[99705]: DEBUG glance_store.location [-] Registering scheme swift with {'store': , 'location_class': , 'store_entry': 'swift'} {{(pid=99705) register_scheme_map /opt/stack/data/venv/lib/python3.12/site-packages/glance_store/location.py:146}}
Aug 19 14:45:57.829223 np0000007778 devstack@g-api.service[99705]: DEBUG glance_store.location [-] Registering scheme swift+http with {'store': , 'location_class': , 'store_entry': 'swift'} {{(pid=99705) register_scheme_map /opt/stack/data/venv/lib/python3.12/site-packages/glance_store/location.py:146}}
Aug 19 14:45:57.829223 np0000007778 devstack@g-api.service[99705]: DEBUG glance_store.location [-] Registering scheme swift+config with {'store': , 'location_class': , 'store_entry': 'swift'} {{(pid=99705) register_scheme_map /opt/stack/data/venv/lib/python3.12/site-packages/glance_store/location.py:146}}
Aug 19 14:45:57.829484 np0000007778 devstack@g-api.service[99705]: DEBUG glance.sqlite_migration [-] SQLite caching database not located, skipping migration {{(pid=99705) get_db_path /opt/stack/glance/glance/sqlite_migration.py:68}}
Aug 19 14:45:57.829686 np0000007778 devstack@g-api.service[99705]: WARNING glance.common.wsgi_app [-] Import methods are enabled but staging directory /tmp/staging/ does not exist; Imports will fail!
Aug 19 14:45:57.945788 np0000007778 devstack@g-api.service[99704]: DEBUG glance.common.config [None req-d74a2529-3f9a-462d-b3e2-bdb34ed21c40 None None] Loading glance-api-keystone+cachemanagement from /etc/glance/glance-api-paste.ini {{(pid=99704) load_paste_app /opt/stack/glance/glance/common/config.py:772}}
Aug 19 14:45:57.952024 np0000007778 devstack@g-api.service[99703]: DEBUG glance.common.config [None req-7a4a86c8-0ef4-4be8-b9f8-4f229aaf583a None None] Loading glance-api-keystone+cachemanagement from /etc/glance/glance-api-paste.ini {{(pid=99703) load_paste_app /opt/stack/glance/glance/common/config.py:772}}
Aug 19 14:45:57.979244 np0000007778 devstack@g-api.service[99705]: DEBUG glance.common.config [None req-60653cb0-d5f6-436d-9233-bf11021f0b7b None None] Loading glance-api-keystone+cachemanagement from /etc/glance/glance-api-paste.ini {{(pid=99705) load_paste_app /opt/stack/glance/glance/common/config.py:772}}
Aug 19 14:45:58.564132 np0000007778 devstack@g-api.service[99705]: INFO glance.image_cache [None req-60653cb0-d5f6-436d-9233-bf11021f0b7b None None] Image cache loaded driver 'centralized_db'.
Aug 19 14:45:58.564697 np0000007778 devstack@g-api.service[99704]: INFO glance.image_cache [None req-d74a2529-3f9a-462d-b3e2-bdb34ed21c40 None None] Image cache loaded driver 'centralized_db'.
Aug 19 14:45:58.565360 np0000007778 devstack@g-api.service[99703]: INFO glance.image_cache [None req-7a4a86c8-0ef4-4be8-b9f8-4f229aaf583a None None] Image cache loaded driver 'centralized_db'.
Aug 19 14:45:58.611337 np0000007778 devstack@g-api.service[99704]: INFO dbcounter [None req-d74a2529-3f9a-462d-b3e2-bdb34ed21c40 None None] Registered counter for database glance
Aug 19 14:45:58.611483 np0000007778 devstack@g-api.service[99703]: INFO dbcounter [None req-7a4a86c8-0ef4-4be8-b9f8-4f229aaf583a None None] Registered counter for database glance
Aug 19 14:45:58.615558 np0000007778 devstack@g-api.service[99705]: INFO dbcounter [None req-60653cb0-d5f6-436d-9233-bf11021f0b7b None None] Registered counter for database glance
Aug 19 14:45:58.651209 np0000007778 devstack@g-api.service[99704]: DEBUG oslo_db.sqlalchemy.engines [None req-d74a2529-3f9a-462d-b3e2-bdb34ed21c40 None None] MySQL server mode set to STRICT_TRANS_TABLES,STRICT_ALL_TABLES,NO_ZERO_IN_DATE,NO_ZERO_DATE,ERROR_FOR_DIVISION_BY_ZERO,TRADITIONAL,NO_ENGINE_SUBSTITUTION {{(pid=99704) _check_effective_sql_mode /opt/stack/data/venv/lib/python3.12/site-packages/oslo_db/sqlalchemy/engines.py:325}}
Aug 19 14:45:58.654695 np0000007778 devstack@g-api.service[99703]: DEBUG oslo_db.sqlalchemy.engines [None req-7a4a86c8-0ef4-4be8-b9f8-4f229aaf583a None None] MySQL server mode set to STRICT_TRANS_TABLES,STRICT_ALL_TABLES,NO_ZERO_IN_DATE,NO_ZERO_DATE,ERROR_FOR_DIVISION_BY_ZERO,TRADITIONAL,NO_ENGINE_SUBSTITUTION {{(pid=99703) _check_effective_sql_mode /opt/stack/data/venv/lib/python3.12/site-packages/oslo_db/sqlalchemy/engines.py:325}}
Aug 19 14:45:58.658472 np0000007778 devstack@g-api.service[99705]: DEBUG oslo_db.sqlalchemy.engines [None req-60653cb0-d5f6-436d-9233-bf11021f0b7b None None] MySQL server mode set to STRICT_TRANS_TABLES,STRICT_ALL_TABLES,NO_ZERO_IN_DATE,NO_ZERO_DATE,ERROR_FOR_DIVISION_BY_ZERO,TRADITIONAL,NO_ENGINE_SUBSTITUTION {{(pid=99705) _check_effective_sql_mode /opt/stack/data/venv/lib/python3.12/site-packages/oslo_db/sqlalchemy/engines.py:325}}
Aug 19 14:45:58.671961 np0000007778 devstack@g-api.service[99704]: DEBUG dbcounter [-] [99704] Writer thread running {{(pid=99704) stat_writer /opt/stack/data/venv/lib/python3.12/site-packages/dbcounter.py:102}}
Aug 19 14:45:58.675666 np0000007778 devstack@g-api.service[99703]: DEBUG dbcounter [-] [99703] Writer thread running {{(pid=99703) stat_writer /opt/stack/data/venv/lib/python3.12/site-packages/dbcounter.py:102}}
Aug 19 14:45:58.679361 np0000007778 devstack@g-api.service[99703]: DEBUG glance.image_cache.drivers.centralized_db [None req-7a4a86c8-0ef4-4be8-b9f8-4f229aaf583a None None] Node reference is already recorded, ignoring it {{(pid=99703) configure /opt/stack/glance/glance/image_cache/drivers/centralized_db.py:71}}
Aug 19 14:45:58.682732 np0000007778 devstack@g-api.service[99705]: DEBUG dbcounter [-] [99705] Writer thread running {{(pid=99705) stat_writer /opt/stack/data/venv/lib/python3.12/site-packages/dbcounter.py:102}}
Aug 19 14:45:58.685272 np0000007778 devstack@g-api.service[99704]: INFO glance.image_cache [None req-d74a2529-3f9a-462d-b3e2-bdb34ed21c40 None None] Image cache loaded driver 'centralized_db'.
Aug 19 14:45:58.685473 np0000007778 devstack@g-api.service[99703]: INFO glance.image_cache [None req-7a4a86c8-0ef4-4be8-b9f8-4f229aaf583a None None] Image cache loaded driver 'centralized_db'.
Aug 19 14:45:58.686403 np0000007778 devstack@g-api.service[99705]: DEBUG glance.image_cache.drivers.centralized_db [None req-60653cb0-d5f6-436d-9233-bf11021f0b7b None None] Node reference is already recorded, ignoring it {{(pid=99705) configure /opt/stack/glance/glance/image_cache/drivers/centralized_db.py:71}}
Aug 19 14:45:58.691753 np0000007778 devstack@g-api.service[99704]: DEBUG glance.image_cache.drivers.centralized_db [None req-d74a2529-3f9a-462d-b3e2-bdb34ed21c40 None None] Node reference is already recorded, ignoring it {{(pid=99704) configure /opt/stack/glance/glance/image_cache/drivers/centralized_db.py:71}}
Aug 19 14:45:58.691959 np0000007778 devstack@g-api.service[99703]: DEBUG glance.image_cache.drivers.centralized_db [None req-7a4a86c8-0ef4-4be8-b9f8-4f229aaf583a None None] Node reference is already recorded, ignoring it {{(pid=99703) configure /opt/stack/glance/glance/image_cache/drivers/centralized_db.py:71}}
Aug 19 14:45:58.692091 np0000007778 devstack@g-api.service[99705]: INFO glance.image_cache [None req-60653cb0-d5f6-436d-9233-bf11021f0b7b None None] Image cache loaded driver 'centralized_db'.
Aug 19 14:45:58.696174 np0000007778 devstack@g-api.service[99703]: DEBUG glance.api.v2.cached_images [None req-7a4a86c8-0ef4-4be8-b9f8-4f229aaf583a None None] Started cache worker thread {{(pid=99703) __init__ /opt/stack/glance/glance/api/v2/cached_images.py:71}}
Aug 19 14:45:58.696762 np0000007778 devstack@g-api.service[99703]: INFO glance.image_cache [None req-7a4a86c8-0ef4-4be8-b9f8-4f229aaf583a None None] Image cache loaded driver 'centralized_db'.
Aug 19 14:45:58.697552 np0000007778 devstack@g-api.service[99704]: DEBUG glance.api.v2.cached_images [None req-d74a2529-3f9a-462d-b3e2-bdb34ed21c40 None None] Started cache worker thread {{(pid=99704) __init__ /opt/stack/glance/glance/api/v2/cached_images.py:71}}
Aug 19 14:45:58.698386 np0000007778 devstack@g-api.service[99704]: INFO glance.image_cache [None req-d74a2529-3f9a-462d-b3e2-bdb34ed21c40 None None] Image cache loaded driver 'centralized_db'.
Aug 19 14:45:58.701625 np0000007778 devstack@g-api.service[99705]: DEBUG glance.image_cache.drivers.centralized_db [None req-60653cb0-d5f6-436d-9233-bf11021f0b7b None None] Node reference is already recorded, ignoring it {{(pid=99705) configure /opt/stack/glance/glance/image_cache/drivers/centralized_db.py:71}}
Aug 19 14:45:58.707617 np0000007778 devstack@g-api.service[99705]: DEBUG glance.api.v2.cached_images [None req-60653cb0-d5f6-436d-9233-bf11021f0b7b None None] Started cache worker thread {{(pid=99705) __init__ /opt/stack/glance/glance/api/v2/cached_images.py:71}}
Aug 19 14:45:58.708358 np0000007778 devstack@g-api.service[99705]: INFO glance.image_cache [None req-60653cb0-d5f6-436d-9233-bf11021f0b7b None None] Image cache loaded driver 'centralized_db'.
Aug 19 14:45:58.793923 np0000007778 devstack@g-api.service[99703]: DEBUG glance.image_cache.drivers.centralized_db [None req-7a4a86c8-0ef4-4be8-b9f8-4f229aaf583a None None] Node reference is already recorded, ignoring it {{(pid=99703) configure /opt/stack/glance/glance/image_cache/drivers/centralized_db.py:71}}
Aug 19 14:45:58.798388 np0000007778 devstack@g-api.service[99703]: INFO glance.api.middleware.cache_manage [None req-7a4a86c8-0ef4-4be8-b9f8-4f229aaf583a None None] Initialized image cache management middleware
Aug 19 14:45:58.798512 np0000007778 devstack@g-api.service[99703]: INFO glance.image_cache [None req-7a4a86c8-0ef4-4be8-b9f8-4f229aaf583a None None] Image cache loaded driver 'centralized_db'.
Aug 19 14:45:58.799051 np0000007778 devstack@g-api.service[99704]: DEBUG glance.image_cache.drivers.centralized_db [None req-d74a2529-3f9a-462d-b3e2-bdb34ed21c40 None None] Node reference is already recorded, ignoring it {{(pid=99704) configure /opt/stack/glance/glance/image_cache/drivers/centralized_db.py:71}}
Aug 19 14:45:58.804415 np0000007778 devstack@g-api.service[99703]: DEBUG glance.image_cache.drivers.centralized_db [None req-7a4a86c8-0ef4-4be8-b9f8-4f229aaf583a None None] Node reference is already recorded, ignoring it {{(pid=99703) configure /opt/stack/glance/glance/image_cache/drivers/centralized_db.py:71}}
Aug 19 14:45:58.804478 np0000007778 devstack@g-api.service[99705]: DEBUG glance.image_cache.drivers.centralized_db [None req-60653cb0-d5f6-436d-9233-bf11021f0b7b None None] Node reference is already recorded, ignoring it {{(pid=99705) configure /opt/stack/glance/glance/image_cache/drivers/centralized_db.py:71}}
Aug 19 14:45:58.806442 np0000007778 devstack@g-api.service[99704]: INFO glance.api.middleware.cache_manage [None req-d74a2529-3f9a-462d-b3e2-bdb34ed21c40 None None] Initialized image cache management middleware
Aug 19 14:45:58.806650 np0000007778 devstack@g-api.service[99704]: INFO glance.image_cache [None req-d74a2529-3f9a-462d-b3e2-bdb34ed21c40 None None] Image cache loaded driver 'centralized_db'.
Aug 19 14:45:58.807878 np0000007778 devstack@g-api.service[99703]: INFO glance.api.middleware.cache [None req-7a4a86c8-0ef4-4be8-b9f8-4f229aaf583a None None] Initialized image cache middleware
Aug 19 14:45:58.809244 np0000007778 devstack@g-api.service[99705]: INFO glance.api.middleware.cache_manage [None req-60653cb0-d5f6-436d-9233-bf11021f0b7b None None] Initialized image cache management middleware
Aug 19 14:45:58.809404 np0000007778 devstack@g-api.service[99705]: INFO glance.image_cache [None req-60653cb0-d5f6-436d-9233-bf11021f0b7b None None] Image cache loaded driver 'centralized_db'.
Aug 19 14:45:58.816622 np0000007778 devstack@g-api.service[99704]: DEBUG glance.image_cache.drivers.centralized_db [None req-d74a2529-3f9a-462d-b3e2-bdb34ed21c40 None None] Node reference is already recorded, ignoring it {{(pid=99704) configure /opt/stack/glance/glance/image_cache/drivers/centralized_db.py:71}}
Aug 19 14:45:58.816948 np0000007778 devstack@g-api.service[99705]: DEBUG glance.image_cache.drivers.centralized_db [None req-60653cb0-d5f6-436d-9233-bf11021f0b7b None None] Node reference is already recorded, ignoring it {{(pid=99705) configure /opt/stack/glance/glance/image_cache/drivers/centralized_db.py:71}}
Aug 19 14:45:58.818119 np0000007778 devstack@g-api.service[99703]: DEBUG glance.common.config [None req-7a4a86c8-0ef4-4be8-b9f8-4f229aaf583a None None] ******************************************************************************** {{(pid=99703) log_opt_values /opt/stack/data/venv/lib/python3.12/site-packages/oslo_config/cfg.py:3533}}
Aug 19 14:45:58.818238 np0000007778 devstack@g-api.service[99703]: DEBUG glance.common.config [None req-7a4a86c8-0ef4-4be8-b9f8-4f229aaf583a None None] Configuration options gathered from: {{(pid=99703) log_opt_values /opt/stack/data/venv/lib/python3.12/site-packages/oslo_config/cfg.py:3534}}
Aug 19 14:45:58.818619 np0000007778 devstack@g-api.service[99703]: DEBUG glance.common.config [None req-7a4a86c8-0ef4-4be8-b9f8-4f229aaf583a None None] command line args: [] {{(pid=99703) log_opt_values /opt/stack/data/venv/lib/python3.12/site-packages/oslo_config/cfg.py:3535}}
Aug 19 14:45:58.818737 np0000007778 devstack@g-api.service[99703]: DEBUG glance.common.config [None req-7a4a86c8-0ef4-4be8-b9f8-4f229aaf583a None None] config files: ['/etc/glance/glance-image-import.conf', '/etc/glance/glance-api.conf'] {{(pid=99703) log_opt_values /opt/stack/data/venv/lib/python3.12/site-packages/oslo_config/cfg.py:3536}}
Aug 19 14:45:58.818796 np0000007778 devstack@g-api.service[99703]: DEBUG glance.common.config [None req-7a4a86c8-0ef4-4be8-b9f8-4f229aaf583a None None] ================================================================================ {{(pid=99703) log_opt_values /opt/stack/data/venv/lib/python3.12/site-packages/oslo_config/cfg.py:3541}}
Aug 19 14:45:58.818930 np0000007778 devstack@g-api.service[99703]: DEBUG glance.common.config [None req-7a4a86c8-0ef4-4be8-b9f8-4f229aaf583a None None] allow_anonymous_access = False {{(pid=99703) log_opt_values /opt/stack/data/venv/lib/python3.12/site-packages/oslo_config/cfg.py:3549}}
Aug 19 14:45:58.819107 np0000007778 devstack@g-api.service[99703]: DEBUG glance.common.config [None req-7a4a86c8-0ef4-4be8-b9f8-4f229aaf583a None None] api_limit_max = 1000 {{(pid=99703) log_opt_values /opt/stack/data/venv/lib/python3.12/site-packages/oslo_config/cfg.py:3549}}
Aug 19 14:45:58.819237 np0000007778 devstack@g-api.service[99703]: DEBUG glance.common.config [None req-7a4a86c8-0ef4-4be8-b9f8-4f229aaf583a None None] config_dir = [] {{(pid=99703) log_opt_values /opt/stack/data/venv/lib/python3.12/site-packages/oslo_config/cfg.py:3549}}
Aug 19 14:45:58.819330 np0000007778 devstack@g-api.service[99703]: DEBUG glance.common.config [None req-7a4a86c8-0ef4-4be8-b9f8-4f229aaf583a None None] config_file = ['/etc/glance/glance-image-import.conf', '/etc/glance/glance-api.conf'] {{(pid=99703) log_opt_values /opt/stack/data/venv/lib/python3.12/site-packages/oslo_config/cfg.py:3549}}
Aug 19 14:45:58.819412 np0000007778 devstack@g-api.service[99703]: DEBUG glance.common.config [None req-7a4a86c8-0ef4-4be8-b9f8-4f229aaf583a None None] config_source = [] {{(pid=99703) log_opt_values /opt/stack/data/venv/lib/python3.12/site-packages/oslo_config/cfg.py:3549}}
Aug 19 14:45:58.819470 np0000007778 devstack@g-api.service[99703]: DEBUG glance.common.config [None req-7a4a86c8-0ef4-4be8-b9f8-4f229aaf583a None None] control_exchange = glance {{(pid=99703) log_opt_values /opt/stack/data/venv/lib/python3.12/site-packages/oslo_config/cfg.py:3549}}
Aug 19 14:45:58.819516 np0000007778 devstack@g-api.service[99703]: DEBUG glance.common.config [None req-7a4a86c8-0ef4-4be8-b9f8-4f229aaf583a None None] debug = True {{(pid=99703) log_opt_values /opt/stack/data/venv/lib/python3.12/site-packages/oslo_config/cfg.py:3549}}
Aug 19 14:45:58.819673 np0000007778 devstack@g-api.service[99703]: DEBUG glance.common.config [None req-7a4a86c8-0ef4-4be8-b9f8-4f229aaf583a None None] default_log_levels = ['amqp=WARN', 'boto=WARN', 'sqlalchemy=WARN', 'suds=INFO', 'oslo.messaging=INFO', 'oslo_messaging=INFO', 'iso8601=WARN', 'requests.packages.urllib3.connectionpool=WARN', 'urllib3.connectionpool=WARN', 'websocket=WARN', 'requests.packages.urllib3.util.retry=WARN', 'urllib3.util.retry=WARN', 'keystonemiddleware=WARN', 'routes.middleware=WARN', 'stevedore=WARN', 'taskflow=WARN', 'keystoneauth=WARN', 'oslo.cache=INFO', 'oslo_policy=INFO', 'dogpile.core.dogpile=INFO'] {{(pid=99703) log_opt_values /opt/stack/data/venv/lib/python3.12/site-packages/oslo_config/cfg.py:3549}}
Aug 19 14:45:58.819776 np0000007778 devstack@g-api.service[99703]: DEBUG glance.common.config [None req-7a4a86c8-0ef4-4be8-b9f8-4f229aaf583a None None] default_publisher_id = image.localhost {{(pid=99703) log_opt_values /opt/stack/data/venv/lib/python3.12/site-packages/oslo_config/cfg.py:3549}}
Aug 19 14:45:58.819885 np0000007778 devstack@g-api.service[99703]: DEBUG glance.common.config [None req-7a4a86c8-0ef4-4be8-b9f8-4f229aaf583a None None] delayed_delete = False {{(pid=99703) log_opt_values /opt/stack/data/venv/lib/python3.12/site-packages/oslo_config/cfg.py:3549}}
Aug 19 14:45:58.819978 np0000007778 devstack@g-api.service[99703]: DEBUG glance.common.config [None req-7a4a86c8-0ef4-4be8-b9f8-4f229aaf583a None None] digest_algorithm = sha256 {{(pid=99703) log_opt_values /opt/stack/data/venv/lib/python3.12/site-packages/oslo_config/cfg.py:3549}}
Aug 19 14:45:58.820081 np0000007778 devstack@g-api.service[99703]: DEBUG glance.common.config [None req-7a4a86c8-0ef4-4be8-b9f8-4f229aaf583a None None] disabled_notifications = [] {{(pid=99703) log_opt_values /opt/stack/data/venv/lib/python3.12/site-packages/oslo_config/cfg.py:3549}}
Aug 19 14:45:58.820188 np0000007778 devstack@g-api.service[99703]: DEBUG glance.common.config [None req-7a4a86c8-0ef4-4be8-b9f8-4f229aaf583a None None] do_secure_hash = True {{(pid=99703) log_opt_values /opt/stack/data/venv/lib/python3.12/site-packages/oslo_config/cfg.py:3549}}
Aug 19 14:45:58.820274 np0000007778 devstack@g-api.service[99703]: DEBUG glance.common.config [None req-7a4a86c8-0ef4-4be8-b9f8-4f229aaf583a None None] enabled_backends = None {{(pid=99703) log_opt_values /opt/stack/data/venv/lib/python3.12/site-packages/oslo_config/cfg.py:3549}}
Aug 19 14:45:58.820380 np0000007778 devstack@g-api.service[99703]: DEBUG glance.common.config [None req-7a4a86c8-0ef4-4be8-b9f8-4f229aaf583a None None] enabled_import_methods = ['glance-direct', 'web-download', 'copy-image'] {{(pid=99703) log_opt_values /opt/stack/data/venv/lib/python3.12/site-packages/oslo_config/cfg.py:3549}}
Aug 19 14:45:58.820479 np0000007778 devstack@g-api.service[99703]: DEBUG glance.common.config [None req-7a4a86c8-0ef4-4be8-b9f8-4f229aaf583a None None] fatal_deprecations = False {{(pid=99703) log_opt_values /opt/stack/data/venv/lib/python3.12/site-packages/oslo_config/cfg.py:3549}}
Aug 19 14:45:58.820535 np0000007778 devstack@g-api.service[99705]: INFO glance.api.middleware.cache [None req-60653cb0-d5f6-436d-9233-bf11021f0b7b None None] Initialized image cache middleware
Aug 19 14:45:58.820589 np0000007778 devstack@g-api.service[99703]: DEBUG glance.common.config [None req-7a4a86c8-0ef4-4be8-b9f8-4f229aaf583a None None] hashing_algorithm = sha512 {{(pid=99703) log_opt_values /opt/stack/data/venv/lib/python3.12/site-packages/oslo_config/cfg.py:3549}}
Aug 19 14:45:58.820622 np0000007778 devstack@g-api.service[99703]: DEBUG glance.common.config [None req-7a4a86c8-0ef4-4be8-b9f8-4f229aaf583a None None] http_retries = 3 {{(pid=99703) log_opt_values /opt/stack/data/venv/lib/python3.12/site-packages/oslo_config/cfg.py:3549}}
Aug 19 14:45:58.820723 np0000007778 devstack@g-api.service[99703]: DEBUG glance.common.config [None req-7a4a86c8-0ef4-4be8-b9f8-4f229aaf583a None None] image_cache_dir = /opt/stack/data/glance/cache/ {{(pid=99703) log_opt_values /opt/stack/data/venv/lib/python3.12/site-packages/oslo_config/cfg.py:3549}}
Aug 19 14:45:58.820808 np0000007778 devstack@g-api.service[99703]: DEBUG glance.common.config [None req-7a4a86c8-0ef4-4be8-b9f8-4f229aaf583a None None] image_cache_driver = centralized_db {{(pid=99703) log_opt_values /opt/stack/data/venv/lib/python3.12/site-packages/oslo_config/cfg.py:3549}}
Aug 19 14:45:58.820894 np0000007778 devstack@g-api.service[99703]: DEBUG glance.common.config [None req-7a4a86c8-0ef4-4be8-b9f8-4f229aaf583a None None] image_cache_max_size = 10737418240 {{(pid=99703) log_opt_values /opt/stack/data/venv/lib/python3.12/site-packages/oslo_config/cfg.py:3549}}
Aug 19 14:45:58.821023 np0000007778 devstack@g-api.service[99703]: DEBUG glance.common.config [None req-7a4a86c8-0ef4-4be8-b9f8-4f229aaf583a None None] image_cache_sqlite_db = cache.db {{(pid=99703) log_opt_values /opt/stack/data/venv/lib/python3.12/site-packages/oslo_config/cfg.py:3549}}
Aug 19 14:45:58.821115 np0000007778 devstack@g-api.service[99703]: DEBUG glance.common.config [None req-7a4a86c8-0ef4-4be8-b9f8-4f229aaf583a None None] image_cache_stall_time = 86400 {{(pid=99703) log_opt_values /opt/stack/data/venv/lib/python3.12/site-packages/oslo_config/cfg.py:3549}}
Aug 19 14:45:58.821228 np0000007778 devstack@g-api.service[99703]: DEBUG glance.common.config [None req-7a4a86c8-0ef4-4be8-b9f8-4f229aaf583a None None] image_location_quota = 10 {{(pid=99703) log_opt_values /opt/stack/data/venv/lib/python3.12/site-packages/oslo_config/cfg.py:3549}}
Aug 19 14:45:58.821323 np0000007778 devstack@g-api.service[99703]: DEBUG glance.common.config [None req-7a4a86c8-0ef4-4be8-b9f8-4f229aaf583a None None] image_member_quota = 128 {{(pid=99703) log_opt_values /opt/stack/data/venv/lib/python3.12/site-packages/oslo_config/cfg.py:3549}}
Aug 19 14:45:58.821406 np0000007778 devstack@g-api.service[99703]: DEBUG glance.common.config [None req-7a4a86c8-0ef4-4be8-b9f8-4f229aaf583a None None] image_property_quota = 128 {{(pid=99703) log_opt_values /opt/stack/data/venv/lib/python3.12/site-packages/oslo_config/cfg.py:3549}}
Aug 19 14:45:58.821464 np0000007778 devstack@g-api.service[99703]: DEBUG glance.common.config [None req-7a4a86c8-0ef4-4be8-b9f8-4f229aaf583a None None] image_size_cap = 1099511627776 {{(pid=99703) log_opt_values /opt/stack/data/venv/lib/python3.12/site-packages/oslo_config/cfg.py:3549}}
Aug 19 14:45:58.821563 np0000007778 devstack@g-api.service[99703]: DEBUG glance.common.config [None req-7a4a86c8-0ef4-4be8-b9f8-4f229aaf583a None None] image_tag_quota = 128 {{(pid=99703) log_opt_values /opt/stack/data/venv/lib/python3.12/site-packages/oslo_config/cfg.py:3549}}
Aug 19 14:45:58.821642 np0000007778 devstack@g-api.service[99703]: DEBUG glance.common.config [None req-7a4a86c8-0ef4-4be8-b9f8-4f229aaf583a None None] instance_format = [instance: %(uuid)s] {{(pid=99703) log_opt_values /opt/stack/data/venv/lib/python3.12/site-packages/oslo_config/cfg.py:3549}}
Aug 19 14:45:58.821723 np0000007778 devstack@g-api.service[99703]: DEBUG glance.common.config [None req-7a4a86c8-0ef4-4be8-b9f8-4f229aaf583a None None] instance_uuid_format = [instance: %(uuid)s] {{(pid=99703) log_opt_values /opt/stack/data/venv/lib/python3.12/site-packages/oslo_config/cfg.py:3549}}
Aug 19 14:45:58.821809 np0000007778 devstack@g-api.service[99703]: DEBUG glance.common.config [None req-7a4a86c8-0ef4-4be8-b9f8-4f229aaf583a None None] limit_param_default = 25 {{(pid=99703) log_opt_values /opt/stack/data/venv/lib/python3.12/site-packages/oslo_config/cfg.py:3549}}
Aug 19 14:45:58.821898 np0000007778 devstack@g-api.service[99703]: DEBUG glance.common.config [None req-7a4a86c8-0ef4-4be8-b9f8-4f229aaf583a None None] log_color = False {{(pid=99703) log_opt_values /opt/stack/data/venv/lib/python3.12/site-packages/oslo_config/cfg.py:3549}}
Aug 19 14:45:58.822002 np0000007778 devstack@g-api.service[99703]: DEBUG glance.common.config [None req-7a4a86c8-0ef4-4be8-b9f8-4f229aaf583a None None] log_config_append = None {{(pid=99703) log_opt_values /opt/stack/data/venv/lib/python3.12/site-packages/oslo_config/cfg.py:3549}}
Aug 19 14:45:58.822124 np0000007778 devstack@g-api.service[99703]: DEBUG glance.common.config [None req-7a4a86c8-0ef4-4be8-b9f8-4f229aaf583a None None] log_date_format = %Y-%m-%d %H:%M:%S {{(pid=99703) log_opt_values /opt/stack/data/venv/lib/python3.12/site-packages/oslo_config/cfg.py:3549}}
Aug 19 14:45:58.822234 np0000007778 devstack@g-api.service[99703]: DEBUG glance.common.config [None req-7a4a86c8-0ef4-4be8-b9f8-4f229aaf583a None None] log_dir = None {{(pid=99703) log_opt_values /opt/stack/data/venv/lib/python3.12/site-packages/oslo_config/cfg.py:3549}}
Aug 19 14:45:58.822322 np0000007778 devstack@g-api.service[99703]: DEBUG glance.common.config [None req-7a4a86c8-0ef4-4be8-b9f8-4f229aaf583a None None] log_file = None {{(pid=99703) log_opt_values /opt/stack/data/venv/lib/python3.12/site-packages/oslo_config/cfg.py:3549}}
Aug 19 14:45:58.822355 np0000007778 devstack@g-api.service[99704]: INFO glance.api.middleware.cache [None req-d74a2529-3f9a-462d-b3e2-bdb34ed21c40 None None] Initialized image cache middleware
Aug 19 14:45:58.822428 np0000007778 devstack@g-api.service[99703]: DEBUG glance.common.config [None req-7a4a86c8-0ef4-4be8-b9f8-4f229aaf583a None None] log_rotate_interval = 1 {{(pid=99703) log_opt_values /opt/stack/data/venv/lib/python3.12/site-packages/oslo_config/cfg.py:3549}}
Aug 19 14:45:58.822500 np0000007778 devstack@g-api.service[99703]: DEBUG glance.common.config [None req-7a4a86c8-0ef4-4be8-b9f8-4f229aaf583a None None] log_rotate_interval_type = days {{(pid=99703) log_opt_values /opt/stack/data/venv/lib/python3.12/site-packages/oslo_config/cfg.py:3549}}
Aug 19 14:45:58.822586 np0000007778 devstack@g-api.service[99703]: DEBUG glance.common.config [None req-7a4a86c8-0ef4-4be8-b9f8-4f229aaf583a None None] log_rotation_type = none {{(pid=99703) log_opt_values /opt/stack/data/venv/lib/python3.12/site-packages/oslo_config/cfg.py:3549}}
Aug 19 14:45:58.822651 np0000007778 devstack@g-api.service[99703]: DEBUG glance.common.config [None req-7a4a86c8-0ef4-4be8-b9f8-4f229aaf583a None None] logging_context_format_string = %(color)s%(levelname)s %(name)s [%(global_request_id)s %(request_id)s %(project_name)s %(user_name)s%(color)s] %(instance)s%(color)s%(message)s {{(pid=99703) log_opt_values /opt/stack/data/venv/lib/python3.12/site-packages/oslo_config/cfg.py:3549}}
Aug 19 14:45:58.822716 np0000007778 devstack@g-api.service[99703]: DEBUG glance.common.config [None req-7a4a86c8-0ef4-4be8-b9f8-4f229aaf583a None None] logging_debug_format_suffix = {{(pid=%(process)d) %(funcName)s %(pathname)s:%(lineno)d}} {{(pid=99703) log_opt_values /opt/stack/data/venv/lib/python3.12/site-packages/oslo_config/cfg.py:3549}}
Aug 19 14:45:58.822807 np0000007778 devstack@g-api.service[99703]: DEBUG glance.common.config [None req-7a4a86c8-0ef4-4be8-b9f8-4f229aaf583a None None] logging_default_format_string = %(color)s%(levelname)s %(name)s [-%(color)s] %(instance)s%(color)s%(message)s {{(pid=99703) log_opt_values /opt/stack/data/venv/lib/python3.12/site-packages/oslo_config/cfg.py:3549}}
Aug 19 14:45:58.822894 np0000007778 devstack@g-api.service[99703]: DEBUG glance.common.config [None req-7a4a86c8-0ef4-4be8-b9f8-4f229aaf583a None None] logging_exception_prefix = ERROR %(name)s %(instance)s {{(pid=99703) log_opt_values /opt/stack/data/venv/lib/python3.12/site-packages/oslo_config/cfg.py:3549}}
Aug 19 14:45:58.822987 np0000007778 devstack@g-api.service[99703]: DEBUG glance.common.config [None req-7a4a86c8-0ef4-4be8-b9f8-4f229aaf583a None None] logging_user_identity_format = %(user)s %(project)s %(domain)s %(system_scope)s %(user_domain)s %(project_domain)s {{(pid=99703) log_opt_values /opt/stack/data/venv/lib/python3.12/site-packages/oslo_config/cfg.py:3549}}
Aug 19 14:45:58.823090 np0000007778 devstack@g-api.service[99703]: DEBUG glance.common.config [None req-7a4a86c8-0ef4-4be8-b9f8-4f229aaf583a None None] max_logfile_count = 30 {{(pid=99703) log_opt_values /opt/stack/data/venv/lib/python3.12/site-packages/oslo_config/cfg.py:3549}}
Aug 19 14:45:58.823189 np0000007778 devstack@g-api.service[99703]: DEBUG glance.common.config [None req-7a4a86c8-0ef4-4be8-b9f8-4f229aaf583a None None] max_logfile_size_mb = 200 {{(pid=99703) log_opt_values /opt/stack/data/venv/lib/python3.12/site-packages/oslo_config/cfg.py:3549}}
Aug 19 14:45:58.823278 np0000007778 devstack@g-api.service[99703]: DEBUG glance.common.config [None req-7a4a86c8-0ef4-4be8-b9f8-4f229aaf583a None None] max_request_id_length = 64 {{(pid=99703) log_opt_values /opt/stack/data/venv/lib/python3.12/site-packages/oslo_config/cfg.py:3549}}
Aug 19 14:45:58.823363 np0000007778 devstack@g-api.service[99703]: DEBUG glance.common.config [None req-7a4a86c8-0ef4-4be8-b9f8-4f229aaf583a None None] metadata_encryption_key = **** {{(pid=99703) log_opt_values /opt/stack/data/venv/lib/python3.12/site-packages/oslo_config/cfg.py:3549}}
Aug 19 14:45:58.823445 np0000007778 devstack@g-api.service[99703]: DEBUG glance.common.config [None req-7a4a86c8-0ef4-4be8-b9f8-4f229aaf583a None None] node_staging_uri = file:///tmp/staging/ {{(pid=99703) log_opt_values /opt/stack/data/venv/lib/python3.12/site-packages/oslo_config/cfg.py:3549}}
Aug 19 14:45:58.823542 np0000007778 devstack@g-api.service[99703]: DEBUG glance.common.config [None req-7a4a86c8-0ef4-4be8-b9f8-4f229aaf583a None None] property_protection_file = None {{(pid=99703) log_opt_values /opt/stack/data/venv/lib/python3.12/site-packages/oslo_config/cfg.py:3549}}
Aug 19 14:45:58.823633 np0000007778 devstack@g-api.service[99703]: DEBUG glance.common.config [None req-7a4a86c8-0ef4-4be8-b9f8-4f229aaf583a None None] property_protection_rule_format = roles {{(pid=99703) log_opt_values /opt/stack/data/venv/lib/python3.12/site-packages/oslo_config/cfg.py:3549}}
Aug 19 14:45:58.823702 np0000007778 devstack@g-api.service[99703]: DEBUG glance.common.config [None req-7a4a86c8-0ef4-4be8-b9f8-4f229aaf583a None None] public_endpoint = https://10.4.3.88/image {{(pid=99703) log_opt_values /opt/stack/data/venv/lib/python3.12/site-packages/oslo_config/cfg.py:3549}}
Aug 19 14:45:58.823882 np0000007778 devstack@g-api.service[99703]: DEBUG glance.common.config [None req-7a4a86c8-0ef4-4be8-b9f8-4f229aaf583a None None] publish_errors = False {{(pid=99703) log_opt_values /opt/stack/data/venv/lib/python3.12/site-packages/oslo_config/cfg.py:3549}}
Aug 19 14:45:58.823882 np0000007778 devstack@g-api.service[99703]: DEBUG glance.common.config [None req-7a4a86c8-0ef4-4be8-b9f8-4f229aaf583a None None] pydev_worker_debug_host = None {{(pid=99703) log_opt_values /opt/stack/data/venv/lib/python3.12/site-packages/oslo_config/cfg.py:3549}}
Aug 19 14:45:58.824056 np0000007778 devstack@g-api.service[99703]: DEBUG glance.common.config [None req-7a4a86c8-0ef4-4be8-b9f8-4f229aaf583a None None] pydev_worker_debug_port = 5678 {{(pid=99703) log_opt_values /opt/stack/data/venv/lib/python3.12/site-packages/oslo_config/cfg.py:3549}}
Aug 19 14:45:58.824056 np0000007778 devstack@g-api.service[99703]: DEBUG glance.common.config [None req-7a4a86c8-0ef4-4be8-b9f8-4f229aaf583a None None] rate_limit_burst = 0 {{(pid=99703) log_opt_values /opt/stack/data/venv/lib/python3.12/site-packages/oslo_config/cfg.py:3549}}
Aug 19 14:45:58.824184 np0000007778 devstack@g-api.service[99703]: DEBUG glance.common.config [None req-7a4a86c8-0ef4-4be8-b9f8-4f229aaf583a None None] rate_limit_except_level = CRITICAL {{(pid=99703) log_opt_values /opt/stack/data/venv/lib/python3.12/site-packages/oslo_config/cfg.py:3549}}
Aug 19 14:45:58.824237 np0000007778 devstack@g-api.service[99703]: DEBUG glance.common.config [None req-7a4a86c8-0ef4-4be8-b9f8-4f229aaf583a None None] rate_limit_interval = 0 {{(pid=99703) log_opt_values /opt/stack/data/venv/lib/python3.12/site-packages/oslo_config/cfg.py:3549}}
Aug 19 14:45:58.824324 np0000007778 devstack@g-api.service[99703]: DEBUG glance.common.config [None req-7a4a86c8-0ef4-4be8-b9f8-4f229aaf583a None None] scrub_pool_size = 1 {{(pid=99703) log_opt_values /opt/stack/data/venv/lib/python3.12/site-packages/oslo_config/cfg.py:3549}}
Aug 19 14:45:58.824407 np0000007778 devstack@g-api.service[99703]: DEBUG glance.common.config [None req-7a4a86c8-0ef4-4be8-b9f8-4f229aaf583a None None] scrub_time = 0 {{(pid=99703) log_opt_values /opt/stack/data/venv/lib/python3.12/site-packages/oslo_config/cfg.py:3549}}
Aug 19 14:45:58.824489 np0000007778 devstack@g-api.service[99703]: DEBUG glance.common.config [None req-7a4a86c8-0ef4-4be8-b9f8-4f229aaf583a None None] shell_completion = None {{(pid=99703) log_opt_values /opt/stack/data/venv/lib/python3.12/site-packages/oslo_config/cfg.py:3549}}
Aug 19 14:45:58.824582 np0000007778 devstack@g-api.service[99703]: DEBUG glance.common.config [None req-7a4a86c8-0ef4-4be8-b9f8-4f229aaf583a None None] show_image_direct_url = False {{(pid=99703) log_opt_values /opt/stack/data/venv/lib/python3.12/site-packages/oslo_config/cfg.py:3549}}
Aug 19 14:45:58.824777 np0000007778 devstack@g-api.service[99703]: WARNING oslo_config.cfg [None req-7a4a86c8-0ef4-4be8-b9f8-4f229aaf583a None None] Deprecated: Option "show_multiple_locations" from group "DEFAULT" is deprecated for removal (Use of this option, deprecated since Newton, is a security risk and will be removed once we figure out a way to satisfy those use cases that currently require it. An earlier announcement that the same functionality can be achieved with greater granularity by using policies is incorrect. You cannot work around this option via policy configuration at the present time, though that is the direction we believe the fix will take. Please keep an eye on the Glance release notes to stay up to date on progress in addressing this issue.). Its value may be silently ignored in the future.
Aug 19 14:45:58.824871 np0000007778 devstack@g-api.service[99703]: DEBUG glance.common.config [None req-7a4a86c8-0ef4-4be8-b9f8-4f229aaf583a None None] show_multiple_locations = False {{(pid=99703) log_opt_values /opt/stack/data/venv/lib/python3.12/site-packages/oslo_config/cfg.py:3549}}
Aug 19 14:45:58.825002 np0000007778 devstack@g-api.service[99703]: DEBUG glance.common.config [None req-7a4a86c8-0ef4-4be8-b9f8-4f229aaf583a None None] syslog_log_facility = LOG_USER {{(pid=99703) log_opt_values /opt/stack/data/venv/lib/python3.12/site-packages/oslo_config/cfg.py:3549}}
Aug 19 14:45:58.825099 np0000007778 devstack@g-api.service[99703]: DEBUG glance.common.config [None req-7a4a86c8-0ef4-4be8-b9f8-4f229aaf583a None None] transport_url = **** {{(pid=99703) log_opt_values /opt/stack/data/venv/lib/python3.12/site-packages/oslo_config/cfg.py:3549}}
Aug 19 14:45:58.825205 np0000007778 devstack@g-api.service[99703]: DEBUG glance.common.config [None req-7a4a86c8-0ef4-4be8-b9f8-4f229aaf583a None None] use_journal = False {{(pid=99703) log_opt_values /opt/stack/data/venv/lib/python3.12/site-packages/oslo_config/cfg.py:3549}}
Aug 19 14:45:58.825267 np0000007778 devstack@g-api.service[99703]: DEBUG glance.common.config [None req-7a4a86c8-0ef4-4be8-b9f8-4f229aaf583a None None] use_json = False {{(pid=99703) log_opt_values /opt/stack/data/venv/lib/python3.12/site-packages/oslo_config/cfg.py:3549}}
Aug 19 14:45:58.825346 np0000007778 devstack@g-api.service[99703]: DEBUG glance.common.config [None req-7a4a86c8-0ef4-4be8-b9f8-4f229aaf583a None None] use_keystone_limits = True {{(pid=99703) log_opt_values /opt/stack/data/venv/lib/python3.12/site-packages/oslo_config/cfg.py:3549}}
Aug 19 14:45:58.825432 np0000007778 devstack@g-api.service[99703]: DEBUG glance.common.config [None req-7a4a86c8-0ef4-4be8-b9f8-4f229aaf583a None None] use_stderr = False {{(pid=99703) log_opt_values /opt/stack/data/venv/lib/python3.12/site-packages/oslo_config/cfg.py:3549}}
Aug 19 14:45:58.825520 np0000007778 devstack@g-api.service[99703]: DEBUG glance.common.config [None req-7a4a86c8-0ef4-4be8-b9f8-4f229aaf583a None None] use_syslog = False {{(pid=99703) log_opt_values /opt/stack/data/venv/lib/python3.12/site-packages/oslo_config/cfg.py:3549}}
Aug 19 14:45:58.825617 np0000007778 devstack@g-api.service[99703]: DEBUG glance.common.config [None req-7a4a86c8-0ef4-4be8-b9f8-4f229aaf583a None None] user_storage_quota = 0 {{(pid=99703) log_opt_values /opt/stack/data/venv/lib/python3.12/site-packages/oslo_config/cfg.py:3549}}
Aug 19 14:45:58.825733 np0000007778 devstack@g-api.service[99703]: DEBUG glance.common.config [None req-7a4a86c8-0ef4-4be8-b9f8-4f229aaf583a None None] worker_self_reference_url = http://127.0.0.1:60999 {{(pid=99703) log_opt_values /opt/stack/data/venv/lib/python3.12/site-packages/oslo_config/cfg.py:3549}}
Aug 19 14:45:58.825835 np0000007778 devstack@g-api.service[99703]: DEBUG glance.common.config [None req-7a4a86c8-0ef4-4be8-b9f8-4f229aaf583a None None] oslo_concurrency.disable_process_locking = False {{(pid=99703) log_opt_values /opt/stack/data/venv/lib/python3.12/site-packages/oslo_config/cfg.py:3560}}
Aug 19 14:45:58.825938 np0000007778 devstack@g-api.service[99703]: DEBUG glance.common.config [None req-7a4a86c8-0ef4-4be8-b9f8-4f229aaf583a None None] oslo_concurrency.lock_path = /opt/stack/data/glance/locks {{(pid=99703) log_opt_values /opt/stack/data/venv/lib/python3.12/site-packages/oslo_config/cfg.py:3560}}
Aug 19 14:45:58.826052 np0000007778 devstack@g-api.service[99703]: DEBUG glance.common.config [None req-7a4a86c8-0ef4-4be8-b9f8-4f229aaf583a None None] oslo_middleware.enable_proxy_headers_parsing = False {{(pid=99703) log_opt_values /opt/stack/data/venv/lib/python3.12/site-packages/oslo_config/cfg.py:3560}}
Aug 19 14:45:58.826174 np0000007778 devstack@g-api.service[99703]: DEBUG glance.common.config [None req-7a4a86c8-0ef4-4be8-b9f8-4f229aaf583a None None] oslo_middleware.http_basic_auth_user_file = /etc/htpasswd {{(pid=99703) log_opt_values /opt/stack/data/venv/lib/python3.12/site-packages/oslo_config/cfg.py:3560}}
Aug 19 14:45:58.826270 np0000007778 devstack@g-api.service[99703]: DEBUG glance.common.config [None req-7a4a86c8-0ef4-4be8-b9f8-4f229aaf583a None None] paste_deploy.config_file = None {{(pid=99703) log_opt_values /opt/stack/data/venv/lib/python3.12/site-packages/oslo_config/cfg.py:3560}}
Aug 19 14:45:58.826365 np0000007778 devstack@g-api.service[99703]: DEBUG glance.common.config [None req-7a4a86c8-0ef4-4be8-b9f8-4f229aaf583a None None] paste_deploy.flavor = keystone+cachemanagement {{(pid=99703) log_opt_values /opt/stack/data/venv/lib/python3.12/site-packages/oslo_config/cfg.py:3560}}
Aug 19 14:45:58.826518 np0000007778 devstack@g-api.service[99703]: DEBUG glance.common.config [None req-7a4a86c8-0ef4-4be8-b9f8-4f229aaf583a None None] image_format.container_formats = ['ami', 'ari', 'aki', 'bare', 'ovf', 'ova', 'docker', 'compressed'] {{(pid=99703) log_opt_values /opt/stack/data/venv/lib/python3.12/site-packages/oslo_config/cfg.py:3560}}
Aug 19 14:45:58.826643 np0000007778 devstack@g-api.service[99703]: DEBUG glance.common.config [None req-7a4a86c8-0ef4-4be8-b9f8-4f229aaf583a None None] image_format.disk_formats = ['ami', 'ari', 'aki', 'vhd', 'vhdx', 'vmdk', 'raw', 'qcow2', 'vdi', 'iso', 'ploop'] {{(pid=99703) log_opt_values /opt/stack/data/venv/lib/python3.12/site-packages/oslo_config/cfg.py:3560}}
Aug 19 14:45:58.826747 np0000007778 devstack@g-api.service[99703]: DEBUG glance.common.config [None req-7a4a86c8-0ef4-4be8-b9f8-4f229aaf583a None None] image_format.gpt_safety_checks_nonfatal = [] {{(pid=99703) log_opt_values /opt/stack/data/venv/lib/python3.12/site-packages/oslo_config/cfg.py:3560}}
Aug 19 14:45:58.826867 np0000007778 devstack@g-api.service[99703]: DEBUG glance.common.config [None req-7a4a86c8-0ef4-4be8-b9f8-4f229aaf583a None None] image_format.require_image_format_match = True {{(pid=99703) log_opt_values /opt/stack/data/venv/lib/python3.12/site-packages/oslo_config/cfg.py:3560}}
Aug 19 14:45:58.826930 np0000007778 devstack@g-api.service[99703]: DEBUG glance.common.config [None req-7a4a86c8-0ef4-4be8-b9f8-4f229aaf583a None None] image_format.vmdk_allowed_types = ['streamOptimized', 'monolithicSparse'] {{(pid=99703) log_opt_values /opt/stack/data/venv/lib/python3.12/site-packages/oslo_config/cfg.py:3560}}
Aug 19 14:45:58.827035 np0000007778 devstack@g-api.service[99703]: DEBUG glance.common.config [None req-7a4a86c8-0ef4-4be8-b9f8-4f229aaf583a None None] task.task_executor = taskflow {{(pid=99703) log_opt_values /opt/stack/data/venv/lib/python3.12/site-packages/oslo_config/cfg.py:3560}}
Aug 19 14:45:58.827167 np0000007778 devstack@g-api.service[99703]: DEBUG glance.common.config [None req-7a4a86c8-0ef4-4be8-b9f8-4f229aaf583a None None] task.task_time_to_live = 48 {{(pid=99703) log_opt_values /opt/stack/data/venv/lib/python3.12/site-packages/oslo_config/cfg.py:3560}}
Aug 19 14:45:58.827280 np0000007778 devstack@g-api.service[99703]: DEBUG glance.common.config [None req-7a4a86c8-0ef4-4be8-b9f8-4f229aaf583a None None] task.work_dir = None {{(pid=99703) log_opt_values /opt/stack/data/venv/lib/python3.12/site-packages/oslo_config/cfg.py:3560}}
Aug 19 14:45:58.827367 np0000007778 devstack@g-api.service[99703]: DEBUG glance.common.config [None req-7a4a86c8-0ef4-4be8-b9f8-4f229aaf583a None None] wsgi.python_interpreter = /opt/stack/data/venv/bin/python3 {{(pid=99703) log_opt_values /opt/stack/data/venv/lib/python3.12/site-packages/oslo_config/cfg.py:3560}}
Aug 19 14:45:58.827424 np0000007778 devstack@g-api.service[99703]: DEBUG glance.common.config [None req-7a4a86c8-0ef4-4be8-b9f8-4f229aaf583a None None] wsgi.task_pool_threads = 16 {{(pid=99703) log_opt_values /opt/stack/data/venv/lib/python3.12/site-packages/oslo_config/cfg.py:3560}}
Aug 19 14:45:58.827523 np0000007778 devstack@g-api.service[99703]: DEBUG glance.common.config [None req-7a4a86c8-0ef4-4be8-b9f8-4f229aaf583a None None] import_filtering_opts.allowed_hosts = [] {{(pid=99703) log_opt_values /opt/stack/data/venv/lib/python3.12/site-packages/oslo_config/cfg.py:3560}}
Aug 19 14:45:58.827619 np0000007778 devstack@g-api.service[99703]: DEBUG glance.common.config [None req-7a4a86c8-0ef4-4be8-b9f8-4f229aaf583a None None] import_filtering_opts.allowed_ports = [80, 443] {{(pid=99703) log_opt_values /opt/stack/data/venv/lib/python3.12/site-packages/oslo_config/cfg.py:3560}}
Aug 19 14:45:58.827696 np0000007778 devstack@g-api.service[99703]: DEBUG glance.common.config [None req-7a4a86c8-0ef4-4be8-b9f8-4f229aaf583a None None] import_filtering_opts.allowed_schemes = ['http', 'https'] {{(pid=99703) log_opt_values /opt/stack/data/venv/lib/python3.12/site-packages/oslo_config/cfg.py:3560}}
Aug 19 14:45:58.827788 np0000007778 devstack@g-api.service[99703]: DEBUG glance.common.config [None req-7a4a86c8-0ef4-4be8-b9f8-4f229aaf583a None None] import_filtering_opts.disallowed_hosts = [] {{(pid=99703) log_opt_values /opt/stack/data/venv/lib/python3.12/site-packages/oslo_config/cfg.py:3560}}
Aug 19 14:45:58.827877 np0000007778 devstack@g-api.service[99703]: DEBUG glance.common.config [None req-7a4a86c8-0ef4-4be8-b9f8-4f229aaf583a None None] import_filtering_opts.disallowed_ports = [] {{(pid=99703) log_opt_values /opt/stack/data/venv/lib/python3.12/site-packages/oslo_config/cfg.py:3560}}
Aug 19 14:45:58.827976 np0000007778 devstack@g-api.service[99703]: DEBUG glance.common.config [None req-7a4a86c8-0ef4-4be8-b9f8-4f229aaf583a None None] import_filtering_opts.disallowed_schemes = [] {{(pid=99703) log_opt_values /opt/stack/data/venv/lib/python3.12/site-packages/oslo_config/cfg.py:3560}}
