Aug 19 14:53:52.233467 np0000007778 devstack@g-api.service[99705]: DEBUG glance.api.middleware.version_negotiation [None req-ac89062d-2b29-4467-8833-0cca79bd6c86 tempest-ImageDependencyTests-1538002329 tempest-ImageDependencyTests-1538002329-project-member] Matched version: v2 {{(pid=99705) process_request /opt/stack/glance/glance/api/middleware/version_negotiation.py:69}}
Aug 19 14:53:52.233600 np0000007778 devstack@g-api.service[99705]: DEBUG glance.api.middleware.version_negotiation [None req-ac89062d-2b29-4467-8833-0cca79bd6c86 tempest-ImageDependencyTests-1538002329 tempest-ImageDependencyTests-1538002329-project-member] new path /v2/images/c2e095b1-1440-42db-bd90-84c814023481 {{(pid=99705) process_request /opt/stack/glance/glance/api/middleware/version_negotiation.py:70}}
Aug 19 14:53:52.249787 np0000007778 devstack@g-api.service[99705]: [pid: 99705|app: 0|req: 117/358] 127.0.0.1 () {40 vars in 834 bytes} [Wed Aug 19 14:53:52 2026] GET /v2/images/c2e095b1-1440-42db-bd90-84c814023481 => generated 1763 bytes in 16 msecs (HTTP/1.1 200) 4 headers in 158 bytes (1 switches on core 0)
Aug 19 14:53:52.261438 np0000007778 devstack@g-api.service[99703]: DEBUG glance.api.middleware.version_negotiation [None req-ac89062d-2b29-4467-8833-0cca79bd6c86 tempest-ImageDependencyTests-1538002329 tempest-ImageDependencyTests-1538002329-project-member] Determining version of request: GET /v2/images/c2e095b1-1440-42db-bd90-84c814023481 Accept: application/json {{(pid=99703) process_request /opt/stack/glance/glance/api/middleware/version_negotiation.py:44}}
Aug 19 14:53:52.261438 np0000007778 devstack@g-api.service[99703]: DEBUG glance.api.middleware.version_negotiation [None req-ac89062d-2b29-4467-8833-0cca79bd6c86 tempest-ImageDependencyTests-1538002329 tempest-ImageDependencyTests-1538002329-project-member] Using url versioning {{(pid=99703) process_request /opt/stack/glance/glance/api/middleware/version_negotiation.py:57}}
Aug 19 14:53:52.261438 np0000007778 devstack@g-api.service[99703]: DEBUG glance.api.middleware.version_negotiation [None req-ac89062d-2b29-4467-8833-0cca79bd6c86 tempest-ImageDependencyTests-1538002329 tempest-ImageDependencyTests-1538002329-project-member] Matched version: v2 {{(pid=99703) process_request /opt/stack/glance/glance/api/middleware/version_negotiation.py:69}}
Aug 19 14:53:52.261579 np0000007778 devstack@g-api.service[99703]: DEBUG glance.api.middleware.version_negotiation [None req-ac89062d-2b29-4467-8833-0cca79bd6c86 tempest-ImageDependencyTests-1538002329 tempest-ImageDependencyTests-1538002329-project-member] new path /v2/images/c2e095b1-1440-42db-bd90-84c814023481 {{(pid=99703) process_request /opt/stack/glance/glance/api/middleware/version_negotiation.py:70}}
Aug 19 14:53:52.275724 np0000007778 devstack@g-api.service[99703]: [pid: 99703|app: 0|req: 125/359] 127.0.0.1 () {40 vars in 834 bytes} [Wed Aug 19 14:53:52 2026] GET /v2/images/c2e095b1-1440-42db-bd90-84c814023481 => generated 1763 bytes in 15 msecs (HTTP/1.1 200) 4 headers in 158 bytes (1 switches on core 0)
Aug 19 14:53:52.322786 np0000007778 devstack@g-api.service[99704]: DEBUG glance.api.middleware.version_negotiation [None req-ac89062d-2b29-4467-8833-0cca79bd6c86 tempest-ImageDependencyTests-1538002329 tempest-ImageDependencyTests-1538002329-project-member] Determining version of request: DELETE /v2/images/88886eb7-40ec-41e0-8ece-ea0d0413f728 Accept: application/json {{(pid=99704) process_request /opt/stack/glance/glance/api/middleware/version_negotiation.py:44}}
Aug 19 14:53:52.323029 np0000007778 devstack@g-api.service[99704]: DEBUG glance.api.middleware.version_negotiation [None req-ac89062d-2b29-4467-8833-0cca79bd6c86 tempest-ImageDependencyTests-1538002329 tempest-ImageDependencyTests-1538002329-project-member] Using url versioning {{(pid=99704) process_request /opt/stack/glance/glance/api/middleware/version_negotiation.py:57}}
Aug 19 14:53:52.323189 np0000007778 devstack@g-api.service[99704]: DEBUG glance.api.middleware.version_negotiation [None req-ac89062d-2b29-4467-8833-0cca79bd6c86 tempest-ImageDependencyTests-1538002329 tempest-ImageDependencyTests-1538002329-project-member] Matched version: v2 {{(pid=99704) process_request /opt/stack/glance/glance/api/middleware/version_negotiation.py:69}}
Aug 19 14:53:52.323370 np0000007778 devstack@g-api.service[99704]: DEBUG glance.api.middleware.version_negotiation [None req-ac89062d-2b29-4467-8833-0cca79bd6c86 tempest-ImageDependencyTests-1538002329 tempest-ImageDependencyTests-1538002329-project-member] new path /v2/images/88886eb7-40ec-41e0-8ece-ea0d0413f728 {{(pid=99704) process_request /opt/stack/glance/glance/api/middleware/version_negotiation.py:70}}
Aug 19 14:53:52.336663 np0000007778 devstack@g-api.service[99704]: WARNING glance.api.v2.images [None req-551cf24a-872f-485c-bd5c-2da7c3ff7601 tempest-ImageDependencyTests-1538002329 tempest-ImageDependencyTests-1538002329-project-member] After upload to backend, deletion of staged image data has failed because it cannot be found at /tmp/staging//88886eb7-40ec-41e0-8ece-ea0d0413f728
Aug 19 14:53:52.337493 np0000007778 devstack@g-api.service[99704]: DEBUG glance_store.backend [None req-551cf24a-872f-485c-bd5c-2da7c3ff7601 tempest-ImageDependencyTests-1538002329 tempest-ImageDependencyTests-1538002329-project-member] Attempting to import store swift {{(pid=99704) _load_store /opt/stack/data/venv/lib/python3.12/site-packages/glance_store/backend.py:215}}
Aug 19 14:53:52.339242 np0000007778 devstack@g-api.service[99704]: DEBUG glance_store.capabilities [None req-551cf24a-872f-485c-bd5c-2da7c3ff7601 tempest-ImageDependencyTests-1538002329 tempest-ImageDependencyTests-1538002329-project-member] Store glance_store._drivers.swift.store.SingleTenantStore doesn't support updating dynamic storage capabilities. Please overwrite 'update_capabilities' method of the store to implement updating logics if needed. {{(pid=99704) update_capabilities /opt/stack/data/venv/lib/python3.12/site-packages/glance_store/capabilities.py:91}}
Aug 19 14:53:52.339400 np0000007778 devstack@g-api.service[99704]: DEBUG glance_store.driver [None req-551cf24a-872f-485c-bd5c-2da7c3ff7601 tempest-ImageDependencyTests-1538002329 tempest-ImageDependencyTests-1538002329-project-member] Late loading location class glance_store._drivers.swift.store.StoreLocation {{(pid=99704) get_store_location_class /opt/stack/data/venv/lib/python3.12/site-packages/glance_store/driver.py:134}}
Aug 19 14:53:52.339452 np0000007778 devstack@g-api.service[99704]: DEBUG glance_store.location [None req-551cf24a-872f-485c-bd5c-2da7c3ff7601 tempest-ImageDependencyTests-1538002329 tempest-ImageDependencyTests-1538002329-project-member] Registering scheme swift+https with {'store': , 'location_class': , 'store_entry': 'swift'} {{(pid=99704) register_scheme_map /opt/stack/data/venv/lib/python3.12/site-packages/glance_store/location.py:146}}
Aug 19 14:53:52.339512 np0000007778 devstack@g-api.service[99704]: DEBUG glance_store.location [None req-551cf24a-872f-485c-bd5c-2da7c3ff7601 tempest-ImageDependencyTests-1538002329 tempest-ImageDependencyTests-1538002329-project-member] Registering scheme swift+https with {'store': , 'location_class': , 'store_entry': 'swift'} {{(pid=99704) register_scheme_map /opt/stack/data/venv/lib/python3.12/site-packages/glance_store/location.py:146}}
Aug 19 14:53:52.339573 np0000007778 devstack@g-api.service[99704]: DEBUG glance_store.location [None req-551cf24a-872f-485c-bd5c-2da7c3ff7601 tempest-ImageDependencyTests-1538002329 tempest-ImageDependencyTests-1538002329-project-member] Registering scheme swift with {'store': , 'location_class': , 'store_entry': 'swift'} {{(pid=99704) register_scheme_map /opt/stack/data/venv/lib/python3.12/site-packages/glance_store/location.py:146}}
Aug 19 14:53:52.340235 np0000007778 devstack@g-api.service[99704]: DEBUG glance_store.location [None req-551cf24a-872f-485c-bd5c-2da7c3ff7601 tempest-ImageDependencyTests-1538002329 tempest-ImageDependencyTests-1538002329-project-member] Registering scheme swift+https with {'store': , 'location_class': , 'store_entry': 'swift'} {{(pid=99704) register_scheme_map /opt/stack/data/venv/lib/python3.12/site-packages/glance_store/location.py:146}}
Aug 19 14:53:52.340235 np0000007778 devstack@g-api.service[99704]: DEBUG glance_store.location [None req-551cf24a-872f-485c-bd5c-2da7c3ff7601 tempest-ImageDependencyTests-1538002329 tempest-ImageDependencyTests-1538002329-project-member] Registering scheme swift with {'store': , 'location_class': , 'store_entry': 'swift'} {{(pid=99704) register_scheme_map /opt/stack/data/venv/lib/python3.12/site-packages/glance_store/location.py:146}}
Aug 19 14:53:52.340235 np0000007778 devstack@g-api.service[99704]: DEBUG glance_store.location [None req-551cf24a-872f-485c-bd5c-2da7c3ff7601 tempest-ImageDependencyTests-1538002329 tempest-ImageDependencyTests-1538002329-project-member] Registering scheme swift+http with {'store': , 'location_class': , 'store_entry': 'swift'} {{(pid=99704) register_scheme_map /opt/stack/data/venv/lib/python3.12/site-packages/glance_store/location.py:146}}
Aug 19 14:53:52.340235 np0000007778 devstack@g-api.service[99704]: DEBUG glance_store.location [None req-551cf24a-872f-485c-bd5c-2da7c3ff7601 tempest-ImageDependencyTests-1538002329 tempest-ImageDependencyTests-1538002329-project-member] Registering scheme swift+https with {'store': , 'location_class': , 'store_entry': 'swift'} {{(pid=99704) register_scheme_map /opt/stack/data/venv/lib/python3.12/site-packages/glance_store/location.py:146}}
Aug 19 14:53:52.340235 np0000007778 devstack@g-api.service[99704]: DEBUG glance_store.location [None req-551cf24a-872f-485c-bd5c-2da7c3ff7601 tempest-ImageDependencyTests-1538002329 tempest-ImageDependencyTests-1538002329-project-member] Registering scheme swift with {'store': , 'location_class': , 'store_entry': 'swift'} {{(pid=99704) register_scheme_map /opt/stack/data/venv/lib/python3.12/site-packages/glance_store/location.py:146}}
Aug 19 14:53:52.340235 np0000007778 devstack@g-api.service[99704]: DEBUG glance_store.location [None req-551cf24a-872f-485c-bd5c-2da7c3ff7601 tempest-ImageDependencyTests-1538002329 tempest-ImageDependencyTests-1538002329-project-member] Registering scheme swift+http with {'store': , 'location_class': , 'store_entry': 'swift'} {{(pid=99704) register_scheme_map /opt/stack/data/venv/lib/python3.12/site-packages/glance_store/location.py:146}}
Aug 19 14:53:52.340235 np0000007778 devstack@g-api.service[99704]: DEBUG glance_store.location [None req-551cf24a-872f-485c-bd5c-2da7c3ff7601 tempest-ImageDependencyTests-1538002329 tempest-ImageDependencyTests-1538002329-project-member] Registering scheme swift+config with {'store': , 'location_class': , 'store_entry': 'swift'} {{(pid=99704) register_scheme_map /opt/stack/data/venv/lib/python3.12/site-packages/glance_store/location.py:146}}
Aug 19 14:53:52.340978 np0000007778 devstack@g-api.service[99704]: DEBUG keystoneclient.auth.identity.v3.base [None req-551cf24a-872f-485c-bd5c-2da7c3ff7601 tempest-ImageDependencyTests-1538002329 tempest-ImageDependencyTests-1538002329-project-member] Making authentication request to https://10.4.3.88/identity/v3/auth/tokens {{(pid=99704) get_auth_ref /opt/stack/data/venv/lib/python3.12/site-packages/keystoneclient/auth/identity/v3/base.py:185}}
Aug 19 14:53:52.398518 np0000007778 devstack@g-api.service[99704]: DEBUG keystoneclient.auth.identity.v3.base [None req-551cf24a-872f-485c-bd5c-2da7c3ff7601 tempest-ImageDependencyTests-1538002329 tempest-ImageDependencyTests-1538002329-project-member] {"token": {"methods": ["password"], "user": {"domain": {"id": "default", "name": "Default"}, "id": "ea5a383ff143446dbe386bd9d93caa8e", "name": "glance-swift", "password_expires_at": null}, "audit_ids": ["0SMF29KLTJKf8zf3dZFjIA"], "expires_at": "2026-08-19T15:53:52.000000Z", "issued_at": "2026-08-19T14:53:52.000000Z", "project": {"domain": {"id": "default", "name": "Default"}, "id": "aa3d6e6e73e84b5eaafdb4adfddaa43f", "name": "service"}, "is_domain": false, "roles": [{"id": "29e6d7829afd48ecb9b487295a991813", "name": "service"}, {"id": "fb40098c66124c2c816200b3af4a9c20", "name": "ResellerAdmin"}], "catalog": [{"endpoints": [{"id": "f58e2c4163bb4bbba44e82c366c84ab0", "interface": "public", "region_id": "RegionOne", "url": "https://10.4.3.88/image", "region": "RegionOne"}], "id": "2199ff50d5234b739c960526f2d0d49d", "type": "image", "name": "glance"}, {"endpoints": [{"id": "35d851500ac748018a683f70f9c2a4f1", "interface": "public", "region_id": "RegionOne", "url": "https://10.4.3.88/identity", "region": "RegionOne"}], "id": "29d679c46295438abafe298bfa05f15a", "type": "identity", "name": "keystone"}, {"endpoints": [{"id": "7b803b774e8e45d3a29a89e6c4f4659e", "interface": "public", "region_id": "RegionOne", "url": "https://10.4.3.88/placement", "region": "RegionOne"}], "id": "45947f42427345c8ad916c65e08782f2", "type": "placement", "name": "placement"}, {"endpoints": [{"id": "e20fd9a5b2a84f53b895ebf55c546d2f", "interface": "public", "region_id": "RegionOne", "url": "https://10.4.3.88/compute/v2/aa3d6e6e73e84b5eaafdb4adfddaa43f", "region": "RegionOne"}], "id": "85d605795c2c4f4e99dc15e229eaf44e", "type": "compute_legacy", "name": "nova_legacy"}, {"endpoints": [{"id": "5d2a9e28e0154c2087836b607f7a84a4", "interface": "public", "region_id": "RegionOne", "url": "https://10.4.3.88/networking", "region": "RegionOne"}], "id": "9a174615f8064c5cb8bd15d770e9aede", "type": "network", "name": "neutron"}, {"endpoints": [{"id": "3aa4082d19b94c159dc7f7e0846a96cc", "interface": "public", "region_id": "RegionOne", "url": "https://10.4.3.88/volume/v3", "region": "RegionOne"}], "id": "afc53de937014d54b852befa343d4133", "type": "block-storage", "name": "cinder"}, {"endpoints": [{"id": "cb7c9802cde64f5cbbeb697762a82109", "interface": "public", "region_id": "RegionOne", "url": "https://10.4.3.88/compute/v2.1", "region": "RegionOne"}], "id": "b434cdaaf8e949ebb509755e2455457d", "type": "compute", "name": "nova"}, {"endpoints": [{"id": "1333401a33aa494c8ef7680980356796", "interface": "admin", "region_id": "RegionOne", "url": "https://10.4.3.88:8080", "region": "RegionOne"}, {"id": "7929784fbc1f4da69b1b05c19246cdc5", "interface": "public", "region_id": "RegionOne", "url": "https://10.4.3.88:8080/v1/AUTH_aa3d6e6e73e84b5eaafdb4adfddaa43f", "region": "RegionOne"}], "id": "f5a8a15ec4fc453f84c0a8987d909557", "type": "object-store", "name": "swift"}]}} {{(pid=99704) get_auth_ref /opt/stack/data/venv/lib/python3.12/site-packages/keystoneclient/auth/identity/v3/base.py:190}}
Aug 19 14:53:52.399221 np0000007778 devstack@g-api.service[99704]: DEBUG keystoneclient.httpclient [None req-551cf24a-872f-485c-bd5c-2da7c3ff7601 tempest-ImageDependencyTests-1538002329 tempest-ImageDependencyTests-1538002329-project-member] Failed to find endpoint for management url admin endpoint for identity service not found {{(pid=99704) _process_management_url /opt/stack/data/venv/lib/python3.12/site-packages/keystoneclient/httpclient.py:670}}
Aug 19 14:53:52.454709 np0000007778 devstack@g-api.service[99704]: DEBUG swiftclient [None req-551cf24a-872f-485c-bd5c-2da7c3ff7601 tempest-ImageDependencyTests-1538002329 tempest-ImageDependencyTests-1538002329-project-member] REQ: curl -i https://10.4.3.88:8080/v1/AUTH_aa3d6e6e73e84b5eaafdb4adfddaa43f/glance/88886eb7-40ec-41e0-8ece-ea0d0413f728 -I -H "X-Auth-Token: gAAAAABqhcOAETJV..." {{(pid=99704) http_log /opt/stack/data/venv/lib/python3.12/site-packages/swiftclient/client.py:160}}
Aug 19 14:53:52.454997 np0000007778 devstack@g-api.service[99704]: DEBUG swiftclient [None req-551cf24a-872f-485c-bd5c-2da7c3ff7601 tempest-ImageDependencyTests-1538002329 tempest-ImageDependencyTests-1538002329-project-member] RESP STATUS: 200 OK {{(pid=99704) http_log /opt/stack/data/venv/lib/python3.12/site-packages/swiftclient/client.py:161}}
Aug 19 14:53:52.455063 np0000007778 devstack@g-api.service[99704]: DEBUG swiftclient [None req-551cf24a-872f-485c-bd5c-2da7c3ff7601 tempest-ImageDependencyTests-1538002329 tempest-ImageDependencyTests-1538002329-project-member] RESP HEADERS: {'Date': 'Wed, 19 Aug 2026 14:53:52 GMT', 'Server': 'Apache/2.4.58 (Ubuntu)', 'Content-Type': 'application/octet-stream', 'Content-Length': '1024', 'Etag': 'ac68d37601e37c6cfe4c7df0bec521c5', 'Last-Modified': 'Wed, 19 Aug 2026 14:53:32 GMT', 'X-Timestamp': '1787151211.97592', 'Accept-Ranges': 'bytes', 'X-Trans-Id': 'tx299916c6fe254c39afc90-006a85c380', 'X-Openstack-Request-Id': 'tx299916c6fe254c39afc90-006a85c380', 'Connection': 'close'} {{(pid=99704) http_log /opt/stack/data/venv/lib/python3.12/site-packages/swiftclient/client.py:162}}
Aug 19 14:53:52.483304 np0000007778 devstack@g-api.service[99704]: DEBUG swiftclient [None req-551cf24a-872f-485c-bd5c-2da7c3ff7601 tempest-ImageDependencyTests-1538002329 tempest-ImageDependencyTests-1538002329-project-member] REQ: curl -i https://10.4.3.88:8080/v1/AUTH_aa3d6e6e73e84b5eaafdb4adfddaa43f/glance/88886eb7-40ec-41e0-8ece-ea0d0413f728 DELETE -H "X-Auth-Token: gAAAAABqhcOAETJV..." {{(pid=99704) http_log /opt/stack/data/venv/lib/python3.12/site-packages/swiftclient/client.py:160}}
Aug 19 14:53:52.483304 np0000007778 devstack@g-api.service[99704]: DEBUG swiftclient [None req-551cf24a-872f-485c-bd5c-2da7c3ff7601 tempest-ImageDependencyTests-1538002329 tempest-ImageDependencyTests-1538002329-project-member] RESP STATUS: 204 No Content {{(pid=99704) http_log /opt/stack/data/venv/lib/python3.12/site-packages/swiftclient/client.py:161}}
Aug 19 14:53:52.483304 np0000007778 devstack@g-api.service[99704]: DEBUG swiftclient [None req-551cf24a-872f-485c-bd5c-2da7c3ff7601 tempest-ImageDependencyTests-1538002329 tempest-ImageDependencyTests-1538002329-project-member] RESP HEADERS: {'Date': 'Wed, 19 Aug 2026 14:53:52 GMT', 'Server': 'Apache/2.4.58 (Ubuntu)', 'Content-Type': 'text/html; charset=UTF-8', 'X-Trans-Id': 'tx01b9c873141740298d2a2-006a85c380', 'X-Openstack-Request-Id': 'tx01b9c873141740298d2a2-006a85c380', 'Connection': 'close'} {{(pid=99704) http_log /opt/stack/data/venv/lib/python3.12/site-packages/swiftclient/client.py:162}}
Aug 19 14:53:52.526578 np0000007778 devstack@g-api.service[99704]: DEBUG glance.api.middleware.cache [None req-551cf24a-872f-485c-bd5c-2da7c3ff7601 tempest-ImageDependencyTests-1538002329 tempest-ImageDependencyTests-1538002329-project-member] Removing image 88886eb7-40ec-41e0-8ece-ea0d0413f728 from cache {{(pid=99704) _process_DELETE_response /opt/stack/glance/glance/api/middleware/cache.py:264}}
Aug 19 14:53:52.526578 np0000007778 devstack@g-api.service[99704]: DEBUG glance.image_cache.drivers.centralized_db [None req-551cf24a-872f-485c-bd5c-2da7c3ff7601 tempest-ImageDependencyTests-1538002329 tempest-ImageDependencyTests-1538002329-project-member] Deleting image cache file '/opt/stack/data/glance/cache/88886eb7-40ec-41e0-8ece-ea0d0413f728' {{(pid=99704) delete_cached_file /opt/stack/glance/glance/image_cache/drivers/centralized_db.py:400}}
Aug 19 14:53:52.533736 np0000007778 devstack@g-api.service[99704]: [pid: 99704|app: 0|req: 118/360] 127.0.0.1 () {40 vars in 837 bytes} [Wed Aug 19 14:53:52 2026] DELETE /v2/images/88886eb7-40ec-41e0-8ece-ea0d0413f728 => generated 0 bytes in 211 msecs (HTTP/1.1 204) 4 headers in 171 bytes (1 switches on core 0)
Aug 19 14:53:52.543088 np0000007778 devstack@g-api.service[99705]: DEBUG glance.api.middleware.version_negotiation [None req-a669f27e-6648-4ecd-85ac-c29945b140b6 tempest-ImageDependencyTests-1538002329 tempest-ImageDependencyTests-1538002329-project-member] Determining version of request: GET /v2/images/88886eb7-40ec-41e0-8ece-ea0d0413f728 Accept: application/json {{(pid=99705) process_request /opt/stack/glance/glance/api/middleware/version_negotiation.py:44}}
Aug 19 14:53:52.543671 np0000007778 devstack@g-api.service[99705]: DEBUG glance.api.middleware.version_negotiation [None req-a669f27e-6648-4ecd-85ac-c29945b140b6 tempest-ImageDependencyTests-1538002329 tempest-ImageDependencyTests-1538002329-project-member] Using url versioning {{(pid=99705) process_request /opt/stack/glance/glance/api/middleware/version_negotiation.py:57}}
Aug 19 14:53:52.543671 np0000007778 devstack@g-api.service[99705]: DEBUG glance.api.middleware.version_negotiation [None req-a669f27e-6648-4ecd-85ac-c29945b140b6 tempest-ImageDependencyTests-1538002329 tempest-ImageDependencyTests-1538002329-project-member] Matched version: v2 {{(pid=99705) process_request /opt/stack/glance/glance/api/middleware/version_negotiation.py:69}}
Aug 19 14:53:52.543671 np0000007778 devstack@g-api.service[99705]: DEBUG glance.api.middleware.version_negotiation [None req-a669f27e-6648-4ecd-85ac-c29945b140b6 tempest-ImageDependencyTests-1538002329 tempest-ImageDependencyTests-1538002329-project-member] new path /v2/images/88886eb7-40ec-41e0-8ece-ea0d0413f728 {{(pid=99705) process_request /opt/stack/glance/glance/api/middleware/version_negotiation.py:70}}
Aug 19 14:53:52.548667 np0000007778 devstack@g-api.service[99705]: DEBUG glance.db.sqlalchemy.api [None req-79980f12-f826-4c86-ae0d-0d14e217493e tempest-ImageDependencyTests-1538002329 tempest-ImageDependencyTests-1538002329-project-member] No image found with ID 88886eb7-40ec-41e0-8ece-ea0d0413f728 {{(pid=99705) _image_get /opt/stack/glance/glance/db/sqlalchemy/api.py:301}}
Aug 19 14:53:52.550299 np0000007778 devstack@g-api.service[99705]: [pid: 99705|app: 0|req: 118/361] 127.0.0.1 () {40 vars in 834 bytes} [Wed Aug 19 14:53:52 2026] GET /v2/images/88886eb7-40ec-41e0-8ece-ea0d0413f728 => generated 139 bytes in 7 msecs (HTTP/1.1 404) 4 headers in 164 bytes (1 switches on core 0)
Aug 19 14:53:52.559664 np0000007778 devstack@g-api.service[99703]: DEBUG glance.api.middleware.version_negotiation [None req-245a595b-67c0-42ec-93e5-00ee147bf738 tempest-ImageDependencyTests-1538002329 tempest-ImageDependencyTests-1538002329-project-member] Determining version of request: GET /v2/images Accept: application/json {{(pid=99703) process_request /opt/stack/glance/glance/api/middleware/version_negotiation.py:44}}
Aug 19 14:53:52.559996 np0000007778 devstack@g-api.service[99703]: DEBUG glance.api.middleware.version_negotiation [None req-245a595b-67c0-42ec-93e5-00ee147bf738 tempest-ImageDependencyTests-1538002329 tempest-ImageDependencyTests-1538002329-project-member] Using url versioning {{(pid=99703) process_request /opt/stack/glance/glance/api/middleware/version_negotiation.py:57}}
Aug 19 14:53:52.559996 np0000007778 devstack@g-api.service[99703]: DEBUG glance.api.middleware.version_negotiation [None req-245a595b-67c0-42ec-93e5-00ee147bf738 tempest-ImageDependencyTests-1538002329 tempest-ImageDependencyTests-1538002329-project-member] Matched version: v2 {{(pid=99703) process_request /opt/stack/glance/glance/api/middleware/version_negotiation.py:69}}
Aug 19 14:53:52.559996 np0000007778 devstack@g-api.service[99703]: DEBUG glance.api.middleware.version_negotiation [None req-245a595b-67c0-42ec-93e5-00ee147bf738 tempest-ImageDependencyTests-1538002329 tempest-ImageDependencyTests-1538002329-project-member] new path /v2/images {{(pid=99703) process_request /opt/stack/glance/glance/api/middleware/version_negotiation.py:70}}
Aug 19 14:53:52.600370 np0000007778 devstack@g-api.service[99703]: [pid: 99703|app: 0|req: 126/362] 127.0.0.1 () {40 vars in 760 bytes} [Wed Aug 19 14:53:52 2026] GET /v2/images => generated 4970 bytes in 41 msecs (HTTP/1.1 200) 4 headers in 158 bytes (1 switches on core 0)
Aug 19 14:53:53.715621 np0000007778 devstack@g-api.service[99704]: DEBUG glance.api.middleware.version_negotiation [None req-551cf24a-872f-485c-bd5c-2da7c3ff7601 tempest-ImageDependencyTests-1538002329 tempest-ImageDependencyTests-1538002329-project-member] Determining version of request: DELETE /v2/images/c2e095b1-1440-42db-bd90-84c814023481 Accept: application/json {{(pid=99704) process_request /opt/stack/glance/glance/api/middleware/version_negotiation.py:44}}
Aug 19 14:53:53.715621 np0000007778 devstack@g-api.service[99704]: DEBUG glance.api.middleware.version_negotiation [None req-551cf24a-872f-485c-bd5c-2da7c3ff7601 tempest-ImageDependencyTests-1538002329 tempest-ImageDependencyTests-1538002329-project-member] Using url versioning {{(pid=99704) process_request /opt/stack/glance/glance/api/middleware/version_negotiation.py:57}}
Aug 19 14:53:53.716324 np0000007778 devstack@g-api.service[99704]: DEBUG glance.api.middleware.version_negotiation [None req-551cf24a-872f-485c-bd5c-2da7c3ff7601 tempest-ImageDependencyTests-1538002329 tempest-ImageDependencyTests-1538002329-project-member] Matched version: v2 {{(pid=99704) process_request /opt/stack/glance/glance/api/middleware/version_negotiation.py:69}}
Aug 19 14:53:53.716324 np0000007778 devstack@g-api.service[99704]: DEBUG glance.api.middleware.version_negotiation [None req-551cf24a-872f-485c-bd5c-2da7c3ff7601 tempest-ImageDependencyTests-1538002329 tempest-ImageDependencyTests-1538002329-project-member] new path /v2/images/c2e095b1-1440-42db-bd90-84c814023481 {{(pid=99704) process_request /opt/stack/glance/glance/api/middleware/version_negotiation.py:70}}
Aug 19 14:53:53.730114 np0000007778 devstack@g-api.service[99704]: WARNING glance.api.v2.images [None req-de466a8a-3383-4039-97e9-23a277170c17 tempest-ImageDependencyTests-1538002329 tempest-ImageDependencyTests-1538002329-project-member] After upload to backend, deletion of staged image data has failed because it cannot be found at /tmp/staging//c2e095b1-1440-42db-bd90-84c814023481
Aug 19 14:53:53.730867 np0000007778 devstack@g-api.service[99704]: DEBUG glance_store.backend [None req-de466a8a-3383-4039-97e9-23a277170c17 tempest-ImageDependencyTests-1538002329 tempest-ImageDependencyTests-1538002329-project-member] Attempting to import store swift {{(pid=99704) _load_store /opt/stack/data/venv/lib/python3.12/site-packages/glance_store/backend.py:215}}
Aug 19 14:53:53.732701 np0000007778 devstack@g-api.service[99704]: DEBUG glance_store.capabilities [None req-de466a8a-3383-4039-97e9-23a277170c17 tempest-ImageDependencyTests-1538002329 tempest-ImageDependencyTests-1538002329-project-member] Store glance_store._drivers.swift.store.SingleTenantStore doesn't support updating dynamic storage capabilities. Please overwrite 'update_capabilities' method of the store to implement updating logics if needed. {{(pid=99704) update_capabilities /opt/stack/data/venv/lib/python3.12/site-packages/glance_store/capabilities.py:91}}
Aug 19 14:53:53.732811 np0000007778 devstack@g-api.service[99704]: DEBUG glance_store.driver [None req-de466a8a-3383-4039-97e9-23a277170c17 tempest-ImageDependencyTests-1538002329 tempest-ImageDependencyTests-1538002329-project-member] Late loading location class glance_store._drivers.swift.store.StoreLocation {{(pid=99704) get_store_location_class /opt/stack/data/venv/lib/python3.12/site-packages/glance_store/driver.py:134}}
Aug 19 14:53:53.732920 np0000007778 devstack@g-api.service[99704]: DEBUG glance_store.location [None req-de466a8a-3383-4039-97e9-23a277170c17 tempest-ImageDependencyTests-1538002329 tempest-ImageDependencyTests-1538002329-project-member] Registering scheme swift+https with {'store': , 'location_class': , 'store_entry': 'swift'} {{(pid=99704) register_scheme_map /opt/stack/data/venv/lib/python3.12/site-packages/glance_store/location.py:146}}
Aug 19 14:53:53.732986 np0000007778 devstack@g-api.service[99704]: DEBUG glance_store.location [None req-de466a8a-3383-4039-97e9-23a277170c17 tempest-ImageDependencyTests-1538002329 tempest-ImageDependencyTests-1538002329-project-member] Registering scheme swift+https with {'store': , 'location_class': , 'store_entry': 'swift'} {{(pid=99704) register_scheme_map /opt/stack/data/venv/lib/python3.12/site-packages/glance_store/location.py:146}}
Aug 19 14:53:53.733450 np0000007778 devstack@g-api.service[99704]: DEBUG glance_store.location [None req-de466a8a-3383-4039-97e9-23a277170c17 tempest-ImageDependencyTests-1538002329 tempest-ImageDependencyTests-1538002329-project-member] Registering scheme swift with {'store': , 'location_class': , 'store_entry': 'swift'} {{(pid=99704) register_scheme_map /opt/stack/data/venv/lib/python3.12/site-packages/glance_store/location.py:146}}
Aug 19 14:53:53.733612 np0000007778 devstack@g-api.service[99704]: DEBUG glance_store.location [None req-de466a8a-3383-4039-97e9-23a277170c17 tempest-ImageDependencyTests-1538002329 tempest-ImageDependencyTests-1538002329-project-member] Registering scheme swift+https with {'store': , 'location_class': , 'store_entry': 'swift'} {{(pid=99704) register_scheme_map /opt/stack/data/venv/lib/python3.12/site-packages/glance_store/location.py:146}}
Aug 19 14:53:53.733692 np0000007778 devstack@g-api.service[99704]: DEBUG glance_store.location [None req-de466a8a-3383-4039-97e9-23a277170c17 tempest-ImageDependencyTests-1538002329 tempest-ImageDependencyTests-1538002329-project-member] Registering scheme swift with {'store': , 'location_class': , 'store_entry': 'swift'} {{(pid=99704) register_scheme_map /opt/stack/data/venv/lib/python3.12/site-packages/glance_store/location.py:146}}
Aug 19 14:53:53.733828 np0000007778 devstack@g-api.service[99704]: DEBUG glance_store.location [None req-de466a8a-3383-4039-97e9-23a277170c17 tempest-ImageDependencyTests-1538002329 tempest-ImageDependencyTests-1538002329-project-member] Registering scheme swift+http with {'store': , 'location_class': , 'store_entry': 'swift'} {{(pid=99704) register_scheme_map /opt/stack/data/venv/lib/python3.12/site-packages/glance_store/location.py:146}}
Aug 19 14:53:53.733920 np0000007778 devstack@g-api.service[99704]: DEBUG glance_store.location [None req-de466a8a-3383-4039-97e9-23a277170c17 tempest-ImageDependencyTests-1538002329 tempest-ImageDependencyTests-1538002329-project-member] Registering scheme swift+https with {'store': , 'location_class': , 'store_entry': 'swift'} {{(pid=99704) register_scheme_map /opt/stack/data/venv/lib/python3.12/site-packages/glance_store/location.py:146}}
Aug 19 14:53:53.734040 np0000007778 devstack@g-api.service[99704]: DEBUG glance_store.location [None req-de466a8a-3383-4039-97e9-23a277170c17 tempest-ImageDependencyTests-1538002329 tempest-ImageDependencyTests-1538002329-project-member] Registering scheme swift with {'store': , 'location_class': , 'store_entry': 'swift'} {{(pid=99704) register_scheme_map /opt/stack/data/venv/lib/python3.12/site-packages/glance_store/location.py:146}}
Aug 19 14:53:53.734297 np0000007778 devstack@g-api.service[99704]: DEBUG glance_store.location [None req-de466a8a-3383-4039-97e9-23a277170c17 tempest-ImageDependencyTests-1538002329 tempest-ImageDependencyTests-1538002329-project-member] Registering scheme swift+http with {'store': , 'location_class': , 'store_entry': 'swift'} {{(pid=99704) register_scheme_map /opt/stack/data/venv/lib/python3.12/site-packages/glance_store/location.py:146}}
Aug 19 14:53:53.734297 np0000007778 devstack@g-api.service[99704]: DEBUG glance_store.location [None req-de466a8a-3383-4039-97e9-23a277170c17 tempest-ImageDependencyTests-1538002329 tempest-ImageDependencyTests-1538002329-project-member] Registering scheme swift+config with {'store': , 'location_class': , 'store_entry': 'swift'} {{(pid=99704) register_scheme_map /opt/stack/data/venv/lib/python3.12/site-packages/glance_store/location.py:146}}
Aug 19 14:53:53.735240 np0000007778 devstack@g-api.service[99704]: DEBUG keystoneclient.auth.identity.v3.base [None req-de466a8a-3383-4039-97e9-23a277170c17 tempest-ImageDependencyTests-1538002329 tempest-ImageDependencyTests-1538002329-project-member] Making authentication request to https://10.4.3.88/identity/v3/auth/tokens {{(pid=99704) get_auth_ref /opt/stack/data/venv/lib/python3.12/site-packages/keystoneclient/auth/identity/v3/base.py:185}}
Aug 19 14:53:53.804794 np0000007778 devstack@g-api.service[99704]: DEBUG keystoneclient.auth.identity.v3.base [None req-de466a8a-3383-4039-97e9-23a277170c17 tempest-ImageDependencyTests-1538002329 tempest-ImageDependencyTests-1538002329-project-member] {"token": {"methods": ["password"], "user": {"domain": {"id": "default", "name": "Default"}, "id": "ea5a383ff143446dbe386bd9d93caa8e", "name": "glance-swift", "password_expires_at": null}, "audit_ids": ["jzyRHzt6QR-yuvyUwx39TA"], "expires_at": "2026-08-19T15:53:53.000000Z", "issued_at": "2026-08-19T14:53:53.000000Z", "project": {"domain": {"id": "default", "name": "Default"}, "id": "aa3d6e6e73e84b5eaafdb4adfddaa43f", "name": "service"}, "is_domain": false, "roles": [{"id": "29e6d7829afd48ecb9b487295a991813", "name": "service"}, {"id": "fb40098c66124c2c816200b3af4a9c20", "name": "ResellerAdmin"}], "catalog": [{"endpoints": [{"id": "f58e2c4163bb4bbba44e82c366c84ab0", "interface": "public", "region_id": "RegionOne", "url": "https://10.4.3.88/image", "region": "RegionOne"}], "id": "2199ff50d5234b739c960526f2d0d49d", "type": "image", "name": "glance"}, {"endpoints": [{"id": "35d851500ac748018a683f70f9c2a4f1", "interface": "public", "region_id": "RegionOne", "url": "https://10.4.3.88/identity", "region": "RegionOne"}], "id": "29d679c46295438abafe298bfa05f15a", "type": "identity", "name": "keystone"}, {"endpoints": [{"id": "7b803b774e8e45d3a29a89e6c4f4659e", "interface": "public", "region_id": "RegionOne", "url": "https://10.4.3.88/placement", "region": "RegionOne"}], "id": "45947f42427345c8ad916c65e08782f2", "type": "placement", "name": "placement"}, {"endpoints": [{"id": "e20fd9a5b2a84f53b895ebf55c546d2f", "interface": "public", "region_id": "RegionOne", "url": "https://10.4.3.88/compute/v2/aa3d6e6e73e84b5eaafdb4adfddaa43f", "region": "RegionOne"}], "id": "85d605795c2c4f4e99dc15e229eaf44e", "type": "compute_legacy", "name": "nova_legacy"}, {"endpoints": [{"id": "5d2a9e28e0154c2087836b607f7a84a4", "interface": "public", "region_id": "RegionOne", "url": "https://10.4.3.88/networking", "region": "RegionOne"}], "id": "9a174615f8064c5cb8bd15d770e9aede", "type": "network", "name": "neutron"}, {"endpoints": [{"id": "3aa4082d19b94c159dc7f7e0846a96cc", "interface": "public", "region_id": "RegionOne", "url": "https://10.4.3.88/volume/v3", "region": "RegionOne"}], "id": "afc53de937014d54b852befa343d4133", "type": "block-storage", "name": "cinder"}, {"endpoints": [{"id": "cb7c9802cde64f5cbbeb697762a82109", "interface": "public", "region_id": "RegionOne", "url": "https://10.4.3.88/compute/v2.1", "region": "RegionOne"}], "id": "b434cdaaf8e949ebb509755e2455457d", "type": "compute", "name": "nova"}, {"endpoints": [{"id": "1333401a33aa494c8ef7680980356796", "interface": "admin", "region_id": "RegionOne", "url": "https://10.4.3.88:8080", "region": "RegionOne"}, {"id": "7929784fbc1f4da69b1b05c19246cdc5", "interface": "public", "region_id": "RegionOne", "url": "https://10.4.3.88:8080/v1/AUTH_aa3d6e6e73e84b5eaafdb4adfddaa43f", "region": "RegionOne"}], "id": "f5a8a15ec4fc453f84c0a8987d909557", "type": "object-store", "name": "swift"}]}} {{(pid=99704) get_auth_ref /opt/stack/data/venv/lib/python3.12/site-packages/keystoneclient/auth/identity/v3/base.py:190}}
Aug 19 14:53:53.805315 np0000007778 devstack@g-api.service[99704]: DEBUG keystoneclient.httpclient [None req-de466a8a-3383-4039-97e9-23a277170c17 tempest-ImageDependencyTests-1538002329 tempest-ImageDependencyTests-1538002329-project-member] Failed to find endpoint for management url admin endpoint for identity service not found {{(pid=99704) _process_management_url /opt/stack/data/venv/lib/python3.12/site-packages/keystoneclient/httpclient.py:670}}
Aug 19 14:53:53.846574 np0000007778 devstack@g-api.service[99705]: DEBUG glance.api.middleware.version_negotiation [None req-79980f12-f826-4c86-ae0d-0d14e217493e tempest-ImageDependencyTests-1538002329 tempest-ImageDependencyTests-1538002329-project-member] Determining version of request: GET /v2/images/39d8607b-417f-4aea-8c0b-8ee79ead9dab Accept: application/json {{(pid=99705) process_request /opt/stack/glance/glance/api/middleware/version_negotiation.py:44}}
Aug 19 14:53:53.847070 np0000007778 devstack@g-api.service[99705]: DEBUG glance.api.middleware.version_negotiation [None req-79980f12-f826-4c86-ae0d-0d14e217493e tempest-ImageDependencyTests-1538002329 tempest-ImageDependencyTests-1538002329-project-member] Using url versioning {{(pid=99705) process_request /opt/stack/glance/glance/api/middleware/version_negotiation.py:57}}
Aug 19 14:53:53.847070 np0000007778 devstack@g-api.service[99705]: DEBUG glance.api.middleware.version_negotiation [None req-79980f12-f826-4c86-ae0d-0d14e217493e tempest-ImageDependencyTests-1538002329 tempest-ImageDependencyTests-1538002329-project-member] Matched version: v2 {{(pid=99705) process_request /opt/stack/glance/glance/api/middleware/version_negotiation.py:69}}
Aug 19 14:53:53.847070 np0000007778 devstack@g-api.service[99705]: DEBUG glance.api.middleware.version_negotiation [None req-79980f12-f826-4c86-ae0d-0d14e217493e tempest-ImageDependencyTests-1538002329 tempest-ImageDependencyTests-1538002329-project-member] new path /v2/images/39d8607b-417f-4aea-8c0b-8ee79ead9dab {{(pid=99705) process_request /opt/stack/glance/glance/api/middleware/version_negotiation.py:70}}
Aug 19 14:53:53.862969 np0000007778 devstack@g-api.service[99705]: [pid: 99705|app: 0|req: 119/363] 127.0.0.1 () {40 vars in 834 bytes} [Wed Aug 19 14:53:53 2026] GET /v2/images/39d8607b-417f-4aea-8c0b-8ee79ead9dab => generated 1044 bytes in 17 msecs (HTTP/1.1 200) 4 headers in 158 bytes (1 switches on core 0)
Aug 19 14:53:53.890519 np0000007778 devstack@g-api.service[99703]: DEBUG glance.api.middleware.version_negotiation [None req-33c41fe1-a282-4210-b867-557a7170e4f4 tempest-ImageDependencyTests-1538002329 tempest-ImageDependencyTests-1538002329-project-reader] Determining version of request: GET /v2/images/39d8607b-417f-4aea-8c0b-8ee79ead9dab Accept: */* {{(pid=99703) process_request /opt/stack/glance/glance/api/middleware/version_negotiation.py:44}}
Aug 19 14:53:53.891756 np0000007778 devstack@g-api.service[99704]: DEBUG swiftclient [None req-de466a8a-3383-4039-97e9-23a277170c17 tempest-ImageDependencyTests-1538002329 tempest-ImageDependencyTests-1538002329-project-member] REQ: curl -i https://10.4.3.88:8080/v1/AUTH_aa3d6e6e73e84b5eaafdb4adfddaa43f/glance/c2e095b1-1440-42db-bd90-84c814023481 -I -H "X-Auth-Token: gAAAAABqhcOBGJ76..." {{(pid=99704) http_log /opt/stack/data/venv/lib/python3.12/site-packages/swiftclient/client.py:160}}
Aug 19 14:53:53.891861 np0000007778 devstack@g-api.service[99703]: DEBUG glance.api.middleware.version_negotiation [None req-33c41fe1-a282-4210-b867-557a7170e4f4 tempest-ImageDependencyTests-1538002329 tempest-ImageDependencyTests-1538002329-project-reader] Using url versioning {{(pid=99703) process_request /opt/stack/glance/glance/api/middleware/version_negotiation.py:57}}
Aug 19 14:53:53.891920 np0000007778 devstack@g-api.service[99704]: DEBUG swiftclient [None req-de466a8a-3383-4039-97e9-23a277170c17 tempest-ImageDependencyTests-1538002329 tempest-ImageDependencyTests-1538002329-project-member] RESP STATUS: 200 OK {{(pid=99704) http_log /opt/stack/data/venv/lib/python3.12/site-packages/swiftclient/client.py:161}}
Aug 19 14:53:53.891971 np0000007778 devstack@g-api.service[99703]: DEBUG glance.api.middleware.version_negotiation [None req-33c41fe1-a282-4210-b867-557a7170e4f4 tempest-ImageDependencyTests-1538002329 tempest-ImageDependencyTests-1538002329-project-reader] Matched version: v2 {{(pid=99703) process_request /opt/stack/glance/glance/api/middleware/version_negotiation.py:69}}
Aug 19 14:53:53.892004 np0000007778 devstack@g-api.service[99704]: DEBUG swiftclient [None req-de466a8a-3383-4039-97e9-23a277170c17 tempest-ImageDependencyTests-1538002329 tempest-ImageDependencyTests-1538002329-project-member] RESP HEADERS: {'Date': 'Wed, 19 Aug 2026 14:53:53 GMT', 'Server': 'Apache/2.4.58 (Ubuntu)', 'Content-Type': 'application/octet-stream', 'X-Object-Manifest': 'glance/c2e095b1-1440-42db-bd90-84c814023481-', 'Last-Modified': 'Wed, 19 Aug 2026 14:53:53 GMT', 'X-Timestamp': '1787151232.02856', 'Accept-Ranges': 'bytes', 'Etag': '"d41d8cd98f00b204e9800998ecf8427e"', 'X-Trans-Id': 'tx45c257968b6047148f41f-006a85c381', 'X-Openstack-Request-Id': 'tx45c257968b6047148f41f-006a85c381', 'Connection': 'close'} {{(pid=99704) http_log /opt/stack/data/venv/lib/python3.12/site-packages/swiftclient/client.py:162}}
Aug 19 14:53:53.892071 np0000007778 devstack@g-api.service[99703]: DEBUG glance.api.middleware.version_negotiation [None req-33c41fe1-a282-4210-b867-557a7170e4f4 tempest-ImageDependencyTests-1538002329 tempest-ImageDependencyTests-1538002329-project-reader] new path /v2/images/39d8607b-417f-4aea-8c0b-8ee79ead9dab {{(pid=99703) process_request /opt/stack/glance/glance/api/middleware/version_negotiation.py:70}}
Aug 19 14:53:53.903994 np0000007778 devstack@g-api.service[99703]: [pid: 99703|app: 0|req: 127/364] 127.0.0.1 () {44 vars in 1111 bytes} [Wed Aug 19 14:53:53 2026] GET /v2/images/39d8607b-417f-4aea-8c0b-8ee79ead9dab => generated 1044 bytes in 13 msecs (HTTP/1.1 200) 4 headers in 158 bytes (1 switches on core 0)
Aug 19 14:53:53.914797 np0000007778 devstack@g-api.service[99705]: DEBUG glance.api.middleware.version_negotiation [None req-638d6576-1dc8-41d7-a1ba-0eb9db197a14 tempest-TestVolumeBootPattern-1271769164 tempest-TestVolumeBootPattern-1271769164-project-member] Determining version of request: GET /v2/schemas/image Accept: */* {{(pid=99705) process_request /opt/stack/glance/glance/api/middleware/version_negotiation.py:44}}
Aug 19 14:53:53.915022 np0000007778 devstack@g-api.service[99705]: DEBUG glance.api.middleware.version_negotiation [None req-638d6576-1dc8-41d7-a1ba-0eb9db197a14 tempest-TestVolumeBootPattern-1271769164 tempest-TestVolumeBootPattern-1271769164-project-member] Using url versioning {{(pid=99705) process_request /opt/stack/glance/glance/api/middleware/version_negotiation.py:57}}
Aug 19 14:53:53.915210 np0000007778 devstack@g-api.service[99705]: DEBUG glance.api.middleware.version_negotiation [None req-638d6576-1dc8-41d7-a1ba-0eb9db197a14 tempest-TestVolumeBootPattern-1271769164 tempest-TestVolumeBootPattern-1271769164-project-member] Matched version: v2 {{(pid=99705) process_request /opt/stack/glance/glance/api/middleware/version_negotiation.py:69}}
Aug 19 14:53:53.915377 np0000007778 devstack@g-api.service[99705]: DEBUG glance.api.middleware.version_negotiation [None req-638d6576-1dc8-41d7-a1ba-0eb9db197a14 tempest-TestVolumeBootPattern-1271769164 tempest-TestVolumeBootPattern-1271769164-project-member] new path /v2/schemas/image {{(pid=99705) process_request /opt/stack/glance/glance/api/middleware/version_negotiation.py:70}}
Aug 19 14:53:53.919190 np0000007778 devstack@g-api.service[99705]: [pid: 99705|app: 0|req: 120/365] 127.0.0.1 () {44 vars in 1051 bytes} [Wed Aug 19 14:53:53 2026] GET /v2/schemas/image => generated 6083 bytes in 5 msecs (HTTP/1.1 200) 4 headers in 158 bytes (1 switches on core 0)
Aug 19 14:53:53.922349 np0000007778 devstack@g-api.service[99704]: DEBUG swiftclient [None req-de466a8a-3383-4039-97e9-23a277170c17 tempest-ImageDependencyTests-1538002329 tempest-ImageDependencyTests-1538002329-project-member] REQ: curl -i https://10.4.3.88:8080/v1/AUTH_aa3d6e6e73e84b5eaafdb4adfddaa43f/glance?format=json&prefix=c2e095b1-1440-42db-bd90-84c814023481- -X GET -H "X-Auth-Token: gAAAAABqhcOBGJ76..." -H "Accept-Encoding: gzip" {{(pid=99704) http_log /opt/stack/data/venv/lib/python3.12/site-packages/swiftclient/client.py:160}}
Aug 19 14:53:53.922557 np0000007778 devstack@g-api.service[99704]: DEBUG swiftclient [None req-de466a8a-3383-4039-97e9-23a277170c17 tempest-ImageDependencyTests-1538002329 tempest-ImageDependencyTests-1538002329-project-member] RESP STATUS: 200 OK {{(pid=99704) http_log /opt/stack/data/venv/lib/python3.12/site-packages/swiftclient/client.py:161}}
Aug 19 14:53:53.922724 np0000007778 devstack@g-api.service[99704]: DEBUG swiftclient [None req-de466a8a-3383-4039-97e9-23a277170c17 tempest-ImageDependencyTests-1538002329 tempest-ImageDependencyTests-1538002329-project-member] RESP HEADERS: {'Date': 'Wed, 19 Aug 2026 14:53:53 GMT', 'Server': 'Apache/2.4.58 (Ubuntu)', 'Content-Type': 'application/json; charset=utf-8', 'Content-Length': '2', 'X-Container-Object-Count': '6', 'X-Container-Bytes-Used': '86048768', 'X-Timestamp': '1787150765.04492', 'Last-Modified': 'Wed, 19 Aug 2026 14:46:06 GMT', 'Accept-Ranges': 'bytes', 'X-Storage-Policy': 'Policy-0', 'X-Container-Sharding': 'False', 'X-Trans-Id': 'tx168730b3c9ee4b529ac0d-006a85c381', 'X-Openstack-Request-Id': 'tx168730b3c9ee4b529ac0d-006a85c381', 'Connection': 'close'} {{(pid=99704) http_log /opt/stack/data/venv/lib/python3.12/site-packages/swiftclient/client.py:162}}
Aug 19 14:53:53.922921 np0000007778 devstack@g-api.service[99704]: DEBUG swiftclient [None req-de466a8a-3383-4039-97e9-23a277170c17 tempest-ImageDependencyTests-1538002329 tempest-ImageDependencyTests-1538002329-project-member] RESP BODY: b'[]' {{(pid=99704) http_log /opt/stack/data/venv/lib/python3.12/site-packages/swiftclient/client.py:166}}
Aug 19 14:53:53.929558 np0000007778 devstack@g-api.service[99703]: DEBUG glance.api.middleware.version_negotiation [None req-29e8d78d-0649-4fa3-87c2-7150e59aad16 tempest-TestVolumeBootPattern-1271769164 tempest-TestVolumeBootPattern-1271769164-project-member] Determining version of request: GET /v2/schemas/image Accept: */* {{(pid=99703) process_request /opt/stack/glance/glance/api/middleware/version_negotiation.py:44}}
Aug 19 14:53:53.930206 np0000007778 devstack@g-api.service[99703]: DEBUG glance.api.middleware.version_negotiation [None req-29e8d78d-0649-4fa3-87c2-7150e59aad16 tempest-TestVolumeBootPattern-1271769164 tempest-TestVolumeBootPattern-1271769164-project-member] Using url versioning {{(pid=99703) process_request /opt/stack/glance/glance/api/middleware/version_negotiation.py:57}}
Aug 19 14:53:53.930206 np0000007778 devstack@g-api.service[99703]: DEBUG glance.api.middleware.version_negotiation [None req-29e8d78d-0649-4fa3-87c2-7150e59aad16 tempest-TestVolumeBootPattern-1271769164 tempest-TestVolumeBootPattern-1271769164-project-member] Matched version: v2 {{(pid=99703) process_request /opt/stack/glance/glance/api/middleware/version_negotiation.py:69}}
Aug 19 14:53:53.930206 np0000007778 devstack@g-api.service[99703]: DEBUG glance.api.middleware.version_negotiation [None req-29e8d78d-0649-4fa3-87c2-7150e59aad16 tempest-TestVolumeBootPattern-1271769164 tempest-TestVolumeBootPattern-1271769164-project-member] new path /v2/schemas/image {{(pid=99703) process_request /opt/stack/glance/glance/api/middleware/version_negotiation.py:70}}
Aug 19 14:53:53.935077 np0000007778 devstack@g-api.service[99703]: [pid: 99703|app: 0|req: 128/366] 127.0.0.1 () {44 vars in 1051 bytes} [Wed Aug 19 14:53:53 2026] GET /v2/schemas/image => generated 6083 bytes in 6 msecs (HTTP/1.1 200) 4 headers in 158 bytes (1 switches on core 0)
Aug 19 14:53:53.943702 np0000007778 devstack@g-api.service[99705]: DEBUG glance.api.middleware.version_negotiation [None req-29e8d78d-0649-4fa3-87c2-7150e59aad16 tempest-TestVolumeBootPattern-1271769164 tempest-TestVolumeBootPattern-1271769164-project-member] Determining version of request: GET /v2/images/39d8607b-417f-4aea-8c0b-8ee79ead9dab Accept: */* {{(pid=99705) process_request /opt/stack/glance/glance/api/middleware/version_negotiation.py:44}}
Aug 19 14:53:53.943873 np0000007778 devstack@g-api.service[99705]: DEBUG glance.api.middleware.version_negotiation [None req-29e8d78d-0649-4fa3-87c2-7150e59aad16 tempest-TestVolumeBootPattern-1271769164 tempest-TestVolumeBootPattern-1271769164-project-member] Using url versioning {{(pid=99705) process_request /opt/stack/glance/glance/api/middleware/version_negotiation.py:57}}
Aug 19 14:53:53.944043 np0000007778 devstack@g-api.service[99705]: DEBUG glance.api.middleware.version_negotiation [None req-29e8d78d-0649-4fa3-87c2-7150e59aad16 tempest-TestVolumeBootPattern-1271769164 tempest-TestVolumeBootPattern-1271769164-project-member] Matched version: v2 {{(pid=99705) process_request /opt/stack/glance/glance/api/middleware/version_negotiation.py:69}}
Aug 19 14:53:53.944601 np0000007778 devstack@g-api.service[99705]: DEBUG glance.api.middleware.version_negotiation [None req-29e8d78d-0649-4fa3-87c2-7150e59aad16 tempest-TestVolumeBootPattern-1271769164 tempest-TestVolumeBootPattern-1271769164-project-member] new path /v2/images/39d8607b-417f-4aea-8c0b-8ee79ead9dab {{(pid=99705) process_request /opt/stack/glance/glance/api/middleware/version_negotiation.py:70}}
Aug 19 14:53:53.953706 np0000007778 devstack@g-api.service[99704]: DEBUG swiftclient [None req-de466a8a-3383-4039-97e9-23a277170c17 tempest-ImageDependencyTests-1538002329 tempest-ImageDependencyTests-1538002329-project-member] REQ: curl -i https://10.4.3.88:8080/v1/AUTH_aa3d6e6e73e84b5eaafdb4adfddaa43f/glance/c2e095b1-1440-42db-bd90-84c814023481 DELETE -H "X-Auth-Token: gAAAAABqhcOBGJ76..." {{(pid=99704) http_log /opt/stack/data/venv/lib/python3.12/site-packages/swiftclient/client.py:160}}
Aug 19 14:53:53.953706 np0000007778 devstack@g-api.service[99704]: DEBUG swiftclient [None req-de466a8a-3383-4039-97e9-23a277170c17 tempest-ImageDependencyTests-1538002329 tempest-ImageDependencyTests-1538002329-project-member] RESP STATUS: 204 No Content {{(pid=99704) http_log /opt/stack/data/venv/lib/python3.12/site-packages/swiftclient/client.py:161}}
Aug 19 14:53:53.953706 np0000007778 devstack@g-api.service[99704]: DEBUG swiftclient [None req-de466a8a-3383-4039-97e9-23a277170c17 tempest-ImageDependencyTests-1538002329 tempest-ImageDependencyTests-1538002329-project-member] RESP HEADERS: {'Date': 'Wed, 19 Aug 2026 14:53:53 GMT', 'Server': 'Apache/2.4.58 (Ubuntu)', 'Content-Type': 'text/html; charset=UTF-8', 'X-Trans-Id': 'tx6c0471935e3c4e749ee0a-006a85c381', 'X-Openstack-Request-Id': 'tx6c0471935e3c4e749ee0a-006a85c381', 'Connection': 'close'} {{(pid=99704) http_log /opt/stack/data/venv/lib/python3.12/site-packages/swiftclient/client.py:162}}
