Aug 19 14:45:35.709356 np0000007778 nova-scheduler[93398]: DEBUG cotyledon.oslo_config_glue [-] oslo_messaging_rabbit.rabbit_qos_prefetch_count = 0 {{(pid=93398) log_opt_values /opt/stack/data/venv/lib/python3.12/site-packages/oslo_config/cfg.py:3560}}
Aug 19 14:45:35.709356 np0000007778 nova-scheduler[93398]: DEBUG cotyledon.oslo_config_glue [-] oslo_messaging_rabbit.rabbit_quorum_delivery_limit = 0 {{(pid=93398) log_opt_values /opt/stack/data/venv/lib/python3.12/site-packages/oslo_config/cfg.py:3560}}
Aug 19 14:45:35.709356 np0000007778 nova-scheduler[93398]: DEBUG cotyledon.oslo_config_glue [-] oslo_messaging_rabbit.rabbit_quorum_max_memory_bytes = 0 {{(pid=93398) log_opt_values /opt/stack/data/venv/lib/python3.12/site-packages/oslo_config/cfg.py:3560}}
Aug 19 14:45:35.709535 np0000007778 nova-scheduler[93398]: DEBUG cotyledon.oslo_config_glue [-] oslo_messaging_rabbit.rabbit_quorum_max_memory_length = 0 {{(pid=93398) log_opt_values /opt/stack/data/venv/lib/python3.12/site-packages/oslo_config/cfg.py:3560}}
Aug 19 14:45:35.709535 np0000007778 nova-scheduler[93398]: DEBUG cotyledon.oslo_config_glue [-] oslo_messaging_rabbit.rabbit_quorum_queue = False {{(pid=93398) log_opt_values /opt/stack/data/venv/lib/python3.12/site-packages/oslo_config/cfg.py:3560}}
Aug 19 14:45:35.709535 np0000007778 nova-scheduler[93398]: DEBUG cotyledon.oslo_config_glue [-] oslo_messaging_rabbit.rabbit_retry_backoff = 2 {{(pid=93398) log_opt_values /opt/stack/data/venv/lib/python3.12/site-packages/oslo_config/cfg.py:3560}}
Aug 19 14:45:35.709535 np0000007778 nova-scheduler[93398]: DEBUG cotyledon.oslo_config_glue [-] oslo_messaging_rabbit.rabbit_retry_interval = 1 {{(pid=93398) log_opt_values /opt/stack/data/venv/lib/python3.12/site-packages/oslo_config/cfg.py:3560}}
Aug 19 14:45:35.709535 np0000007778 nova-scheduler[93398]: DEBUG cotyledon.oslo_config_glue [-] oslo_messaging_rabbit.rabbit_stream_fanout = False {{(pid=93398) log_opt_values /opt/stack/data/venv/lib/python3.12/site-packages/oslo_config/cfg.py:3560}}
Aug 19 14:45:35.709535 np0000007778 nova-scheduler[93398]: DEBUG cotyledon.oslo_config_glue [-] oslo_messaging_rabbit.rabbit_transient_queues_ttl = 1800 {{(pid=93398) log_opt_values /opt/stack/data/venv/lib/python3.12/site-packages/oslo_config/cfg.py:3560}}
Aug 19 14:45:35.709535 np0000007778 nova-scheduler[93398]: DEBUG cotyledon.oslo_config_glue [-] oslo_messaging_rabbit.rabbit_transient_quorum_queue = False {{(pid=93398) log_opt_values /opt/stack/data/venv/lib/python3.12/site-packages/oslo_config/cfg.py:3560}}
Aug 19 14:45:35.709535 np0000007778 nova-scheduler[93398]: DEBUG cotyledon.oslo_config_glue [-] oslo_messaging_rabbit.rpc_conn_pool_size = 30 {{(pid=93398) log_opt_values /opt/stack/data/venv/lib/python3.12/site-packages/oslo_config/cfg.py:3560}}
Aug 19 14:45:35.709535 np0000007778 nova-scheduler[93398]: DEBUG cotyledon.oslo_config_glue [-] oslo_messaging_rabbit.ssl = False {{(pid=93398) log_opt_values /opt/stack/data/venv/lib/python3.12/site-packages/oslo_config/cfg.py:3560}}
Aug 19 14:45:35.709698 np0000007778 nova-scheduler[93398]: DEBUG cotyledon.oslo_config_glue [-] oslo_messaging_rabbit.ssl_ca_file = {{(pid=93398) log_opt_values /opt/stack/data/venv/lib/python3.12/site-packages/oslo_config/cfg.py:3560}}
Aug 19 14:45:35.709698 np0000007778 nova-scheduler[93398]: DEBUG cotyledon.oslo_config_glue [-] oslo_messaging_rabbit.ssl_cert_file = {{(pid=93398) log_opt_values /opt/stack/data/venv/lib/python3.12/site-packages/oslo_config/cfg.py:3560}}
Aug 19 14:45:35.709698 np0000007778 nova-scheduler[93398]: DEBUG cotyledon.oslo_config_glue [-] oslo_messaging_rabbit.ssl_enforce_fips_mode = False {{(pid=93398) log_opt_values /opt/stack/data/venv/lib/python3.12/site-packages/oslo_config/cfg.py:3560}}
Aug 19 14:45:35.709698 np0000007778 nova-scheduler[93398]: DEBUG cotyledon.oslo_config_glue [-] oslo_messaging_rabbit.ssl_enforce_hostname_verification = True {{(pid=93398) log_opt_values /opt/stack/data/venv/lib/python3.12/site-packages/oslo_config/cfg.py:3560}}
Aug 19 14:45:35.709698 np0000007778 nova-scheduler[93398]: DEBUG cotyledon.oslo_config_glue [-] oslo_messaging_rabbit.ssl_key_file = {{(pid=93398) log_opt_values /opt/stack/data/venv/lib/python3.12/site-packages/oslo_config/cfg.py:3560}}
Aug 19 14:45:35.709698 np0000007778 nova-scheduler[93398]: DEBUG cotyledon.oslo_config_glue [-] oslo_messaging_rabbit.ssl_version = {{(pid=93398) log_opt_values /opt/stack/data/venv/lib/python3.12/site-packages/oslo_config/cfg.py:3560}}
Aug 19 14:45:35.709698 np0000007778 nova-scheduler[93398]: DEBUG cotyledon.oslo_config_glue [-] oslo_messaging_rabbit.use_queue_manager = False {{(pid=93398) log_opt_values /opt/stack/data/venv/lib/python3.12/site-packages/oslo_config/cfg.py:3560}}
Aug 19 14:45:35.709698 np0000007778 nova-scheduler[93398]: DEBUG cotyledon.oslo_config_glue [-] oslo_messaging_notifications.driver = ['messagingv2'] {{(pid=93398) log_opt_values /opt/stack/data/venv/lib/python3.12/site-packages/oslo_config/cfg.py:3560}}
Aug 19 14:45:35.709698 np0000007778 nova-scheduler[93398]: DEBUG cotyledon.oslo_config_glue [-] oslo_messaging_notifications.retry = -1 {{(pid=93398) log_opt_values /opt/stack/data/venv/lib/python3.12/site-packages/oslo_config/cfg.py:3560}}
Aug 19 14:45:35.709860 np0000007778 nova-scheduler[93398]: DEBUG cotyledon.oslo_config_glue [-] oslo_messaging_notifications.topics = ['notifications'] {{(pid=93398) log_opt_values /opt/stack/data/venv/lib/python3.12/site-packages/oslo_config/cfg.py:3560}}
Aug 19 14:45:35.709860 np0000007778 nova-scheduler[93398]: DEBUG cotyledon.oslo_config_glue [-] oslo_messaging_notifications.transport_url = **** {{(pid=93398) log_opt_values /opt/stack/data/venv/lib/python3.12/site-packages/oslo_config/cfg.py:3560}}
Aug 19 14:45:35.709860 np0000007778 nova-scheduler[93398]: DEBUG cotyledon.oslo_config_glue [-] oslo_limit.auth_section = None {{(pid=93398) log_opt_values /opt/stack/data/venv/lib/python3.12/site-packages/oslo_config/cfg.py:3560}}
Aug 19 14:45:35.709860 np0000007778 nova-scheduler[93398]: DEBUG cotyledon.oslo_config_glue [-] oslo_limit.auth_type = None {{(pid=93398) log_opt_values /opt/stack/data/venv/lib/python3.12/site-packages/oslo_config/cfg.py:3560}}
Aug 19 14:45:35.709860 np0000007778 nova-scheduler[93398]: DEBUG cotyledon.oslo_config_glue [-] oslo_limit.cafile = None {{(pid=93398) log_opt_values /opt/stack/data/venv/lib/python3.12/site-packages/oslo_config/cfg.py:3560}}
Aug 19 14:45:35.709860 np0000007778 nova-scheduler[93398]: DEBUG cotyledon.oslo_config_glue [-] oslo_limit.certfile = None {{(pid=93398) log_opt_values /opt/stack/data/venv/lib/python3.12/site-packages/oslo_config/cfg.py:3560}}
Aug 19 14:45:35.709860 np0000007778 nova-scheduler[93398]: DEBUG cotyledon.oslo_config_glue [-] oslo_limit.collect_timing = False {{(pid=93398) log_opt_values /opt/stack/data/venv/lib/python3.12/site-packages/oslo_config/cfg.py:3560}}
Aug 19 14:45:35.709860 np0000007778 nova-scheduler[93398]: DEBUG cotyledon.oslo_config_glue [-] oslo_limit.connect_retries = None {{(pid=93398) log_opt_values /opt/stack/data/venv/lib/python3.12/site-packages/oslo_config/cfg.py:3560}}
Aug 19 14:45:35.709860 np0000007778 nova-scheduler[93398]: DEBUG cotyledon.oslo_config_glue [-] oslo_limit.connect_retry_delay = None {{(pid=93398) log_opt_values /opt/stack/data/venv/lib/python3.12/site-packages/oslo_config/cfg.py:3560}}
Aug 19 14:45:35.710031 np0000007778 nova-scheduler[93398]: DEBUG cotyledon.oslo_config_glue [-] oslo_limit.endpoint_id = None {{(pid=93398) log_opt_values /opt/stack/data/venv/lib/python3.12/site-packages/oslo_config/cfg.py:3560}}
Aug 19 14:45:35.710031 np0000007778 nova-scheduler[93398]: DEBUG cotyledon.oslo_config_glue [-] oslo_limit.endpoint_interface = public {{(pid=93398) log_opt_values /opt/stack/data/venv/lib/python3.12/site-packages/oslo_config/cfg.py:3560}}
Aug 19 14:45:35.710031 np0000007778 nova-scheduler[93398]: DEBUG cotyledon.oslo_config_glue [-] oslo_limit.endpoint_override = None {{(pid=93398) log_opt_values /opt/stack/data/venv/lib/python3.12/site-packages/oslo_config/cfg.py:3560}}
Aug 19 14:45:35.710031 np0000007778 nova-scheduler[93398]: DEBUG cotyledon.oslo_config_glue [-] oslo_limit.endpoint_region_name = None {{(pid=93398) log_opt_values /opt/stack/data/venv/lib/python3.12/site-packages/oslo_config/cfg.py:3560}}
Aug 19 14:45:35.710031 np0000007778 nova-scheduler[93398]: DEBUG cotyledon.oslo_config_glue [-] oslo_limit.endpoint_service_name = None {{(pid=93398) log_opt_values /opt/stack/data/venv/lib/python3.12/site-packages/oslo_config/cfg.py:3560}}
Aug 19 14:45:35.710031 np0000007778 nova-scheduler[93398]: DEBUG cotyledon.oslo_config_glue [-] oslo_limit.endpoint_service_type = None {{(pid=93398) log_opt_values /opt/stack/data/venv/lib/python3.12/site-packages/oslo_config/cfg.py:3560}}
Aug 19 14:45:35.710031 np0000007778 nova-scheduler[93398]: DEBUG cotyledon.oslo_config_glue [-] oslo_limit.insecure = False {{(pid=93398) log_opt_values /opt/stack/data/venv/lib/python3.12/site-packages/oslo_config/cfg.py:3560}}
Aug 19 14:45:35.710031 np0000007778 nova-scheduler[93398]: DEBUG cotyledon.oslo_config_glue [-] oslo_limit.keyfile = None {{(pid=93398) log_opt_values /opt/stack/data/venv/lib/python3.12/site-packages/oslo_config/cfg.py:3560}}
Aug 19 14:45:35.710031 np0000007778 nova-scheduler[93398]: DEBUG cotyledon.oslo_config_glue [-] oslo_limit.max_version = None {{(pid=93398) log_opt_values /opt/stack/data/venv/lib/python3.12/site-packages/oslo_config/cfg.py:3560}}
Aug 19 14:45:35.710214 np0000007778 nova-scheduler[93398]: DEBUG cotyledon.oslo_config_glue [-] oslo_limit.min_version = None {{(pid=93398) log_opt_values /opt/stack/data/venv/lib/python3.12/site-packages/oslo_config/cfg.py:3560}}
Aug 19 14:45:35.710214 np0000007778 nova-scheduler[93398]: DEBUG cotyledon.oslo_config_glue [-] oslo_limit.region_name = None {{(pid=93398) log_opt_values /opt/stack/data/venv/lib/python3.12/site-packages/oslo_config/cfg.py:3560}}
Aug 19 14:45:35.710214 np0000007778 nova-scheduler[93398]: DEBUG cotyledon.oslo_config_glue [-] oslo_limit.retriable_status_codes = None {{(pid=93398) log_opt_values /opt/stack/data/venv/lib/python3.12/site-packages/oslo_config/cfg.py:3560}}
Aug 19 14:45:35.710214 np0000007778 nova-scheduler[93398]: DEBUG cotyledon.oslo_config_glue [-] oslo_limit.service_name = None {{(pid=93398) log_opt_values /opt/stack/data/venv/lib/python3.12/site-packages/oslo_config/cfg.py:3560}}
Aug 19 14:45:35.710214 np0000007778 nova-scheduler[93398]: DEBUG cotyledon.oslo_config_glue [-] oslo_limit.service_type = None {{(pid=93398) log_opt_values /opt/stack/data/venv/lib/python3.12/site-packages/oslo_config/cfg.py:3560}}
Aug 19 14:45:35.710214 np0000007778 nova-scheduler[93398]: DEBUG cotyledon.oslo_config_glue [-] oslo_limit.split_loggers = False {{(pid=93398) log_opt_values /opt/stack/data/venv/lib/python3.12/site-packages/oslo_config/cfg.py:3560}}
Aug 19 14:45:35.710214 np0000007778 nova-scheduler[93398]: DEBUG cotyledon.oslo_config_glue [-] oslo_limit.status_code_retries = None {{(pid=93398) log_opt_values /opt/stack/data/venv/lib/python3.12/site-packages/oslo_config/cfg.py:3560}}
Aug 19 14:45:35.710214 np0000007778 nova-scheduler[93398]: DEBUG cotyledon.oslo_config_glue [-] oslo_limit.status_code_retry_delay = None {{(pid=93398) log_opt_values /opt/stack/data/venv/lib/python3.12/site-packages/oslo_config/cfg.py:3560}}
Aug 19 14:45:35.710214 np0000007778 nova-scheduler[93398]: DEBUG cotyledon.oslo_config_glue [-] oslo_limit.timeout = None {{(pid=93398) log_opt_values /opt/stack/data/venv/lib/python3.12/site-packages/oslo_config/cfg.py:3560}}
Aug 19 14:45:35.710384 np0000007778 nova-scheduler[93398]: DEBUG cotyledon.oslo_config_glue [-] oslo_limit.valid_interfaces = None {{(pid=93398) log_opt_values /opt/stack/data/venv/lib/python3.12/site-packages/oslo_config/cfg.py:3560}}
Aug 19 14:45:35.710384 np0000007778 nova-scheduler[93398]: DEBUG cotyledon.oslo_config_glue [-] oslo_limit.version = None {{(pid=93398) log_opt_values /opt/stack/data/venv/lib/python3.12/site-packages/oslo_config/cfg.py:3560}}
Aug 19 14:45:35.710384 np0000007778 nova-scheduler[93398]: DEBUG cotyledon.oslo_config_glue [-] oslo_reports.file_event_handler = None {{(pid=93398) log_opt_values /opt/stack/data/venv/lib/python3.12/site-packages/oslo_config/cfg.py:3560}}
Aug 19 14:45:35.710384 np0000007778 nova-scheduler[93398]: DEBUG cotyledon.oslo_config_glue [-] oslo_reports.file_event_handler_interval = 1 {{(pid=93398) log_opt_values /opt/stack/data/venv/lib/python3.12/site-packages/oslo_config/cfg.py:3560}}
Aug 19 14:45:35.710384 np0000007778 nova-scheduler[93398]: DEBUG cotyledon.oslo_config_glue [-] oslo_reports.log_dir = None {{(pid=93398) log_opt_values /opt/stack/data/venv/lib/python3.12/site-packages/oslo_config/cfg.py:3560}}
Aug 19 14:45:35.710384 np0000007778 nova-scheduler[93398]: DEBUG cotyledon.oslo_config_glue [-] ******************************************************************************** {{(pid=93398) log_opt_values /opt/stack/data/venv/lib/python3.12/site-packages/oslo_config/cfg.py:3567}}
Aug 19 14:45:35.710384 np0000007778 nova-scheduler[93398]: DEBUG cotyledon._service_worker [-] Run service ServiceWrapper(1) [93398] {{(pid=93398) wait_forever /opt/stack/data/venv/lib/python3.12/site-packages/cotyledon/_service_worker.py:218}}
Aug 19 14:45:35.710384 np0000007778 nova-scheduler[93398]: INFO nova.service [-] Starting scheduler node (version 33.1.0)
Aug 19 14:45:35.713752 np0000007778 nova-scheduler[93398]: INFO dbcounter [None req-ac36c9ab-9965-4285-b87c-154a834e8e1a None None] Registered counter for database nova_cell0
Aug 19 14:45:35.719271 np0000007778 nova-scheduler[93396]: DEBUG oslo_db.sqlalchemy.engines [None req-809210e6-a17e-48f3-b564-f9fc5834cc92 None None] MySQL server mode set to STRICT_TRANS_TABLES,STRICT_ALL_TABLES,NO_ZERO_IN_DATE,NO_ZERO_DATE,ERROR_FOR_DIVISION_BY_ZERO,TRADITIONAL,NO_ENGINE_SUBSTITUTION {{(pid=93396) _check_effective_sql_mode /opt/stack/data/venv/lib/python3.12/site-packages/oslo_db/sqlalchemy/engines.py:325}}
Aug 19 14:45:35.729371 np0000007778 nova-scheduler[93396]: DEBUG dbcounter [-] [93396] Writer thread running {{(pid=93396) stat_writer /opt/stack/data/venv/lib/python3.12/site-packages/dbcounter.py:102}}
Aug 19 14:45:35.733293 np0000007778 nova-scheduler[93400]: DEBUG oslo_db.sqlalchemy.engines [None req-659267e2-9990-41e5-bd44-853551d2b90c None None] MySQL server mode set to STRICT_TRANS_TABLES,STRICT_ALL_TABLES,NO_ZERO_IN_DATE,NO_ZERO_DATE,ERROR_FOR_DIVISION_BY_ZERO,TRADITIONAL,NO_ENGINE_SUBSTITUTION {{(pid=93400) _check_effective_sql_mode /opt/stack/data/venv/lib/python3.12/site-packages/oslo_db/sqlalchemy/engines.py:325}}
Aug 19 14:45:35.747419 np0000007778 nova-scheduler[93396]: DEBUG nova.service [None req-809210e6-a17e-48f3-b564-f9fc5834cc92 None None] Creating RPC server for service: nova-scheduler on topic: scheduler {{(pid=93396) start /opt/stack/nova/nova/service.py:262}}
Aug 19 14:45:35.759492 np0000007778 nova-scheduler[93398]: DEBUG oslo_db.sqlalchemy.engines [None req-ac36c9ab-9965-4285-b87c-154a834e8e1a None None] MySQL server mode set to STRICT_TRANS_TABLES,STRICT_ALL_TABLES,NO_ZERO_IN_DATE,NO_ZERO_DATE,ERROR_FOR_DIVISION_BY_ZERO,TRADITIONAL,NO_ENGINE_SUBSTITUTION {{(pid=93398) _check_effective_sql_mode /opt/stack/data/venv/lib/python3.12/site-packages/oslo_db/sqlalchemy/engines.py:325}}
Aug 19 14:45:35.759739 np0000007778 nova-scheduler[93400]: DEBUG dbcounter [-] [93400] Writer thread running {{(pid=93400) stat_writer /opt/stack/data/venv/lib/python3.12/site-packages/dbcounter.py:102}}
Aug 19 14:45:35.763899 np0000007778 nova-scheduler[93400]: DEBUG nova.service [None req-659267e2-9990-41e5-bd44-853551d2b90c None None] Creating RPC server for service: nova-scheduler on topic: scheduler {{(pid=93400) start /opt/stack/nova/nova/service.py:262}}
Aug 19 14:45:35.771312 np0000007778 nova-scheduler[93398]: DEBUG dbcounter [-] [93398] Writer thread running {{(pid=93398) stat_writer /opt/stack/data/venv/lib/python3.12/site-packages/dbcounter.py:102}}
Aug 19 14:45:35.772565 np0000007778 nova-scheduler[93396]: DEBUG nova.service [None req-809210e6-a17e-48f3-b564-f9fc5834cc92 None None] Join ServiceGroup membership for this service scheduler {{(pid=93396) start /opt/stack/nova/nova/service.py:288}}
Aug 19 14:45:35.772565 np0000007778 nova-scheduler[93396]: DEBUG nova.servicegroup.drivers.db [None req-809210e6-a17e-48f3-b564-f9fc5834cc92 None None] DB_Driver: join new ServiceGroup member np0000007778 to the scheduler group, service = {{(pid=93396) join /opt/stack/nova/nova/servicegroup/drivers/db.py:44}}
Aug 19 14:45:35.776634 np0000007778 nova-scheduler[93398]: DEBUG nova.service [None req-ac36c9ab-9965-4285-b87c-154a834e8e1a None None] Creating RPC server for service: nova-scheduler on topic: scheduler {{(pid=93398) start /opt/stack/nova/nova/service.py:262}}
Aug 19 14:45:35.785615 np0000007778 nova-scheduler[93400]: DEBUG nova.service [None req-659267e2-9990-41e5-bd44-853551d2b90c None None] Join ServiceGroup membership for this service scheduler {{(pid=93400) start /opt/stack/nova/nova/service.py:288}}
Aug 19 14:45:35.785876 np0000007778 nova-scheduler[93400]: DEBUG nova.servicegroup.drivers.db [None req-659267e2-9990-41e5-bd44-853551d2b90c None None] DB_Driver: join new ServiceGroup member np0000007778 to the scheduler group, service = {{(pid=93400) join /opt/stack/nova/nova/servicegroup/drivers/db.py:44}}
Aug 19 14:45:35.793704 np0000007778 nova-scheduler[93398]: DEBUG nova.service [None req-ac36c9ab-9965-4285-b87c-154a834e8e1a None None] Join ServiceGroup membership for this service scheduler {{(pid=93398) start /opt/stack/nova/nova/service.py:288}}
Aug 19 14:45:35.793932 np0000007778 nova-scheduler[93398]: DEBUG nova.servicegroup.drivers.db [None req-ac36c9ab-9965-4285-b87c-154a834e8e1a None None] DB_Driver: join new ServiceGroup member np0000007778 to the scheduler group, service = {{(pid=93398) join /opt/stack/nova/nova/servicegroup/drivers/db.py:44}}
Aug 19 14:45:40.784503 np0000007778 nova-scheduler[93396]: DEBUG oslo.service.backend._threading.loopingcall [-] Fixed interval looping call 'nova.servicegroup.drivers.db.DbDriver._report_state' sleeping for 119.99 seconds {{(pid=93396) _run_loop /opt/stack/data/venv/lib/python3.12/site-packages/oslo_service/backend/_threading/loopingcall.py:125}}
Aug 19 14:45:40.798769 np0000007778 nova-scheduler[93400]: DEBUG oslo.service.backend._threading.loopingcall [-] Fixed interval looping call 'nova.servicegroup.drivers.db.DbDriver._report_state' sleeping for 119.99 seconds {{(pid=93400) _run_loop /opt/stack/data/venv/lib/python3.12/site-packages/oslo_service/backend/_threading/loopingcall.py:125}}
Aug 19 14:45:40.803743 np0000007778 nova-scheduler[93398]: DEBUG oslo.service.backend._threading.loopingcall [-] Fixed interval looping call 'nova.servicegroup.drivers.db.DbDriver._report_state' sleeping for 119.99 seconds {{(pid=93398) _run_loop /opt/stack/data/venv/lib/python3.12/site-packages/oslo_service/backend/_threading/loopingcall.py:125}}
Aug 19 14:45:44.285410 np0000007778 nova-scheduler[92192]: DEBUG dbcounter [-] [92192] Writing DB stats nova_api:SELECT=3 {{(pid=92192) stat_writer /opt/stack/data/venv/lib/python3.12/site-packages/dbcounter.py:115}}
Aug 19 14:45:44.440879 np0000007778 nova-scheduler[92192]: DEBUG dbcounter [-] [92192] Writing DB stats nova_cell1:SELECT=1 {{(pid=92192) stat_writer /opt/stack/data/venv/lib/python3.12/site-packages/dbcounter.py:115}}
Aug 19 14:45:44.441471 np0000007778 nova-scheduler[92192]: DEBUG dbcounter [-] [92192] Writing DB stats nova_cell0:SELECT=1 {{(pid=92192) stat_writer /opt/stack/data/venv/lib/python3.12/site-packages/dbcounter.py:115}}
Aug 19 14:45:50.783239 np0000007778 nova-scheduler[93396]: DEBUG dbcounter [-] [93396] Writing DB stats nova_cell0:SELECT=4,nova_cell0:INSERT=1,nova_cell0:UPDATE=1 {{(pid=93396) stat_writer /opt/stack/data/venv/lib/python3.12/site-packages/dbcounter.py:115}}
Aug 19 14:45:50.793138 np0000007778 nova-scheduler[93400]: DEBUG dbcounter [-] [93400] Writing DB stats nova_cell0:SELECT=3 {{(pid=93400) stat_writer /opt/stack/data/venv/lib/python3.12/site-packages/dbcounter.py:115}}
Aug 19 14:45:50.802539 np0000007778 nova-scheduler[93398]: DEBUG dbcounter [-] [93398] Writing DB stats nova_cell0:SELECT=3 {{(pid=93398) stat_writer /opt/stack/data/venv/lib/python3.12/site-packages/dbcounter.py:115}}
Aug 19 14:45:51.796072 np0000007778 nova-scheduler[93398]: DEBUG oslo.service.backend._threading.loopingcall [None req-8364d877-88cd-4519-a95f-0b0f43f1d411 None None] Dynamic interval looping call 'nova.service.Service.periodic_tasks' sleeping for 60.00 seconds {{(pid=93398) _run_loop /opt/stack/data/venv/lib/python3.12/site-packages/oslo_service/backend/_threading/loopingcall.py:125}}
Aug 19 14:46:07.775060 np0000007778 nova-scheduler[93396]: DEBUG oslo.service.backend._threading.loopingcall [None req-32ccc979-5e14-4d46-ade6-e88ac1d92464 None None] Dynamic interval looping call 'nova.service.Service.periodic_tasks' sleeping for 60.00 seconds {{(pid=93396) _run_loop /opt/stack/data/venv/lib/python3.12/site-packages/oslo_service/backend/_threading/loopingcall.py:125}}
Aug 19 14:46:18.787894 np0000007778 nova-scheduler[93400]: DEBUG oslo.service.backend._threading.loopingcall [None req-5f033df4-fdba-410f-8442-7c4ced164dc7 None None] Dynamic interval looping call 'nova.service.Service.periodic_tasks' sleeping for 60.00 seconds {{(pid=93400) _run_loop /opt/stack/data/venv/lib/python3.12/site-packages/oslo_service/backend/_threading/loopingcall.py:125}}
Aug 19 14:46:51.796518 np0000007778 nova-scheduler[93398]: DEBUG oslo.service.backend._threading.loopingcall [None req-8364d877-88cd-4519-a95f-0b0f43f1d411 None None] Dynamic interval looping call 'nova.service.Service.periodic_tasks' sleeping for 60.00 seconds {{(pid=93398) _run_loop /opt/stack/data/venv/lib/python3.12/site-packages/oslo_service/backend/_threading/loopingcall.py:125}}
Aug 19 14:47:07.775484 np0000007778 nova-scheduler[93396]: DEBUG oslo.service.backend._threading.loopingcall [None req-32ccc979-5e14-4d46-ade6-e88ac1d92464 None None] Dynamic interval looping call 'nova.service.Service.periodic_tasks' sleeping for 60.00 seconds {{(pid=93396) _run_loop /opt/stack/data/venv/lib/python3.12/site-packages/oslo_service/backend/_threading/loopingcall.py:125}}
Aug 19 14:47:18.788589 np0000007778 nova-scheduler[93400]: DEBUG oslo.service.backend._threading.loopingcall [None req-5f033df4-fdba-410f-8442-7c4ced164dc7 None None] Dynamic interval looping call 'nova.service.Service.periodic_tasks' sleeping for 60.00 seconds {{(pid=93400) _run_loop /opt/stack/data/venv/lib/python3.12/site-packages/oslo_service/backend/_threading/loopingcall.py:125}}
Aug 19 14:47:40.782526 np0000007778 nova-scheduler[93396]: DEBUG oslo.service.backend._threading.loopingcall [-] Fixed interval looping call 'nova.servicegroup.drivers.db.DbDriver._report_state' sleeping for 119.99 seconds {{(pid=93396) _run_loop /opt/stack/data/venv/lib/python3.12/site-packages/oslo_service/backend/_threading/loopingcall.py:125}}
Aug 19 14:47:40.792454 np0000007778 nova-scheduler[93400]: DEBUG oslo.service.backend._threading.loopingcall [-] Fixed interval looping call 'nova.servicegroup.drivers.db.DbDriver._report_state' sleeping for 120.00 seconds {{(pid=93400) _run_loop /opt/stack/data/venv/lib/python3.12/site-packages/oslo_service/backend/_threading/loopingcall.py:125}}
Aug 19 14:47:40.797782 np0000007778 nova-scheduler[93398]: DEBUG oslo.service.backend._threading.loopingcall [-] Fixed interval looping call 'nova.servicegroup.drivers.db.DbDriver._report_state' sleeping for 120.00 seconds {{(pid=93398) _run_loop /opt/stack/data/venv/lib/python3.12/site-packages/oslo_service/backend/_threading/loopingcall.py:125}}
Aug 19 14:47:50.778020 np0000007778 nova-scheduler[93396]: DEBUG dbcounter [-] [93396] Writing DB stats nova_cell0:SELECT=1,nova_cell0:UPDATE=1 {{(pid=93396) stat_writer /opt/stack/data/venv/lib/python3.12/site-packages/dbcounter.py:115}}
Aug 19 14:47:50.790627 np0000007778 nova-scheduler[93400]: DEBUG dbcounter [-] [93400] Writing DB stats nova_cell0:SELECT=1 {{(pid=93400) stat_writer /opt/stack/data/venv/lib/python3.12/site-packages/dbcounter.py:115}}
Aug 19 14:47:50.795681 np0000007778 nova-scheduler[93398]: DEBUG dbcounter [-] [93398] Writing DB stats nova_cell0:SELECT=1 {{(pid=93398) stat_writer /opt/stack/data/venv/lib/python3.12/site-packages/dbcounter.py:115}}
Aug 19 14:47:51.797033 np0000007778 nova-scheduler[93398]: DEBUG oslo.service.backend._threading.loopingcall [None req-8364d877-88cd-4519-a95f-0b0f43f1d411 None None] Dynamic interval looping call 'nova.service.Service.periodic_tasks' sleeping for 60.00 seconds {{(pid=93398) _run_loop /opt/stack/data/venv/lib/python3.12/site-packages/oslo_service/backend/_threading/loopingcall.py:125}}
Aug 19 14:48:07.775980 np0000007778 nova-scheduler[93396]: DEBUG oslo.service.backend._threading.loopingcall [None req-32ccc979-5e14-4d46-ade6-e88ac1d92464 None None] Dynamic interval looping call 'nova.service.Service.periodic_tasks' sleeping for 60.00 seconds {{(pid=93396) _run_loop /opt/stack/data/venv/lib/python3.12/site-packages/oslo_service/backend/_threading/loopingcall.py:125}}
Aug 19 14:48:10.148022 np0000007778 nova-scheduler[93396]: DEBUG nova.scheduler.manager [None req-5f7f1c30-4d2b-46b1-b38f-f6a88e5dfdb7 tempest-DeleteServersTestJSON-471595055 tempest-DeleteServersTestJSON-471595055-project-member] Starting to schedule for instances: ['35603ec0-05c2-4776-8cb4-08f0157acf00'] {{(pid=93396) select_destinations /opt/stack/nova/nova/scheduler/manager.py:197}}
Aug 19 14:48:10.148844 np0000007778 nova-scheduler[93396]: DEBUG nova.scheduler.request_filter [None req-5f7f1c30-4d2b-46b1-b38f-f6a88e5dfdb7 tempest-DeleteServersTestJSON-471595055 tempest-DeleteServersTestJSON-471595055-project-member] compute_status_filter request filter added forbidden trait COMPUTE_STATUS_DISABLED {{(pid=93396) compute_status_filter /opt/stack/nova/nova/scheduler/request_filter.py:253}}
Aug 19 14:48:10.149049 np0000007778 nova-scheduler[93396]: DEBUG nova.scheduler.request_filter [None req-5f7f1c30-4d2b-46b1-b38f-f6a88e5dfdb7 tempest-DeleteServersTestJSON-471595055 tempest-DeleteServersTestJSON-471595055-project-member] Request filter 'compute_status_filter' took 0.0 seconds {{(pid=93396) wrapper /opt/stack/nova/nova/scheduler/request_filter.py:46}}
Aug 19 14:48:10.149612 np0000007778 nova-scheduler[93396]: DEBUG nova.scheduler.request_filter [None req-5f7f1c30-4d2b-46b1-b38f-f6a88e5dfdb7 tempest-DeleteServersTestJSON-471595055 tempest-DeleteServersTestJSON-471595055-project-member] Request filter 'accelerators_filter' took 0.0 seconds {{(pid=93396) wrapper /opt/stack/nova/nova/scheduler/request_filter.py:46}}
Aug 19 14:48:10.149612 np0000007778 nova-scheduler[93396]: DEBUG nova.scheduler.request_filter [None req-5f7f1c30-4d2b-46b1-b38f-f6a88e5dfdb7 tempest-DeleteServersTestJSON-471595055 tempest-DeleteServersTestJSON-471595055-project-member] Request filter 'packed_virtqueue_filter' took 0.0 seconds {{(pid=93396) wrapper /opt/stack/nova/nova/scheduler/request_filter.py:46}}
Aug 19 14:48:10.150005 np0000007778 nova-scheduler[93396]: DEBUG nova.scheduler.request_filter [None req-5f7f1c30-4d2b-46b1-b38f-f6a88e5dfdb7 tempest-DeleteServersTestJSON-471595055 tempest-DeleteServersTestJSON-471595055-project-member] Request filter 'remote_managed_ports_filter' took 0.0 seconds {{(pid=93396) wrapper /opt/stack/nova/nova/scheduler/request_filter.py:46}}
Aug 19 14:48:10.150228 np0000007778 nova-scheduler[93396]: DEBUG nova.scheduler.request_filter [None req-5f7f1c30-4d2b-46b1-b38f-f6a88e5dfdb7 tempest-DeleteServersTestJSON-471595055 tempest-DeleteServersTestJSON-471595055-project-member] ephemeral_encryption_filter skipped {{(pid=93396) ephemeral_encryption_filter /opt/stack/nova/nova/scheduler/request_filter.py:426}}
Aug 19 14:48:10.150433 np0000007778 nova-scheduler[93396]: DEBUG nova.scheduler.request_filter [None req-5f7f1c30-4d2b-46b1-b38f-f6a88e5dfdb7 tempest-DeleteServersTestJSON-471595055 tempest-DeleteServersTestJSON-471595055-project-member] virtio_sound_filter skipped {{(pid=93396) virtio_sound_filter /opt/stack/nova/nova/scheduler/request_filter.py:460}}
Aug 19 14:48:10.150835 np0000007778 nova-scheduler[93396]: DEBUG nova.scheduler.request_filter [None req-5f7f1c30-4d2b-46b1-b38f-f6a88e5dfdb7 tempest-DeleteServersTestJSON-471595055 tempest-DeleteServersTestJSON-471595055-project-member] tpm_secret_security_filter skipped {{(pid=93396) tpm_secret_security_filter /opt/stack/nova/nova/scheduler/request_filter.py:477}}
Aug 19 14:48:10.711755 np0000007778 nova-scheduler[93396]: INFO nova.utils [None req-5f7f1c30-4d2b-46b1-b38f-f6a88e5dfdb7 tempest-DeleteServersTestJSON-471595055 tempest-DeleteServersTestJSON-471595055-project-member] The cell worker thread pool ForkProcess-1.cell_worker is initialized
Aug 19 14:48:10.712224 np0000007778 nova-scheduler[93396]: DEBUG oslo_concurrency.lockutils [None req-5f7f1c30-4d2b-46b1-b38f-f6a88e5dfdb7 tempest-DeleteServersTestJSON-471595055 tempest-DeleteServersTestJSON-471595055-project-member] Acquiring lock "68d4922d-3db7-4fbd-a843-5769115c4035" by "nova.context.set_target_cell..get_or_set_cached_cell_and_set_connections" {{(pid=93396) inner /opt/stack/data/venv/lib/python3.12/site-packages/oslo_concurrency/lockutils.py:512}}
Aug 19 14:48:10.712447 np0000007778 nova-scheduler[93396]: DEBUG oslo_concurrency.lockutils [None req-5f7f1c30-4d2b-46b1-b38f-f6a88e5dfdb7 tempest-DeleteServersTestJSON-471595055 tempest-DeleteServersTestJSON-471595055-project-member] Lock "68d4922d-3db7-4fbd-a843-5769115c4035" acquired by "nova.context.set_target_cell..get_or_set_cached_cell_and_set_connections" :: waited 0.000s {{(pid=93396) inner /opt/stack/data/venv/lib/python3.12/site-packages/oslo_concurrency/lockutils.py:525}}
Aug 19 14:48:10.714789 np0000007778 nova-scheduler[93396]: DEBUG oslo_concurrency.lockutils [None req-5f7f1c30-4d2b-46b1-b38f-f6a88e5dfdb7 tempest-DeleteServersTestJSON-471595055 tempest-DeleteServersTestJSON-471595055-project-member] Lock "68d4922d-3db7-4fbd-a843-5769115c4035" "released" by "nova.context.set_target_cell..get_or_set_cached_cell_and_set_connections" :: held 0.002s {{(pid=93396) inner /opt/stack/data/venv/lib/python3.12/site-packages/oslo_concurrency/lockutils.py:544}}
Aug 19 14:48:10.716679 np0000007778 nova-scheduler[93396]: INFO dbcounter [None req-5f7f1c30-4d2b-46b1-b38f-f6a88e5dfdb7 tempest-DeleteServersTestJSON-471595055 tempest-DeleteServersTestJSON-471595055-project-member] Registered counter for database nova_cell1
Aug 19 14:48:10.758727 np0000007778 nova-scheduler[93396]: DEBUG oslo_db.sqlalchemy.engines [None req-5f7f1c30-4d2b-46b1-b38f-f6a88e5dfdb7 tempest-DeleteServersTestJSON-471595055 tempest-DeleteServersTestJSON-471595055-project-member] MySQL server mode set to STRICT_TRANS_TABLES,STRICT_ALL_TABLES,NO_ZERO_IN_DATE,NO_ZERO_DATE,ERROR_FOR_DIVISION_BY_ZERO,TRADITIONAL,NO_ENGINE_SUBSTITUTION {{(pid=93396) _check_effective_sql_mode /opt/stack/data/venv/lib/python3.12/site-packages/oslo_db/sqlalchemy/engines.py:325}}
Aug 19 14:48:10.766264 np0000007778 nova-scheduler[93396]: DEBUG dbcounter [-] [93396] Writer thread running {{(pid=93396) stat_writer /opt/stack/data/venv/lib/python3.12/site-packages/dbcounter.py:102}}
Aug 19 14:48:10.790757 np0000007778 nova-scheduler[93396]: DEBUG oslo_db.sqlalchemy.engines [None req-5f7f1c30-4d2b-46b1-b38f-f6a88e5dfdb7 tempest-DeleteServersTestJSON-471595055 tempest-DeleteServersTestJSON-471595055-project-member] Parent process 92192 forked (93396) with an open database connection, which is being discarded and recreated. {{(pid=93396) checkout /opt/stack/data/venv/lib/python3.12/site-packages/oslo_db/sqlalchemy/engines.py:402}}
Aug 19 14:48:10.859920 np0000007778 nova-scheduler[93396]: DEBUG dbcounter [-] [93396] Writer thread running {{(pid=93396) stat_writer /opt/stack/data/venv/lib/python3.12/site-packages/dbcounter.py:102}}
Aug 19 14:48:10.863485 np0000007778 nova-scheduler[93396]: DEBUG oslo_concurrency.lockutils [None req-5f7f1c30-4d2b-46b1-b38f-f6a88e5dfdb7 tempest-DeleteServersTestJSON-471595055 tempest-DeleteServersTestJSON-471595055-project-member] Acquiring lock "68d4922d-3db7-4fbd-a843-5769115c4035" by "nova.context.set_target_cell..get_or_set_cached_cell_and_set_connections" {{(pid=93396) inner /opt/stack/data/venv/lib/python3.12/site-packages/oslo_concurrency/lockutils.py:512}}
Aug 19 14:48:10.863923 np0000007778 nova-scheduler[93396]: DEBUG oslo_concurrency.lockutils [None req-5f7f1c30-4d2b-46b1-b38f-f6a88e5dfdb7 tempest-DeleteServersTestJSON-471595055 tempest-DeleteServersTestJSON-471595055-project-member] Lock "68d4922d-3db7-4fbd-a843-5769115c4035" acquired by "nova.context.set_target_cell..get_or_set_cached_cell_and_set_connections" :: waited 0.000s {{(pid=93396) inner /opt/stack/data/venv/lib/python3.12/site-packages/oslo_concurrency/lockutils.py:525}}
Aug 19 14:48:10.863923 np0000007778 nova-scheduler[93396]: DEBUG oslo_concurrency.lockutils [None req-5f7f1c30-4d2b-46b1-b38f-f6a88e5dfdb7 tempest-DeleteServersTestJSON-471595055 tempest-DeleteServersTestJSON-471595055-project-member] Lock "68d4922d-3db7-4fbd-a843-5769115c4035" "released" by "nova.context.set_target_cell..get_or_set_cached_cell_and_set_connections" :: held 0.000s {{(pid=93396) inner /opt/stack/data/venv/lib/python3.12/site-packages/oslo_concurrency/lockutils.py:544}}
Aug 19 14:48:10.868225 np0000007778 nova-scheduler[93396]: DEBUG oslo_concurrency.lockutils [None req-5f7f1c30-4d2b-46b1-b38f-f6a88e5dfdb7 tempest-DeleteServersTestJSON-471595055 tempest-DeleteServersTestJSON-471595055-project-member] Acquiring lock "np0000007778-np0000007778" by "nova.scheduler.host_manager.HostState.update.._locked_update" {{(pid=93396) inner /opt/stack/data/venv/lib/python3.12/site-packages/oslo_concurrency/lockutils.py:512}}
Aug 19 14:48:10.868225 np0000007778 nova-scheduler[93396]: DEBUG oslo_concurrency.lockutils [None req-5f7f1c30-4d2b-46b1-b38f-f6a88e5dfdb7 tempest-DeleteServersTestJSON-471595055 tempest-DeleteServersTestJSON-471595055-project-member] Lock "np0000007778-np0000007778" acquired by "nova.scheduler.host_manager.HostState.update.._locked_update" :: waited 0.000s {{(pid=93396) inner /opt/stack/data/venv/lib/python3.12/site-packages/oslo_concurrency/lockutils.py:525}}
Aug 19 14:48:10.868998 np0000007778 nova-scheduler[93396]: DEBUG nova.scheduler.host_manager [None req-5f7f1c30-4d2b-46b1-b38f-f6a88e5dfdb7 tempest-DeleteServersTestJSON-471595055 tempest-DeleteServersTestJSON-471595055-project-member] Update host state from compute node: ComputeNode(cpu_allocation_ratio=4.0,cpu_info='{"arch": "x86_64", "model": "EPYC-Milan", "vendor": "AMD", "topology": {"cells": 1, "sockets": 16, "cores": 1, "threads": 1}, "maxphysaddr": {"mode": "emulate", "bits": 40}, "features": ["nx", "rdpid", "syscall", "popcnt", "tsc-scale", "vaes", "msr", "fpu", "lahf_lm", "lbrv", "rdtscp", "sse2", "pause-filter", "gds-no", "arch-capabilities", "fxsr_opt", "sse4a", "topoext", "adx", "mtrr", "avx2", "nrip-save", "rdctl-no", "xsaves", "mca", "xsaveopt", "invpcid", "clflush", "umip", "apic", "bmi1", "npt", "pfthreshold", "aes", "smep", "smap", "fsrm", "sse4.2", "flushbyasid", "mmx", "xsave", "pae", "fxsr", "misalignsse", "amd-stibp", "pcid", "cr8legacy", "hypervisor", "sep", "amd-ssbd", "ibrs", "sse", "mmxext", "tsc_adjust", "amd-psfd", "clzero", "rdseed", "stibp-always-on", "virt-ssbd", "fma", "ibpb", "arat", "wbnoinvd", "pku", "svme-addr-chk", "sha-ni", "clflushopt", "cmov", "pge", "movbe", "clwb", "xgetbv1", "vgif", "cx8", "f16c", "svm", "abm", "mce", "mds-no", "sse4.1", "pdpe1gb", "rdrand", "avx", "no-nested-data-bp", "fsgsbase", "spec-ctrl", "xsavec", "vmcb-clean", "vme", "pclmuldq", "tsc", "perfctr_core", "pse36", "cmp_legacy", "pat", "de", "osvw", "3dnowprefetch", "x2apic", "skip-l1dfl-vmentry", "pse", "cx16", "lfence-always-serializing", "pni", "stibp", "tsc-deadline", "erms", "vpclmulqdq", "ssbd", "xsaveerptr", "null-sel-clr-base", "pschange-mc-no", "v-vmsave-vmload", "ssse3", "bmi2", "lm"]}',created_at=2026-08-19T14:45:57Z,current_workload=0,deleted=False,deleted_at=None,disk_allocation_ratio=1.0,disk_available_least=73,free_disk_gb=95,free_ram_mb=62765,host='np0000007778',host_ip=10.4.3.88,hypervisor_hostname='np0000007778',hypervisor_type='QEMU',hypervisor_version=8002002,id=1,local_gb=95,local_gb_used=0,mapped=1,memory_mb=63277,memory_mb_used=512,metrics='[]',numa_topology='{"nova_object.name": "NUMATopology", "nova_object.namespace": "nova", "nova_object.version": "1.2", "nova_object.data": {"cells": [{"nova_object.name": "NUMACell", "nova_object.namespace": "nova", "nova_object.version": "1.5", "nova_object.data": {"id": 0, "cpuset": [0, 1, 2, 3, 4, 5, 6, 7, 8, 9, 10, 11, 12, 13, 14, 15], "pcpuset": [0, 1, 2, 3, 4, 5, 6, 7, 8, 9, 10, 11, 12, 13, 14, 15], "memory": 63277, "cpu_usage": 0, "memory_usage": 0, "pinned_cpus": [], "siblings": [[6], [12], [2], [15], [5], [11], [8], [14], [4], [1], [7], [10], [0], [13], [3], [9]], "mempages": [{"nova_object.name": "NUMAPagesTopology", "nova_object.namespace": "nova", "nova_object.version": "1.1", "nova_object.data": {"size_kb": 4, "total": 16177929, "used": 0, "reserved": 0}, "nova_object.changes": ["total", "reserved", "size_kb", "used"]}, {"nova_object.name": "NUMAPagesTopology", "nova_object.namespace": "nova", "nova_object.version": "1.1", "nova_object.data": {"size_kb": 2048, "total": 41, "used": 0, "reserved": 0}, "nova_object.changes": ["total", "reserved", "size_kb", "used"]}, {"nova_object.name": "NUMAPagesTopology", "nova_object.namespace": "nova", "nova_object.version": "1.1", "nova_object.data": {"size_kb": 1048576, "total": 0, "used": 0, "reserved": 0}, "nova_object.changes": ["total", "reserved", "size_kb", "used"]}], "network_metadata": {"nova_object.name": "NetworkMetadata", "nova_object.namespace": "nova", "nova_object.version": "1.0", "nova_object.data": {"physnets": [], "tunneled": false}, "nova_object.changes": ["tunneled", "physnets"]}, "socket": null}, "nova_object.changes": ["network_metadata", "socket", "id", "cpuset", "memory_usage", "siblings", "cpu_usage", "pcpuset", "memory", "pinned_cpus", "mempages"]}]}, "nova_object.changes": ["cells"]}',pci_device_pools=PciDevicePoolList,ram_allocation_ratio=1.0,running_vms=0,service_id=3,stats={failed_builds='0',uptime=' 14:47:44 up 14 min, 2 users, load average: 1.23, 1.29, 0.78
Aug 19 14:48:10.868998 np0000007778 nova-scheduler[93396]: '},supported_hv_specs=[HVSpec,HVSpec,HVSpec,HVSpec,HVSpec,HVSpec,HVSpec,HVSpec,HVSpec,HVSpec,HVSpec,HVSpec,HVSpec,HVSpec,HVSpec,HVSpec,HVSpec,HVSpec,HVSpec,HVSpec,HVSpec,HVSpec,HVSpec,HVSpec,HVSpec],updated_at=2026-08-19T14:47:45Z,uuid=0c7f0f3a-9e58-45f1-adcf-03ba5a3806b9,vcpus=16,vcpus_used=0) {{(pid=93396) _locked_update /opt/stack/nova/nova/scheduler/host_manager.py:168}}
Aug 19 14:48:10.869851 np0000007778 nova-scheduler[93396]: DEBUG nova.scheduler.host_manager [None req-5f7f1c30-4d2b-46b1-b38f-f6a88e5dfdb7 tempest-DeleteServersTestJSON-471595055 tempest-DeleteServersTestJSON-471595055-project-member] Update host state with aggregates: [] {{(pid=93396) _locked_update /opt/stack/nova/nova/scheduler/host_manager.py:171}}
Aug 19 14:48:10.869982 np0000007778 nova-scheduler[93396]: DEBUG nova.scheduler.host_manager [None req-5f7f1c30-4d2b-46b1-b38f-f6a88e5dfdb7 tempest-DeleteServersTestJSON-471595055 tempest-DeleteServersTestJSON-471595055-project-member] Update host state with service dict: {'id': 3, 'uuid': 'decf18ed-ac52-4674-8809-c8f12157b40a', 'host': 'np0000007778', 'binary': 'nova-compute', 'topic': 'compute', 'report_count': 2, 'disabled': False, 'disabled_reason': None, 'last_seen_up': datetime.datetime(2026, 8, 19, 14, 48, 3, tzinfo=datetime.timezone.utc), 'forced_down': False, 'version': 72, 'created_at': datetime.datetime(2026, 8, 19, 14, 45, 57, tzinfo=datetime.timezone.utc), 'updated_at': datetime.datetime(2026, 8, 19, 14, 48, 3, tzinfo=datetime.timezone.utc), 'deleted_at': None, 'deleted': False} {{(pid=93396) _locked_update /opt/stack/nova/nova/scheduler/host_manager.py:174}}
Aug 19 14:48:10.870086 np0000007778 nova-scheduler[93396]: DEBUG nova.scheduler.host_manager [None req-5f7f1c30-4d2b-46b1-b38f-f6a88e5dfdb7 tempest-DeleteServersTestJSON-471595055 tempest-DeleteServersTestJSON-471595055-project-member] Update host state with instances: [] {{(pid=93396) _locked_update /opt/stack/nova/nova/scheduler/host_manager.py:177}}
Aug 19 14:48:10.870232 np0000007778 nova-scheduler[93396]: DEBUG oslo_concurrency.lockutils [None req-5f7f1c30-4d2b-46b1-b38f-f6a88e5dfdb7 tempest-DeleteServersTestJSON-471595055 tempest-DeleteServersTestJSON-471595055-project-member] Lock "np0000007778-np0000007778" "released" by "nova.scheduler.host_manager.HostState.update.._locked_update" :: held 0.002s {{(pid=93396) inner /opt/stack/data/venv/lib/python3.12/site-packages/oslo_concurrency/lockutils.py:544}}
Aug 19 14:48:10.870983 np0000007778 nova-scheduler[93396]: DEBUG nova.filters [None req-5f7f1c30-4d2b-46b1-b38f-f6a88e5dfdb7 tempest-DeleteServersTestJSON-471595055 tempest-DeleteServersTestJSON-471595055-project-member] Starting with 1 host(s) {{(pid=93396) get_filtered_objects /opt/stack/nova/nova/filters.py:70}}
Aug 19 14:48:10.870983 np0000007778 nova-scheduler[93396]: DEBUG nova.filters [None req-5f7f1c30-4d2b-46b1-b38f-f6a88e5dfdb7 tempest-DeleteServersTestJSON-471595055 tempest-DeleteServersTestJSON-471595055-project-member] Filter ComputeFilter returned 1 host(s) {{(pid=93396) get_filtered_objects /opt/stack/nova/nova/filters.py:102}}
Aug 19 14:48:10.871197 np0000007778 nova-scheduler[93396]: DEBUG nova.filters [None req-5f7f1c30-4d2b-46b1-b38f-f6a88e5dfdb7 tempest-DeleteServersTestJSON-471595055 tempest-DeleteServersTestJSON-471595055-project-member] Filter ComputeCapabilitiesFilter returned 1 host(s) {{(pid=93396) get_filtered_objects /opt/stack/nova/nova/filters.py:102}}
Aug 19 14:48:10.871448 np0000007778 nova-scheduler[93396]: DEBUG nova.filters [None req-5f7f1c30-4d2b-46b1-b38f-f6a88e5dfdb7 tempest-DeleteServersTestJSON-471595055 tempest-DeleteServersTestJSON-471595055-project-member] Filter ImagePropertiesFilter returned 1 host(s) {{(pid=93396) get_filtered_objects /opt/stack/nova/nova/filters.py:102}}
Aug 19 14:48:10.871620 np0000007778 nova-scheduler[93396]: DEBUG nova.filters [None req-5f7f1c30-4d2b-46b1-b38f-f6a88e5dfdb7 tempest-DeleteServersTestJSON-471595055 tempest-DeleteServersTestJSON-471595055-project-member] Filter ServerGroupAntiAffinityFilter returned 1 host(s) {{(pid=93396) get_filtered_objects /opt/stack/nova/nova/filters.py:102}}
Aug 19 14:48:10.872570 np0000007778 nova-scheduler[93396]: DEBUG nova.filters [None req-5f7f1c30-4d2b-46b1-b38f-f6a88e5dfdb7 tempest-DeleteServersTestJSON-471595055 tempest-DeleteServersTestJSON-471595055-project-member] Filter ServerGroupAffinityFilter returned 1 host(s) {{(pid=93396) get_filtered_objects /opt/stack/nova/nova/filters.py:102}}
Aug 19 14:48:10.872570 np0000007778 nova-scheduler[93396]: DEBUG nova.filters [None req-5f7f1c30-4d2b-46b1-b38f-f6a88e5dfdb7 tempest-DeleteServersTestJSON-471595055 tempest-DeleteServersTestJSON-471595055-project-member] Filter SameHostFilter returned 1 host(s) {{(pid=93396) get_filtered_objects /opt/stack/nova/nova/filters.py:102}}
Aug 19 14:48:10.872570 np0000007778 nova-scheduler[93396]: DEBUG nova.filters [None req-5f7f1c30-4d2b-46b1-b38f-f6a88e5dfdb7 tempest-DeleteServersTestJSON-471595055 tempest-DeleteServersTestJSON-471595055-project-member] Filter DifferentHostFilter returned 1 host(s) {{(pid=93396) get_filtered_objects /opt/stack/nova/nova/filters.py:102}}
Aug 19 14:48:10.872570 np0000007778 nova-scheduler[93396]: DEBUG nova.scheduler.manager [None req-5f7f1c30-4d2b-46b1-b38f-f6a88e5dfdb7 tempest-DeleteServersTestJSON-471595055 tempest-DeleteServersTestJSON-471595055-project-member] Filtered [(np0000007778, np0000007778) ram: 62765MB disk: 74752MB io_ops: 0 instances: 0, allocation_candidates: 1] {{(pid=93396) _get_sorted_hosts /opt/stack/nova/nova/scheduler/manager.py:730}}
Aug 19 14:48:10.872570 np0000007778 nova-scheduler[93396]: DEBUG nova.scheduler.manager [None req-5f7f1c30-4d2b-46b1-b38f-f6a88e5dfdb7 tempest-DeleteServersTestJSON-471595055 tempest-DeleteServersTestJSON-471595055-project-member] Weighed [WeighedHost [host: (np0000007778, np0000007778) ram: 62765MB disk: 74752MB io_ops: 0 instances: 0, allocation_candidates: 1, weight: 0.0]] {{(pid=93396) _get_sorted_hosts /opt/stack/nova/nova/scheduler/manager.py:752}}
Aug 19 14:48:10.872712 np0000007778 nova-scheduler[93396]: DEBUG nova.scheduler.utils [None req-5f7f1c30-4d2b-46b1-b38f-f6a88e5dfdb7 tempest-DeleteServersTestJSON-471595055 tempest-DeleteServersTestJSON-471595055-project-member] Attempting to claim resources in the placement API for instance 35603ec0-05c2-4776-8cb4-08f0157acf00 {{(pid=93396) claim_resources /opt/stack/nova/nova/scheduler/utils.py:1345}}
Aug 19 14:48:11.069477 np0000007778 nova-scheduler[93396]: DEBUG nova.scheduler.manager [None req-5f7f1c30-4d2b-46b1-b38f-f6a88e5dfdb7 tempest-DeleteServersTestJSON-471595055 tempest-DeleteServersTestJSON-471595055-project-member] [instance: 35603ec0-05c2-4776-8cb4-08f0157acf00] Selected host: (np0000007778, np0000007778) ram: 62765MB disk: 74752MB io_ops: 0 instances: 0, allocation_candidates: 1 {{(pid=93396) _consume_selected_host /opt/stack/nova/nova/scheduler/manager.py:612}}
Aug 19 14:48:11.069852 np0000007778 nova-scheduler[93396]: DEBUG oslo_concurrency.lockutils [None req-5f7f1c30-4d2b-46b1-b38f-f6a88e5dfdb7 tempest-DeleteServersTestJSON-471595055 tempest-DeleteServersTestJSON-471595055-project-member] Acquiring lock "np0000007778-np0000007778" by "nova.scheduler.host_manager.HostState.consume_from_request.._locked" {{(pid=93396) inner /opt/stack/data/venv/lib/python3.12/site-packages/oslo_concurrency/lockutils.py:512}}
Aug 19 14:48:11.070085 np0000007778 nova-scheduler[93396]: DEBUG oslo_concurrency.lockutils [None req-5f7f1c30-4d2b-46b1-b38f-f6a88e5dfdb7 tempest-DeleteServersTestJSON-471595055 tempest-DeleteServersTestJSON-471595055-project-member] Lock "np0000007778-np0000007778" acquired by "nova.scheduler.host_manager.HostState.consume_from_request.._locked" :: waited 0.000s {{(pid=93396) inner /opt/stack/data/venv/lib/python3.12/site-packages/oslo_concurrency/lockutils.py:525}}
Aug 19 14:48:11.070432 np0000007778 nova-scheduler[93396]: DEBUG oslo_concurrency.lockutils [None req-5f7f1c30-4d2b-46b1-b38f-f6a88e5dfdb7 tempest-DeleteServersTestJSON-471595055 tempest-DeleteServersTestJSON-471595055-project-member] Lock "np0000007778-np0000007778" "released" by "nova.scheduler.host_manager.HostState.consume_from_request.._locked" :: held 0.000s {{(pid=93396) inner /opt/stack/data/venv/lib/python3.12/site-packages/oslo_concurrency/lockutils.py:544}}
Aug 19 14:48:11.239922 np0000007778 nova-scheduler[93400]: DEBUG nova.scheduler.manager [None req-fb95862c-28a7-44c6-ad1c-7c6cac5c0d41 tempest-ServerActionsTestOtherB-1229982671 tempest-ServerActionsTestOtherB-1229982671-project-member] Starting to schedule for instances: ['646c6306-fafc-4d2d-9edd-7e3975629236'] {{(pid=93400) select_destinations /opt/stack/nova/nova/scheduler/manager.py:197}}
Aug 19 14:48:11.240382 np0000007778 nova-scheduler[93400]: DEBUG nova.scheduler.request_filter [None req-fb95862c-28a7-44c6-ad1c-7c6cac5c0d41 tempest-ServerActionsTestOtherB-1229982671 tempest-ServerActionsTestOtherB-1229982671-project-member] compute_status_filter request filter added forbidden trait COMPUTE_STATUS_DISABLED {{(pid=93400) compute_status_filter /opt/stack/nova/nova/scheduler/request_filter.py:253}}
Aug 19 14:48:11.241777 np0000007778 nova-scheduler[93400]: DEBUG nova.scheduler.request_filter [None req-fb95862c-28a7-44c6-ad1c-7c6cac5c0d41 tempest-ServerActionsTestOtherB-1229982671 tempest-ServerActionsTestOtherB-1229982671-project-member] Request filter 'compute_status_filter' took 0.0 seconds {{(pid=93400) wrapper /opt/stack/nova/nova/scheduler/request_filter.py:46}}
Aug 19 14:48:11.241777 np0000007778 nova-scheduler[93400]: DEBUG nova.scheduler.request_filter [None req-fb95862c-28a7-44c6-ad1c-7c6cac5c0d41 tempest-ServerActionsTestOtherB-1229982671 tempest-ServerActionsTestOtherB-1229982671-project-member] Request filter 'accelerators_filter' took 0.0 seconds {{(pid=93400) wrapper /opt/stack/nova/nova/scheduler/request_filter.py:46}}
Aug 19 14:48:11.241777 np0000007778 nova-scheduler[93400]: DEBUG nova.scheduler.request_filter [None req-fb95862c-28a7-44c6-ad1c-7c6cac5c0d41 tempest-ServerActionsTestOtherB-1229982671 tempest-ServerActionsTestOtherB-1229982671-project-member] Request filter 'packed_virtqueue_filter' took 0.0 seconds {{(pid=93400) wrapper /opt/stack/nova/nova/scheduler/request_filter.py:46}}
Aug 19 14:48:11.241777 np0000007778 nova-scheduler[93400]: DEBUG nova.scheduler.request_filter [None req-fb95862c-28a7-44c6-ad1c-7c6cac5c0d41 tempest-ServerActionsTestOtherB-1229982671 tempest-ServerActionsTestOtherB-1229982671-project-member] Request filter 'remote_managed_ports_filter' took 0.0 seconds {{(pid=93400) wrapper /opt/stack/nova/nova/scheduler/request_filter.py:46}}
Aug 19 14:48:11.241777 np0000007778 nova-scheduler[93400]: DEBUG nova.scheduler.request_filter [None req-fb95862c-28a7-44c6-ad1c-7c6cac5c0d41 tempest-ServerActionsTestOtherB-1229982671 tempest-ServerActionsTestOtherB-1229982671-project-member] ephemeral_encryption_filter skipped {{(pid=93400) ephemeral_encryption_filter /opt/stack/nova/nova/scheduler/request_filter.py:426}}
Aug 19 14:48:11.242079 np0000007778 nova-scheduler[93400]: DEBUG nova.scheduler.request_filter [None req-fb95862c-28a7-44c6-ad1c-7c6cac5c0d41 tempest-ServerActionsTestOtherB-1229982671 tempest-ServerActionsTestOtherB-1229982671-project-member] virtio_sound_filter skipped {{(pid=93400) virtio_sound_filter /opt/stack/nova/nova/scheduler/request_filter.py:460}}
