Jun 24 15:29:23.866108 np0000003557 devstack@g-api.service[99476]: DEBUG swiftclient [None req-652071be-e3cb-404c-b1f8-fa9996cd806c tempest-AttachVolumeShelveTestJSON-819283590 tempest-AttachVolumeShelveTestJSON-819283590-project-member] REQ: curl -i https://10.4.3.245:8080/v1/AUTH_88916168e69c411b82e7034bf60c8100/glance/6aa4158c-365c-48e7-8d31-36558be15af5 -X GET -H "X-Auth-Token: gAAAAABqO_fTFCdC..." {{(pid=99476) http_log /opt/stack/data/venv/lib/python3.12/site-packages/swiftclient/client.py:160}}
Jun 24 15:29:23.866108 np0000003557 devstack@g-api.service[99476]: DEBUG swiftclient [None req-652071be-e3cb-404c-b1f8-fa9996cd806c tempest-AttachVolumeShelveTestJSON-819283590 tempest-AttachVolumeShelveTestJSON-819283590-project-member] RESP STATUS: 200 OK {{(pid=99476) http_log /opt/stack/data/venv/lib/python3.12/site-packages/swiftclient/client.py:161}}
Jun 24 15:29:23.866292 np0000003557 devstack@g-api.service[99476]: DEBUG swiftclient [None req-652071be-e3cb-404c-b1f8-fa9996cd806c tempest-AttachVolumeShelveTestJSON-819283590 tempest-AttachVolumeShelveTestJSON-819283590-project-member] RESP HEADERS: {'Date': 'Wed, 24 Jun 2026 15:29:23 GMT', 'Server': 'Apache/2.4.58 (Ubuntu)', 'Content-Type': 'application/octet-stream', 'X-Object-Manifest': 'glance/6aa4158c-365c-48e7-8d31-36558be15af5-', 'Last-Modified': 'Wed, 24 Jun 2026 15:29:06 GMT', 'X-Timestamp': '1782314945.42672', 'Accept-Ranges': 'bytes', 'Content-Length': '53673984', 'Etag': '"da1ea0c670ee9ce46e40059be8eba23a"', 'X-Trans-Id': 'txfd2974c1aa5b4934b7a96-006a3bf7d3', 'X-Openstack-Request-Id': 'txfd2974c1aa5b4934b7a96-006a3bf7d3', 'Connection': 'close'} {{(pid=99476) http_log /opt/stack/data/venv/lib/python3.12/site-packages/swiftclient/client.py:162}}
Jun 24 15:29:23.880285 np0000003557 devstack@g-api.service[99478]: [pid: 99478|app: 0|req: 121/383] 127.0.0.1 () {46 vars in 1158 bytes} [Wed Jun 24 15:29:23 2026] PATCH /v2/images/8f44489a-c32d-4b37-a6a3-12277d2ebd9e => generated 1411 bytes in 198 msecs (HTTP/1.1 200) 4 headers in 158 bytes (1 switches on core 0)
Jun 24 15:29:23.891551 np0000003557 devstack@g-api.service[99476]: DEBUG glance.image_cache [None req-652071be-e3cb-404c-b1f8-fa9996cd806c tempest-AttachVolumeShelveTestJSON-819283590 tempest-AttachVolumeShelveTestJSON-819283590-project-member] Tee'ing image '6aa4158c-365c-48e7-8d31-36558be15af5' into cache {{(pid=99476) get_caching_iter /opt/stack/glance/glance/image_cache/__init__.py:356}}
Jun 24 15:29:23.928050 np0000003557 devstack@g-api.service[99477]: DEBUG glance.api.middleware.version_negotiation [None req-31b87fbf-d413-4221-aecd-a362661dff31 tempest-TestStampPattern-655911839 tempest-TestStampPattern-655911839-project-member] Determining version of request: GET /v2/images/8f44489a-c32d-4b37-a6a3-12277d2ebd9e Accept: */* {{(pid=99477) process_request /opt/stack/glance/glance/api/middleware/version_negotiation.py:44}}
Jun 24 15:29:23.928230 np0000003557 devstack@g-api.service[99477]: DEBUG glance.api.middleware.version_negotiation [None req-31b87fbf-d413-4221-aecd-a362661dff31 tempest-TestStampPattern-655911839 tempest-TestStampPattern-655911839-project-member] Using url versioning {{(pid=99477) process_request /opt/stack/glance/glance/api/middleware/version_negotiation.py:57}}
Jun 24 15:29:23.928372 np0000003557 devstack@g-api.service[99477]: DEBUG glance.api.middleware.version_negotiation [None req-31b87fbf-d413-4221-aecd-a362661dff31 tempest-TestStampPattern-655911839 tempest-TestStampPattern-655911839-project-member] Matched version: v2 {{(pid=99477) process_request /opt/stack/glance/glance/api/middleware/version_negotiation.py:69}}
Jun 24 15:29:23.928500 np0000003557 devstack@g-api.service[99477]: DEBUG glance.api.middleware.version_negotiation [None req-31b87fbf-d413-4221-aecd-a362661dff31 tempest-TestStampPattern-655911839 tempest-TestStampPattern-655911839-project-member] new path /v2/images/8f44489a-c32d-4b37-a6a3-12277d2ebd9e {{(pid=99477) process_request /opt/stack/glance/glance/api/middleware/version_negotiation.py:70}}
Jun 24 15:29:23.946615 np0000003557 devstack@g-api.service[99477]: [pid: 99477|app: 0|req: 131/384] 127.0.0.1 () {44 vars in 1115 bytes} [Wed Jun 24 15:29:23 2026] GET /v2/images/8f44489a-c32d-4b37-a6a3-12277d2ebd9e => generated 1411 bytes in 19 msecs (HTTP/1.1 200) 4 headers in 158 bytes (1 switches on core 0)
Jun 24 15:29:23.992589 np0000003557 devstack@g-api.service[99478]: DEBUG glance.api.middleware.version_negotiation [None req-31b87fbf-d413-4221-aecd-a362661dff31 tempest-TestStampPattern-655911839 tempest-TestStampPattern-655911839-project-member] Determining version of request: PUT /v2/images/8f44489a-c32d-4b37-a6a3-12277d2ebd9e/file Accept: */* {{(pid=99478) process_request /opt/stack/glance/glance/api/middleware/version_negotiation.py:44}}
Jun 24 15:29:23.992754 np0000003557 devstack@g-api.service[99478]: DEBUG glance.api.middleware.version_negotiation [None req-31b87fbf-d413-4221-aecd-a362661dff31 tempest-TestStampPattern-655911839 tempest-TestStampPattern-655911839-project-member] Using url versioning {{(pid=99478) process_request /opt/stack/glance/glance/api/middleware/version_negotiation.py:57}}
Jun 24 15:29:23.992884 np0000003557 devstack@g-api.service[99478]: DEBUG glance.api.middleware.version_negotiation [None req-31b87fbf-d413-4221-aecd-a362661dff31 tempest-TestStampPattern-655911839 tempest-TestStampPattern-655911839-project-member] Matched version: v2 {{(pid=99478) process_request /opt/stack/glance/glance/api/middleware/version_negotiation.py:69}}
Jun 24 15:29:23.992980 np0000003557 devstack@g-api.service[99478]: DEBUG glance.api.middleware.version_negotiation [None req-31b87fbf-d413-4221-aecd-a362661dff31 tempest-TestStampPattern-655911839 tempest-TestStampPattern-655911839-project-member] new path /v2/images/8f44489a-c32d-4b37-a6a3-12277d2ebd9e/file {{(pid=99478) process_request /opt/stack/glance/glance/api/middleware/version_negotiation.py:70}}
Jun 24 15:29:24.364147 np0000003557 devstack@g-api.service[99476]: DEBUG glance.image_cache.drivers.centralized_db [None req-652071be-e3cb-404c-b1f8-fa9996cd806c tempest-AttachVolumeShelveTestJSON-819283590 tempest-AttachVolumeShelveTestJSON-819283590-project-member] Fetch finished, moving '/opt/stack/data/glance/cache/incomplete/6aa4158c-365c-48e7-8d31-36558be15af5' to '/opt/stack/data/glance/cache/6aa4158c-365c-48e7-8d31-36558be15af5' {{(pid=99476) commit /opt/stack/glance/glance/image_cache/drivers/centralized_db.py:243}}
Jun 24 15:29:24.377061 np0000003557 devstack@g-api.service[99477]: DEBUG glance.api.middleware.version_negotiation [None req-31b87fbf-d413-4221-aecd-a362661dff31 tempest-TestStampPattern-655911839 tempest-TestStampPattern-655911839-project-member] Determining version of request: GET /v2/images/8f44489a-c32d-4b37-a6a3-12277d2ebd9e Accept: application/json {{(pid=99477) process_request /opt/stack/glance/glance/api/middleware/version_negotiation.py:44}}
Jun 24 15:29:24.377061 np0000003557 devstack@g-api.service[99477]: DEBUG glance.api.middleware.version_negotiation [None req-31b87fbf-d413-4221-aecd-a362661dff31 tempest-TestStampPattern-655911839 tempest-TestStampPattern-655911839-project-member] Using url versioning {{(pid=99477) process_request /opt/stack/glance/glance/api/middleware/version_negotiation.py:57}}
Jun 24 15:29:24.377061 np0000003557 devstack@g-api.service[99477]: DEBUG glance.api.middleware.version_negotiation [None req-31b87fbf-d413-4221-aecd-a362661dff31 tempest-TestStampPattern-655911839 tempest-TestStampPattern-655911839-project-member] Matched version: v2 {{(pid=99477) process_request /opt/stack/glance/glance/api/middleware/version_negotiation.py:69}}
Jun 24 15:29:24.377842 np0000003557 devstack@g-api.service[99477]: DEBUG glance.api.middleware.version_negotiation [None req-31b87fbf-d413-4221-aecd-a362661dff31 tempest-TestStampPattern-655911839 tempest-TestStampPattern-655911839-project-member] new path /v2/images/8f44489a-c32d-4b37-a6a3-12277d2ebd9e {{(pid=99477) process_request /opt/stack/glance/glance/api/middleware/version_negotiation.py:70}}
Jun 24 15:29:24.384280 np0000003557 devstack@g-api.service[99476]: DEBUG glance.image_cache.drivers.centralized_db [None req-652071be-e3cb-404c-b1f8-fa9996cd806c tempest-AttachVolumeShelveTestJSON-819283590 tempest-AttachVolumeShelveTestJSON-819283590-project-member] Image cached successfully. {{(pid=99476) commit /opt/stack/glance/glance/image_cache/drivers/centralized_db.py:258}}
Jun 24 15:29:24.384280 np0000003557 devstack@g-api.service[99476]: [pid: 99476|app: 0|req: 133/385] 127.0.0.1 () {44 vars in 1125 bytes} [Wed Jun 24 15:29:23 2026] GET /v2/images/6aa4158c-365c-48e7-8d31-36558be15af5/file => generated 53673984 bytes in 797 msecs (HTTP/1.1 200) 4 headers in 191 bytes (827 switches on core 0)
Jun 24 15:29:24.400326 np0000003557 devstack@g-api.service[99477]: [pid: 99477|app: 0|req: 132/386] 127.0.0.1 () {40 vars in 838 bytes} [Wed Jun 24 15:29:24 2026] GET /v2/images/8f44489a-c32d-4b37-a6a3-12277d2ebd9e => generated 1411 bytes in 24 msecs (HTTP/1.1 200) 4 headers in 158 bytes (1 switches on core 0)
Jun 24 15:29:24.638580 np0000003557 devstack@g-api.service[99478]: INFO glance.api.v2.image_data [None req-31b87fbf-d413-4221-aecd-a362661dff31 tempest-TestStampPattern-655911839 tempest-TestStampPattern-655911839-project-member] Unable to create trust: no such option collect_timing in group [keystone_authtoken] Use the existing user token.
Jun 24 15:29:24.670284 np0000003557 devstack@g-api.service[99476]: DEBUG glance.api.middleware.version_negotiation [None req-652071be-e3cb-404c-b1f8-fa9996cd806c tempest-AttachVolumeShelveTestJSON-819283590 tempest-AttachVolumeShelveTestJSON-819283590-project-member] Determining version of request: GET /v2/images/6aa4158c-365c-48e7-8d31-36558be15af5 Accept: */* {{(pid=99476) process_request /opt/stack/glance/glance/api/middleware/version_negotiation.py:44}}
Jun 24 15:29:24.671213 np0000003557 devstack@g-api.service[99476]: DEBUG glance.api.middleware.version_negotiation [None req-652071be-e3cb-404c-b1f8-fa9996cd806c tempest-AttachVolumeShelveTestJSON-819283590 tempest-AttachVolumeShelveTestJSON-819283590-project-member] Using url versioning {{(pid=99476) process_request /opt/stack/glance/glance/api/middleware/version_negotiation.py:57}}
Jun 24 15:29:24.671213 np0000003557 devstack@g-api.service[99476]: DEBUG glance.api.middleware.version_negotiation [None req-652071be-e3cb-404c-b1f8-fa9996cd806c tempest-AttachVolumeShelveTestJSON-819283590 tempest-AttachVolumeShelveTestJSON-819283590-project-member] Matched version: v2 {{(pid=99476) process_request /opt/stack/glance/glance/api/middleware/version_negotiation.py:69}}
Jun 24 15:29:24.671213 np0000003557 devstack@g-api.service[99476]: DEBUG glance.api.middleware.version_negotiation [None req-652071be-e3cb-404c-b1f8-fa9996cd806c tempest-AttachVolumeShelveTestJSON-819283590 tempest-AttachVolumeShelveTestJSON-819283590-project-member] new path /v2/images/6aa4158c-365c-48e7-8d31-36558be15af5 {{(pid=99476) process_request /opt/stack/glance/glance/api/middleware/version_negotiation.py:70}}
Jun 24 15:29:24.683872 np0000003557 devstack@g-api.service[99476]: [pid: 99476|app: 0|req: 134/387] 127.0.0.1 () {44 vars in 1115 bytes} [Wed Jun 24 15:29:24 2026] GET /v2/images/6aa4158c-365c-48e7-8d31-36558be15af5 => generated 1618 bytes in 14 msecs (HTTP/1.1 200) 4 headers in 158 bytes (1 switches on core 0)
Jun 24 15:29:24.711870 np0000003557 devstack@g-api.service[99477]: DEBUG glance.api.middleware.version_negotiation [None req-2d31b8ae-6f11-4a24-802e-bacd00f341b1 tempest-TestStampPattern-655911839 tempest-TestStampPattern-655911839-project-member] Determining version of request: GET /v2/schemas/image Accept: */* {{(pid=99477) process_request /opt/stack/glance/glance/api/middleware/version_negotiation.py:44}}
Jun 24 15:29:24.712121 np0000003557 devstack@g-api.service[99477]: DEBUG glance.api.middleware.version_negotiation [None req-2d31b8ae-6f11-4a24-802e-bacd00f341b1 tempest-TestStampPattern-655911839 tempest-TestStampPattern-655911839-project-member] Using url versioning {{(pid=99477) process_request /opt/stack/glance/glance/api/middleware/version_negotiation.py:57}}
Jun 24 15:29:24.712121 np0000003557 devstack@g-api.service[99477]: DEBUG glance.api.middleware.version_negotiation [None req-2d31b8ae-6f11-4a24-802e-bacd00f341b1 tempest-TestStampPattern-655911839 tempest-TestStampPattern-655911839-project-member] Matched version: v2 {{(pid=99477) process_request /opt/stack/glance/glance/api/middleware/version_negotiation.py:69}}
Jun 24 15:29:24.712296 np0000003557 devstack@g-api.service[99477]: DEBUG glance.api.middleware.version_negotiation [None req-2d31b8ae-6f11-4a24-802e-bacd00f341b1 tempest-TestStampPattern-655911839 tempest-TestStampPattern-655911839-project-member] new path /v2/schemas/image {{(pid=99477) process_request /opt/stack/glance/glance/api/middleware/version_negotiation.py:70}}
Jun 24 15:29:24.715059 np0000003557 devstack@g-api.service[99477]: [pid: 99477|app: 0|req: 133/388] 127.0.0.1 () {44 vars in 1055 bytes} [Wed Jun 24 15:29:24 2026] GET /v2/schemas/image => generated 6083 bytes in 3 msecs (HTTP/1.1 200) 4 headers in 158 bytes (1 switches on core 0)
Jun 24 15:29:25.086022 np0000003557 devstack@g-api.service[99478]: DEBUG glance.location [None req-31b87fbf-d413-4221-aecd-a362661dff31 tempest-TestStampPattern-655911839 tempest-TestStampPattern-655911839-project-member] Enabling in-flight format inspection for qcow2 {{(pid=99478) set_data /opt/stack/glance/glance/location.py:616}}
Jun 24 15:29:25.086347 np0000003557 devstack@g-api.service[99478]: DEBUG glance_store.backend [None req-31b87fbf-d413-4221-aecd-a362661dff31 tempest-TestStampPattern-655911839 tempest-TestStampPattern-655911839-project-member] Attempting to import store swift {{(pid=99478) _load_store /opt/stack/data/venv/lib/python3.12/site-packages/glance_store/backend.py:215}}
Jun 24 15:29:25.087682 np0000003557 devstack@g-api.service[99478]: DEBUG glance_store.capabilities [None req-31b87fbf-d413-4221-aecd-a362661dff31 tempest-TestStampPattern-655911839 tempest-TestStampPattern-655911839-project-member] Store glance_store._drivers.swift.store.SingleTenantStore doesn't support updating dynamic storage capabilities. Please overwrite 'update_capabilities' method of the store to implement updating logics if needed. {{(pid=99478) update_capabilities /opt/stack/data/venv/lib/python3.12/site-packages/glance_store/capabilities.py:91}}
Jun 24 15:29:25.087791 np0000003557 devstack@g-api.service[99478]: DEBUG glance_store.driver [None req-31b87fbf-d413-4221-aecd-a362661dff31 tempest-TestStampPattern-655911839 tempest-TestStampPattern-655911839-project-member] Late loading location class glance_store._drivers.swift.store.StoreLocation {{(pid=99478) get_store_location_class /opt/stack/data/venv/lib/python3.12/site-packages/glance_store/driver.py:134}}
Jun 24 15:29:25.087857 np0000003557 devstack@g-api.service[99478]: DEBUG glance_store.location [None req-31b87fbf-d413-4221-aecd-a362661dff31 tempest-TestStampPattern-655911839 tempest-TestStampPattern-655911839-project-member] Registering scheme swift+https with {'store': , 'location_class': , 'store_entry': 'swift'} {{(pid=99478) register_scheme_map /opt/stack/data/venv/lib/python3.12/site-packages/glance_store/location.py:146}}
Jun 24 15:29:25.087926 np0000003557 devstack@g-api.service[99478]: DEBUG glance_store.location [None req-31b87fbf-d413-4221-aecd-a362661dff31 tempest-TestStampPattern-655911839 tempest-TestStampPattern-655911839-project-member] Registering scheme swift+https with {'store': , 'location_class': , 'store_entry': 'swift'} {{(pid=99478) register_scheme_map /opt/stack/data/venv/lib/python3.12/site-packages/glance_store/location.py:146}}
Jun 24 15:29:25.087987 np0000003557 devstack@g-api.service[99478]: DEBUG glance_store.location [None req-31b87fbf-d413-4221-aecd-a362661dff31 tempest-TestStampPattern-655911839 tempest-TestStampPattern-655911839-project-member] Registering scheme swift with {'store': , 'location_class': , 'store_entry': 'swift'} {{(pid=99478) register_scheme_map /opt/stack/data/venv/lib/python3.12/site-packages/glance_store/location.py:146}}
Jun 24 15:29:25.088046 np0000003557 devstack@g-api.service[99478]: DEBUG glance_store.location [None req-31b87fbf-d413-4221-aecd-a362661dff31 tempest-TestStampPattern-655911839 tempest-TestStampPattern-655911839-project-member] Registering scheme swift+https with {'store': , 'location_class': , 'store_entry': 'swift'} {{(pid=99478) register_scheme_map /opt/stack/data/venv/lib/python3.12/site-packages/glance_store/location.py:146}}
Jun 24 15:29:25.088197 np0000003557 devstack@g-api.service[99478]: DEBUG glance_store.location [None req-31b87fbf-d413-4221-aecd-a362661dff31 tempest-TestStampPattern-655911839 tempest-TestStampPattern-655911839-project-member] Registering scheme swift with {'store': , 'location_class': , 'store_entry': 'swift'} {{(pid=99478) register_scheme_map /opt/stack/data/venv/lib/python3.12/site-packages/glance_store/location.py:146}}
Jun 24 15:29:25.088197 np0000003557 devstack@g-api.service[99478]: DEBUG glance_store.location [None req-31b87fbf-d413-4221-aecd-a362661dff31 tempest-TestStampPattern-655911839 tempest-TestStampPattern-655911839-project-member] Registering scheme swift+http with {'store': , 'location_class': , 'store_entry': 'swift'} {{(pid=99478) register_scheme_map /opt/stack/data/venv/lib/python3.12/site-packages/glance_store/location.py:146}}
Jun 24 15:29:25.088391 np0000003557 devstack@g-api.service[99478]: DEBUG glance_store.location [None req-31b87fbf-d413-4221-aecd-a362661dff31 tempest-TestStampPattern-655911839 tempest-TestStampPattern-655911839-project-member] Registering scheme swift+https with {'store': , 'location_class': , 'store_entry': 'swift'} {{(pid=99478) register_scheme_map /opt/stack/data/venv/lib/python3.12/site-packages/glance_store/location.py:146}}
Jun 24 15:29:25.088391 np0000003557 devstack@g-api.service[99478]: DEBUG glance_store.location [None req-31b87fbf-d413-4221-aecd-a362661dff31 tempest-TestStampPattern-655911839 tempest-TestStampPattern-655911839-project-member] Registering scheme swift with {'store': , 'location_class': , 'store_entry': 'swift'} {{(pid=99478) register_scheme_map /opt/stack/data/venv/lib/python3.12/site-packages/glance_store/location.py:146}}
Jun 24 15:29:25.088391 np0000003557 devstack@g-api.service[99478]: DEBUG glance_store.location [None req-31b87fbf-d413-4221-aecd-a362661dff31 tempest-TestStampPattern-655911839 tempest-TestStampPattern-655911839-project-member] Registering scheme swift+http with {'store': , 'location_class': , 'store_entry': 'swift'} {{(pid=99478) register_scheme_map /opt/stack/data/venv/lib/python3.12/site-packages/glance_store/location.py:146}}
Jun 24 15:29:25.088611 np0000003557 devstack@g-api.service[99478]: DEBUG glance_store.location [None req-31b87fbf-d413-4221-aecd-a362661dff31 tempest-TestStampPattern-655911839 tempest-TestStampPattern-655911839-project-member] Registering scheme swift+config with {'store': , 'location_class': , 'store_entry': 'swift'} {{(pid=99478) register_scheme_map /opt/stack/data/venv/lib/python3.12/site-packages/glance_store/location.py:146}}
Jun 24 15:29:25.175929 np0000003557 devstack@g-api.service[99478]: DEBUG swiftclient [None req-31b87fbf-d413-4221-aecd-a362661dff31 tempest-TestStampPattern-655911839 tempest-TestStampPattern-655911839-project-member] REQ: curl -i https://10.4.3.245:8080/v1/AUTH_88916168e69c411b82e7034bf60c8100/glance -I -H "X-Auth-Token: gAAAAABqO_fVS6-_..." {{(pid=99478) http_log /opt/stack/data/venv/lib/python3.12/site-packages/swiftclient/client.py:160}}
Jun 24 15:29:25.176078 np0000003557 devstack@g-api.service[99478]: DEBUG swiftclient [None req-31b87fbf-d413-4221-aecd-a362661dff31 tempest-TestStampPattern-655911839 tempest-TestStampPattern-655911839-project-member] RESP STATUS: 204 No Content {{(pid=99478) http_log /opt/stack/data/venv/lib/python3.12/site-packages/swiftclient/client.py:161}}
Jun 24 15:29:25.176221 np0000003557 devstack@g-api.service[99478]: DEBUG swiftclient [None req-31b87fbf-d413-4221-aecd-a362661dff31 tempest-TestStampPattern-655911839 tempest-TestStampPattern-655911839-project-member] RESP HEADERS: {'Date': 'Wed, 24 Jun 2026 15:29:25 GMT', 'Server': 'Apache/2.4.58 (Ubuntu)', 'Content-Type': 'text/plain; charset=utf-8', 'X-Container-Object-Count': '5', 'X-Container-Bytes-Used': '118030336', 'X-Timestamp': '1782314503.45822', 'Last-Modified': 'Wed, 24 Jun 2026 15:21:44 GMT', 'Accept-Ranges': 'bytes', 'X-Storage-Policy': 'Policy-0', 'X-Container-Sharding': 'False', 'Vary': 'Accept', 'X-Trans-Id': 'tx812fd1d978bf4b4fa35e6-006a3bf7d5', 'X-Openstack-Request-Id': 'tx812fd1d978bf4b4fa35e6-006a3bf7d5', 'Connection': 'close'} {{(pid=99478) http_log /opt/stack/data/venv/lib/python3.12/site-packages/swiftclient/client.py:162}}
Jun 24 15:29:25.176394 np0000003557 devstack@g-api.service[99478]: DEBUG glance_store._drivers.swift.store [None req-31b87fbf-d413-4221-aecd-a362661dff31 tempest-TestStampPattern-655911839 tempest-TestStampPattern-655911839-project-member] Adding image object '8f44489a-c32d-4b37-a6a3-12277d2ebd9e' to Swift {{(pid=99478) add /opt/stack/data/venv/lib/python3.12/site-packages/glance_store/_drivers/swift/store.py:970}}
Jun 24 15:29:25.176524 np0000003557 devstack@g-api.service[99478]: DEBUG glance_store._drivers.swift.store [None req-31b87fbf-d413-4221-aecd-a362661dff31 tempest-TestStampPattern-655911839 tempest-TestStampPattern-655911839-project-member] Cannot determine image size because it is either not provided in the request or chunked-transfer encoding is used. Adding image as a segmented object to Swift. {{(pid=99478) add /opt/stack/data/venv/lib/python3.12/site-packages/glance_store/_drivers/swift/store.py:994}}
Jun 24 15:29:25.182995 np0000003557 devstack@g-api.service[99478]: DEBUG oslo_utils.imageutils.format_inspector [None req-31b87fbf-d413-4221-aecd-a362661dff31 tempest-TestStampPattern-655911839 tempest-TestStampPattern-655911839-project-member] Format inspector for vmdk does not match, excluding from consideration (Signature KDMV not found: b'QFI\xfb') {{(pid=99478) _process_chunk /opt/stack/data/venv/lib/python3.12/site-packages/oslo_utils/imageutils/format_inspector.py:1758}}
Jun 24 15:29:25.188481 np0000003557 devstack@g-api.service[99478]: DEBUG oslo_utils.imageutils.format_inspector [None req-31b87fbf-d413-4221-aecd-a362661dff31 tempest-TestStampPattern-655911839 tempest-TestStampPattern-655911839-project-member] Format inspector for vhdx does not match, excluding from consideration (Region signature not found at 30000) {{(pid=99478) _process_chunk /opt/stack/data/venv/lib/python3.12/site-packages/oslo_utils/imageutils/format_inspector.py:1758}}
Jun 24 15:29:25.410348 np0000003557 devstack@g-api.service[99476]: DEBUG glance.api.middleware.version_negotiation [None req-652071be-e3cb-404c-b1f8-fa9996cd806c tempest-AttachVolumeShelveTestJSON-819283590 tempest-AttachVolumeShelveTestJSON-819283590-project-member] Determining version of request: GET /v2/images/8f44489a-c32d-4b37-a6a3-12277d2ebd9e Accept: application/json {{(pid=99476) process_request /opt/stack/glance/glance/api/middleware/version_negotiation.py:44}}
Jun 24 15:29:25.412017 np0000003557 devstack@g-api.service[99476]: DEBUG glance.api.middleware.version_negotiation [None req-652071be-e3cb-404c-b1f8-fa9996cd806c tempest-AttachVolumeShelveTestJSON-819283590 tempest-AttachVolumeShelveTestJSON-819283590-project-member] Using url versioning {{(pid=99476) process_request /opt/stack/glance/glance/api/middleware/version_negotiation.py:57}}
Jun 24 15:29:25.412017 np0000003557 devstack@g-api.service[99476]: DEBUG glance.api.middleware.version_negotiation [None req-652071be-e3cb-404c-b1f8-fa9996cd806c tempest-AttachVolumeShelveTestJSON-819283590 tempest-AttachVolumeShelveTestJSON-819283590-project-member] Matched version: v2 {{(pid=99476) process_request /opt/stack/glance/glance/api/middleware/version_negotiation.py:69}}
Jun 24 15:29:25.412152 np0000003557 devstack@g-api.service[99476]: DEBUG glance.api.middleware.version_negotiation [None req-652071be-e3cb-404c-b1f8-fa9996cd806c tempest-AttachVolumeShelveTestJSON-819283590 tempest-AttachVolumeShelveTestJSON-819283590-project-member] new path /v2/images/8f44489a-c32d-4b37-a6a3-12277d2ebd9e {{(pid=99476) process_request /opt/stack/glance/glance/api/middleware/version_negotiation.py:70}}
Jun 24 15:29:25.428378 np0000003557 devstack@g-api.service[99476]: [pid: 99476|app: 0|req: 135/389] 127.0.0.1 () {40 vars in 838 bytes} [Wed Jun 24 15:29:25 2026] GET /v2/images/8f44489a-c32d-4b37-a6a3-12277d2ebd9e => generated 1411 bytes in 18 msecs (HTTP/1.1 200) 4 headers in 158 bytes (1 switches on core 0)
Jun 24 15:29:25.749384 np0000003557 devstack@g-api.service[99478]: DEBUG swiftclient [None req-31b87fbf-d413-4221-aecd-a362661dff31 tempest-TestStampPattern-655911839 tempest-TestStampPattern-655911839-project-member] REQ: curl -i https://10.4.3.245:8080/v1/AUTH_88916168e69c411b82e7034bf60c8100/glance/8f44489a-c32d-4b37-a6a3-12277d2ebd9e-00001 -X PUT -H "X-Auth-Token: gAAAAABqO_fVS6-_..." {{(pid=99478) http_log /opt/stack/data/venv/lib/python3.12/site-packages/swiftclient/client.py:160}}
Jun 24 15:29:25.749697 np0000003557 devstack@g-api.service[99478]: DEBUG swiftclient [None req-31b87fbf-d413-4221-aecd-a362661dff31 tempest-TestStampPattern-655911839 tempest-TestStampPattern-655911839-project-member] RESP STATUS: 201 Created {{(pid=99478) http_log /opt/stack/data/venv/lib/python3.12/site-packages/swiftclient/client.py:161}}
Jun 24 15:29:25.749745 np0000003557 devstack@g-api.service[99478]: DEBUG swiftclient [None req-31b87fbf-d413-4221-aecd-a362661dff31 tempest-TestStampPattern-655911839 tempest-TestStampPattern-655911839-project-member] RESP HEADERS: {'Date': 'Wed, 24 Jun 2026 15:29:25 GMT', 'Server': 'Apache/2.4.58 (Ubuntu)', 'Content-Type': 'text/html; charset=UTF-8', 'Content-Length': '0', 'Etag': '1b8641488847ba7d98613ab3549d2946', 'Last-Modified': 'Wed, 24 Jun 2026 15:29:26 GMT', 'X-Trans-Id': 'txe81a749b7f264516b1f34-006a3bf7d5', 'X-Openstack-Request-Id': 'txe81a749b7f264516b1f34-006a3bf7d5', 'Connection': 'close'} {{(pid=99478) http_log /opt/stack/data/venv/lib/python3.12/site-packages/swiftclient/client.py:162}}
Jun 24 15:29:25.749905 np0000003557 devstack@g-api.service[99478]: DEBUG glance_store._drivers.swift.store [None req-31b87fbf-d413-4221-aecd-a362661dff31 tempest-TestStampPattern-655911839 tempest-TestStampPattern-655911839-project-member] Wrote chunk 8f44489a-c32d-4b37-a6a3-12277d2ebd9e-00001 (1/?) of length 53673984 to Swift returning MD5 of content: 1b8641488847ba7d98613ab3549d2946 {{(pid=99478) add /opt/stack/data/venv/lib/python3.12/site-packages/glance_store/_drivers/swift/store.py:1059}}
Jun 24 15:29:25.750284 np0000003557 devstack@g-api.service[99478]: DEBUG glance_store._drivers.swift.store [None req-31b87fbf-d413-4221-aecd-a362661dff31 tempest-TestStampPattern-655911839 tempest-TestStampPattern-655911839-project-member] Not writing zero-length chunk. {{(pid=99478) add /opt/stack/data/venv/lib/python3.12/site-packages/glance_store/_drivers/swift/store.py:1028}}
Jun 24 15:29:25.776780 np0000003557 devstack@g-api.service[99478]: DEBUG swiftclient [None req-31b87fbf-d413-4221-aecd-a362661dff31 tempest-TestStampPattern-655911839 tempest-TestStampPattern-655911839-project-member] REQ: curl -i https://10.4.3.245:8080/v1/AUTH_88916168e69c411b82e7034bf60c8100/glance/8f44489a-c32d-4b37-a6a3-12277d2ebd9e -X PUT -H "X-Object-Manifest: glance/8f44489a-c32d-4b37-a6a3-12277d2ebd9e-" -H "X-Auth-Token: gAAAAABqO_fVS6-_..." -H "Content-Length: 0" {{(pid=99478) http_log /opt/stack/data/venv/lib/python3.12/site-packages/swiftclient/client.py:160}}
Jun 24 15:29:25.776911 np0000003557 devstack@g-api.service[99478]: DEBUG swiftclient [None req-31b87fbf-d413-4221-aecd-a362661dff31 tempest-TestStampPattern-655911839 tempest-TestStampPattern-655911839-project-member] RESP STATUS: 201 Created {{(pid=99478) http_log /opt/stack/data/venv/lib/python3.12/site-packages/swiftclient/client.py:161}}
Jun 24 15:29:25.777078 np0000003557 devstack@g-api.service[99478]: DEBUG swiftclient [None req-31b87fbf-d413-4221-aecd-a362661dff31 tempest-TestStampPattern-655911839 tempest-TestStampPattern-655911839-project-member] RESP HEADERS: {'Date': 'Wed, 24 Jun 2026 15:29:25 GMT', 'Server': 'Apache/2.4.58 (Ubuntu)', 'Content-Type': 'text/html; charset=UTF-8', 'Content-Length': '0', 'Etag': 'd41d8cd98f00b204e9800998ecf8427e', 'Last-Modified': 'Wed, 24 Jun 2026 15:29:26 GMT', 'X-Trans-Id': 'txf7040a40655a41d28e662-006a3bf7d5', 'X-Openstack-Request-Id': 'txf7040a40655a41d28e662-006a3bf7d5', 'Connection': 'close'} {{(pid=99478) http_log /opt/stack/data/venv/lib/python3.12/site-packages/swiftclient/client.py:162}}
Jun 24 15:29:25.777595 np0000003557 devstack@g-api.service[99478]: INFO glance.location [None req-31b87fbf-d413-4221-aecd-a362661dff31 tempest-TestStampPattern-655911839 tempest-TestStampPattern-655911839-project-member] Image format matched and virtual size computed: 1073741824
Jun 24 15:29:25.814984 np0000003557 devstack@g-api.service[99478]: DEBUG glance_store.backend [None req-31b87fbf-d413-4221-aecd-a362661dff31 tempest-TestStampPattern-655911839 tempest-TestStampPattern-655911839-project-member] Attempting to import store swift {{(pid=99478) _load_store /opt/stack/data/venv/lib/python3.12/site-packages/glance_store/backend.py:215}}
Jun 24 15:29:25.816214 np0000003557 devstack@g-api.service[99478]: DEBUG glance_store.capabilities [None req-31b87fbf-d413-4221-aecd-a362661dff31 tempest-TestStampPattern-655911839 tempest-TestStampPattern-655911839-project-member] Store glance_store._drivers.swift.store.SingleTenantStore doesn't support updating dynamic storage capabilities. Please overwrite 'update_capabilities' method of the store to implement updating logics if needed. {{(pid=99478) update_capabilities /opt/stack/data/venv/lib/python3.12/site-packages/glance_store/capabilities.py:91}}
Jun 24 15:29:25.816333 np0000003557 devstack@g-api.service[99478]: DEBUG glance_store.driver [None req-31b87fbf-d413-4221-aecd-a362661dff31 tempest-TestStampPattern-655911839 tempest-TestStampPattern-655911839-project-member] Late loading location class glance_store._drivers.swift.store.StoreLocation {{(pid=99478) get_store_location_class /opt/stack/data/venv/lib/python3.12/site-packages/glance_store/driver.py:134}}
Jun 24 15:29:25.816390 np0000003557 devstack@g-api.service[99478]: DEBUG glance_store.location [None req-31b87fbf-d413-4221-aecd-a362661dff31 tempest-TestStampPattern-655911839 tempest-TestStampPattern-655911839-project-member] Registering scheme swift+https with {'store': , 'location_class': , 'store_entry': 'swift'} {{(pid=99478) register_scheme_map /opt/stack/data/venv/lib/python3.12/site-packages/glance_store/location.py:146}}
Jun 24 15:29:25.816499 np0000003557 devstack@g-api.service[99478]: DEBUG glance_store.location [None req-31b87fbf-d413-4221-aecd-a362661dff31 tempest-TestStampPattern-655911839 tempest-TestStampPattern-655911839-project-member] Registering scheme swift+https with {'store': , 'location_class': , 'store_entry': 'swift'} {{(pid=99478) register_scheme_map /opt/stack/data/venv/lib/python3.12/site-packages/glance_store/location.py:146}}
Jun 24 15:29:25.816588 np0000003557 devstack@g-api.service[99478]: DEBUG glance_store.location [None req-31b87fbf-d413-4221-aecd-a362661dff31 tempest-TestStampPattern-655911839 tempest-TestStampPattern-655911839-project-member] Registering scheme swift with {'store': , 'location_class': , 'store_entry': 'swift'} {{(pid=99478) register_scheme_map /opt/stack/data/venv/lib/python3.12/site-packages/glance_store/location.py:146}}
Jun 24 15:29:25.816696 np0000003557 devstack@g-api.service[99478]: DEBUG glance_store.location [None req-31b87fbf-d413-4221-aecd-a362661dff31 tempest-TestStampPattern-655911839 tempest-TestStampPattern-655911839-project-member] Registering scheme swift+https with {'store': , 'location_class': , 'store_entry': 'swift'} {{(pid=99478) register_scheme_map /opt/stack/data/venv/lib/python3.12/site-packages/glance_store/location.py:146}}
Jun 24 15:29:25.816696 np0000003557 devstack@g-api.service[99478]: DEBUG glance_store.location [None req-31b87fbf-d413-4221-aecd-a362661dff31 tempest-TestStampPattern-655911839 tempest-TestStampPattern-655911839-project-member] Registering scheme swift with {'store': , 'location_class': , 'store_entry': 'swift'} {{(pid=99478) register_scheme_map /opt/stack/data/venv/lib/python3.12/site-packages/glance_store/location.py:146}}
Jun 24 15:29:25.816898 np0000003557 devstack@g-api.service[99478]: DEBUG glance_store.location [None req-31b87fbf-d413-4221-aecd-a362661dff31 tempest-TestStampPattern-655911839 tempest-TestStampPattern-655911839-project-member] Registering scheme swift+http with {'store': , 'location_class': , 'store_entry': 'swift'} {{(pid=99478) register_scheme_map /opt/stack/data/venv/lib/python3.12/site-packages/glance_store/location.py:146}}
Jun 24 15:29:25.816898 np0000003557 devstack@g-api.service[99478]: DEBUG glance_store.location [None req-31b87fbf-d413-4221-aecd-a362661dff31 tempest-TestStampPattern-655911839 tempest-TestStampPattern-655911839-project-member] Registering scheme swift+https with {'store': , 'location_class': , 'store_entry': 'swift'} {{(pid=99478) register_scheme_map /opt/stack/data/venv/lib/python3.12/site-packages/glance_store/location.py:146}}
Jun 24 15:29:25.816898 np0000003557 devstack@g-api.service[99478]: DEBUG glance_store.location [None req-31b87fbf-d413-4221-aecd-a362661dff31 tempest-TestStampPattern-655911839 tempest-TestStampPattern-655911839-project-member] Registering scheme swift with {'store': , 'location_class': , 'store_entry': 'swift'} {{(pid=99478) register_scheme_map /opt/stack/data/venv/lib/python3.12/site-packages/glance_store/location.py:146}}
Jun 24 15:29:25.817037 np0000003557 devstack@g-api.service[99478]: DEBUG glance_store.location [None req-31b87fbf-d413-4221-aecd-a362661dff31 tempest-TestStampPattern-655911839 tempest-TestStampPattern-655911839-project-member] Registering scheme swift+http with {'store': , 'location_class': , 'store_entry': 'swift'} {{(pid=99478) register_scheme_map /opt/stack/data/venv/lib/python3.12/site-packages/glance_store/location.py:146}}
Jun 24 15:29:25.817037 np0000003557 devstack@g-api.service[99478]: DEBUG glance_store.location [None req-31b87fbf-d413-4221-aecd-a362661dff31 tempest-TestStampPattern-655911839 tempest-TestStampPattern-655911839-project-member] Registering scheme swift+config with {'store': , 'location_class': , 'store_entry': 'swift'} {{(pid=99478) register_scheme_map /opt/stack/data/venv/lib/python3.12/site-packages/glance_store/location.py:146}}
Jun 24 15:29:25.817123 np0000003557 devstack@g-api.service[99478]: DEBUG glance_store.backend [None req-31b87fbf-d413-4221-aecd-a362661dff31 tempest-TestStampPattern-655911839 tempest-TestStampPattern-655911839-project-member] Skipping store.set_acls... not implemented. {{(pid=99478) set_acls /opt/stack/data/venv/lib/python3.12/site-packages/glance_store/backend.py:507}}
Jun 24 15:29:25.822342 np0000003557 devstack@g-api.service[99478]: [pid: 99478|app: 0|req: 122/390] 127.0.0.1 () {46 vars in 1158 bytes} [Wed Jun 24 15:29:23 2026] PUT /v2/images/8f44489a-c32d-4b37-a6a3-12277d2ebd9e/file => generated 0 bytes in 1829 msecs (HTTP/1.1 204) 4 headers in 171 bytes (1 switches on core 0)
Jun 24 15:29:25.854599 np0000003557 devstack@g-api.service[99477]: DEBUG glance.api.middleware.version_negotiation [None req-652071be-e3cb-404c-b1f8-fa9996cd806c tempest-AttachVolumeShelveTestJSON-819283590 tempest-AttachVolumeShelveTestJSON-819283590-project-member] Determining version of request: GET /v2/images/8f44489a-c32d-4b37-a6a3-12277d2ebd9e Accept: */* {{(pid=99477) process_request /opt/stack/glance/glance/api/middleware/version_negotiation.py:44}}
Jun 24 15:29:25.854951 np0000003557 devstack@g-api.service[99477]: DEBUG glance.api.middleware.version_negotiation [None req-652071be-e3cb-404c-b1f8-fa9996cd806c tempest-AttachVolumeShelveTestJSON-819283590 tempest-AttachVolumeShelveTestJSON-819283590-project-member] Using url versioning {{(pid=99477) process_request /opt/stack/glance/glance/api/middleware/version_negotiation.py:57}}
Jun 24 15:29:25.854951 np0000003557 devstack@g-api.service[99477]: DEBUG glance.api.middleware.version_negotiation [None req-652071be-e3cb-404c-b1f8-fa9996cd806c tempest-AttachVolumeShelveTestJSON-819283590 tempest-AttachVolumeShelveTestJSON-819283590-project-member] Matched version: v2 {{(pid=99477) process_request /opt/stack/glance/glance/api/middleware/version_negotiation.py:69}}
Jun 24 15:29:25.854951 np0000003557 devstack@g-api.service[99477]: DEBUG glance.api.middleware.version_negotiation [None req-652071be-e3cb-404c-b1f8-fa9996cd806c tempest-AttachVolumeShelveTestJSON-819283590 tempest-AttachVolumeShelveTestJSON-819283590-project-member] new path /v2/images/8f44489a-c32d-4b37-a6a3-12277d2ebd9e {{(pid=99477) process_request /opt/stack/glance/glance/api/middleware/version_negotiation.py:70}}
Jun 24 15:29:25.867607 np0000003557 devstack@g-api.service[99477]: [pid: 99477|app: 0|req: 134/391] 127.0.0.1 () {44 vars in 1115 bytes} [Wed Jun 24 15:29:25 2026] GET /v2/images/8f44489a-c32d-4b37-a6a3-12277d2ebd9e => generated 1581 bytes in 13 msecs (HTTP/1.1 200) 4 headers in 158 bytes (1 switches on core 0)
Jun 24 15:29:25.911266 np0000003557 devstack@g-api.service[99476]: DEBUG glance.api.middleware.version_negotiation [None req-d999f7e0-938d-4e18-8b9c-f21931c5121d tempest-TestStampPattern-655911839 tempest-TestStampPattern-655911839-project-member] Determining version of request: GET /v2/schemas/image Accept: */* {{(pid=99476) process_request /opt/stack/glance/glance/api/middleware/version_negotiation.py:44}}
Jun 24 15:29:25.911618 np0000003557 devstack@g-api.service[99476]: DEBUG glance.api.middleware.version_negotiation [None req-d999f7e0-938d-4e18-8b9c-f21931c5121d tempest-TestStampPattern-655911839 tempest-TestStampPattern-655911839-project-member] Using url versioning {{(pid=99476) process_request /opt/stack/glance/glance/api/middleware/version_negotiation.py:57}}
Jun 24 15:29:25.911618 np0000003557 devstack@g-api.service[99476]: DEBUG glance.api.middleware.version_negotiation [None req-d999f7e0-938d-4e18-8b9c-f21931c5121d tempest-TestStampPattern-655911839 tempest-TestStampPattern-655911839-project-member] Matched version: v2 {{(pid=99476) process_request /opt/stack/glance/glance/api/middleware/version_negotiation.py:69}}
Jun 24 15:29:25.911785 np0000003557 devstack@g-api.service[99476]: DEBUG glance.api.middleware.version_negotiation [None req-d999f7e0-938d-4e18-8b9c-f21931c5121d tempest-TestStampPattern-655911839 tempest-TestStampPattern-655911839-project-member] new path /v2/schemas/image {{(pid=99476) process_request /opt/stack/glance/glance/api/middleware/version_negotiation.py:70}}
Jun 24 15:29:25.915424 np0000003557 devstack@g-api.service[99476]: [pid: 99476|app: 0|req: 136/392] 127.0.0.1 () {44 vars in 1055 bytes} [Wed Jun 24 15:29:25 2026] GET /v2/schemas/image => generated 6083 bytes in 4 msecs (HTTP/1.1 200) 4 headers in 158 bytes (1 switches on core 0)
Jun 24 15:29:26.435978 np0000003557 devstack@g-api.service[99478]: DEBUG glance.api.middleware.version_negotiation [None req-31b87fbf-d413-4221-aecd-a362661dff31 tempest-TestStampPattern-655911839 tempest-TestStampPattern-655911839-project-member] Determining version of request: GET /v2/images/8f44489a-c32d-4b37-a6a3-12277d2ebd9e Accept: application/json {{(pid=99478) process_request /opt/stack/glance/glance/api/middleware/version_negotiation.py:44}}
Jun 24 15:29:26.436384 np0000003557 devstack@g-api.service[99478]: DEBUG glance.api.middleware.version_negotiation [None req-31b87fbf-d413-4221-aecd-a362661dff31 tempest-TestStampPattern-655911839 tempest-TestStampPattern-655911839-project-member] Using url versioning {{(pid=99478) process_request /opt/stack/glance/glance/api/middleware/version_negotiation.py:57}}
Jun 24 15:29:26.436546 np0000003557 devstack@g-api.service[99478]: DEBUG glance.api.middleware.version_negotiation [None req-31b87fbf-d413-4221-aecd-a362661dff31 tempest-TestStampPattern-655911839 tempest-TestStampPattern-655911839-project-member] Matched version: v2 {{(pid=99478) process_request /opt/stack/glance/glance/api/middleware/version_negotiation.py:69}}
Jun 24 15:29:26.436686 np0000003557 devstack@g-api.service[99478]: DEBUG glance.api.middleware.version_negotiation [None req-31b87fbf-d413-4221-aecd-a362661dff31 tempest-TestStampPattern-655911839 tempest-TestStampPattern-655911839-project-member] new path /v2/images/8f44489a-c32d-4b37-a6a3-12277d2ebd9e {{(pid=99478) process_request /opt/stack/glance/glance/api/middleware/version_negotiation.py:70}}
Jun 24 15:29:26.448010 np0000003557 devstack@g-api.service[99478]: [pid: 99478|app: 0|req: 123/393] 127.0.0.1 () {40 vars in 838 bytes} [Wed Jun 24 15:29:26 2026] GET /v2/images/8f44489a-c32d-4b37-a6a3-12277d2ebd9e => generated 1581 bytes in 12 msecs (HTTP/1.1 200) 4 headers in 158 bytes (1 switches on core 0)
Jun 24 15:29:26.455060 np0000003557 devstack@g-api.service[99477]: DEBUG glance.api.middleware.version_negotiation [None req-31b87fbf-d413-4221-aecd-a362661dff31 tempest-TestStampPattern-655911839 tempest-TestStampPattern-655911839-project-member] Determining version of request: GET /v2/images/8f44489a-c32d-4b37-a6a3-12277d2ebd9e Accept: application/json {{(pid=99477) process_request /opt/stack/glance/glance/api/middleware/version_negotiation.py:44}}
Jun 24 15:29:26.456064 np0000003557 devstack@g-api.service[99477]: DEBUG glance.api.middleware.version_negotiation [None req-31b87fbf-d413-4221-aecd-a362661dff31 tempest-TestStampPattern-655911839 tempest-TestStampPattern-655911839-project-member] Using url versioning {{(pid=99477) process_request /opt/stack/glance/glance/api/middleware/version_negotiation.py:57}}
Jun 24 15:29:26.456064 np0000003557 devstack@g-api.service[99477]: DEBUG glance.api.middleware.version_negotiation [None req-31b87fbf-d413-4221-aecd-a362661dff31 tempest-TestStampPattern-655911839 tempest-TestStampPattern-655911839-project-member] Matched version: v2 {{(pid=99477) process_request /opt/stack/glance/glance/api/middleware/version_negotiation.py:69}}
Jun 24 15:29:26.456064 np0000003557 devstack@g-api.service[99477]: DEBUG glance.api.middleware.version_negotiation [None req-31b87fbf-d413-4221-aecd-a362661dff31 tempest-TestStampPattern-655911839 tempest-TestStampPattern-655911839-project-member] new path /v2/images/8f44489a-c32d-4b37-a6a3-12277d2ebd9e {{(pid=99477) process_request /opt/stack/glance/glance/api/middleware/version_negotiation.py:70}}
Jun 24 15:29:26.466674 np0000003557 devstack@g-api.service[99477]: [pid: 99477|app: 0|req: 135/394] 127.0.0.1 () {40 vars in 838 bytes} [Wed Jun 24 15:29:26 2026] GET /v2/images/8f44489a-c32d-4b37-a6a3-12277d2ebd9e => generated 1581 bytes in 12 msecs (HTTP/1.1 200) 4 headers in 158 bytes (1 switches on core 0)
Jun 24 15:29:26.855973 np0000003557 devstack@g-api.service[99476]: DEBUG glance.api.middleware.version_negotiation [None req-31b87fbf-d413-4221-aecd-a362661dff31 tempest-TestStampPattern-655911839 tempest-TestStampPattern-655911839-project-member] Determining version of request: GET /v2/images/8f44489a-c32d-4b37-a6a3-12277d2ebd9e Accept: */* {{(pid=99476) process_request /opt/stack/glance/glance/api/middleware/version_negotiation.py:44}}
Jun 24 15:29:26.856219 np0000003557 devstack@g-api.service[99476]: DEBUG glance.api.middleware.version_negotiation [None req-31b87fbf-d413-4221-aecd-a362661dff31 tempest-TestStampPattern-655911839 tempest-TestStampPattern-655911839-project-member] Using url versioning {{(pid=99476) process_request /opt/stack/glance/glance/api/middleware/version_negotiation.py:57}}
Jun 24 15:29:26.856504 np0000003557 devstack@g-api.service[99476]: DEBUG glance.api.middleware.version_negotiation [None req-31b87fbf-d413-4221-aecd-a362661dff31 tempest-TestStampPattern-655911839 tempest-TestStampPattern-655911839-project-member] Matched version: v2 {{(pid=99476) process_request /opt/stack/glance/glance/api/middleware/version_negotiation.py:69}}
Jun 24 15:29:26.856682 np0000003557 devstack@g-api.service[99476]: DEBUG glance.api.middleware.version_negotiation [None req-31b87fbf-d413-4221-aecd-a362661dff31 tempest-TestStampPattern-655911839 tempest-TestStampPattern-655911839-project-member] new path /v2/images/8f44489a-c32d-4b37-a6a3-12277d2ebd9e {{(pid=99476) process_request /opt/stack/glance/glance/api/middleware/version_negotiation.py:70}}
Jun 24 15:29:26.879260 np0000003557 devstack@g-api.service[99476]: [pid: 99476|app: 0|req: 137/395] 127.0.0.1 () {44 vars in 1115 bytes} [Wed Jun 24 15:29:26 2026] GET /v2/images/8f44489a-c32d-4b37-a6a3-12277d2ebd9e => generated 1581 bytes in 23 msecs (HTTP/1.1 200) 4 headers in 158 bytes (1 switches on core 0)
Jun 24 15:29:26.913736 np0000003557 devstack@g-api.service[99478]: DEBUG glance.api.middleware.version_negotiation [None req-d2742c1d-22cb-4588-af32-6b732d8bbb99 tempest-TestStampPattern-655911839 tempest-TestStampPattern-655911839-project-member] Determining version of request: GET /v2/schemas/image Accept: */* {{(pid=99478) process_request /opt/stack/glance/glance/api/middleware/version_negotiation.py:44}}
Jun 24 15:29:26.914087 np0000003557 devstack@g-api.service[99478]: DEBUG glance.api.middleware.version_negotiation [None req-d2742c1d-22cb-4588-af32-6b732d8bbb99 tempest-TestStampPattern-655911839 tempest-TestStampPattern-655911839-project-member] Using url versioning {{(pid=99478) process_request /opt/stack/glance/glance/api/middleware/version_negotiation.py:57}}
Jun 24 15:29:26.914087 np0000003557 devstack@g-api.service[99478]: DEBUG glance.api.middleware.version_negotiation [None req-d2742c1d-22cb-4588-af32-6b732d8bbb99 tempest-TestStampPattern-655911839 tempest-TestStampPattern-655911839-project-member] Matched version: v2 {{(pid=99478) process_request /opt/stack/glance/glance/api/middleware/version_negotiation.py:69}}
Jun 24 15:29:26.914241 np0000003557 devstack@g-api.service[99478]: DEBUG glance.api.middleware.version_negotiation [None req-d2742c1d-22cb-4588-af32-6b732d8bbb99 tempest-TestStampPattern-655911839 tempest-TestStampPattern-655911839-project-member] new path /v2/schemas/image {{(pid=99478) process_request /opt/stack/glance/glance/api/middleware/version_negotiation.py:70}}
Jun 24 15:29:26.918725 np0000003557 devstack@g-api.service[99478]: [pid: 99478|app: 0|req: 124/396] 127.0.0.1 () {44 vars in 1055 bytes} [Wed Jun 24 15:29:26 2026] GET /v2/schemas/image => generated 6083 bytes in 5 msecs (HTTP/1.1 200) 4 headers in 158 bytes (1 switches on core 0)
Jun 24 15:29:30.510025 np0000003557 devstack@g-api.service[99477]: DEBUG glance.api.middleware.version_negotiation [None req-f04e1c99-cea9-4191-8fec-aece4c14c33d tempest-TestStampPattern-655911839 tempest-TestStampPattern-655911839-project-member] Determining version of request: GET /v2/images/78850a28-dffa-4bbf-bd6c-9cb80a68da1a Accept: */* {{(pid=99477) process_request /opt/stack/glance/glance/api/middleware/version_negotiation.py:44}}
Jun 24 15:29:30.510524 np0000003557 devstack@g-api.service[99477]: DEBUG glance.api.middleware.version_negotiation [None req-f04e1c99-cea9-4191-8fec-aece4c14c33d tempest-TestStampPattern-655911839 tempest-TestStampPattern-655911839-project-member] Using url versioning {{(pid=99477) process_request /opt/stack/glance/glance/api/middleware/version_negotiation.py:57}}
Jun 24 15:29:30.510524 np0000003557 devstack@g-api.service[99477]: DEBUG glance.api.middleware.version_negotiation [None req-f04e1c99-cea9-4191-8fec-aece4c14c33d tempest-TestStampPattern-655911839 tempest-TestStampPattern-655911839-project-member] Matched version: v2 {{(pid=99477) process_request /opt/stack/glance/glance/api/middleware/version_negotiation.py:69}}
Jun 24 15:29:30.510704 np0000003557 devstack@g-api.service[99477]: DEBUG glance.api.middleware.version_negotiation [None req-f04e1c99-cea9-4191-8fec-aece4c14c33d tempest-TestStampPattern-655911839 tempest-TestStampPattern-655911839-project-member] new path /v2/images/78850a28-dffa-4bbf-bd6c-9cb80a68da1a {{(pid=99477) process_request /opt/stack/glance/glance/api/middleware/version_negotiation.py:70}}
Jun 24 15:29:30.524261 np0000003557 devstack@g-api.service[99477]: [pid: 99477|app: 0|req: 136/397] 127.0.0.1 () {44 vars in 1115 bytes} [Wed Jun 24 15:29:30 2026] GET /v2/images/78850a28-dffa-4bbf-bd6c-9cb80a68da1a => generated 1044 bytes in 15 msecs (HTTP/1.1 200) 4 headers in 158 bytes (1 switches on core 0)
Jun 24 15:29:30.566752 np0000003557 devstack@g-api.service[99476]: DEBUG glance.api.middleware.version_negotiation [None req-151cba3f-edbc-4a29-842e-5e8398b8bf6c tempest-TestStampPattern-655911839 tempest-TestStampPattern-655911839-project-member] Determining version of request: GET /v2/schemas/image Accept: */* {{(pid=99476) process_request /opt/stack/glance/glance/api/middleware/version_negotiation.py:44}}
Jun 24 15:29:30.568113 np0000003557 devstack@g-api.service[99476]: DEBUG glance.api.middleware.version_negotiation [None req-151cba3f-edbc-4a29-842e-5e8398b8bf6c tempest-TestStampPattern-655911839 tempest-TestStampPattern-655911839-project-member] Using url versioning {{(pid=99476) process_request /opt/stack/glance/glance/api/middleware/version_negotiation.py:57}}
Jun 24 15:29:30.568372 np0000003557 devstack@g-api.service[99476]: DEBUG glance.api.middleware.version_negotiation [None req-151cba3f-edbc-4a29-842e-5e8398b8bf6c tempest-TestStampPattern-655911839 tempest-TestStampPattern-655911839-project-member] Matched version: v2 {{(pid=99476) process_request /opt/stack/glance/glance/api/middleware/version_negotiation.py:69}}
