Jun 24 15:21:15.273088 np0000003557 nova-scheduler[93296]: DEBUG cotyledon.oslo_config_glue [-] oslo_limit.auth_type = None {{(pid=93296) log_opt_values /opt/stack/data/venv/lib/python3.12/site-packages/oslo_config/cfg.py:3253}}
Jun 24 15:21:15.273154 np0000003557 nova-scheduler[93296]: DEBUG cotyledon.oslo_config_glue [-] oslo_limit.cafile = None {{(pid=93296) log_opt_values /opt/stack/data/venv/lib/python3.12/site-packages/oslo_config/cfg.py:3253}}
Jun 24 15:21:15.273212 np0000003557 nova-scheduler[93296]: DEBUG cotyledon.oslo_config_glue [-] oslo_limit.certfile = None {{(pid=93296) log_opt_values /opt/stack/data/venv/lib/python3.12/site-packages/oslo_config/cfg.py:3253}}
Jun 24 15:21:15.273270 np0000003557 nova-scheduler[93296]: DEBUG cotyledon.oslo_config_glue [-] oslo_limit.collect_timing = False {{(pid=93296) log_opt_values /opt/stack/data/venv/lib/python3.12/site-packages/oslo_config/cfg.py:3253}}
Jun 24 15:21:15.273340 np0000003557 nova-scheduler[93296]: DEBUG cotyledon.oslo_config_glue [-] oslo_limit.connect_retries = None {{(pid=93296) log_opt_values /opt/stack/data/venv/lib/python3.12/site-packages/oslo_config/cfg.py:3253}}
Jun 24 15:21:15.273375 np0000003557 nova-scheduler[93245]: DEBUG oslo_db.sqlalchemy.engines [None req-f25b0578-54da-4bb7-94f7-9be893551778 None None] MySQL server mode set to STRICT_TRANS_TABLES,STRICT_ALL_TABLES,NO_ZERO_IN_DATE,NO_ZERO_DATE,ERROR_FOR_DIVISION_BY_ZERO,TRADITIONAL,NO_ENGINE_SUBSTITUTION {{(pid=93245) _check_effective_sql_mode /opt/stack/data/venv/lib/python3.12/site-packages/oslo_db/sqlalchemy/engines.py:325}}
Jun 24 15:21:15.273408 np0000003557 nova-scheduler[93296]: DEBUG cotyledon.oslo_config_glue [-] oslo_limit.connect_retry_delay = None {{(pid=93296) log_opt_values /opt/stack/data/venv/lib/python3.12/site-packages/oslo_config/cfg.py:3253}}
Jun 24 15:21:15.273483 np0000003557 nova-scheduler[93296]: DEBUG cotyledon.oslo_config_glue [-] oslo_limit.endpoint_id = None {{(pid=93296) log_opt_values /opt/stack/data/venv/lib/python3.12/site-packages/oslo_config/cfg.py:3253}}
Jun 24 15:21:15.273555 np0000003557 nova-scheduler[93296]: DEBUG cotyledon.oslo_config_glue [-] oslo_limit.endpoint_interface = public {{(pid=93296) log_opt_values /opt/stack/data/venv/lib/python3.12/site-packages/oslo_config/cfg.py:3253}}
Jun 24 15:21:15.273623 np0000003557 nova-scheduler[93296]: DEBUG cotyledon.oslo_config_glue [-] oslo_limit.endpoint_override = None {{(pid=93296) log_opt_values /opt/stack/data/venv/lib/python3.12/site-packages/oslo_config/cfg.py:3253}}
Jun 24 15:21:15.273679 np0000003557 nova-scheduler[93296]: DEBUG cotyledon.oslo_config_glue [-] oslo_limit.endpoint_region_name = None {{(pid=93296) log_opt_values /opt/stack/data/venv/lib/python3.12/site-packages/oslo_config/cfg.py:3253}}
Jun 24 15:21:15.273744 np0000003557 nova-scheduler[93296]: DEBUG cotyledon.oslo_config_glue [-] oslo_limit.endpoint_service_name = None {{(pid=93296) log_opt_values /opt/stack/data/venv/lib/python3.12/site-packages/oslo_config/cfg.py:3253}}
Jun 24 15:21:15.273801 np0000003557 nova-scheduler[93296]: DEBUG cotyledon.oslo_config_glue [-] oslo_limit.endpoint_service_type = None {{(pid=93296) log_opt_values /opt/stack/data/venv/lib/python3.12/site-packages/oslo_config/cfg.py:3253}}
Jun 24 15:21:15.273859 np0000003557 nova-scheduler[93296]: DEBUG cotyledon.oslo_config_glue [-] oslo_limit.insecure = False {{(pid=93296) log_opt_values /opt/stack/data/venv/lib/python3.12/site-packages/oslo_config/cfg.py:3253}}
Jun 24 15:21:15.273916 np0000003557 nova-scheduler[93296]: DEBUG cotyledon.oslo_config_glue [-] oslo_limit.keyfile = None {{(pid=93296) log_opt_values /opt/stack/data/venv/lib/python3.12/site-packages/oslo_config/cfg.py:3253}}
Jun 24 15:21:15.273976 np0000003557 nova-scheduler[93296]: DEBUG cotyledon.oslo_config_glue [-] oslo_limit.max_version = None {{(pid=93296) log_opt_values /opt/stack/data/venv/lib/python3.12/site-packages/oslo_config/cfg.py:3253}}
Jun 24 15:21:15.274035 np0000003557 nova-scheduler[93296]: DEBUG cotyledon.oslo_config_glue [-] oslo_limit.min_version = None {{(pid=93296) log_opt_values /opt/stack/data/venv/lib/python3.12/site-packages/oslo_config/cfg.py:3253}}
Jun 24 15:21:15.274102 np0000003557 nova-scheduler[93296]: DEBUG cotyledon.oslo_config_glue [-] oslo_limit.region_name = None {{(pid=93296) log_opt_values /opt/stack/data/venv/lib/python3.12/site-packages/oslo_config/cfg.py:3253}}
Jun 24 15:21:15.274160 np0000003557 nova-scheduler[93296]: DEBUG cotyledon.oslo_config_glue [-] oslo_limit.retriable_status_codes = None {{(pid=93296) log_opt_values /opt/stack/data/venv/lib/python3.12/site-packages/oslo_config/cfg.py:3253}}
Jun 24 15:21:15.274219 np0000003557 nova-scheduler[93296]: DEBUG cotyledon.oslo_config_glue [-] oslo_limit.service_name = None {{(pid=93296) log_opt_values /opt/stack/data/venv/lib/python3.12/site-packages/oslo_config/cfg.py:3253}}
Jun 24 15:21:15.274277 np0000003557 nova-scheduler[93296]: DEBUG cotyledon.oslo_config_glue [-] oslo_limit.service_type = None {{(pid=93296) log_opt_values /opt/stack/data/venv/lib/python3.12/site-packages/oslo_config/cfg.py:3253}}
Jun 24 15:21:15.274445 np0000003557 nova-scheduler[93296]: DEBUG cotyledon.oslo_config_glue [-] oslo_limit.split_loggers = False {{(pid=93296) log_opt_values /opt/stack/data/venv/lib/python3.12/site-packages/oslo_config/cfg.py:3253}}
Jun 24 15:21:15.274564 np0000003557 nova-scheduler[93296]: DEBUG cotyledon.oslo_config_glue [-] oslo_limit.status_code_retries = None {{(pid=93296) log_opt_values /opt/stack/data/venv/lib/python3.12/site-packages/oslo_config/cfg.py:3253}}
Jun 24 15:21:15.274627 np0000003557 nova-scheduler[93296]: DEBUG cotyledon.oslo_config_glue [-] oslo_limit.status_code_retry_delay = None {{(pid=93296) log_opt_values /opt/stack/data/venv/lib/python3.12/site-packages/oslo_config/cfg.py:3253}}
Jun 24 15:21:15.274685 np0000003557 nova-scheduler[93296]: DEBUG cotyledon.oslo_config_glue [-] oslo_limit.timeout = None {{(pid=93296) log_opt_values /opt/stack/data/venv/lib/python3.12/site-packages/oslo_config/cfg.py:3253}}
Jun 24 15:21:15.274748 np0000003557 nova-scheduler[93296]: DEBUG cotyledon.oslo_config_glue [-] oslo_limit.valid_interfaces = None {{(pid=93296) log_opt_values /opt/stack/data/venv/lib/python3.12/site-packages/oslo_config/cfg.py:3253}}
Jun 24 15:21:15.274796 np0000003557 nova-scheduler[93296]: DEBUG cotyledon.oslo_config_glue [-] oslo_limit.version = None {{(pid=93296) log_opt_values /opt/stack/data/venv/lib/python3.12/site-packages/oslo_config/cfg.py:3253}}
Jun 24 15:21:15.274885 np0000003557 nova-scheduler[93296]: DEBUG cotyledon.oslo_config_glue [-] oslo_reports.file_event_handler = None {{(pid=93296) log_opt_values /opt/stack/data/venv/lib/python3.12/site-packages/oslo_config/cfg.py:3253}}
Jun 24 15:21:15.274949 np0000003557 nova-scheduler[93296]: DEBUG cotyledon.oslo_config_glue [-] oslo_reports.file_event_handler_interval = 1 {{(pid=93296) log_opt_values /opt/stack/data/venv/lib/python3.12/site-packages/oslo_config/cfg.py:3253}}
Jun 24 15:21:15.275024 np0000003557 nova-scheduler[93296]: DEBUG cotyledon.oslo_config_glue [-] oslo_reports.log_dir = None {{(pid=93296) log_opt_values /opt/stack/data/venv/lib/python3.12/site-packages/oslo_config/cfg.py:3253}}
Jun 24 15:21:15.275083 np0000003557 nova-scheduler[93296]: DEBUG cotyledon.oslo_config_glue [-] ******************************************************************************** {{(pid=93296) log_opt_values /opt/stack/data/venv/lib/python3.12/site-packages/oslo_config/cfg.py:3260}}
Jun 24 15:21:15.275237 np0000003557 nova-scheduler[93296]: DEBUG cotyledon._service_worker [-] Run service ServiceWrapper(2) [93296] {{(pid=93296) wait_forever /opt/stack/data/venv/lib/python3.12/site-packages/cotyledon/_service_worker.py:218}}
Jun 24 15:21:15.276761 np0000003557 nova-scheduler[93296]: INFO nova.service [-] Starting scheduler node (version 33.1.0)
Jun 24 15:21:15.281988 np0000003557 nova-scheduler[93296]: INFO dbcounter [None req-23d4f4c6-9df1-4e93-ad14-08d09cfc31b1 None None] Registered counter for database nova_cell0
Jun 24 15:21:15.283362 np0000003557 nova-scheduler[93245]: DEBUG dbcounter [-] [93245] Writer thread running {{(pid=93245) stat_writer /opt/stack/data/venv/lib/python3.12/site-packages/dbcounter.py:102}}
Jun 24 15:21:15.284966 np0000003557 nova-scheduler[93271]: DEBUG oslo_db.sqlalchemy.engines [None req-179383e3-8ae3-4d0c-8695-eb764230dfba None None] MySQL server mode set to STRICT_TRANS_TABLES,STRICT_ALL_TABLES,NO_ZERO_IN_DATE,NO_ZERO_DATE,ERROR_FOR_DIVISION_BY_ZERO,TRADITIONAL,NO_ENGINE_SUBSTITUTION {{(pid=93271) _check_effective_sql_mode /opt/stack/data/venv/lib/python3.12/site-packages/oslo_db/sqlalchemy/engines.py:325}}
Jun 24 15:21:15.295773 np0000003557 nova-scheduler[93271]: DEBUG dbcounter [-] [93271] Writer thread running {{(pid=93271) stat_writer /opt/stack/data/venv/lib/python3.12/site-packages/dbcounter.py:102}}
Jun 24 15:21:15.297798 np0000003557 nova-scheduler[93245]: DEBUG nova.service [None req-f25b0578-54da-4bb7-94f7-9be893551778 None None] Creating RPC server for service: nova-scheduler on topic: scheduler {{(pid=93245) start /opt/stack/nova/nova/service.py:196}}
Jun 24 15:21:15.312740 np0000003557 nova-scheduler[93271]: DEBUG nova.service [None req-179383e3-8ae3-4d0c-8695-eb764230dfba None None] Creating RPC server for service: nova-scheduler on topic: scheduler {{(pid=93271) start /opt/stack/nova/nova/service.py:196}}
Jun 24 15:21:15.319445 np0000003557 nova-scheduler[93245]: DEBUG nova.service [None req-f25b0578-54da-4bb7-94f7-9be893551778 None None] Join ServiceGroup membership for this service scheduler {{(pid=93245) start /opt/stack/nova/nova/service.py:222}}
Jun 24 15:21:15.319942 np0000003557 nova-scheduler[93245]: DEBUG nova.servicegroup.drivers.db [None req-f25b0578-54da-4bb7-94f7-9be893551778 None None] DB_Driver: join new ServiceGroup member np0000003557 to the scheduler group, service = {{(pid=93245) join /opt/stack/nova/nova/servicegroup/drivers/db.py:44}}
Jun 24 15:21:15.329839 np0000003557 nova-scheduler[93271]: DEBUG nova.service [None req-179383e3-8ae3-4d0c-8695-eb764230dfba None None] Join ServiceGroup membership for this service scheduler {{(pid=93271) start /opt/stack/nova/nova/service.py:222}}
Jun 24 15:21:15.329964 np0000003557 nova-scheduler[93271]: DEBUG nova.servicegroup.drivers.db [None req-179383e3-8ae3-4d0c-8695-eb764230dfba None None] DB_Driver: join new ServiceGroup member np0000003557 to the scheduler group, service = {{(pid=93271) join /opt/stack/nova/nova/servicegroup/drivers/db.py:44}}
Jun 24 15:21:15.330090 np0000003557 nova-scheduler[93296]: DEBUG oslo_db.sqlalchemy.engines [None req-23d4f4c6-9df1-4e93-ad14-08d09cfc31b1 None None] MySQL server mode set to STRICT_TRANS_TABLES,STRICT_ALL_TABLES,NO_ZERO_IN_DATE,NO_ZERO_DATE,ERROR_FOR_DIVISION_BY_ZERO,TRADITIONAL,NO_ENGINE_SUBSTITUTION {{(pid=93296) _check_effective_sql_mode /opt/stack/data/venv/lib/python3.12/site-packages/oslo_db/sqlalchemy/engines.py:325}}
Jun 24 15:21:15.342372 np0000003557 nova-scheduler[93296]: DEBUG dbcounter [-] [93296] Writer thread running {{(pid=93296) stat_writer /opt/stack/data/venv/lib/python3.12/site-packages/dbcounter.py:102}}
Jun 24 15:21:15.345667 np0000003557 nova-scheduler[93296]: DEBUG nova.service [None req-23d4f4c6-9df1-4e93-ad14-08d09cfc31b1 None None] Creating RPC server for service: nova-scheduler on topic: scheduler {{(pid=93296) start /opt/stack/nova/nova/service.py:196}}
Jun 24 15:21:15.365433 np0000003557 nova-scheduler[93296]: DEBUG nova.service [None req-23d4f4c6-9df1-4e93-ad14-08d09cfc31b1 None None] Join ServiceGroup membership for this service scheduler {{(pid=93296) start /opt/stack/nova/nova/service.py:222}}
Jun 24 15:21:15.365742 np0000003557 nova-scheduler[93296]: DEBUG nova.servicegroup.drivers.db [None req-23d4f4c6-9df1-4e93-ad14-08d09cfc31b1 None None] DB_Driver: join new ServiceGroup member np0000003557 to the scheduler group, service = {{(pid=93296) join /opt/stack/nova/nova/servicegroup/drivers/db.py:44}}
Jun 24 15:21:19.331954 np0000003557 nova-scheduler[93271]: DEBUG oslo.service.backend._threading.loopingcall [None req-33d13aa5-82dd-4758-a458-6aa50898f59b None None] Dynamic interval looping call 'nova.service.Service.periodic_tasks' sleeping for 60.00 seconds {{(pid=93271) _run_loop /opt/stack/data/venv/lib/python3.12/site-packages/oslo_service/backend/_threading/loopingcall.py:125}}
Jun 24 15:21:20.335862 np0000003557 nova-scheduler[93245]: DEBUG oslo.service.backend._threading.loopingcall [-] Fixed interval looping call 'nova.servicegroup.drivers.db.DbDriver._report_state' sleeping for 119.99 seconds {{(pid=93245) _run_loop /opt/stack/data/venv/lib/python3.12/site-packages/oslo_service/backend/_threading/loopingcall.py:125}}
Jun 24 15:21:20.339146 np0000003557 nova-scheduler[93271]: DEBUG oslo.service.backend._threading.loopingcall [-] Fixed interval looping call 'nova.servicegroup.drivers.db.DbDriver._report_state' sleeping for 119.99 seconds {{(pid=93271) _run_loop /opt/stack/data/venv/lib/python3.12/site-packages/oslo_service/backend/_threading/loopingcall.py:125}}
Jun 24 15:21:20.376246 np0000003557 nova-scheduler[93296]: DEBUG oslo.service.backend._threading.loopingcall [-] Fixed interval looping call 'nova.servicegroup.drivers.db.DbDriver._report_state' sleeping for 119.99 seconds {{(pid=93296) _run_loop /opt/stack/data/venv/lib/python3.12/site-packages/oslo_service/backend/_threading/loopingcall.py:125}}
Jun 24 15:21:23.910547 np0000003557 nova-scheduler[92005]: DEBUG dbcounter [-] [92005] Writing DB stats nova_api:SELECT=3 {{(pid=92005) stat_writer /opt/stack/data/venv/lib/python3.12/site-packages/dbcounter.py:115}}
Jun 24 15:21:24.031738 np0000003557 nova-scheduler[92005]: DEBUG dbcounter [-] [92005] Writing DB stats nova_cell0:SELECT=1 {{(pid=92005) stat_writer /opt/stack/data/venv/lib/python3.12/site-packages/dbcounter.py:115}}
Jun 24 15:21:24.043071 np0000003557 nova-scheduler[92005]: DEBUG dbcounter [-] [92005] Writing DB stats nova_cell1:SELECT=1 {{(pid=92005) stat_writer /opt/stack/data/venv/lib/python3.12/site-packages/dbcounter.py:115}}
Jun 24 15:21:30.334491 np0000003557 nova-scheduler[93245]: DEBUG dbcounter [-] [93245] Writing DB stats nova_cell0:SELECT=4,nova_cell0:INSERT=1,nova_cell0:UPDATE=1 {{(pid=93245) stat_writer /opt/stack/data/venv/lib/python3.12/site-packages/dbcounter.py:115}}
Jun 24 15:21:30.336476 np0000003557 nova-scheduler[93271]: DEBUG dbcounter [-] [93271] Writing DB stats nova_cell0:SELECT=4,nova_cell0:INSERT=1 {{(pid=93271) stat_writer /opt/stack/data/venv/lib/python3.12/site-packages/dbcounter.py:115}}
Jun 24 15:21:30.373380 np0000003557 nova-scheduler[93296]: DEBUG dbcounter [-] [93296] Writing DB stats nova_cell0:SELECT=3 {{(pid=93296) stat_writer /opt/stack/data/venv/lib/python3.12/site-packages/dbcounter.py:115}}
Jun 24 15:21:31.323926 np0000003557 nova-scheduler[93245]: DEBUG oslo.service.backend._threading.loopingcall [None req-746a558b-6a15-4b97-907c-cdd5dae65bb2 None None] Dynamic interval looping call 'nova.service.Service.periodic_tasks' sleeping for 60.00 seconds {{(pid=93245) _run_loop /opt/stack/data/venv/lib/python3.12/site-packages/oslo_service/backend/_threading/loopingcall.py:125}}
Jun 24 15:21:34.367895 np0000003557 nova-scheduler[93296]: DEBUG oslo.service.backend._threading.loopingcall [None req-f4d6ffb0-c3c3-4de9-9321-f6290fdf142a None None] Dynamic interval looping call 'nova.service.Service.periodic_tasks' sleeping for 60.00 seconds {{(pid=93296) _run_loop /opt/stack/data/venv/lib/python3.12/site-packages/oslo_service/backend/_threading/loopingcall.py:125}}
Jun 24 15:22:19.332508 np0000003557 nova-scheduler[93271]: DEBUG oslo.service.backend._threading.loopingcall [None req-33d13aa5-82dd-4758-a458-6aa50898f59b None None] Dynamic interval looping call 'nova.service.Service.periodic_tasks' sleeping for 60.00 seconds {{(pid=93271) _run_loop /opt/stack/data/venv/lib/python3.12/site-packages/oslo_service/backend/_threading/loopingcall.py:125}}
Jun 24 15:22:31.324399 np0000003557 nova-scheduler[93245]: DEBUG oslo.service.backend._threading.loopingcall [None req-746a558b-6a15-4b97-907c-cdd5dae65bb2 None None] Dynamic interval looping call 'nova.service.Service.periodic_tasks' sleeping for 60.00 seconds {{(pid=93245) _run_loop /opt/stack/data/venv/lib/python3.12/site-packages/oslo_service/backend/_threading/loopingcall.py:125}}
Jun 24 15:22:34.368380 np0000003557 nova-scheduler[93296]: DEBUG oslo.service.backend._threading.loopingcall [None req-f4d6ffb0-c3c3-4de9-9321-f6290fdf142a None None] Dynamic interval looping call 'nova.service.Service.periodic_tasks' sleeping for 60.00 seconds {{(pid=93296) _run_loop /opt/stack/data/venv/lib/python3.12/site-packages/oslo_service/backend/_threading/loopingcall.py:125}}
Jun 24 15:23:19.333957 np0000003557 nova-scheduler[93271]: DEBUG oslo.service.backend._threading.loopingcall [None req-33d13aa5-82dd-4758-a458-6aa50898f59b None None] Dynamic interval looping call 'nova.service.Service.periodic_tasks' sleeping for 60.00 seconds {{(pid=93271) _run_loop /opt/stack/data/venv/lib/python3.12/site-packages/oslo_service/backend/_threading/loopingcall.py:125}}
Jun 24 15:23:20.337094 np0000003557 nova-scheduler[93245]: DEBUG oslo.service.backend._threading.loopingcall [-] Fixed interval looping call 'nova.servicegroup.drivers.db.DbDriver._report_state' sleeping for 119.99 seconds {{(pid=93245) _run_loop /opt/stack/data/venv/lib/python3.12/site-packages/oslo_service/backend/_threading/loopingcall.py:125}}
Jun 24 15:23:20.337732 np0000003557 nova-scheduler[93271]: DEBUG oslo.service.backend._threading.loopingcall [-] Fixed interval looping call 'nova.servicegroup.drivers.db.DbDriver._report_state' sleeping for 119.99 seconds {{(pid=93271) _run_loop /opt/stack/data/venv/lib/python3.12/site-packages/oslo_service/backend/_threading/loopingcall.py:125}}
Jun 24 15:23:20.370174 np0000003557 nova-scheduler[93296]: DEBUG oslo.service.backend._threading.loopingcall [-] Fixed interval looping call 'nova.servicegroup.drivers.db.DbDriver._report_state' sleeping for 120.00 seconds {{(pid=93296) _run_loop /opt/stack/data/venv/lib/python3.12/site-packages/oslo_service/backend/_threading/loopingcall.py:125}}
Jun 24 15:23:30.329311 np0000003557 nova-scheduler[93245]: DEBUG dbcounter [-] [93245] Writing DB stats nova_cell0:SELECT=1,nova_cell0:UPDATE=1 {{(pid=93245) stat_writer /opt/stack/data/venv/lib/python3.12/site-packages/dbcounter.py:115}}
Jun 24 15:23:30.334259 np0000003557 nova-scheduler[93271]: DEBUG dbcounter [-] [93271] Writing DB stats nova_cell0:SELECT=1,nova_cell0:UPDATE=1 {{(pid=93271) stat_writer /opt/stack/data/venv/lib/python3.12/site-packages/dbcounter.py:115}}
Jun 24 15:23:30.368113 np0000003557 nova-scheduler[93296]: DEBUG dbcounter [-] [93296] Writing DB stats nova_cell0:SELECT=1 {{(pid=93296) stat_writer /opt/stack/data/venv/lib/python3.12/site-packages/dbcounter.py:115}}
Jun 24 15:23:31.324827 np0000003557 nova-scheduler[93245]: DEBUG oslo.service.backend._threading.loopingcall [None req-746a558b-6a15-4b97-907c-cdd5dae65bb2 None None] Dynamic interval looping call 'nova.service.Service.periodic_tasks' sleeping for 60.00 seconds {{(pid=93245) _run_loop /opt/stack/data/venv/lib/python3.12/site-packages/oslo_service/backend/_threading/loopingcall.py:125}}
Jun 24 15:23:34.368817 np0000003557 nova-scheduler[93296]: DEBUG oslo.service.backend._threading.loopingcall [None req-f4d6ffb0-c3c3-4de9-9321-f6290fdf142a None None] Dynamic interval looping call 'nova.service.Service.periodic_tasks' sleeping for 60.00 seconds {{(pid=93296) _run_loop /opt/stack/data/venv/lib/python3.12/site-packages/oslo_service/backend/_threading/loopingcall.py:125}}
Jun 24 15:23:55.486136 np0000003557 nova-scheduler[93245]: DEBUG nova.scheduler.manager [None req-274f332a-0ebb-4fc7-afdc-db45be46f6bc tempest-ServersNegativeTestJSON-1457722864 tempest-ServersNegativeTestJSON-1457722864-project-member] Starting to schedule for instances: ['855a6415-554b-44a9-ac81-486a195e82f0'] {{(pid=93245) select_destinations /opt/stack/nova/nova/scheduler/manager.py:210}}
Jun 24 15:23:55.486136 np0000003557 nova-scheduler[93245]: DEBUG nova.scheduler.request_filter [None req-274f332a-0ebb-4fc7-afdc-db45be46f6bc tempest-ServersNegativeTestJSON-1457722864 tempest-ServersNegativeTestJSON-1457722864-project-member] compute_status_filter request filter added forbidden trait COMPUTE_STATUS_DISABLED {{(pid=93245) compute_status_filter /opt/stack/nova/nova/scheduler/request_filter.py:253}}
Jun 24 15:23:55.486136 np0000003557 nova-scheduler[93245]: DEBUG nova.scheduler.request_filter [None req-274f332a-0ebb-4fc7-afdc-db45be46f6bc tempest-ServersNegativeTestJSON-1457722864 tempest-ServersNegativeTestJSON-1457722864-project-member] Request filter 'compute_status_filter' took 0.0 seconds {{(pid=93245) wrapper /opt/stack/nova/nova/scheduler/request_filter.py:46}}
Jun 24 15:23:55.486734 np0000003557 nova-scheduler[93245]: DEBUG nova.scheduler.request_filter [None req-274f332a-0ebb-4fc7-afdc-db45be46f6bc tempest-ServersNegativeTestJSON-1457722864 tempest-ServersNegativeTestJSON-1457722864-project-member] Request filter 'accelerators_filter' took 0.0 seconds {{(pid=93245) wrapper /opt/stack/nova/nova/scheduler/request_filter.py:46}}
Jun 24 15:23:55.486734 np0000003557 nova-scheduler[93245]: DEBUG nova.scheduler.request_filter [None req-274f332a-0ebb-4fc7-afdc-db45be46f6bc tempest-ServersNegativeTestJSON-1457722864 tempest-ServersNegativeTestJSON-1457722864-project-member] Request filter 'packed_virtqueue_filter' took 0.0 seconds {{(pid=93245) wrapper /opt/stack/nova/nova/scheduler/request_filter.py:46}}
Jun 24 15:23:55.487254 np0000003557 nova-scheduler[93245]: DEBUG nova.scheduler.request_filter [None req-274f332a-0ebb-4fc7-afdc-db45be46f6bc tempest-ServersNegativeTestJSON-1457722864 tempest-ServersNegativeTestJSON-1457722864-project-member] Request filter 'remote_managed_ports_filter' took 0.0 seconds {{(pid=93245) wrapper /opt/stack/nova/nova/scheduler/request_filter.py:46}}
Jun 24 15:23:55.487254 np0000003557 nova-scheduler[93245]: DEBUG nova.scheduler.request_filter [None req-274f332a-0ebb-4fc7-afdc-db45be46f6bc tempest-ServersNegativeTestJSON-1457722864 tempest-ServersNegativeTestJSON-1457722864-project-member] ephemeral_encryption_filter skipped {{(pid=93245) ephemeral_encryption_filter /opt/stack/nova/nova/scheduler/request_filter.py:426}}
Jun 24 15:23:55.487254 np0000003557 nova-scheduler[93245]: DEBUG nova.scheduler.request_filter [None req-274f332a-0ebb-4fc7-afdc-db45be46f6bc tempest-ServersNegativeTestJSON-1457722864 tempest-ServersNegativeTestJSON-1457722864-project-member] virtio_sound_filter skipped {{(pid=93245) virtio_sound_filter /opt/stack/nova/nova/scheduler/request_filter.py:460}}
Jun 24 15:23:55.487877 np0000003557 nova-scheduler[93245]: DEBUG nova.scheduler.request_filter [None req-274f332a-0ebb-4fc7-afdc-db45be46f6bc tempest-ServersNegativeTestJSON-1457722864 tempest-ServersNegativeTestJSON-1457722864-project-member] tpm_secret_security_filter skipped {{(pid=93245) tpm_secret_security_filter /opt/stack/nova/nova/scheduler/request_filter.py:477}}
Jun 24 15:23:56.443171 np0000003557 nova-scheduler[93245]: INFO nova.utils [None req-274f332a-0ebb-4fc7-afdc-db45be46f6bc tempest-ServersNegativeTestJSON-1457722864 tempest-ServersNegativeTestJSON-1457722864-project-member] The cell worker thread pool ForkProcess-1.cell_worker is initialized
Jun 24 15:23:56.443171 np0000003557 nova-scheduler[93245]: DEBUG oslo_concurrency.lockutils [None req-274f332a-0ebb-4fc7-afdc-db45be46f6bc tempest-ServersNegativeTestJSON-1457722864 tempest-ServersNegativeTestJSON-1457722864-project-member] Acquiring lock "50132725-a477-4f2a-8abf-7a8a2fd042a0" by "nova.context.set_target_cell..get_or_set_cached_cell_and_set_connections" {{(pid=93245) inner /opt/stack/data/venv/lib/python3.12/site-packages/oslo_concurrency/lockutils.py:511}}
Jun 24 15:23:56.443720 np0000003557 nova-scheduler[93245]: DEBUG oslo_concurrency.lockutils [None req-274f332a-0ebb-4fc7-afdc-db45be46f6bc tempest-ServersNegativeTestJSON-1457722864 tempest-ServersNegativeTestJSON-1457722864-project-member] Lock "50132725-a477-4f2a-8abf-7a8a2fd042a0" acquired by "nova.context.set_target_cell..get_or_set_cached_cell_and_set_connections" :: waited 0.000s {{(pid=93245) inner /opt/stack/data/venv/lib/python3.12/site-packages/oslo_concurrency/lockutils.py:524}}
Jun 24 15:23:56.445109 np0000003557 nova-scheduler[93245]: DEBUG oslo_concurrency.lockutils [None req-274f332a-0ebb-4fc7-afdc-db45be46f6bc tempest-ServersNegativeTestJSON-1457722864 tempest-ServersNegativeTestJSON-1457722864-project-member] Lock "50132725-a477-4f2a-8abf-7a8a2fd042a0" "released" by "nova.context.set_target_cell..get_or_set_cached_cell_and_set_connections" :: held 0.002s {{(pid=93245) inner /opt/stack/data/venv/lib/python3.12/site-packages/oslo_concurrency/lockutils.py:543}}
Jun 24 15:23:56.450963 np0000003557 nova-scheduler[93245]: INFO dbcounter [None req-274f332a-0ebb-4fc7-afdc-db45be46f6bc tempest-ServersNegativeTestJSON-1457722864 tempest-ServersNegativeTestJSON-1457722864-project-member] Registered counter for database nova_cell1
Jun 24 15:23:56.500734 np0000003557 nova-scheduler[93271]: DEBUG nova.scheduler.manager [None req-cf496904-9db7-4a33-bf3a-9910d5cbd818 tempest-ServerStableDeviceRescueTest-575553838 tempest-ServerStableDeviceRescueTest-575553838-project-member] Starting to schedule for instances: ['0a562a1a-999f-415a-acbd-64a637e4a257'] {{(pid=93271) select_destinations /opt/stack/nova/nova/scheduler/manager.py:210}}
Jun 24 15:23:56.501238 np0000003557 nova-scheduler[93271]: DEBUG nova.scheduler.request_filter [None req-cf496904-9db7-4a33-bf3a-9910d5cbd818 tempest-ServerStableDeviceRescueTest-575553838 tempest-ServerStableDeviceRescueTest-575553838-project-member] compute_status_filter request filter added forbidden trait COMPUTE_STATUS_DISABLED {{(pid=93271) compute_status_filter /opt/stack/nova/nova/scheduler/request_filter.py:253}}
Jun 24 15:23:56.501399 np0000003557 nova-scheduler[93271]: DEBUG nova.scheduler.request_filter [None req-cf496904-9db7-4a33-bf3a-9910d5cbd818 tempest-ServerStableDeviceRescueTest-575553838 tempest-ServerStableDeviceRescueTest-575553838-project-member] Request filter 'compute_status_filter' took 0.0 seconds {{(pid=93271) wrapper /opt/stack/nova/nova/scheduler/request_filter.py:46}}
Jun 24 15:23:56.503684 np0000003557 nova-scheduler[93271]: DEBUG nova.scheduler.request_filter [None req-cf496904-9db7-4a33-bf3a-9910d5cbd818 tempest-ServerStableDeviceRescueTest-575553838 tempest-ServerStableDeviceRescueTest-575553838-project-member] Request filter 'accelerators_filter' took 0.0 seconds {{(pid=93271) wrapper /opt/stack/nova/nova/scheduler/request_filter.py:46}}
Jun 24 15:23:56.503684 np0000003557 nova-scheduler[93271]: DEBUG nova.scheduler.request_filter [None req-cf496904-9db7-4a33-bf3a-9910d5cbd818 tempest-ServerStableDeviceRescueTest-575553838 tempest-ServerStableDeviceRescueTest-575553838-project-member] Request filter 'packed_virtqueue_filter' took 0.0 seconds {{(pid=93271) wrapper /opt/stack/nova/nova/scheduler/request_filter.py:46}}
Jun 24 15:23:56.503684 np0000003557 nova-scheduler[93271]: DEBUG nova.scheduler.request_filter [None req-cf496904-9db7-4a33-bf3a-9910d5cbd818 tempest-ServerStableDeviceRescueTest-575553838 tempest-ServerStableDeviceRescueTest-575553838-project-member] Request filter 'remote_managed_ports_filter' took 0.0 seconds {{(pid=93271) wrapper /opt/stack/nova/nova/scheduler/request_filter.py:46}}
Jun 24 15:23:56.503684 np0000003557 nova-scheduler[93271]: DEBUG nova.scheduler.request_filter [None req-cf496904-9db7-4a33-bf3a-9910d5cbd818 tempest-ServerStableDeviceRescueTest-575553838 tempest-ServerStableDeviceRescueTest-575553838-project-member] ephemeral_encryption_filter skipped {{(pid=93271) ephemeral_encryption_filter /opt/stack/nova/nova/scheduler/request_filter.py:426}}
Jun 24 15:23:56.503684 np0000003557 nova-scheduler[93271]: DEBUG nova.scheduler.request_filter [None req-cf496904-9db7-4a33-bf3a-9910d5cbd818 tempest-ServerStableDeviceRescueTest-575553838 tempest-ServerStableDeviceRescueTest-575553838-project-member] virtio_sound_filter skipped {{(pid=93271) virtio_sound_filter /opt/stack/nova/nova/scheduler/request_filter.py:460}}
Jun 24 15:23:56.504010 np0000003557 nova-scheduler[93271]: DEBUG nova.scheduler.request_filter [None req-cf496904-9db7-4a33-bf3a-9910d5cbd818 tempest-ServerStableDeviceRescueTest-575553838 tempest-ServerStableDeviceRescueTest-575553838-project-member] tpm_secret_security_filter skipped {{(pid=93271) tpm_secret_security_filter /opt/stack/nova/nova/scheduler/request_filter.py:477}}
Jun 24 15:23:56.507084 np0000003557 nova-scheduler[93245]: DEBUG oslo_db.sqlalchemy.engines [None req-274f332a-0ebb-4fc7-afdc-db45be46f6bc tempest-ServersNegativeTestJSON-1457722864 tempest-ServersNegativeTestJSON-1457722864-project-member] MySQL server mode set to STRICT_TRANS_TABLES,STRICT_ALL_TABLES,NO_ZERO_IN_DATE,NO_ZERO_DATE,ERROR_FOR_DIVISION_BY_ZERO,TRADITIONAL,NO_ENGINE_SUBSTITUTION {{(pid=93245) _check_effective_sql_mode /opt/stack/data/venv/lib/python3.12/site-packages/oslo_db/sqlalchemy/engines.py:325}}
Jun 24 15:23:56.512707 np0000003557 nova-scheduler[93245]: DEBUG dbcounter [-] [93245] Writer thread running {{(pid=93245) stat_writer /opt/stack/data/venv/lib/python3.12/site-packages/dbcounter.py:102}}
Jun 24 15:23:56.526042 np0000003557 nova-scheduler[93245]: DEBUG oslo_db.sqlalchemy.engines [None req-274f332a-0ebb-4fc7-afdc-db45be46f6bc tempest-ServersNegativeTestJSON-1457722864 tempest-ServersNegativeTestJSON-1457722864-project-member] Parent process 92005 forked (93245) with an open database connection, which is being discarded and recreated. {{(pid=93245) checkout /opt/stack/data/venv/lib/python3.12/site-packages/oslo_db/sqlalchemy/engines.py:402}}
Jun 24 15:23:56.558372 np0000003557 nova-scheduler[93245]: DEBUG dbcounter [-] [93245] Writer thread running {{(pid=93245) stat_writer /opt/stack/data/venv/lib/python3.12/site-packages/dbcounter.py:102}}
Jun 24 15:23:56.560928 np0000003557 nova-scheduler[93245]: DEBUG oslo_concurrency.lockutils [None req-274f332a-0ebb-4fc7-afdc-db45be46f6bc tempest-ServersNegativeTestJSON-1457722864 tempest-ServersNegativeTestJSON-1457722864-project-member] Acquiring lock "50132725-a477-4f2a-8abf-7a8a2fd042a0" by "nova.context.set_target_cell..get_or_set_cached_cell_and_set_connections" {{(pid=93245) inner /opt/stack/data/venv/lib/python3.12/site-packages/oslo_concurrency/lockutils.py:511}}
Jun 24 15:23:56.561093 np0000003557 nova-scheduler[93245]: DEBUG oslo_concurrency.lockutils [None req-274f332a-0ebb-4fc7-afdc-db45be46f6bc tempest-ServersNegativeTestJSON-1457722864 tempest-ServersNegativeTestJSON-1457722864-project-member] Lock "50132725-a477-4f2a-8abf-7a8a2fd042a0" acquired by "nova.context.set_target_cell..get_or_set_cached_cell_and_set_connections" :: waited 0.000s {{(pid=93245) inner /opt/stack/data/venv/lib/python3.12/site-packages/oslo_concurrency/lockutils.py:524}}
Jun 24 15:23:56.561203 np0000003557 nova-scheduler[93245]: DEBUG oslo_concurrency.lockutils [None req-274f332a-0ebb-4fc7-afdc-db45be46f6bc tempest-ServersNegativeTestJSON-1457722864 tempest-ServersNegativeTestJSON-1457722864-project-member] Lock "50132725-a477-4f2a-8abf-7a8a2fd042a0" "released" by "nova.context.set_target_cell..get_or_set_cached_cell_and_set_connections" :: held 0.000s {{(pid=93245) inner /opt/stack/data/venv/lib/python3.12/site-packages/oslo_concurrency/lockutils.py:543}}
Jun 24 15:23:56.564100 np0000003557 nova-scheduler[93245]: DEBUG oslo_concurrency.lockutils [None req-274f332a-0ebb-4fc7-afdc-db45be46f6bc tempest-ServersNegativeTestJSON-1457722864 tempest-ServersNegativeTestJSON-1457722864-project-member] Acquiring lock "('np0000003557', 'np0000003557')" by "nova.scheduler.host_manager.HostState.update.._locked_update" {{(pid=93245) inner /opt/stack/data/venv/lib/python3.12/site-packages/oslo_concurrency/lockutils.py:511}}
Jun 24 15:23:56.564240 np0000003557 nova-scheduler[93245]: DEBUG oslo_concurrency.lockutils [None req-274f332a-0ebb-4fc7-afdc-db45be46f6bc tempest-ServersNegativeTestJSON-1457722864 tempest-ServersNegativeTestJSON-1457722864-project-member] Lock "('np0000003557', 'np0000003557')" acquired by "nova.scheduler.host_manager.HostState.update.._locked_update" :: waited 0.000s {{(pid=93245) inner /opt/stack/data/venv/lib/python3.12/site-packages/oslo_concurrency/lockutils.py:524}}
Jun 24 15:23:56.565517 np0000003557 nova-scheduler[93245]: DEBUG nova.scheduler.host_manager [None req-274f332a-0ebb-4fc7-afdc-db45be46f6bc tempest-ServersNegativeTestJSON-1457722864 tempest-ServersNegativeTestJSON-1457722864-project-member] Update host state from compute node: ComputeNode(cpu_allocation_ratio=4.0,cpu_info='{"arch": "x86_64", "model": "EPYC-Milan", "vendor": "AMD", "topology": {"cells": 1, "sockets": 16, "cores": 1, "threads": 1}, "maxphysaddr": {"mode": "emulate", "bits": 40}, "features": ["cmov", "spec-ctrl", "sse2", "smep", "pschange-mc-no", "vpclmulqdq", "sse4.1", "no-nested-data-bp", "xsaves", "sep", "xgetbv1", "xsaveopt", "nrip-save", "invpcid", "v-vmsave-vmload", "rdseed", "vaes", "umip", "arat", "aes", "amd-stibp", "abm", "fsrm", "clzero", "adx", "mce", "tsc", "pni", "syscall", "vme", "mmxext", "flushbyasid", "amd-psfd", "arch-capabilities", "stibp", "bmi1", "fpu", "avx", "virt-ssbd", "tsc_adjust", "sse4.2", "msr", "smap", "xsave", "svm", "xsavec", "wbnoinvd", "skip-l1dfl-vmentry", "clflush", "apic", "rdtscp", "npt", "mmx", "x2apic", "pclmuldq", "perfctr_core", "clwb", "bmi2", "lfence-always-serializing", "pku", "3dnowprefetch", "popcnt", "mca", "movbe", "sse4a", "fxsr_opt", "nx", "cx8", "cr8legacy", "amd-ssbd", "pge", "misalignsse", "rdpid", "ssse3", "gds-no", "rdrand", "vmcb-clean", "fma", "lbrv", "lahf_lm", "pfthreshold", "avx2", "erms", "pae", "ssbd", "xsaveerptr", "pdpe1gb", "de", "lm", "fxsr", "vgif", "stibp-always-on", "pause-filter", "tsc-deadline", "clflushopt", "f16c", "pse36", "mtrr", "pat", "rdctl-no", "ibpb", "tsc-scale", "svme-addr-chk", "sha-ni", "cmp_legacy", "sse", "cx16", "osvw", "fsgsbase", "null-sel-clr-base", "ibrs", "topoext", "mds-no", "pcid", "pse", "hypervisor"]}',created_at=2026-06-24T15:21:41Z,current_workload=0,deleted=False,deleted_at=None,disk_allocation_ratio=1.0,disk_available_least=73,free_disk_gb=95,free_ram_mb=62765,host='np0000003557',host_ip=10.4.3.245,hypervisor_hostname='np0000003557',hypervisor_type='QEMU',hypervisor_version=8002002,id=1,local_gb=95,local_gb_used=0,mapped=1,memory_mb=63277,memory_mb_used=512,metrics='[]',numa_topology='{"nova_object.name": "NUMATopology", "nova_object.namespace": "nova", "nova_object.version": "1.2", "nova_object.data": {"cells": [{"nova_object.name": "NUMACell", "nova_object.namespace": "nova", "nova_object.version": "1.5", "nova_object.data": {"id": 0, "cpuset": [0, 1, 2, 3, 4, 5, 6, 7, 8, 9, 10, 11, 12, 13, 14, 15], "pcpuset": [0, 1, 2, 3, 4, 5, 6, 7, 8, 9, 10, 11, 12, 13, 14, 15], "memory": 63277, "cpu_usage": 0, "memory_usage": 0, "pinned_cpus": [], "siblings": [[6], [12], [2], [15], [5], [11], [8], [14], [4], [1], [7], [10], [0], [13], [3], [9]], "mempages": [{"nova_object.name": "NUMAPagesTopology", "nova_object.namespace": "nova", "nova_object.version": "1.1", "nova_object.data": {"size_kb": 4, "total": 16177930, "used": 0, "reserved": 0}, "nova_object.changes": ["reserved", "used", "size_kb", "total"]}, {"nova_object.name": "NUMAPagesTopology", "nova_object.namespace": "nova", "nova_object.version": "1.1", "nova_object.data": {"size_kb": 2048, "total": 41, "used": 0, "reserved": 0}, "nova_object.changes": ["reserved", "used", "size_kb", "total"]}, {"nova_object.name": "NUMAPagesTopology", "nova_object.namespace": "nova", "nova_object.version": "1.1", "nova_object.data": {"size_kb": 1048576, "total": 0, "used": 0, "reserved": 0}, "nova_object.changes": ["reserved", "used", "size_kb", "total"]}], "network_metadata": {"nova_object.name": "NetworkMetadata", "nova_object.namespace": "nova", "nova_object.version": "1.0", "nova_object.data": {"physnets": [], "tunneled": false}, "nova_object.changes": ["physnets", "tunneled"]}, "socket": null}, "nova_object.changes": ["network_metadata", "cpuset", "memory_usage", "memory", "socket", "pinned_cpus", "siblings", "cpu_usage", "id", "pcpuset", "mempages"]}]}, "nova_object.changes": ["cells"]}',pci_device_pools=PciDevicePoolList,ram_allocation_ratio=1.0,running_vms=0,service_id=3,stats={failed_builds='0',uptime=' 15:23:25 up 13 min, 2 users, load average: 1.49, 1.59, 0.91
Jun 24 15:23:56.565517 np0000003557 nova-scheduler[93245]: '},supported_hv_specs=[HVSpec,HVSpec,HVSpec,HVSpec,HVSpec,HVSpec,HVSpec,HVSpec,HVSpec,HVSpec,HVSpec,HVSpec,HVSpec,HVSpec,HVSpec,HVSpec,HVSpec,HVSpec,HVSpec,HVSpec,HVSpec,HVSpec,HVSpec,HVSpec,HVSpec],updated_at=2026-06-24T15:23:27Z,uuid=a6886e56-4cdf-44fe-957b-4035197435fd,vcpus=16,vcpus_used=0) {{(pid=93245) _locked_update /opt/stack/nova/nova/scheduler/host_manager.py:168}}
Jun 24 15:23:56.566318 np0000003557 nova-scheduler[93245]: DEBUG nova.scheduler.host_manager [None req-274f332a-0ebb-4fc7-afdc-db45be46f6bc tempest-ServersNegativeTestJSON-1457722864 tempest-ServersNegativeTestJSON-1457722864-project-member] Update host state with aggregates: [] {{(pid=93245) _locked_update /opt/stack/nova/nova/scheduler/host_manager.py:171}}
Jun 24 15:23:56.566438 np0000003557 nova-scheduler[93245]: DEBUG nova.scheduler.host_manager [None req-274f332a-0ebb-4fc7-afdc-db45be46f6bc tempest-ServersNegativeTestJSON-1457722864 tempest-ServersNegativeTestJSON-1457722864-project-member] Update host state with service dict: {'id': 3, 'uuid': '093c0377-6448-4ae1-afaa-4798582ef393', 'host': 'np0000003557', 'binary': 'nova-compute', 'topic': 'compute', 'report_count': 2, 'disabled': False, 'disabled_reason': None, 'last_seen_up': datetime.datetime(2026, 6, 24, 15, 23, 50, tzinfo=datetime.timezone.utc), 'forced_down': False, 'version': 72, 'created_at': datetime.datetime(2026, 6, 24, 15, 21, 39, tzinfo=datetime.timezone.utc), 'updated_at': datetime.datetime(2026, 6, 24, 15, 23, 50, tzinfo=datetime.timezone.utc), 'deleted_at': None, 'deleted': False} {{(pid=93245) _locked_update /opt/stack/nova/nova/scheduler/host_manager.py:174}}
Jun 24 15:23:56.566585 np0000003557 nova-scheduler[93245]: DEBUG nova.scheduler.host_manager [None req-274f332a-0ebb-4fc7-afdc-db45be46f6bc tempest-ServersNegativeTestJSON-1457722864 tempest-ServersNegativeTestJSON-1457722864-project-member] Update host state with instances: [] {{(pid=93245) _locked_update /opt/stack/nova/nova/scheduler/host_manager.py:177}}
Jun 24 15:23:56.566725 np0000003557 nova-scheduler[93245]: DEBUG oslo_concurrency.lockutils [None req-274f332a-0ebb-4fc7-afdc-db45be46f6bc tempest-ServersNegativeTestJSON-1457722864 tempest-ServersNegativeTestJSON-1457722864-project-member] Lock "('np0000003557', 'np0000003557')" "released" by "nova.scheduler.host_manager.HostState.update.._locked_update" :: held 0.002s {{(pid=93245) inner /opt/stack/data/venv/lib/python3.12/site-packages/oslo_concurrency/lockutils.py:543}}
Jun 24 15:23:56.567191 np0000003557 nova-scheduler[93245]: DEBUG nova.filters [None req-274f332a-0ebb-4fc7-afdc-db45be46f6bc tempest-ServersNegativeTestJSON-1457722864 tempest-ServersNegativeTestJSON-1457722864-project-member] Starting with 1 host(s) {{(pid=93245) get_filtered_objects /opt/stack/nova/nova/filters.py:70}}
Jun 24 15:23:56.567465 np0000003557 nova-scheduler[93245]: DEBUG nova.filters [None req-274f332a-0ebb-4fc7-afdc-db45be46f6bc tempest-ServersNegativeTestJSON-1457722864 tempest-ServersNegativeTestJSON-1457722864-project-member] Filter ComputeFilter returned 1 host(s) {{(pid=93245) get_filtered_objects /opt/stack/nova/nova/filters.py:102}}
Jun 24 15:23:56.567841 np0000003557 nova-scheduler[93245]: DEBUG nova.filters [None req-274f332a-0ebb-4fc7-afdc-db45be46f6bc tempest-ServersNegativeTestJSON-1457722864 tempest-ServersNegativeTestJSON-1457722864-project-member] Filter ComputeCapabilitiesFilter returned 1 host(s) {{(pid=93245) get_filtered_objects /opt/stack/nova/nova/filters.py:102}}
Jun 24 15:23:56.567942 np0000003557 nova-scheduler[93245]: DEBUG nova.filters [None req-274f332a-0ebb-4fc7-afdc-db45be46f6bc tempest-ServersNegativeTestJSON-1457722864 tempest-ServersNegativeTestJSON-1457722864-project-member] Filter ImagePropertiesFilter returned 1 host(s) {{(pid=93245) get_filtered_objects /opt/stack/nova/nova/filters.py:102}}
Jun 24 15:23:56.569292 np0000003557 nova-scheduler[93245]: DEBUG nova.filters [None req-274f332a-0ebb-4fc7-afdc-db45be46f6bc tempest-ServersNegativeTestJSON-1457722864 tempest-ServersNegativeTestJSON-1457722864-project-member] Filter ServerGroupAntiAffinityFilter returned 1 host(s) {{(pid=93245) get_filtered_objects /opt/stack/nova/nova/filters.py:102}}
Jun 24 15:23:56.569292 np0000003557 nova-scheduler[93245]: DEBUG nova.filters [None req-274f332a-0ebb-4fc7-afdc-db45be46f6bc tempest-ServersNegativeTestJSON-1457722864 tempest-ServersNegativeTestJSON-1457722864-project-member] Filter ServerGroupAffinityFilter returned 1 host(s) {{(pid=93245) get_filtered_objects /opt/stack/nova/nova/filters.py:102}}
Jun 24 15:23:56.569292 np0000003557 nova-scheduler[93245]: DEBUG nova.filters [None req-274f332a-0ebb-4fc7-afdc-db45be46f6bc tempest-ServersNegativeTestJSON-1457722864 tempest-ServersNegativeTestJSON-1457722864-project-member] Filter SameHostFilter returned 1 host(s) {{(pid=93245) get_filtered_objects /opt/stack/nova/nova/filters.py:102}}
Jun 24 15:23:56.569292 np0000003557 nova-scheduler[93245]: DEBUG nova.filters [None req-274f332a-0ebb-4fc7-afdc-db45be46f6bc tempest-ServersNegativeTestJSON-1457722864 tempest-ServersNegativeTestJSON-1457722864-project-member] Filter DifferentHostFilter returned 1 host(s) {{(pid=93245) get_filtered_objects /opt/stack/nova/nova/filters.py:102}}
Jun 24 15:23:56.569292 np0000003557 nova-scheduler[93245]: DEBUG nova.scheduler.manager [None req-274f332a-0ebb-4fc7-afdc-db45be46f6bc tempest-ServersNegativeTestJSON-1457722864 tempest-ServersNegativeTestJSON-1457722864-project-member] Filtered [(np0000003557, np0000003557) ram: 62765MB disk: 74752MB io_ops: 0 instances: 0, allocation_candidates: 1] {{(pid=93245) _get_sorted_hosts /opt/stack/nova/nova/scheduler/manager.py:743}}
Jun 24 15:23:56.569292 np0000003557 nova-scheduler[93245]: DEBUG nova.scheduler.manager [None req-274f332a-0ebb-4fc7-afdc-db45be46f6bc tempest-ServersNegativeTestJSON-1457722864 tempest-ServersNegativeTestJSON-1457722864-project-member] Weighed [WeighedHost [host: (np0000003557, np0000003557) ram: 62765MB disk: 74752MB io_ops: 0 instances: 0, allocation_candidates: 1, weight: 0.0]] {{(pid=93245) _get_sorted_hosts /opt/stack/nova/nova/scheduler/manager.py:765}}
Jun 24 15:23:56.569292 np0000003557 nova-scheduler[93245]: DEBUG nova.scheduler.utils [None req-274f332a-0ebb-4fc7-afdc-db45be46f6bc tempest-ServersNegativeTestJSON-1457722864 tempest-ServersNegativeTestJSON-1457722864-project-member] Attempting to claim resources in the placement API for instance 855a6415-554b-44a9-ac81-486a195e82f0 {{(pid=93245) claim_resources /opt/stack/nova/nova/scheduler/utils.py:1345}}
Jun 24 15:23:56.626422 np0000003557 nova-scheduler[93271]: INFO nova.utils [None req-cf496904-9db7-4a33-bf3a-9910d5cbd818 tempest-ServerStableDeviceRescueTest-575553838 tempest-ServerStableDeviceRescueTest-575553838-project-member] The cell worker thread pool ForkProcess-2.cell_worker is initialized
Jun 24 15:23:56.626871 np0000003557 nova-scheduler[93271]: DEBUG oslo_concurrency.lockutils [None req-cf496904-9db7-4a33-bf3a-9910d5cbd818 tempest-ServerStableDeviceRescueTest-575553838 tempest-ServerStableDeviceRescueTest-575553838-project-member] Acquiring lock "50132725-a477-4f2a-8abf-7a8a2fd042a0" by "nova.context.set_target_cell..get_or_set_cached_cell_and_set_connections" {{(pid=93271) inner /opt/stack/data/venv/lib/python3.12/site-packages/oslo_concurrency/lockutils.py:511}}
Jun 24 15:23:56.627120 np0000003557 nova-scheduler[93271]: DEBUG oslo_concurrency.lockutils [None req-cf496904-9db7-4a33-bf3a-9910d5cbd818 tempest-ServerStableDeviceRescueTest-575553838 tempest-ServerStableDeviceRescueTest-575553838-project-member] Lock "50132725-a477-4f2a-8abf-7a8a2fd042a0" acquired by "nova.context.set_target_cell..get_or_set_cached_cell_and_set_connections" :: waited 0.000s {{(pid=93271) inner /opt/stack/data/venv/lib/python3.12/site-packages/oslo_concurrency/lockutils.py:524}}
Jun 24 15:23:56.629811 np0000003557 nova-scheduler[93271]: DEBUG oslo_concurrency.lockutils [None req-cf496904-9db7-4a33-bf3a-9910d5cbd818 tempest-ServerStableDeviceRescueTest-575553838 tempest-ServerStableDeviceRescueTest-575553838-project-member] Lock "50132725-a477-4f2a-8abf-7a8a2fd042a0" "released" by "nova.context.set_target_cell..get_or_set_cached_cell_and_set_connections" :: held 0.002s {{(pid=93271) inner /opt/stack/data/venv/lib/python3.12/site-packages/oslo_concurrency/lockutils.py:543}}
Jun 24 15:23:56.630790 np0000003557 nova-scheduler[93271]: INFO dbcounter [None req-cf496904-9db7-4a33-bf3a-9910d5cbd818 tempest-ServerStableDeviceRescueTest-575553838 tempest-ServerStableDeviceRescueTest-575553838-project-member] Registered counter for database nova_cell1
Jun 24 15:23:56.662248 np0000003557 nova-scheduler[93271]: DEBUG oslo_db.sqlalchemy.engines [None req-cf496904-9db7-4a33-bf3a-9910d5cbd818 tempest-ServerStableDeviceRescueTest-575553838 tempest-ServerStableDeviceRescueTest-575553838-project-member] MySQL server mode set to STRICT_TRANS_TABLES,STRICT_ALL_TABLES,NO_ZERO_IN_DATE,NO_ZERO_DATE,ERROR_FOR_DIVISION_BY_ZERO,TRADITIONAL,NO_ENGINE_SUBSTITUTION {{(pid=93271) _check_effective_sql_mode /opt/stack/data/venv/lib/python3.12/site-packages/oslo_db/sqlalchemy/engines.py:325}}
Jun 24 15:23:56.667820 np0000003557 nova-scheduler[93271]: DEBUG dbcounter [-] [93271] Writer thread running {{(pid=93271) stat_writer /opt/stack/data/venv/lib/python3.12/site-packages/dbcounter.py:102}}
Jun 24 15:23:56.704519 np0000003557 nova-scheduler[93245]: DEBUG nova.scheduler.manager [None req-274f332a-0ebb-4fc7-afdc-db45be46f6bc tempest-ServersNegativeTestJSON-1457722864 tempest-ServersNegativeTestJSON-1457722864-project-member] [instance: 855a6415-554b-44a9-ac81-486a195e82f0] Selected host: (np0000003557, np0000003557) ram: 62765MB disk: 74752MB io_ops: 0 instances: 0, allocation_candidates: 1 {{(pid=93245) _consume_selected_host /opt/stack/nova/nova/scheduler/manager.py:625}}
Jun 24 15:23:56.704859 np0000003557 nova-scheduler[93245]: DEBUG oslo_concurrency.lockutils [None req-274f332a-0ebb-4fc7-afdc-db45be46f6bc tempest-ServersNegativeTestJSON-1457722864 tempest-ServersNegativeTestJSON-1457722864-project-member] Acquiring lock "('np0000003557', 'np0000003557')" by "nova.scheduler.host_manager.HostState.consume_from_request.._locked" {{(pid=93245) inner /opt/stack/data/venv/lib/python3.12/site-packages/oslo_concurrency/lockutils.py:511}}
Jun 24 15:23:56.705077 np0000003557 nova-scheduler[93245]: DEBUG oslo_concurrency.lockutils [None req-274f332a-0ebb-4fc7-afdc-db45be46f6bc tempest-ServersNegativeTestJSON-1457722864 tempest-ServersNegativeTestJSON-1457722864-project-member] Lock "('np0000003557', 'np0000003557')" acquired by "nova.scheduler.host_manager.HostState.consume_from_request.._locked" :: waited 0.000s {{(pid=93245) inner /opt/stack/data/venv/lib/python3.12/site-packages/oslo_concurrency/lockutils.py:524}}
Jun 24 15:23:56.705309 np0000003557 nova-scheduler[93245]: DEBUG oslo_concurrency.lockutils [None req-274f332a-0ebb-4fc7-afdc-db45be46f6bc tempest-ServersNegativeTestJSON-1457722864 tempest-ServersNegativeTestJSON-1457722864-project-member] Lock "('np0000003557', 'np0000003557')" "released" by "nova.scheduler.host_manager.HostState.consume_from_request.._locked" :: held 0.000s {{(pid=93245) inner /opt/stack/data/venv/lib/python3.12/site-packages/oslo_concurrency/lockutils.py:543}}
Jun 24 15:23:56.720358 np0000003557 nova-scheduler[93271]: DEBUG dbcounter [-] [93271] Writer thread running {{(pid=93271) stat_writer /opt/stack/data/venv/lib/python3.12/site-packages/dbcounter.py:102}}
Jun 24 15:23:56.722734 np0000003557 nova-scheduler[93271]: DEBUG oslo_concurrency.lockutils [None req-cf496904-9db7-4a33-bf3a-9910d5cbd818 tempest-ServerStableDeviceRescueTest-575553838 tempest-ServerStableDeviceRescueTest-575553838-project-member] Acquiring lock "50132725-a477-4f2a-8abf-7a8a2fd042a0" by "nova.context.set_target_cell..get_or_set_cached_cell_and_set_connections" {{(pid=93271) inner /opt/stack/data/venv/lib/python3.12/site-packages/oslo_concurrency/lockutils.py:511}}
Jun 24 15:23:56.722856 np0000003557 nova-scheduler[93271]: DEBUG oslo_concurrency.lockutils [None req-cf496904-9db7-4a33-bf3a-9910d5cbd818 tempest-ServerStableDeviceRescueTest-575553838 tempest-ServerStableDeviceRescueTest-575553838-project-member] Lock "50132725-a477-4f2a-8abf-7a8a2fd042a0" acquired by "nova.context.set_target_cell..get_or_set_cached_cell_and_set_connections" :: waited 0.000s {{(pid=93271) inner /opt/stack/data/venv/lib/python3.12/site-packages/oslo_concurrency/lockutils.py:524}}
Jun 24 15:23:56.722962 np0000003557 nova-scheduler[93271]: DEBUG oslo_concurrency.lockutils [None req-cf496904-9db7-4a33-bf3a-9910d5cbd818 tempest-ServerStableDeviceRescueTest-575553838 tempest-ServerStableDeviceRescueTest-575553838-project-member] Lock "50132725-a477-4f2a-8abf-7a8a2fd042a0" "released" by "nova.context.set_target_cell..get_or_set_cached_cell_and_set_connections" :: held 0.000s {{(pid=93271) inner /opt/stack/data/venv/lib/python3.12/site-packages/oslo_concurrency/lockutils.py:543}}
